185.191.171.38 - - [09/Mar/2023:07:54:00 +0100] "GET /?Itemid=14&catid=7&fontstyle=f-larger&id=28&lang=en&option=com_content&view=article HTTP/1.1" 302 576 "-" "Mozilla/5.0 (compatible; SemrushBot/7~bl; +http://www.semrush.com/bot.html)"
185.191.171.13 - - [09/Mar/2023:07:54:18 +0100] "GET /?Itemid=53&catid=1&fontstyle=f-larger&id=459%E2%8C%A9%3Dfr&lang=en&option=com_content&view=article HTTP/1.1" 302 604 "-" "Mozilla/5.0 (compatible; SemrushBot/7~bl; +http://www.semrush.com/bot.html)"
185.191.171.36 - - [09/Mar/2023:07:54:20 +0100] "GET /?Itemid=0&fontstyle=f-smaller&id=197&lang=en&option=com_content&view=article HTTP/1.1" 302 564 "-" "Mozilla/5.0 (compatible; SemrushBot/7~bl; +http://www.semrush.com/bot.html)"
185.191.171.37 - - [09/Mar/2023:07:54:21 +0100] "GET /index.php?Itemid=48&catid=7&id=49&lang=fr&option=com_content&view=article HTTP/1.1" 302 557 "-" "Mozilla/5.0 (compatible; SemrushBot/7~bl; +http://www.semrush.com/bot.html)"
185.191.171.36 - - [09/Mar/2023:07:54:44 +0100] "GET /index.php?Itemid=46&catid=7&id=22&lang=fr&option=com_content&view=article HTTP/1.1" 302 559 "-" "Mozilla/5.0 (compatible; SemrushBot/7~bl; +http://www.semrush.com/bot.html)"
185.191.171.22 - - [09/Mar/2023:07:54:58 +0100] "GET /index.php?Itemid=3&catid=1&id=472&lang=fr&option=com_content&view=article HTTP/1.1" 302 559 "-" "Mozilla/5.0 (compatible; SemrushBot/7~bl; +http://www.semrush.com/bot.html)"
185.191.171.9 - - [09/Mar/2023:07:55:01 +0100] "GET /?Itemid=46&catid=7&fontstyle=f-smaller&id=26&lang=en&option=com_content&view=article HTTP/1.1" 302 575 "-" "Mozilla/5.0 (compatible; SemrushBot/7~bl; +http://www.semrush.com/bot.html)"
185.191.171.10 - - [09/Mar/2023:07:55:27 +0100] "GET /index.php?Itemid=47&catid=7&id=56&lang=fr&option=com_content&view=article HTTP/1.1" 302 559 "-" "Mozilla/5.0 (compatible; SemrushBot/7~bl; +http://www.semrush.com/bot.html)"
185.191.171.15 - - [09/Mar/2023:07:55:29 +0100] "GET /index.php?Itemid=53&catid=7&id=24&lang=en&option=com_content&view=article HTTP/1.1" 302 558 "-" "Mozilla/5.0 (compatible; SemrushBot/7~bl; +http://www.semrush.com/bot.html)"
208.85.16.193 - - [09/Mar/2023:07:55:40 +0100] "GET /index.php?option=com_wrapper&Itemid=6&lang=en&view=article HTTP/1.1" 302 568 "http://www.activpush.fr/index.php?option=com_wrapper&Itemid=6&lang=en&view=article" "Mozilla/5.0 (Windows; U; Windows NT 5.1; pt-PT; rv:1.9.1.2) Gecko/20090729 Firefox/3.5.2 (.NET CLR 3.5.30729)"
208.85.16.193 - - [09/Mar/2023:07:55:41 +0100] "GET /index.php?option=com_wrapper&Itemid=6&lang=en&view=article HTTP/1.1" 302 568 "http://www.activpush.fr/index.php?option=com_wrapper&Itemid=6&lang=en&view=article" "Mozilla/5.0 (Windows; U; Windows NT 5.1; pt-PT; rv:1.9.1.2) Gecko/20090729 Firefox/3.5.2 (.NET CLR 3.5.30729)"
208.85.16.193 - - [09/Mar/2023:07:55:41 +0100] "GET /index.php?option=com_wrapper&Itemid=6&lang=en&view=article HTTP/1.1" 302 568 "http://www.activpush.fr/index.php?option=com_wrapper&Itemid=6&lang=en&view=article" "Mozilla/5.0 (Windows; U; Windows NT 5.1; pt-PT; rv:1.9.1.2) Gecko/20090729 Firefox/3.5.2 (.NET CLR 3.5.30729)"
208.85.16.193 - - [09/Mar/2023:07:55:41 +0100] "GET /index.php?option=com_wrapper&Itemid=6&lang=en&view=article HTTP/1.1" 302 568 "http://www.activpush.fr/index.php?option=com_wrapper&Itemid=6&lang=en&view=article" "Mozilla/5.0 (Windows; U; Windows NT 5.1; pt-PT; rv:1.9.1.2) Gecko/20090729 Firefox/3.5.2 (.NET CLR 3.5.30729)"
208.85.16.193 - - [09/Mar/2023:07:55:41 +0100] "GET /index.php?option=com_wrapper&Itemid=6&lang=en&view=article HTTP/1.1" 302 568 "http://www.activpush.fr/index.php?option=com_wrapper&Itemid=6&lang=en&view=article" "Mozilla/5.0 (Windows; U; Windows NT 5.1; pt-PT; rv:1.9.1.2) Gecko/20090729 Firefox/3.5.2 (.NET CLR 3.5.30729)"
212.129.37.175 - - [09/Mar/2023:07:56:00 +0100] "-" 408 1489 "-" "-"
185.191.171.12 - - [09/Mar/2023:07:56:01 +0100] "GET /index.php?Itemid=3&id=328&lang=en&option=com_content&view=article HTTP/1.1" 302 544 "-" "Mozilla/5.0 (compatible; SemrushBot/7~bl; +http://www.semrush.com/bot.html)"
185.191.171.23 - - [09/Mar/2023:07:56:05 +0100] "GET /index.php?Itemid=16&catid=7&id=64&lang=fr&option=com_content&view=article HTTP/1.1" 302 559 "-" "Mozilla/5.0 (compatible; SemrushBot/7~bl; +http://www.semrush.com/bot.html)"
185.191.171.41 - - [09/Mar/2023:07:56:49 +0100] "GET /?Itemid=3&catid=7&fontstyle=f-larger&id=36&lang=en&option=com_content&view=article HTTP/1.1" 302 574 "-" "Mozilla/5.0 (compatible; SemrushBot/7~bl; +http://www.semrush.com/bot.html)"
185.191.171.10 - - [09/Mar/2023:07:57:03 +0100] "GET /?fontstyle=f-larger&id=308&lang=fr&option=com_content&view=article HTTP/1.1" 302 548 "-" "Mozilla/5.0 (compatible; SemrushBot/7~bl; +http://www.semrush.com/bot.html)"
185.191.171.8 - - [09/Mar/2023:07:57:09 +0100] "GET /index.php?Itemid=53&catid=1&id=478&lang=en&option=com_content&view=article HTTP/1.1" 302 560 "-" "Mozilla/5.0 (compatible; SemrushBot/7~bl; +http://www.semrush.com/bot.html)"
212.129.37.175 - - [09/Mar/2023:07:57:14 +0100] "-" 408 1489 "-" "-"
185.191.171.12 - - [09/Mar/2023:07:57:18 +0100] "GET /?Itemid=0&fontstyle=f-smaller&id=208&lang=en&option=com_content&view=article HTTP/1.1" 302 563 "-" "Mozilla/5.0 (compatible; SemrushBot/7~bl; +http://www.semrush.com/bot.html)"
185.191.171.10 - - [09/Mar/2023:07:57:36 +0100] "GET /?Itemid=3&catid=7&fontstyle=f-smaller&id=27&lang=fr&option=com_content&view=article HTTP/1.1" 302 574 "-" "Mozilla/5.0 (compatible; SemrushBot/7~bl; +http://www.semrush.com/bot.html)"
185.191.171.40 - - [09/Mar/2023:07:58:01 +0100] "GET /?Itemid=12&catid=7&fontstyle=f-smaller&id=33&lang=en&option=com_content&view=article HTTP/1.1" 302 575 "-" "Mozilla/5.0 (compatible; SemrushBot/7~bl; +http://www.semrush.com/bot.html)"
223.13.125.214 - - [09/Mar/2023:07:58:17 +0100] "GET /" 400 458 "-" "-"
212.129.37.175 - - [09/Mar/2023:07:58:28 +0100] "-" 408 1489 "-" "-"
185.191.171.22 - - [09/Mar/2023:07:58:34 +0100] "GET /index.php?Itemid=12&catid=7&id=62&lang=fr&option=com_content&view=article HTTP/1.1" 302 557 "-" "Mozilla/5.0 (compatible; SemrushBot/7~bl; +http://www.semrush.com/bot.html)"
185.191.171.26 - - [09/Mar/2023:07:58:38 +0100] "GET /?Itemid=3&fontstyle=f-larger&id=312&lang=fr&option=com_content&view=article HTTP/1.1" 302 560 "-" "Mozilla/5.0 (compatible; SemrushBot/7~bl; +http://www.semrush.com/bot.html)"
185.191.171.15 - - [09/Mar/2023:07:58:47 +0100] "GET /?Itemid=3&fontstyle=f-smaller&id=1&lang=fr&layout=blog&limitstart=20&option=com_content&view=category HTTP/1.1" 302 606 "-" "Mozilla/5.0 (compatible; SemrushBot/7~bl; +http://www.semrush.com/bot.html)"
185.191.171.37 - - [09/Mar/2023:07:58:48 +0100] "GET /?Itemid=14&catid=7&fontstyle=f-larger&id=25&lang=en&option=com_content&view=article HTTP/1.1" 302 576 "-" "Mozilla/5.0 (compatible; SemrushBot/7~bl; +http://www.semrush.com/bot.html)"
185.191.171.6 - - [09/Mar/2023:07:59:38 +0100] "GET /?Itemid=3&fontstyle=f-smaller&id=314&lang=fr&option=com_content&view=article HTTP/1.1" 302 562 "-" "Mozilla/5.0 (compatible; SemrushBot/7~bl; +http://www.semrush.com/bot.html)"
185.191.171.7 - - [09/Mar/2023:07:59:40 +0100] "GET /?Itemid=5&catid=7&fontstyle=f-larger&id=29&lang=fr&option=com_content&view=article HTTP/1.1" 302 575 "-" "Mozilla/5.0 (compatible; SemrushBot/7~bl; +http://www.semrush.com/bot.html)"
185.191.171.14 - - [09/Mar/2023:07:59:52 +0100] "GET /?Itemid=53&catid=1&fontstyle=f-larger&id=441%E2%8C%A9%3Dfr&lang=en&option=com_content&view=article HTTP/1.1" 302 604 "-" "Mozilla/5.0 (compatible; SemrushBot/7~bl; +http://www.semrush.com/bot.html)"
185.191.171.14 - - [09/Mar/2023:07:59:56 +0100] "GET /?Itemid=0&fontstyle=f-larger&id=364&lang=fr&option=com_content&view=article HTTP/1.1" 302 563 "-" "Mozilla/5.0 (compatible; SemrushBot/7~bl; +http://www.semrush.com/bot.html)"
185.191.171.15 - - [09/Mar/2023:07:59:59 +0100] "GET /?Itemid=45&catid=7&fontstyle=f-larger&id=35&lang=fr&option=com_content&view=article HTTP/1.1" 302 575 "-" "Mozilla/5.0 (compatible; SemrushBot/7~bl; +http://www.semrush.com/bot.html)"
185.191.171.6 - - [09/Mar/2023:08:00:24 +0100] "GET /?Itemid=0&fontstyle=f-larger&id=158&lang=fr&option=com_content&view=article HTTP/1.1" 302 563 "-" "Mozilla/5.0 (compatible; SemrushBot/7~bl; +http://www.semrush.com/bot.html)"
212.129.37.175 - - [09/Mar/2023:08:00:27 +0100] "-" 408 1489 "-" "-"
185.191.171.18 - - [09/Mar/2023:08:00:47 +0100] "GET /index.php?catid=7&id=62&lang=en&option=com_content&view=article HTTP/1.1" 302 541 "-" "Mozilla/5.0 (compatible; SemrushBot/7~bl; +http://www.semrush.com/bot.html)"
185.191.171.45 - - [09/Mar/2023:08:01:15 +0100] "GET /index.php?Itemid=0&id=358&lang=en&option=com_content&view=article HTTP/1.1" 302 545 "-" "Mozilla/5.0 (compatible; SemrushBot/7~bl; +http://www.semrush.com/bot.html)"
185.191.171.8 - - [09/Mar/2023:08:01:23 +0100] "GET /index.php?Itemid=53&id=356&lang=fr&option=com_content&view=article HTTP/1.1" 302 548 "-" "Mozilla/5.0 (compatible; SemrushBot/7~bl; +http://www.semrush.com/bot.html)"
107.170.243.25 - - [09/Mar/2023:08:01:28 +0100] "GET /owa/auth/logon.aspx?url=https%3a%2f%2f1%2fecp%2f HTTP/1.1" 404 1973 "-" "Mozilla/5.0 zgrab/0.x"
212.129.37.175 - - [09/Mar/2023:08:02:07 +0100] "-" 408 1489 "-" "-"
185.191.171.21 - - [09/Mar/2023:08:02:36 +0100] "GET /?Itemid=0&fontstyle=f-larger&id=174&lang=fr&option=com_content&view=article HTTP/1.1" 302 563 "-" "Mozilla/5.0 (compatible; SemrushBot/7~bl; +http://www.semrush.com/bot.html)"
185.191.171.41 - - [09/Mar/2023:08:02:48 +0100] "GET /?Itemid=0&catid=7&fontstyle=f-larger&id=38&lang=en&option=com_content&view=article HTTP/1.1" 302 575 "-" "Mozilla/5.0 (compatible; SemrushBot/7~bl; +http://www.semrush.com/bot.html)"
185.191.171.3 - - [09/Mar/2023:08:02:55 +0100] "GET /?Itemid=0&fontstyle=f-larger&id=197&lang=fr&option=com_content&view=article HTTP/1.1" 302 563 "-" "Mozilla/5.0 (compatible; SemrushBot/7~bl; +http://www.semrush.com/bot.html)"
185.191.171.34 - - [09/Mar/2023:08:03:01 +0100] "GET /?Itemid=53&catid=1&fontstyle=f-larger&id=458&lang=fr&option=com_content&view=article HTTP/1.1" 302 579 "-" "Mozilla/5.0 (compatible; SemrushBot/7~bl; +http://www.semrush.com/bot.html)"
185.191.171.34 - - [09/Mar/2023:08:03:05 +0100] "GET /?Itemid=53&catid=1&fontstyle=f-larger&id=458%E2%8C%A9%3Dfr&lang=en&option=com_content&view=article HTTP/1.1" 302 604 "-" "Mozilla/5.0 (compatible; SemrushBot/7~bl; +http://www.semrush.com/bot.html)"
185.191.171.41 - - [09/Mar/2023:08:03:07 +0100] "GET /index.php?Itemid&catid=7&id=141&lang=fr&option=com_content&view=article HTTP/1.1" 302 556 "-" "Mozilla/5.0 (compatible; SemrushBot/7~bl; +http://www.semrush.com/bot.html)"
212.129.37.175 - - [09/Mar/2023:08:03:21 +0100] "-" 408 1489 "-" "-"
185.191.171.4 - - [09/Mar/2023:08:03:30 +0100] "GET /?Itemid=0&fontstyle=f-larger&id=284&lang=en&option=com_content&view=article HTTP/1.1" 302 563 "-" "Mozilla/5.0 (compatible; SemrushBot/7~bl; +http://www.semrush.com/bot.html)"
185.191.171.36 - - [09/Mar/2023:08:03:35 +0100] "GET /index.php?Itemid=0&id=305&lang=en&option=com_content&view=article HTTP/1.1" 302 544 "-" "Mozilla/5.0 (compatible; SemrushBot/7~bl; +http://www.semrush.com/bot.html)"
185.191.171.18 - - [09/Mar/2023:08:03:49 +0100] "GET /?Itemid=53&catid=7&fontstyle=f-larger&id=482&lang=fr&option=com_content&view=article HTTP/1.1" 302 579 "-" "Mozilla/5.0 (compatible; SemrushBot/7~bl; +http://www.semrush.com/bot.html)"
185.191.171.6 - - [09/Mar/2023:08:03:50 +0100] "GET /?catid=7&fontstyle=f-smaller&id=43&lang=en&option=com_content&view=article HTTP/1.1" 302 561 "-" "Mozilla/5.0 (compatible; SemrushBot/7~bl; +http://www.semrush.com/bot.html)"
185.191.171.40 - - [09/Mar/2023:08:04:11 +0100] "GET /index.php?Itemid=11&catid=7&id=27&lang=fr&option=com_content&view=article HTTP/1.1" 302 558 "-" "Mozilla/5.0 (compatible; SemrushBot/7~bl; +http://www.semrush.com/bot.html)"
185.191.171.5 - - [09/Mar/2023:08:04:18 +0100] "GET /?Itemid&fontstyle=f-smaller&id=238&lang=fr&option=com_content&view=article HTTP/1.1" 302 561 "-" "Mozilla/5.0 (compatible; SemrushBot/7~bl; +http://www.semrush.com/bot.html)"
185.191.171.17 - - [09/Mar/2023:08:04:47 +0100] "GET /?Itemid=3&fontstyle=f-larger&id=301&lang=en&option=com_content&view=article HTTP/1.1" 302 561 "-" "Mozilla/5.0 (compatible; SemrushBot/7~bl; +http://www.semrush.com/bot.html)"
212.129.37.175 - - [09/Mar/2023:08:04:54 +0100] "-" 408 1489 "-" "-"
185.191.171.15 - - [09/Mar/2023:08:05:17 +0100] "GET /index.php?Itemid=53&catid=1&id=231&lang=fr&option=com_content&view=article HTTP/1.1" 302 559 "-" "Mozilla/5.0 (compatible; SemrushBot/7~bl; +http://www.semrush.com/bot.html)"
185.191.171.9 - - [09/Mar/2023:08:05:33 +0100] "GET /index.php?Itemid=12&catid=7&id=43&lang=fr&option=com_content&view=article HTTP/1.1" 302 559 "-" "Mozilla/5.0 (compatible; SemrushBot/7~bl; +http://www.semrush.com/bot.html)"
185.191.171.18 - - [09/Mar/2023:08:05:35 +0100] "GET /?Itemid=0&fontstyle=f-smaller&id=313&lang=fr&option=com_content&view=article HTTP/1.1" 302 562 "-" "Mozilla/5.0 (compatible; SemrushBot/7~bl; +http://www.semrush.com/bot.html)"
185.191.171.42 - - [09/Mar/2023:08:06:40 +0100] "GET /?Itemid&fontstyle=f-smaller&id=365&lang=en&option=com_content&view=article HTTP/1.1" 302 561 "-" "Mozilla/5.0 (compatible; SemrushBot/7~bl; +http://www.semrush.com/bot.html)"
185.191.171.18 - - [09/Mar/2023:08:06:56 +0100] "GET /index.php?Itemid=49&catid=7&id=38&lang=en&option=com_content&view=article HTTP/1.1" 302 559 "-" "Mozilla/5.0 (compatible; SemrushBot/7~bl; +http://www.semrush.com/bot.html)"
212.129.37.175 - - [09/Mar/2023:08:07:01 +0100] "-" 408 1489 "-" "-"
185.191.171.26 - - [09/Mar/2023:08:07:49 +0100] "GET /index.php?Itemid=3&catid=7&id=39&lang=en&option=com_content&view=article HTTP/1.1" 302 556 "-" "Mozilla/5.0 (compatible; SemrushBot/7~bl; +http://www.semrush.com/bot.html)"
185.191.171.11 - - [09/Mar/2023:08:07:52 +0100] "GET /index.php?Itemid=11&catid=7&id=5&lang=fr&option=com_content&view=article HTTP/1.1" 302 557 "-" "Mozilla/5.0 (compatible; SemrushBot/7~bl; +http://www.semrush.com/bot.html)"
185.191.171.14 - - [09/Mar/2023:08:07:56 +0100] "GET /?Itemid=5&catid=7&fontstyle=f-larger&id=25&lang=en&option=com_content&view=article HTTP/1.1" 302 573 "-" "Mozilla/5.0 (compatible; SemrushBot/7~bl; +http://www.semrush.com/bot.html)"
185.191.171.15 - - [09/Mar/2023:08:07:59 +0100] "GET /?Itemid=06&catid=7&fontstyle=f-smaller&id=23&lang=en&option=com_content&view=article HTTP/1.1" 302 576 "-" "Mozilla/5.0 (compatible; SemrushBot/7~bl; +http://www.semrush.com/bot.html)"
185.191.171.20 - - [09/Mar/2023:08:08:14 +0100] "GET /?Itemid=0&fontstyle=f-larger&id=177&lang=en&option=com_content&view=article HTTP/1.1" 302 563 "-" "Mozilla/5.0 (compatible; SemrushBot/7~bl; +http://www.semrush.com/bot.html)"
212.129.37.175 - - [09/Mar/2023:08:08:14 +0100] "-" 408 1489 "-" "-"
185.191.171.22 - - [09/Mar/2023:08:09:04 +0100] "GET /?Itemid=53&catid=1&fontstyle=f-smaller&id=450&lang=en&option=com_content&view=article HTTP/1.1" 302 577 "-" "Mozilla/5.0 (compatible; SemrushBot/7~bl; +http://www.semrush.com/bot.html)"
185.191.171.44 - - [09/Mar/2023:08:09:05 +0100] "GET /index.php?Itemid=16&catid=7&id=51&lang=en&option=com_content&view=article HTTP/1.1" 302 558 "-" "Mozilla/5.0 (compatible; SemrushBot/7~bl; +http://www.semrush.com/bot.html)"
212.129.37.175 - - [09/Mar/2023:08:09:20 +0100] "-" 408 1489 "-" "-"
185.191.171.22 - - [09/Mar/2023:08:09:21 +0100] "GET /?Itemid=0&catid=7&fontstyle=f-larger&id=61&lang=fr&option=com_content&view=article HTTP/1.1" 302 575 "-" "Mozilla/5.0 (compatible; SemrushBot/7~bl; +http://www.semrush.com/bot.html)"
185.191.171.8 - - [09/Mar/2023:08:09:37 +0100] "GET /index.php?Itemid=12&catid=7&id=30&lang=en&option=com_content&view=article HTTP/1.1" 302 558 "-" "Mozilla/5.0 (compatible; SemrushBot/7~bl; +http://www.semrush.com/bot.html)"
185.191.171.43 - - [09/Mar/2023:08:09:47 +0100] "GET /index.php?Itemid=53&id=361&lang=fr&option=com_content&view=article HTTP/1.1" 302 548 "-" "Mozilla/5.0 (compatible; SemrushBot/7~bl; +http://www.semrush.com/bot.html)"
185.191.171.21 - - [09/Mar/2023:08:09:58 +0100] "GET /?Itemid&fontstyle=f-smaller&id=354&lang=fr&option=com_content&view=article HTTP/1.1" 302 561 "-" "Mozilla/5.0 (compatible; SemrushBot/7~bl; +http://www.semrush.com/bot.html)"
185.191.171.36 - - [09/Mar/2023:08:10:24 +0100] "GET /?Itemid=11&catid=7&fontstyle=f-larger&id=33&lang=fr&option=com_content&view=article HTTP/1.1" 302 575 "-" "Mozilla/5.0 (compatible; SemrushBot/7~bl; +http://www.semrush.com/bot.html)"
185.191.171.3 - - [09/Mar/2023:08:10:32 +0100] "GET /index.php?Itemid=50&catid=7&id=7&lang=en&option=com_content&view=article HTTP/1.1" 302 554 "-" "Mozilla/5.0 (compatible; SemrushBot/7~bl; +http://www.semrush.com/bot.html)"
185.191.171.44 - - [09/Mar/2023:08:10:41 +0100] "GET /index.php?Itemid=0&catid=7&id=25&lang=fr&option=com_content&view=article HTTP/1.1" 302 557 "-" "Mozilla/5.0 (compatible; SemrushBot/7~bl; +http://www.semrush.com/bot.html)"
185.191.171.9 - - [09/Mar/2023:08:10:46 +0100] "GET /?Itemid=3&catid=7&fontstyle=f-larger&id=63&lang=en&option=com_content&view=article HTTP/1.1" 302 573 "-" "Mozilla/5.0 (compatible; SemrushBot/7~bl; +http://www.semrush.com/bot.html)"
185.191.171.11 - - [09/Mar/2023:08:10:53 +0100] "GET /?Itemid&fontstyle=f-larger&id=357&lang=fr&option=com_content&view=article HTTP/1.1" 302 560 "-" "Mozilla/5.0 (compatible; SemrushBot/7~bl; +http://www.semrush.com/bot.html)"
185.191.171.22 - - [09/Mar/2023:08:11:23 +0100] "GET /?Itemid&fontstyle=f-larger&id=372&lang=en&option=com_content&view=article HTTP/1.1" 302 560 "-" "Mozilla/5.0 (compatible; SemrushBot/7~bl; +http://www.semrush.com/bot.html)"
185.191.171.15 - - [09/Mar/2023:08:11:28 +0100] "GET /index.php?lang=fr HTTP/1.1" 302 479 "-" "Mozilla/5.0 (compatible; SemrushBot/7~bl; +http://www.semrush.com/bot.html)"
212.129.37.175 - - [09/Mar/2023:08:11:54 +0100] "-" 408 1489 "-" "-"
185.191.171.7 - - [09/Mar/2023:08:11:54 +0100] "GET /index.php?Itemid=12&catid=7&id=59&lang=fr&option=com_content&view=article HTTP/1.1" 302 559 "-" "Mozilla/5.0 (compatible; SemrushBot/7~bl; +http://www.semrush.com/bot.html)"
185.191.171.2 - - [09/Mar/2023:08:11:59 +0100] "GET /index.php?Itemid=48&catid=7&id=50&lang=en&option=com_content&view=article HTTP/1.1" 302 558 "-" "Mozilla/5.0 (compatible; SemrushBot/7~bl; +http://www.semrush.com/bot.html)"
185.191.171.36 - - [09/Mar/2023:08:12:01 +0100] "GET /?Itemid=3&fontstyle=f-larger&id=249&lang=fr&option=com_content&view=article HTTP/1.1" 302 562 "-" "Mozilla/5.0 (compatible; SemrushBot/7~bl; +http://www.semrush.com/bot.html)"
185.191.171.44 - - [09/Mar/2023:08:12:01 +0100] "GET /?Itemid=46&catid=7&fontstyle=f-larger&id=19&lang=en&option=com_content&view=article HTTP/1.1" 302 576 "-" "Mozilla/5.0 (compatible; SemrushBot/7~bl; +http://www.semrush.com/bot.html)"
185.191.171.23 - - [09/Mar/2023:08:12:12 +0100] "GET /index.php?Itemid&id=349&lang=en&option=com_content&view=article HTTP/1.1" 302 542 "-" "Mozilla/5.0 (compatible; SemrushBot/7~bl; +http://www.semrush.com/bot.html)"
185.191.171.15 - - [09/Mar/2023:08:12:44 +0100] "GET /robots.txt HTTP/1.1" 302 441 "-" "Mozilla/5.0 (compatible; SemrushBot/7~bl; +http://www.semrush.com/bot.html)"
185.191.171.6 - - [09/Mar/2023:08:12:45 +0100] "GET /index.php?Itemid=48&catid=7&id=39&lang=en&option=com_content&view=article HTTP/1.1" 302 559 "-" "Mozilla/5.0 (compatible; SemrushBot/7~bl; +http://www.semrush.com/bot.html)"
64.62.197.81 - - [09/Mar/2023:08:12:55 +0100] "GET / HTTP/1.1" 302 405 "-" "Mozilla/5.0 (Windows NT 10.0; Win64; x64) AppleWebKit/537.36 (KHTML, like Gecko) Chrome/109.0.0.0 Safari/537.36 OPR/95.0.0.0 (Edition Yx 05)"
212.129.37.175 - - [09/Mar/2023:08:13:08 +0100] "-" 408 1489 "-" "-"
185.191.171.36 - - [09/Mar/2023:08:13:26 +0100] "GET /index.php?Itemid&id=321&lang=fr&option=com_content&view=article HTTP/1.1" 302 542 "-" "Mozilla/5.0 (compatible; SemrushBot/7~bl; +http://www.semrush.com/bot.html)"
64.62.197.78 - - [09/Mar/2023:08:13:33 +0100] "GET / HTTP/1.1" 302 405 "-" "Mozilla/5.0 (Windows NT 10.0; Win64; x64) AppleWebKit/537.36 (KHTML, like Gecko) Chrome/110.0.0.0 Safari/537.36 Edg/110.0.1587.41"
212.129.37.175 - - [09/Mar/2023:08:13:47 +0100] "-" 408 1489 "-" "-"
185.191.171.11 - - [09/Mar/2023:08:13:47 +0100] "GET /?Itemid=2&fontstyle=f-smaller&id=2&lang=fr&option=com_content&view=frontpage HTTP/1.1" 302 561 "-" "Mozilla/5.0 (compatible; SemrushBot/7~bl; +http://www.semrush.com/bot.html)"
64.62.197.81 - - [09/Mar/2023:08:13:55 +0100] "GET /favicon.ico HTTP/1.1" 302 422 "-" "Mozilla/5.0 (Windows NT 10.0; Win64; x64; rv:109.0) Gecko/20100101 Firefox/112.0"
185.191.171.21 - - [09/Mar/2023:08:14:22 +0100] "GET /?catid=7&fontstyle=f-larger&id=44&lang=fr&option=com_content&view=article HTTP/1.1" 302 559 "-" "Mozilla/5.0 (compatible; SemrushBot/7~bl; +http://www.semrush.com/bot.html)"
185.191.171.25 - - [09/Mar/2023:08:14:27 +0100] "GET /index.php?Itemid=5&catid=7&id=63&lang=fr&option=com_content&view=article HTTP/1.1" 302 557 "-" "Mozilla/5.0 (compatible; SemrushBot/7~bl; +http://www.semrush.com/bot.html)"
185.191.171.1 - - [09/Mar/2023:08:14:48 +0100] "GET /?Itemid=48&catid=7&fontstyle=f-larger&id=32&lang=fr&option=com_content&view=article HTTP/1.1" 302 576 "-" "Mozilla/5.0 (compatible; SemrushBot/7~bl; +http://www.semrush.com/bot.html)"
185.191.171.15 - - [09/Mar/2023:08:14:51 +0100] "GET /?Itemid&fontstyle=f-larger&id=347&lang=fr&option=com_content&view=article HTTP/1.1" 302 560 "-" "Mozilla/5.0 (compatible; SemrushBot/7~bl; +http://www.semrush.com/bot.html)"
185.191.171.2 - - [09/Mar/2023:08:15:00 +0100] "GET /index.php?Itemid=3&id=238&lang=fr&option=com_content&view=article HTTP/1.1" 302 545 "-" "Mozilla/5.0 (compatible; SemrushBot/7~bl; +http://www.semrush.com/bot.html)"
185.191.171.9 - - [09/Mar/2023:08:15:07 +0100] "GET /index.php?Itemid=46&id=47&lang=en&option=com_content&view=article HTTP/1.1" 302 544 "-" "Mozilla/5.0 (compatible; SemrushBot/7~bl; +http://www.semrush.com/bot.html)"
64.62.197.82 - - [09/Mar/2023:08:15:23 +0100] "GET /geoserver/web/ HTTP/1.1" 302 428 "-" "Mozilla/5.0 (Windows NT 10.0; Win64; x64) AppleWebKit/537.36 (KHTML, like Gecko) Chrome/109.0.0.0 Safari/537.36 OPR/95.0.0.0 (Edition Yx 05)"
185.191.171.2 - - [09/Mar/2023:08:15:23 +0100] "GET /index.php?Itemid&catid=7&id=35&lang=en&option=com_content&view=article HTTP/1.1" 302 554 "-" "Mozilla/5.0 (compatible; SemrushBot/7~bl; +http://www.semrush.com/bot.html)"
185.191.171.45 - - [09/Mar/2023:08:16:04 +0100] "GET /?Itemid=48&catid=7&fontstyle=f-smaller&id=51&lang=en&option=com_content&view=article HTTP/1.1" 302 576 "-" "Mozilla/5.0 (compatible; SemrushBot/7~bl; +http://www.semrush.com/bot.html)"
185.191.171.44 - - [09/Mar/2023:08:16:10 +0100] "GET /?Itemid=49&catid=7&fontstyle=f-larger&id=33&lang=en&option=com_content&view=article HTTP/1.1" 302 576 "-" "Mozilla/5.0 (compatible; SemrushBot/7~bl; +http://www.semrush.com/bot.html)"
185.191.171.12 - - [09/Mar/2023:08:16:12 +0100] "GET /?fontstyle=f-larger&id=256&lang=fr&option=com_content&view=article HTTP/1.1" 302 548 "-" "Mozilla/5.0 (compatible; SemrushBot/7~bl; +http://www.semrush.com/bot.html)"
201.244.208.209 - - [09/Mar/2023:08:16:17 +0100] "GET /backup_08032022.zip HTTP/1.1" 404 2162 "-" "Firefox"
185.191.171.11 - - [09/Mar/2023:08:16:19 +0100] "GET /?Itemid=53&catid=1&fontstyle=f-smaller&id=451&lang=en&option=com_content&view=article HTTP/1.1" 302 577 "-" "Mozilla/5.0 (compatible; SemrushBot/7~bl; +http://www.semrush.com/bot.html)"
185.191.171.24 - - [09/Mar/2023:08:16:41 +0100] "GET /?Itemid=3&catid=7&fontstyle=f-larger&id=63&lang=fr&option=com_content&view=article HTTP/1.1" 302 573 "-" "Mozilla/5.0 (compatible; SemrushBot/7~bl; +http://www.semrush.com/bot.html)"
212.129.37.175 - - [09/Mar/2023:08:16:48 +0100] "-" 408 1489 "-" "-"
185.191.171.7 - - [09/Mar/2023:08:17:07 +0100] "GET /index.php?Itemid=0&id=367&lang=en&option=com_content&view=article HTTP/1.1" 302 545 "-" "Mozilla/5.0 (compatible; SemrushBot/7~bl; +http://www.semrush.com/bot.html)"
185.191.171.25 - - [09/Mar/2023:08:17:13 +0100] "GET /?Itemid=7&catid=7&fontstyle=f-larger&id=29&lang=en&option=com_content&view=article HTTP/1.1" 302 574 "-" "Mozilla/5.0 (compatible; SemrushBot/7~bl; +http://www.semrush.com/bot.html)"
185.191.171.12 - - [09/Mar/2023:08:17:37 +0100] "GET /?Itemid=16&catid=7&fontstyle=f-smaller&id=33&lang=fr&option=com_content&view=article HTTP/1.1" 302 576 "-" "Mozilla/5.0 (compatible; SemrushBot/7~bl; +http://www.semrush.com/bot.html)"
212.129.37.175 - - [09/Mar/2023:08:18:01 +0100] "-" 408 1489 "-" "-"
185.191.171.12 - - [09/Mar/2023:08:18:02 +0100] "GET /index.php?catid=8&id=109&lang=en&option=com_content&view=article HTTP/1.1" 302 543 "-" "Mozilla/5.0 (compatible; SemrushBot/7~bl; +http://www.semrush.com/bot.html)"
185.191.171.3 - - [09/Mar/2023:08:18:03 +0100] "GET /?Itemid=16&catid=7&fontstyle=f-larger&id=26&lang=en&option=com_content&view=article HTTP/1.1" 302 575 "-" "Mozilla/5.0 (compatible; SemrushBot/7~bl; +http://www.semrush.com/bot.html)"
212.129.37.175 - - [09/Mar/2023:08:18:13 +0100] "-" 408 1489 "-" "-"
185.191.171.6 - - [09/Mar/2023:08:18:24 +0100] "GET /index.php?Itemid=0&id=153&lang=en&option=com_content&view=article HTTP/1.1" 302 545 "-" "Mozilla/5.0 (compatible; SemrushBot/7~bl; +http://www.semrush.com/bot.html)"
185.191.171.1 - - [09/Mar/2023:08:18:28 +0100] "GET /?Itemid=06&catid=7&fontstyle=f-larger&id=23&lang=en&option=com_content&view=article HTTP/1.1" 302 576 "-" "Mozilla/5.0 (compatible; SemrushBot/7~bl; +http://www.semrush.com/bot.html)"
185.191.171.15 - - [09/Mar/2023:08:18:53 +0100] "GET /index.php?Itemid&id=360&lang=en&option=com_content&view=article HTTP/1.1" 302 542 "-" "Mozilla/5.0 (compatible; SemrushBot/7~bl; +http://www.semrush.com/bot.html)"
185.191.171.38 - - [09/Mar/2023:08:19:07 +0100] "GET /index.php?Itemid=0&id=212&lang=en&option=com_content&view=article HTTP/1.1" 302 543 "-" "Mozilla/5.0 (compatible; SemrushBot/7~bl; +http://www.semrush.com/bot.html)"
185.191.171.6 - - [09/Mar/2023:08:19:11 +0100] "GET /?Itemid=0&catid=8&fontstyle=f-larger&id=109&lang=en&option=com_content&view=article HTTP/1.1" 302 576 "-" "Mozilla/5.0 (compatible; SemrushBot/7~bl; +http://www.semrush.com/bot.html)"
185.191.171.44 - - [09/Mar/2023:08:19:15 +0100] "GET /?Itemid&fontstyle=f-smaller&id=320&lang=en&option=com_content&view=article HTTP/1.1" 302 560 "-" "Mozilla/5.0 (compatible; SemrushBot/7~bl; +http://www.semrush.com/bot.html)"
185.191.171.12 - - [09/Mar/2023:08:19:29 +0100] "GET /?Itemid=0&fontstyle=f-smaller&id=144&lang=fr&option=com_content&view=article HTTP/1.1" 302 563 "-" "Mozilla/5.0 (compatible; SemrushBot/7~bl; +http://www.semrush.com/bot.html)"
185.191.171.17 - - [09/Mar/2023:08:19:55 +0100] "GET /index.php?Itemid&catid=7&id=66&lang=fr&option=com_content&view=article HTTP/1.1" 302 554 "-" "Mozilla/5.0 (compatible; SemrushBot/7~bl; +http://www.semrush.com/bot.html)"
185.191.171.8 - - [09/Mar/2023:08:20:10 +0100] "GET /?Itemid=53&fontstyle=f-smaller&id=363&lang=fr&option=com_content&view=article HTTP/1.1" 302 565 "-" "Mozilla/5.0 (compatible; SemrushBot/7~bl; +http://www.semrush.com/bot.html)"
185.191.171.19 - - [09/Mar/2023:08:20:11 +0100] "GET /?Itemid=45&catid=7&fontstyle=f-larger&id=43&lang=fr&option=com_content&view=article HTTP/1.1" 302 575 "-" "Mozilla/5.0 (compatible; SemrushBot/7~bl; +http://www.semrush.com/bot.html)"
70.40.217.66 - - [09/Mar/2023:08:20:16 +0100] "-" 408 0 "-" "-"
185.191.171.13 - - [09/Mar/2023:08:20:28 +0100] "GET /?Itemid=12&catid=7&fontstyle=f-smaller&id=18&lang=fr&option=com_content&view=article HTTP/1.1" 302 575 "-" "Mozilla/5.0 (compatible; SemrushBot/7~bl; +http://www.semrush.com/bot.html)"
185.191.171.9 - - [09/Mar/2023:08:20:34 +0100] "GET /index.php?Itemid=5&catid=7&id=39&lang=fr&option=com_content&view=article HTTP/1.1" 302 557 "-" "Mozilla/5.0 (compatible; SemrushBot/7~bl; +http://www.semrush.com/bot.html)"
185.191.171.24 - - [09/Mar/2023:08:21:08 +0100] "GET /index.php?Itemid=5&catid=7&id=37&lang=en&option=com_content&view=article HTTP/1.1" 302 556 "-" "Mozilla/5.0 (compatible; SemrushBot/7~bl; +http://www.semrush.com/bot.html)"
212.129.37.175 - - [09/Mar/2023:08:21:41 +0100] "-" 408 1489 "-" "-"
185.191.171.20 - - [09/Mar/2023:08:21:49 +0100] "GET /index.php?Itemid=48&catid=7&id=64&lang=en&option=com_content&view=article HTTP/1.1" 302 559 "-" "Mozilla/5.0 (compatible; SemrushBot/7~bl; +http://www.semrush.com/bot.html)"
185.191.171.6 - - [09/Mar/2023:08:21:51 +0100] "GET /index.php?Itemid&id=366&lang=en&option=com_content&view=article HTTP/1.1" 302 543 "-" "Mozilla/5.0 (compatible; SemrushBot/7~bl; +http://www.semrush.com/bot.html)"
185.191.171.21 - - [09/Mar/2023:08:22:05 +0100] "GET /?Itemid=0&fontstyle=f-larger&id=198&lang=en&option=com_content&view=article HTTP/1.1" 302 563 "-" "Mozilla/5.0 (compatible; SemrushBot/7~bl; +http://www.semrush.com/bot.html)"
185.191.171.23 - - [09/Mar/2023:08:22:06 +0100] "GET /index.php?Itemid=12&catid=7&id=49&lang=fr&option=com_content&view=article HTTP/1.1" 302 559 "-" "Mozilla/5.0 (compatible; SemrushBot/7~bl; +http://www.semrush.com/bot.html)"
185.191.171.42 - - [09/Mar/2023:08:22:37 +0100] "GET /?Itemid=3&fontstyle=f-larger&id=1&lang=fr&layout=blog&limitstart=55&option=com_content&view=category HTTP/1.1" 302 603 "-" "Mozilla/5.0 (compatible; SemrushBot/7~bl; +http://www.semrush.com/bot.html)"
212.129.37.175 - - [09/Mar/2023:08:22:40 +0100] "-" 408 1489 "-" "-"
185.191.171.26 - - [09/Mar/2023:08:22:42 +0100] "GET /index.php?Itemid=5&catid=7&id=33&lang=en&option=com_content&view=article HTTP/1.1" 302 556 "-" "Mozilla/5.0 (compatible; SemrushBot/7~bl; +http://www.semrush.com/bot.html)"
212.129.37.175 - - [09/Mar/2023:08:22:54 +0100] "-" 408 1489 "-" "-"
185.191.171.1 - - [09/Mar/2023:08:23:00 +0100] "GET /?Itemid=45&catid=7&fontstyle=f-smaller&id=31&lang=fr&option=com_content&view=article HTTP/1.1" 302 576 "-" "Mozilla/5.0 (compatible; SemrushBot/7~bl; +http://www.semrush.com/bot.html)"
185.191.171.17 - - [09/Mar/2023:08:23:17 +0100] "GET /?Itemid=47&catid=7&fontstyle=f-smaller&id=59&lang=en&option=com_content&view=article HTTP/1.1" 302 575 "-" "Mozilla/5.0 (compatible; SemrushBot/7~bl; +http://www.semrush.com/bot.html)"
185.191.171.15 - - [09/Mar/2023:08:23:23 +0100] "GET /index.php?Itemid=0&id=350&lang=fr&option=com_content&view=article HTTP/1.1" 302 545 "-" "Mozilla/5.0 (compatible; SemrushBot/7~bl; +http://www.semrush.com/bot.html)"
185.191.171.11 - - [09/Mar/2023:08:23:27 +0100] "GET /index.php?Itemid=12&catid=7&id=61&lang=en&option=com_content&view=article HTTP/1.1" 302 558 "-" "Mozilla/5.0 (compatible; SemrushBot/7~bl; +http://www.semrush.com/bot.html)"
185.191.171.37 - - [09/Mar/2023:08:24:13 +0100] "GET /index.php?Itemid=47&catid=7&id=57&lang=fr&option=com_content&view=article HTTP/1.1" 302 557 "-" "Mozilla/5.0 (compatible; SemrushBot/7~bl; +http://www.semrush.com/bot.html)"
185.191.171.17 - - [09/Mar/2023:08:24:20 +0100] "GET /?fontstyle=f-smaller&id=366&lang=fr&option=com_content&view=article HTTP/1.1" 302 549 "-" "Mozilla/5.0 (compatible; SemrushBot/7~bl; +http://www.semrush.com/bot.html)"
185.191.171.9 - - [09/Mar/2023:08:25:47 +0100] "GET /?Itemid=49&catid=7&fontstyle=f-larger&id=46&lang=en&option=com_content&view=article HTTP/1.1" 302 575 "-" "Mozilla/5.0 (compatible; SemrushBot/7~bl; +http://www.semrush.com/bot.html)"
185.191.171.41 - - [09/Mar/2023:08:26:04 +0100] "GET /index.php?Itemid=3&catid=7&id=7&lang=en&option=com_content&view=article HTTP/1.1" 302 553 "-" "Mozilla/5.0 (compatible; SemrushBot/7~bl; +http://www.semrush.com/bot.html)"
185.191.171.34 - - [09/Mar/2023:08:26:04 +0100] "GET /?Itemid=3&fontstyle=f-larger&id=369&lang=en&option=com_content&view=article HTTP/1.1" 302 562 "-" "Mozilla/5.0 (compatible; SemrushBot/7~bl; +http://www.semrush.com/bot.html)"
185.191.171.6 - - [09/Mar/2023:08:26:21 +0100] "GET /index.php?Itemid=3&id=307&lang=fr&option=com_content&view=article HTTP/1.1" 302 545 "-" "Mozilla/5.0 (compatible; SemrushBot/7~bl; +http://www.semrush.com/bot.html)"
185.191.171.7 - - [09/Mar/2023:08:26:26 +0100] "GET /?Itemid&catid=7&fontstyle=f-larger&id=28&lang=fr&option=com_content&view=article HTTP/1.1" 302 571 "-" "Mozilla/5.0 (compatible; SemrushBot/7~bl; +http://www.semrush.com/bot.html)"
212.129.37.175 - - [09/Mar/2023:08:26:34 +0100] "-" 408 1489 "-" "-"
185.191.171.4 - - [09/Mar/2023:08:26:58 +0100] "GET /?Itemid=11&catid=7&fontstyle=f-smaller&id=64&lang=en&option=com_content&view=article HTTP/1.1" 302 576 "-" "Mozilla/5.0 (compatible; SemrushBot/7~bl; +http://www.semrush.com/bot.html)"
185.191.171.37 - - [09/Mar/2023:08:27:05 +0100] "GET /index.php?id=304&lang=fr&option=com_content&view=article HTTP/1.1" 302 530 "-" "Mozilla/5.0 (compatible; SemrushBot/7~bl; +http://www.semrush.com/bot.html)"
212.129.37.175 - - [09/Mar/2023:08:27:06 +0100] "-" 408 1489 "-" "-"
185.191.171.38 - - [09/Mar/2023:08:27:12 +0100] "GET /index.php?Itemid=47&catid=7&id=56&lang=en&option=com_content&view=article HTTP/1.1" 302 558 "-" "Mozilla/5.0 (compatible; SemrushBot/7~bl; +http://www.semrush.com/bot.html)"
185.191.171.42 - - [09/Mar/2023:08:27:15 +0100] "GET /?Itemid&catid=7&fontstyle=f-smaller&id=29&lang=en&option=com_content&view=article HTTP/1.1" 302 571 "-" "Mozilla/5.0 (compatible; SemrushBot/7~bl; +http://www.semrush.com/bot.html)"
185.191.171.1 - - [09/Mar/2023:08:27:16 +0100] "GET /?Itemid=53&catid=1&fontstyle=f-larger&id=451&lang=fr&option=com_content&view=article HTTP/1.1" 302 575 "-" "Mozilla/5.0 (compatible; SemrushBot/7~bl; +http://www.semrush.com/bot.html)"
185.191.171.43 - - [09/Mar/2023:08:27:21 +0100] "GET /?Itemid=53&fontstyle=f-smaller&id=235&lang=en&option=com_content&view=article HTTP/1.1" 302 565 "-" "Mozilla/5.0 (compatible; SemrushBot/7~bl; +http://www.semrush.com/bot.html)"
185.191.171.43 - - [09/Mar/2023:08:27:22 +0100] "GET /?Itemid=49&catid=7&fontstyle=f-smaller&id=30&lang=en&option=com_content&view=article HTTP/1.1" 302 576 "-" "Mozilla/5.0 (compatible; SemrushBot/7~bl; +http://www.semrush.com/bot.html)"
185.191.171.45 - - [09/Mar/2023:08:27:27 +0100] "GET /?Itemid=3&catid=1&fontstyle=f-larger&id=417&lang=en&option=com_content&view=article HTTP/1.1" 302 577 "-" "Mozilla/5.0 (compatible; SemrushBot/7~bl; +http://www.semrush.com/bot.html)"
185.191.171.45 - - [09/Mar/2023:08:27:39 +0100] "GET /?Itemid=53&catid=1&fontstyle=f-smaller&id=458&lang=en&option=com_content&view=article HTTP/1.1" 302 578 "-" "Mozilla/5.0 (compatible; SemrushBot/7~bl; +http://www.semrush.com/bot.html)"
212.129.37.175 - - [09/Mar/2023:08:27:48 +0100] "-" 408 1489 "-" "-"
185.191.171.35 - - [09/Mar/2023:08:27:56 +0100] "GET /index.php?Itemid=49&catid=7&id=44&lang=en&option=com_content&view=article HTTP/1.1" 302 556 "-" "Mozilla/5.0 (compatible; SemrushBot/7~bl; +http://www.semrush.com/bot.html)"
185.191.171.13 - - [09/Mar/2023:08:28:02 +0100] "GET /index.php?Itemid=0&catid=7&id=21&lang=en&option=com_content&view=article HTTP/1.1" 302 556 "-" "Mozilla/5.0 (compatible; SemrushBot/7~bl; +http://www.semrush.com/bot.html)"
185.191.171.9 - - [09/Mar/2023:08:28:10 +0100] "GET /?Itemid=53&fontstyle=f-larger&id=287&lang=en&option=com_content&view=article HTTP/1.1" 302 565 "-" "Mozilla/5.0 (compatible; SemrushBot/7~bl; +http://www.semrush.com/bot.html)"
185.191.171.35 - - [09/Mar/2023:08:28:38 +0100] "GET /index.php?Itemid=3&catid=7&id=45&lang=en&option=com_content&view=article HTTP/1.1" 302 557 "-" "Mozilla/5.0 (compatible; SemrushBot/7~bl; +http://www.semrush.com/bot.html)"
185.191.171.43 - - [09/Mar/2023:08:28:55 +0100] "GET /index.php?Itemid=53&catid=7&id=51&lang=fr&option=com_content&view=article HTTP/1.1" 302 557 "-" "Mozilla/5.0 (compatible; SemrushBot/7~bl; +http://www.semrush.com/bot.html)"
185.191.171.37 - - [09/Mar/2023:08:29:10 +0100] "GET /?Itemid=0&fontstyle=f-larger&id=136&lang=fr&option=com_content&view=article HTTP/1.1" 302 563 "-" "Mozilla/5.0 (compatible; SemrushBot/7~bl; +http://www.semrush.com/bot.html)"
185.191.171.20 - - [09/Mar/2023:08:29:13 +0100] "GET /?Itemid=46&catid=7&fontstyle=f-larger&id=73&lang=en&option=com_content&view=article HTTP/1.1" 302 575 "-" "Mozilla/5.0 (compatible; SemrushBot/7~bl; +http://www.semrush.com/bot.html)"
185.191.171.10 - - [09/Mar/2023:08:29:21 +0100] "GET /index.php?catid=7&id=36&lang=fr&option=com_content&view=article HTTP/1.1" 302 542 "-" "Mozilla/5.0 (compatible; SemrushBot/7~bl; +http://www.semrush.com/bot.html)"
193.142.146.214 - - [09/Mar/2023:08:29:28 +0100] "GET / HTTP/1.1" 302 424 "-" "Linux Gnu (cow)"
185.191.171.37 - - [09/Mar/2023:08:29:38 +0100] "GET /index.php?catid=7&id=61&lang=fr&option=com_content&view=article HTTP/1.1" 302 542 "-" "Mozilla/5.0 (compatible; SemrushBot/7~bl; +http://www.semrush.com/bot.html)"
185.191.171.42 - - [09/Mar/2023:08:29:53 +0100] "GET /index.php?Itemid=53&id=364&lang=en&option=com_content&view=article HTTP/1.1" 302 547 "-" "Mozilla/5.0 (compatible; SemrushBot/7~bl; +http://www.semrush.com/bot.html)"
185.191.171.12 - - [09/Mar/2023:08:30:03 +0100] "GET /?Itemid=0&fontstyle=f-smaller&id=249&lang=en&option=com_content&view=article HTTP/1.1" 302 563 "-" "Mozilla/5.0 (compatible; SemrushBot/7~bl; +http://www.semrush.com/bot.html)"
185.191.171.38 - - [09/Mar/2023:08:30:23 +0100] "GET /?Itemid=0&fontstyle=f-smaller&id=245&lang=en&option=com_content&view=article HTTP/1.1" 302 563 "-" "Mozilla/5.0 (compatible; SemrushBot/7~bl; +http://www.semrush.com/bot.html)"
185.191.171.45 - - [09/Mar/2023:08:30:39 +0100] "GET /index.php?Itemid=50&catid=7&id=6&lang=en&option=com_content&view=article HTTP/1.1" 302 557 "-" "Mozilla/5.0 (compatible; SemrushBot/7~bl; +http://www.semrush.com/bot.html)"
185.191.171.24 - - [09/Mar/2023:08:30:55 +0100] "GET /index.php?Itemid=3&id=310&lang=fr&option=com_content&view=article HTTP/1.1" 302 544 "-" "Mozilla/5.0 (compatible; SemrushBot/7~bl; +http://www.semrush.com/bot.html)"
185.191.171.2 - - [09/Mar/2023:08:31:18 +0100] "GET /index.php?Itemid=3&catid=7&id=7&lang=en&option=com_content&view=article HTTP/1.1" 302 553 "-" "Mozilla/5.0 (compatible; SemrushBot/7~bl; +http://www.semrush.com/bot.html)"
185.191.171.8 - - [09/Mar/2023:08:31:19 +0100] "GET /?catid=7&fontstyle=f-smaller&id=5&lang=en&option=com_content&view=article HTTP/1.1" 302 558 "-" "Mozilla/5.0 (compatible; SemrushBot/7~bl; +http://www.semrush.com/bot.html)"
185.191.171.45 - - [09/Mar/2023:08:31:22 +0100] "GET /index.php?Itemid=53&id=321&lang=fr&option=com_content&view=article HTTP/1.1" 302 547 "-" "Mozilla/5.0 (compatible; SemrushBot/7~bl; +http://www.semrush.com/bot.html)"
185.191.171.45 - - [09/Mar/2023:08:31:27 +0100] "GET /index.php?Itemid=53&catid=1&id=486&lang=fr&option=com_content&view=article HTTP/1.1" 302 561 "-" "Mozilla/5.0 (compatible; SemrushBot/7~bl; +http://www.semrush.com/bot.html)"
212.129.37.175 - - [09/Mar/2023:08:31:28 +0100] "-" 408 1489 "-" "-"
185.191.171.3 - - [09/Mar/2023:08:31:31 +0100] "GET /?catid=7&fontstyle=f-smaller&id=55&lang=fr&option=com_content&view=article HTTP/1.1" 302 560 "-" "Mozilla/5.0 (compatible; SemrushBot/7~bl; +http://www.semrush.com/bot.html)"
212.129.37.175 - - [09/Mar/2023:08:31:33 +0100] "-" 408 1489 "-" "-"
185.191.171.23 - - [09/Mar/2023:08:31:52 +0100] "GET /?Itemid=53&catid=1&fontstyle=f-smaller&id=413%3F%3Dfr&lang=en&option=com_content&view=article HTTP/1.1" 302 593 "-" "Mozilla/5.0 (compatible; SemrushBot/7~bl; +http://www.semrush.com/bot.html)"
185.191.171.11 - - [09/Mar/2023:08:31:59 +0100] "GET /?Itemid=3&fontstyle=f-smaller&id=364&lang=fr&option=com_content&view=article HTTP/1.1" 302 563 "-" "Mozilla/5.0 (compatible; SemrushBot/7~bl; +http://www.semrush.com/bot.html)"
185.191.171.34 - - [09/Mar/2023:08:32:11 +0100] "GET /index.php?Itemid&id=328&lang=en&option=com_content&view=article HTTP/1.1" 302 542 "-" "Mozilla/5.0 (compatible; SemrushBot/7~bl; +http://www.semrush.com/bot.html)"
212.129.37.175 - - [09/Mar/2023:08:32:41 +0100] "-" 408 1489 "-" "-"
185.191.171.5 - - [09/Mar/2023:08:33:05 +0100] "GET /?Itemid=49&catid=7&fontstyle=f-smaller&id=27&lang=fr&option=com_content&view=article HTTP/1.1" 302 575 "-" "Mozilla/5.0 (compatible; SemrushBot/7~bl; +http://www.semrush.com/bot.html)"
185.191.171.25 - - [09/Mar/2023:08:33:26 +0100] "GET /index.php?Itemid=48&catid=7&id=61&lang=en&option=com_content&view=article HTTP/1.1" 302 559 "-" "Mozilla/5.0 (compatible; SemrushBot/7~bl; +http://www.semrush.com/bot.html)"
185.191.171.6 - - [09/Mar/2023:08:33:44 +0100] "GET /index.php?Itemid&id=261&lang=en&option=com_content&view=article HTTP/1.1" 302 542 "-" "Mozilla/5.0 (compatible; SemrushBot/7~bl; +http://www.semrush.com/bot.html)"
185.191.171.41 - - [09/Mar/2023:08:33:49 +0100] "GET /?Itemid=3&catid=1&fontstyle=f-larger&id=413&lang=fr&option=com_content&view=article HTTP/1.1" 302 574 "-" "Mozilla/5.0 (compatible; SemrushBot/7~bl; +http://www.semrush.com/bot.html)"
185.191.171.45 - - [09/Mar/2023:08:34:11 +0100] "GET /index.php?Itemid=0&id=155&lang=en&option=com_content&view=article HTTP/1.1" 302 545 "-" "Mozilla/5.0 (compatible; SemrushBot/7~bl; +http://www.semrush.com/bot.html)"
185.191.171.14 - - [09/Mar/2023:08:34:18 +0100] "GET /?Itemid=16&catid=7&fontstyle=f-smaller&id=23&lang=en&option=com_content&view=article HTTP/1.1" 302 576 "-" "Mozilla/5.0 (compatible; SemrushBot/7~bl; +http://www.semrush.com/bot.html)"
185.191.171.23 - - [09/Mar/2023:08:34:33 +0100] "GET /index.php?catid=7&id=12&lang=fr&option=com_content&view=article HTTP/1.1" 302 542 "-" "Mozilla/5.0 (compatible; SemrushBot/7~bl; +http://www.semrush.com/bot.html)"
185.191.171.11 - - [09/Mar/2023:08:34:42 +0100] "GET /?Itemid=0&catid=7%3Aarticles&fontstyle=f-smaller&id=23&lang=en&option=com_xmap&view=article HTTP/1.1" 302 590 "-" "Mozilla/5.0 (compatible; SemrushBot/7~bl; +http://www.semrush.com/bot.html)"
185.191.171.45 - - [09/Mar/2023:08:34:53 +0100] "GET /?Itemid=53&catid=1&fontstyle=f-larger&id=437%E2%8C%A9%3Dfr&lang=fr&option=com_content&view=article HTTP/1.1" 302 603 "-" "Mozilla/5.0 (compatible; SemrushBot/7~bl; +http://www.semrush.com/bot.html)"
185.191.171.39 - - [09/Mar/2023:08:34:59 +0100] "GET /robots.txt HTTP/1.1" 302 441 "-" "Mozilla/5.0 (compatible; SemrushBot/7~bl; +http://www.semrush.com/bot.html)"
185.191.171.18 - - [09/Mar/2023:08:34:59 +0100] "GET /?Itemid=45&catid=7&fontstyle=f-larger&id=23&lang=fr&option=com_content&view=article HTTP/1.1" 302 576 "-" "Mozilla/5.0 (compatible; SemrushBot/7~bl; +http://www.semrush.com/bot.html)"
185.191.171.26 - - [09/Mar/2023:08:35:33 +0100] "GET /index.php?Itemid&id=307&lang=en&option=com_content&view=article HTTP/1.1" 302 542 "-" "Mozilla/5.0 (compatible; SemrushBot/7~bl; +http://www.semrush.com/bot.html)"
185.191.171.1 - - [09/Mar/2023:08:35:37 +0100] "GET /index.php?Itemid=0&id=298&lang=en&option=com_content&view=article HTTP/1.1" 302 544 "-" "Mozilla/5.0 (compatible; SemrushBot/7~bl; +http://www.semrush.com/bot.html)"
212.129.37.175 - - [09/Mar/2023:08:35:59 +0100] "-" 408 1489 "-" "-"
185.191.171.12 - - [09/Mar/2023:08:36:18 +0100] "GET /?Itemid=47&catid=7&fontstyle=f-larger&id=63&lang=fr&option=com_content&view=article HTTP/1.1" 302 575 "-" "Mozilla/5.0 (compatible; SemrushBot/7~bl; +http://www.semrush.com/bot.html)"
212.129.37.175 - - [09/Mar/2023:08:36:21 +0100] "-" 408 1489 "-" "-"
185.191.171.19 - - [09/Mar/2023:08:36:38 +0100] "GET /?Itemid=12&catid=7&fontstyle=f-smaller&id=61&lang=fr&option=com_content&view=article HTTP/1.1" 302 576 "-" "Mozilla/5.0 (compatible; SemrushBot/7~bl; +http://www.semrush.com/bot.html)"
185.191.171.16 - - [09/Mar/2023:08:37:15 +0100] "GET /?Itemid=53&fontstyle=f-smaller&id=326&lang=en&option=com_content&view=article HTTP/1.1" 302 565 "-" "Mozilla/5.0 (compatible; SemrushBot/7~bl; +http://www.semrush.com/bot.html)"
185.191.171.12 - - [09/Mar/2023:08:37:26 +0100] "GET /?Itemid=3&fontstyle=f-smaller&id=372&lang=en&option=com_content&view=article HTTP/1.1" 302 563 "-" "Mozilla/5.0 (compatible; SemrushBot/7~bl; +http://www.semrush.com/bot.html)"
212.129.37.175 - - [09/Mar/2023:08:37:35 +0100] "-" 408 1489 "-" "-"
185.191.171.14 - - [09/Mar/2023:08:37:38 +0100] "GET /?Itemid=45&catid=7&fontstyle=f-larger&id=58&lang=fr&option=com_content&view=article HTTP/1.1" 302 576 "-" "Mozilla/5.0 (compatible; SemrushBot/7~bl; +http://www.semrush.com/bot.html)"
185.191.171.38 - - [09/Mar/2023:08:37:40 +0100] "GET /?Itemid=0&fontstyle=f-smaller&id=321&lang=fr&option=com_content&view=article HTTP/1.1" 302 562 "-" "Mozilla/5.0 (compatible; SemrushBot/7~bl; +http://www.semrush.com/bot.html)"
185.191.171.35 - - [09/Mar/2023:08:37:43 +0100] "GET /index.php?Itemid=16&catid=7&id=39&lang=fr&option=com_content&view=article HTTP/1.1" 302 559 "-" "Mozilla/5.0 (compatible; SemrushBot/7~bl; +http://www.semrush.com/bot.html)"
185.191.171.37 - - [09/Mar/2023:08:37:59 +0100] "GET /index.php?Itemid=53&catid=1&id=435%3F%3Dfr&lang=en&option=com_content&view=article HTTP/1.1" 302 575 "-" "Mozilla/5.0 (compatible; SemrushBot/7~bl; +http://www.semrush.com/bot.html)"
185.191.171.35 - - [09/Mar/2023:08:38:14 +0100] "GET /index.php?Itemid=14&catid=7&id=28&lang=en&option=com_content&view=article HTTP/1.1" 302 558 "-" "Mozilla/5.0 (compatible; SemrushBot/7~bl; +http://www.semrush.com/bot.html)"
185.191.171.6 - - [09/Mar/2023:08:38:21 +0100] "GET /?Itemid&catid=7&fontstyle=f-smaller&id=35&lang=en&option=com_content&view=article HTTP/1.1" 302 572 "-" "Mozilla/5.0 (compatible; SemrushBot/7~bl; +http://www.semrush.com/bot.html)"
185.191.171.42 - - [09/Mar/2023:08:38:40 +0100] "GET /?Itemid=3&catid=1&fontstyle=f-larger&id=431%E2%8C%A9%3Dfr&lang=en&option=com_content&view=article HTTP/1.1" 302 604 "-" "Mozilla/5.0 (compatible; SemrushBot/7~bl; +http://www.semrush.com/bot.html)"
185.191.171.5 - - [09/Mar/2023:08:38:49 +0100] "GET /index.php?Itemid=53&id=313&lang=en&option=com_content&view=article HTTP/1.1" 302 546 "-" "Mozilla/5.0 (compatible; SemrushBot/7~bl; +http://www.semrush.com/bot.html)"
185.191.171.25 - - [09/Mar/2023:08:39:27 +0100] "GET /?Itemid=53&catid=1&fontstyle=f-smaller&id=414&lang=en&option=com_content&view=article HTTP/1.1" 302 577 "-" "Mozilla/5.0 (compatible; SemrushBot/7~bl; +http://www.semrush.com/bot.html)"
185.191.171.6 - - [09/Mar/2023:08:39:29 +0100] "GET /?Itemid=53&catid=1&fontstyle=f-smaller&id=475&lang=fr&option=com_content&view=article HTTP/1.1" 302 578 "-" "Mozilla/5.0 (compatible; SemrushBot/7~bl; +http://www.semrush.com/bot.html)"
185.191.171.12 - - [09/Mar/2023:08:39:42 +0100] "GET /index.php?Itemid=46&catid=7&id=7&lang=fr&option=com_content&view=article HTTP/1.1" 302 555 "-" "Mozilla/5.0 (compatible; SemrushBot/7~bl; +http://www.semrush.com/bot.html)"
185.191.171.11 - - [09/Mar/2023:08:39:45 +0100] "GET /?catid=7&fontstyle=f-smaller&id=56&lang=en&option=com_content&view=article HTTP/1.1" 302 561 "-" "Mozilla/5.0 (compatible; SemrushBot/7~bl; +http://www.semrush.com/bot.html)"
185.191.171.9 - - [09/Mar/2023:08:40:23 +0100] "GET /index.php?Itemid>ask=archive&lang=fr&listid=1%3Amailing_list&option=com_acymailing HTTP/1.1" 302 574 "-" "Mozilla/5.0 (compatible; SemrushBot/7~bl; +http://www.semrush.com/bot.html)"
212.129.37.175 - - [09/Mar/2023:08:40:26 +0100] "-" 408 1489 "-" "-"
50.116.93.245 - - [09/Mar/2023:08:40:38 +0100] "-" 408 0 "-" "-"
185.191.171.17 - - [09/Mar/2023:08:41:09 +0100] "GET /?Itemid=0&fontstyle=f-smaller&id=72&lang=en&option=com_content&view=article HTTP/1.1" 302 562 "-" "Mozilla/5.0 (compatible; SemrushBot/7~bl; +http://www.semrush.com/bot.html)"
185.191.171.34 - - [09/Mar/2023:08:41:13 +0100] "GET /index.php?Itemid&catid=7&id=55&lang=en&option=com_content&view=article HTTP/1.1" 302 554 "-" "Mozilla/5.0 (compatible; SemrushBot/7~bl; +http://www.semrush.com/bot.html)"
212.129.37.175 - - [09/Mar/2023:08:41:14 +0100] "-" 408 1489 "-" "-"
185.191.171.8 - - [09/Mar/2023:08:41:27 +0100] "GET /?Itemid=5&catid=7&fontstyle=f-larger&id=25&lang=fr&option=com_content&view=article HTTP/1.1" 302 573 "-" "Mozilla/5.0 (compatible; SemrushBot/7~bl; +http://www.semrush.com/bot.html)"
185.191.171.10 - - [09/Mar/2023:08:41:36 +0100] "GET /index.php?Itemid=14&catid=7&id=34&lang=fr&option=com_content&view=article HTTP/1.1" 302 557 "-" "Mozilla/5.0 (compatible; SemrushBot/7~bl; +http://www.semrush.com/bot.html)"
185.191.171.20 - - [09/Mar/2023:08:41:38 +0100] "GET /index.php?Itemid=12&catid=7&id=465&lang=fr&option=com_content&view=article HTTP/1.1" 302 561 "-" "Mozilla/5.0 (compatible; SemrushBot/7~bl; +http://www.semrush.com/bot.html)"
198.57.247.239 - - [09/Mar/2023:08:41:42 +0100] "-" 408 0 "-" "-"
185.191.171.35 - - [09/Mar/2023:08:41:45 +0100] "GET /?Itemid&catid=7&fontstyle=f-smaller&id=57&lang=en&option=com_content&view=article HTTP/1.1" 302 571 "-" "Mozilla/5.0 (compatible; SemrushBot/7~bl; +http://www.semrush.com/bot.html)"
185.191.171.6 - - [09/Mar/2023:08:41:49 +0100] "GET /?Itemid&fontstyle=f-smaller&id=269&lang=fr&option=com_content&view=article HTTP/1.1" 302 561 "-" "Mozilla/5.0 (compatible; SemrushBot/7~bl; +http://www.semrush.com/bot.html)"
185.191.171.24 - - [09/Mar/2023:08:41:55 +0100] "GET /?Itemid=48&catid=7&fontstyle=f-larger&id=35&lang=fr&option=com_content&view=article HTTP/1.1" 302 576 "-" "Mozilla/5.0 (compatible; SemrushBot/7~bl; +http://www.semrush.com/bot.html)"
212.129.37.175 - - [09/Mar/2023:08:42:28 +0100] "-" 408 1489 "-" "-"
185.191.171.36 - - [09/Mar/2023:08:42:52 +0100] "GET /?Itemid=46&catid=7&fontstyle=f-larger&id=23&lang=en&option=com_content&view=article HTTP/1.1" 302 576 "-" "Mozilla/5.0 (compatible; SemrushBot/7~bl; +http://www.semrush.com/bot.html)"
193.32.162.159 - - [09/Mar/2023:08:43:07 +0100] "GET / HTTP/1.1" 302 461 "-" "Mozilla/5.0 (Windows NT 10.0; Win64; x64) AppleWebKit/537.36 (KHTML, like Gecko) Chrome/90.0.4430.85 Safari/537.36 Edg/90.0.818.46"
185.191.171.13 - - [09/Mar/2023:08:43:26 +0100] "GET /?Itemid=16&catid=7&fontstyle=f-larger&id=18&lang=fr&option=com_content&view=article HTTP/1.1" 302 575 "-" "Mozilla/5.0 (compatible; SemrushBot/7~bl; +http://www.semrush.com/bot.html)"
