185.191.171.14 - - [08/Mar/2023:21:24:45 +0100] "GET /?catid=7&fontstyle=f-smaller&id=9&lang=fr&option=com_content&view=article HTTP/1.1" 302 558 "-" "Mozilla/5.0 (compatible; SemrushBot/7~bl; +http://www.semrush.com/bot.html)"
185.191.171.3 - - [08/Mar/2023:21:25:06 +0100] "GET /index.php?Itemid&id=158&lang=en&option=com_content&view=article HTTP/1.1" 302 542 "-" "Mozilla/5.0 (compatible; SemrushBot/7~bl; +http://www.semrush.com/bot.html)"
212.129.37.175 - - [08/Mar/2023:21:25:41 +0100] "-" 408 1489 "-" "-"
185.191.171.6 - - [08/Mar/2023:21:25:59 +0100] "GET /index.php?Itemid=16&catid=7&id=5&lang=fr&option=com_content&view=article HTTP/1.1" 302 557 "-" "Mozilla/5.0 (compatible; SemrushBot/7~bl; +http://www.semrush.com/bot.html)"
185.191.171.12 - - [08/Mar/2023:21:26:04 +0100] "GET /?Itemid=3&catid=7&fontstyle=f-larger&id=50&lang=fr&option=com_content&view=article HTTP/1.1" 302 575 "-" "Mozilla/5.0 (compatible; SemrushBot/7~bl; +http://www.semrush.com/bot.html)"
185.191.171.24 - - [08/Mar/2023:21:26:11 +0100] "GET /?fontstyle=f-larger&id=277&lang=fr&option=com_content&view=article HTTP/1.1" 302 548 "-" "Mozilla/5.0 (compatible; SemrushBot/7~bl; +http://www.semrush.com/bot.html)"
185.191.171.24 - - [08/Mar/2023:21:26:16 +0100] "GET /?Itemid=46&catid=7&fontstyle=f-smaller&id=43&lang=fr&option=com_content&view=article HTTP/1.1" 302 575 "-" "Mozilla/5.0 (compatible; SemrushBot/7~bl; +http://www.semrush.com/bot.html)"
185.191.171.25 - - [08/Mar/2023:21:26:27 +0100] "GET /?Itemid=5&catid=7&fontstyle=f-smaller&id=62&lang=fr&option=com_content&view=article HTTP/1.1" 302 575 "-" "Mozilla/5.0 (compatible; SemrushBot/7~bl; +http://www.semrush.com/bot.html)"
212.129.37.175 - - [08/Mar/2023:21:26:39 +0100] "-" 408 1489 "-" "-"
185.191.171.34 - - [08/Mar/2023:21:26:43 +0100] "GET /index.php?Itemid&catid=7&id=12&lang=fr&option=com_content&view=article HTTP/1.1" 302 554 "-" "Mozilla/5.0 (compatible; SemrushBot/7~bl; +http://www.semrush.com/bot.html)"
66.249.75.211 - - [08/Mar/2023:21:27:13 +0100] "GET /robots.txt HTTP/1.1" 302 478 "-" "Mozilla/5.0 (compatible; Googlebot/2.1; +http://www.google.com/bot.html)"
66.249.75.205 - - [08/Mar/2023:21:27:13 +0100] "GET /index.php?option=com_content&Itemid=14&id=103&lang=en&view=article HTTP/1.1" 302 582 "-" "Mozilla/5.0 (Linux; Android 6.0.1; Nexus 5X Build/MMB29P) AppleWebKit/537.36 (KHTML, like Gecko) Chrome/110.0.5481.177 Mobile Safari/537.36 (compatible; Googlebot/2.1; +http://www.google.com/bot.html)"
185.191.171.25 - - [08/Mar/2023:21:27:26 +0100] "GET /index.php?Itemid&catid=7&id=64&lang=en&option=com_content&view=article HTTP/1.1" 302 554 "-" "Mozilla/5.0 (compatible; SemrushBot/7~bl; +http://www.semrush.com/bot.html)"
185.191.171.24 - - [08/Mar/2023:21:27:33 +0100] "GET /?fontstyle=f-smaller&id=307&lang=fr&option=com_content&view=article HTTP/1.1" 302 549 "-" "Mozilla/5.0 (compatible; SemrushBot/7~bl; +http://www.semrush.com/bot.html)"
185.191.171.24 - - [08/Mar/2023:21:27:34 +0100] "GET /?Itemid=53&catid=7&fontstyle=f-larger&id=53&lang=en&option=com_content&view=article HTTP/1.1" 302 574 "-" "Mozilla/5.0 (compatible; SemrushBot/7~bl; +http://www.semrush.com/bot.html)"
185.191.171.26 - - [08/Mar/2023:21:27:34 +0100] "GET /?Itemid=14&catid=7&fontstyle=f-larger&id=21&lang=en&option=com_content&view=article HTTP/1.1" 302 576 "-" "Mozilla/5.0 (compatible; SemrushBot/7~bl; +http://www.semrush.com/bot.html)"
185.191.171.16 - - [08/Mar/2023:21:27:37 +0100] "GET /?Itemid&catid=7&fontstyle=f-larger&id=43&lang=en&option=com_content&view=article HTTP/1.1" 302 571 "-" "Mozilla/5.0 (compatible; SemrushBot/7~bl; +http://www.semrush.com/bot.html)"
185.191.171.6 - - [08/Mar/2023:21:27:57 +0100] "GET /?Itemid=45&catid=7&fontstyle=f-smaller&id=53&lang=en&option=com_content&view=article HTTP/1.1" 302 576 "-" "Mozilla/5.0 (compatible; SemrushBot/7~bl; +http://www.semrush.com/bot.html)"
212.129.37.175 - - [08/Mar/2023:21:28:20 +0100] "-" 408 1489 "-" "-"
185.191.171.16 - - [08/Mar/2023:21:28:31 +0100] "GET /?Itemid=47&catid=7&fontstyle=f-smaller&id=53&lang=fr&option=com_content&view=article HTTP/1.1" 302 575 "-" "Mozilla/5.0 (compatible; SemrushBot/7~bl; +http://www.semrush.com/bot.html)"
185.191.171.37 - - [08/Mar/2023:21:28:33 +0100] "GET /?Itemid=14&catid=7&fontstyle=f-larger&id=29&lang=en&option=com_content&view=article HTTP/1.1" 302 576 "-" "Mozilla/5.0 (compatible; SemrushBot/7~bl; +http://www.semrush.com/bot.html)"
185.191.171.2 - - [08/Mar/2023:21:29:10 +0100] "GET /?Itemid&fontstyle=f-smaller&id=320&lang=fr&option=com_content&view=article HTTP/1.1" 302 559 "-" "Mozilla/5.0 (compatible; SemrushBot/7~bl; +http://www.semrush.com/bot.html)"
185.191.171.19 - - [08/Mar/2023:21:29:21 +0100] "GET /?fontstyle=f-smaller&id=285&lang=fr&option=com_content&view=article HTTP/1.1" 302 549 "-" "Mozilla/5.0 (compatible; SemrushBot/7~bl; +http://www.semrush.com/bot.html)"
5.255.231.108 - - [08/Mar/2023:21:29:33 +0100] "GET /index.php?option=com_content&Itemid=53&catid=1&id=478&lang=en&view=article HTTP/1.1" 404 2782 "-" "Mozilla/5.0 (compatible; YandexBot/3.0; +http://yandex.com/bots)"
185.191.171.17 - - [08/Mar/2023:21:29:54 +0100] "GET /index.php?Itemid=45&catid=7&id=46&lang=en&option=com_content&view=article HTTP/1.1" 302 556 "-" "Mozilla/5.0 (compatible; SemrushBot/7~bl; +http://www.semrush.com/bot.html)"
185.191.171.23 - - [08/Mar/2023:21:30:07 +0100] "GET /?Itemid=0&fontstyle=f-larger&id=348&lang=fr&option=com_content&view=article HTTP/1.1" 302 563 "-" "Mozilla/5.0 (compatible; SemrushBot/7~bl; +http://www.semrush.com/bot.html)"
185.191.171.7 - - [08/Mar/2023:21:30:08 +0100] "GET /?Itemid=11&catid=7&fontstyle=f-smaller&id=39&lang=fr&option=com_content&view=article HTTP/1.1" 302 575 "-" "Mozilla/5.0 (compatible; SemrushBot/7~bl; +http://www.semrush.com/bot.html)"
212.129.37.175 - - [08/Mar/2023:21:30:34 +0100] "-" 408 1489 "-" "-"
185.191.171.33 - - [08/Mar/2023:21:30:36 +0100] "GET /index.php?catid=7&id=19&lang=fr&option=com_content&view=article HTTP/1.1" 302 542 "-" "Mozilla/5.0 (compatible; SemrushBot/7~bl; +http://www.semrush.com/bot.html)"
185.191.171.40 - - [08/Mar/2023:21:30:37 +0100] "GET /?Itemid=47&catid=7&fontstyle=f-smaller&id=29&lang=en&option=com_content&view=article HTTP/1.1" 302 575 "-" "Mozilla/5.0 (compatible; SemrushBot/7~bl; +http://www.semrush.com/bot.html)"
185.191.171.12 - - [08/Mar/2023:21:30:48 +0100] "GET /index.php?Itemid=47&catid=7&id=21&lang=en&option=com_content&view=article HTTP/1.1" 302 558 "-" "Mozilla/5.0 (compatible; SemrushBot/7~bl; +http://www.semrush.com/bot.html)"
212.129.37.175 - - [08/Mar/2023:21:31:08 +0100] "-" 408 1489 "-" "-"
185.191.171.13 - - [08/Mar/2023:21:31:32 +0100] "GET /?Itemid&fontstyle=f-smaller&id=284&lang=en&option=com_content&view=article HTTP/1.1" 302 561 "-" "Mozilla/5.0 (compatible; SemrushBot/7~bl; +http://www.semrush.com/bot.html)"
185.191.171.5 - - [08/Mar/2023:21:32:08 +0100] "GET /index.php?Itemid&id=350&lang=en&option=com_content&view=article HTTP/1.1" 302 542 "-" "Mozilla/5.0 (compatible; SemrushBot/7~bl; +http://www.semrush.com/bot.html)"
185.191.171.34 - - [08/Mar/2023:21:32:12 +0100] "GET /?Itemid=53&catid=7&fontstyle=f-smaller&id=65%E3%80%88%3Dfr&lang=en&option=com_content&view=article HTTP/1.1" 302 603 "-" "Mozilla/5.0 (compatible; SemrushBot/7~bl; +http://www.semrush.com/bot.html)"
185.191.171.25 - - [08/Mar/2023:21:32:17 +0100] "GET /index.php?id=261&lang=fr&option=com_content&view=article HTTP/1.1" 302 530 "-" "Mozilla/5.0 (compatible; SemrushBot/7~bl; +http://www.semrush.com/bot.html)"
185.191.171.38 - - [08/Mar/2023:21:32:23 +0100] "GET /?Itemid=46&catid=7&fontstyle=f-smaller&id=27&lang=en&option=com_content&view=article HTTP/1.1" 302 575 "-" "Mozilla/5.0 (compatible; SemrushBot/7~bl; +http://www.semrush.com/bot.html)"
185.191.171.5 - - [08/Mar/2023:21:33:13 +0100] "GET /?Itemid=3&fontstyle=f-larger&id=304&lang=en&option=com_content&view=article HTTP/1.1" 302 561 "-" "Mozilla/5.0 (compatible; SemrushBot/7~bl; +http://www.semrush.com/bot.html)"
212.129.37.175 - - [08/Mar/2023:21:33:14 +0100] "-" 408 1489 "-" "-"
82.205.15.91 - - [08/Mar/2023:21:33:14 +0100] "GET /agent/timeclock.php HTTP/1.1" 404 2583 "-" "Mozilla/5.0 (Windows NT 10.0; Win64; x64) AppleWebKit/537.36 (KHTML, like Gecko) Chrome/96.0.4664.45 Safari/537.36"
82.205.15.91 - - [08/Mar/2023:21:33:16 +0100] "GET /agc/timeclock.php HTTP/1.1" 404 2583 "-" "Mozilla/5.0 (Windows NT 10.0; Win64; x64) AppleWebKit/537.36 (KHTML, like Gecko) Chrome/96.0.4664.45 Safari/537.36"
185.191.171.5 - - [08/Mar/2023:21:33:16 +0100] "GET /index.php?Itemid=14&catid=14&id=14&lang=en&option=com_content&view=article HTTP/1.1" 302 553 "-" "Mozilla/5.0 (compatible; SemrushBot/7~bl; +http://www.semrush.com/bot.html)"
185.191.171.15 - - [08/Mar/2023:21:33:19 +0100] "GET /?catid=7&fontstyle=f-smaller&id=5&lang=fr&option=com_content&view=article HTTP/1.1" 302 559 "-" "Mozilla/5.0 (compatible; SemrushBot/7~bl; +http://www.semrush.com/bot.html)"
185.191.171.1 - - [08/Mar/2023:21:33:32 +0100] "GET /index.php?Itemid=3&catid=1&id=413&lang=en&option=com_content&view=article HTTP/1.1" 302 557 "-" "Mozilla/5.0 (compatible; SemrushBot/7~bl; +http://www.semrush.com/bot.html)"
185.191.171.41 - - [08/Mar/2023:21:33:36 +0100] "GET /?Itemid=3&fontstyle=f-larger&id=317&lang=en&option=com_content&view=article HTTP/1.1" 302 562 "-" "Mozilla/5.0 (compatible; SemrushBot/7~bl; +http://www.semrush.com/bot.html)"
185.191.171.3 - - [08/Mar/2023:21:33:54 +0100] "GET /index.php?Itemid=3&catid=1&id=416%3F%3Dfr&lang=fr&option=com_content&view=article HTTP/1.1" 302 572 "-" "Mozilla/5.0 (compatible; SemrushBot/7~bl; +http://www.semrush.com/bot.html)"
185.191.171.19 - - [08/Mar/2023:21:33:56 +0100] "GET /?Itemid=47&catid=7&fontstyle=f-larger&id=29&lang=fr&option=com_content&view=article HTTP/1.1" 302 574 "-" "Mozilla/5.0 (compatible; SemrushBot/7~bl; +http://www.semrush.com/bot.html)"
185.191.171.41 - - [08/Mar/2023:21:34:11 +0100] "GET /index.php?Itemid=0&id=161&lang=en&option=com_content&view=article HTTP/1.1" 302 545 "-" "Mozilla/5.0 (compatible; SemrushBot/7~bl; +http://www.semrush.com/bot.html)"
185.191.171.37 - - [08/Mar/2023:21:34:14 +0100] "GET /?Itemid=50&catid=7&fontstyle=f-larger&id=31&lang=fr&option=com_content&view=article HTTP/1.1" 302 576 "-" "Mozilla/5.0 (compatible; SemrushBot/7~bl; +http://www.semrush.com/bot.html)"
185.191.171.33 - - [08/Mar/2023:21:34:33 +0100] "GET /?Itemid=3&fontstyle=f-smaller&id=277&lang=fr&option=com_content&view=article HTTP/1.1" 302 564 "-" "Mozilla/5.0 (compatible; SemrushBot/7~bl; +http://www.semrush.com/bot.html)"
185.191.171.6 - - [08/Mar/2023:21:34:37 +0100] "GET /?Itemid=47&catid=7&fontstyle=f-smaller&id=25&lang=en&option=com_content&view=article HTTP/1.1" 302 575 "-" "Mozilla/5.0 (compatible; SemrushBot/7~bl; +http://www.semrush.com/bot.html)"
185.191.171.41 - - [08/Mar/2023:21:34:44 +0100] "GET /?Itemid=46&catid=7&fontstyle=f-larger&id=64&lang=en&option=com_content&view=article HTTP/1.1" 302 576 "-" "Mozilla/5.0 (compatible; SemrushBot/7~bl; +http://www.semrush.com/bot.html)"
185.191.171.33 - - [08/Mar/2023:21:34:51 +0100] "GET /index.php?Itemid=45&catid=7&id=31&lang=fr&option=com_content&view=article HTTP/1.1" 302 559 "-" "Mozilla/5.0 (compatible; SemrushBot/7~bl; +http://www.semrush.com/bot.html)"
212.129.37.175 - - [08/Mar/2023:21:35:28 +0100] "-" 408 1489 "-" "-"
212.129.37.175 - - [08/Mar/2023:21:35:35 +0100] "-" 408 1489 "-" "-"
185.191.171.21 - - [08/Mar/2023:21:35:45 +0100] "GET /?Itemid=5&catid=7&fontstyle=f-larger&id=57&lang=en&option=com_content&view=article HTTP/1.1" 302 572 "-" "Mozilla/5.0 (compatible; SemrushBot/7~bl; +http://www.semrush.com/bot.html)"
185.191.171.25 - - [08/Mar/2023:21:35:53 +0100] "GET /?Itemid=3&catid=7&fontstyle=f-larger&id=34&lang=fr&option=com_content&view=article HTTP/1.1" 302 573 "-" "Mozilla/5.0 (compatible; SemrushBot/7~bl; +http://www.semrush.com/bot.html)"
185.191.171.11 - - [08/Mar/2023:21:36:04 +0100] "GET /index.php?Itemid=53&catid=7&id=56&lang=fr&option=com_content&view=article HTTP/1.1" 302 557 "-" "Mozilla/5.0 (compatible; SemrushBot/7~bl; +http://www.semrush.com/bot.html)"
185.191.171.24 - - [08/Mar/2023:21:36:13 +0100] "GET /index.php?Itemid&id=357&lang=en&option=com_content&view=article HTTP/1.1" 302 543 "-" "Mozilla/5.0 (compatible; SemrushBot/7~bl; +http://www.semrush.com/bot.html)"
185.191.171.4 - - [08/Mar/2023:21:36:48 +0100] "GET /?Itemid&fontstyle=f-smaller&id=321&lang=en&option=com_content&view=article HTTP/1.1" 302 560 "-" "Mozilla/5.0 (compatible; SemrushBot/7~bl; +http://www.semrush.com/bot.html)"
185.191.171.35 - - [08/Mar/2023:21:37:04 +0100] "GET /?Itemid&catid=7&fontstyle=f-smaller&id=57&lang=fr&option=com_content&view=article HTTP/1.1" 302 571 "-" "Mozilla/5.0 (compatible; SemrushBot/7~bl; +http://www.semrush.com/bot.html)"
185.191.171.6 - - [08/Mar/2023:21:37:14 +0100] "GET /?Itemid=53&fontstyle=f-smaller&id=308&lang=fr&option=com_content&view=article HTTP/1.1" 302 566 "-" "Mozilla/5.0 (compatible; SemrushBot/7~bl; +http://www.semrush.com/bot.html)"
34.214.224.197 - - [08/Mar/2023:21:37:21 +0100] "GET /.env HTTP/1.1" 302 467 "-" "Mozilla/5.0 (Linux; U; Android 4.4.2; en-US; HM NOTE 1W Build/KOT49H) AppleWebKit/534.30 (KHTML, like Gecko) Version/4.0 UCBrowser/11.0.5.850 U3/0.8.0 Mobile Safari/534.30"
34.214.224.197 - - [08/Mar/2023:21:37:21 +0100] "POST / HTTP/1.1" 302 461 "-" "Mozilla/5.0 (Linux; U; Android 4.4.2; en-US; HM NOTE 1W Build/KOT49H) AppleWebKit/534.30 (KHTML, like Gecko) Version/4.0 UCBrowser/11.0.5.850 U3/0.8.0 Mobile Safari/534.30"
185.191.171.24 - - [08/Mar/2023:21:37:24 +0100] "GET /index.php?Itemid=11&catid=7&id=23&lang=fr&option=com_content&view=article HTTP/1.1" 302 559 "-" "Mozilla/5.0 (compatible; SemrushBot/7~bl; +http://www.semrush.com/bot.html)"
185.191.171.23 - - [08/Mar/2023:21:37:38 +0100] "GET /?Itemid=53&catid=7&fontstyle=f-larger&id=9&lang=fr&option=com_content&view=article HTTP/1.1" 302 574 "-" "Mozilla/5.0 (compatible; SemrushBot/7~bl; +http://www.semrush.com/bot.html)"
185.191.171.37 - - [08/Mar/2023:21:37:53 +0100] "GET /index.php?Itemid=53&id=252&lang=fr&option=com_content&view=article HTTP/1.1" 302 546 "-" "Mozilla/5.0 (compatible; SemrushBot/7~bl; +http://www.semrush.com/bot.html)"
185.191.171.1 - - [08/Mar/2023:21:38:06 +0100] "GET /?Itemid=0&fontstyle=f-larger&id=154&lang=fr&option=com_content&view=article HTTP/1.1" 302 562 "-" "Mozilla/5.0 (compatible; SemrushBot/7~bl; +http://www.semrush.com/bot.html)"
212.129.37.175 - - [08/Mar/2023:21:38:07 +0100] "-" 408 1489 "-" "-"
185.191.171.37 - - [08/Mar/2023:21:38:20 +0100] "GET /?Itemid=53&catid=7&fontstyle=f-larger&id=9&lang=en&option=com_content&view=article HTTP/1.1" 302 574 "-" "Mozilla/5.0 (compatible; SemrushBot/7~bl; +http://www.semrush.com/bot.html)"
185.191.171.2 - - [08/Mar/2023:21:38:25 +0100] "GET /?Itemid=0&catid=7&fontstyle=f-larger&id=35&lang=fr&option=com_content&view=article HTTP/1.1" 302 575 "-" "Mozilla/5.0 (compatible; SemrushBot/7~bl; +http://www.semrush.com/bot.html)"
185.191.171.13 - - [08/Mar/2023:21:38:36 +0100] "GET /?Itemid=14&catid=7&fontstyle=f-smaller&id=62&lang=fr&option=com_content&view=article HTTP/1.1" 302 576 "-" "Mozilla/5.0 (compatible; SemrushBot/7~bl; +http://www.semrush.com/bot.html)"
185.191.171.8 - - [08/Mar/2023:21:38:43 +0100] "GET /?Itemid=48&catid=7&fontstyle=f-larger&id=33&lang=en&option=com_content&view=article HTTP/1.1" 302 576 "-" "Mozilla/5.0 (compatible; SemrushBot/7~bl; +http://www.semrush.com/bot.html)"
185.191.171.15 - - [08/Mar/2023:21:39:13 +0100] "GET /index.php?Itemid=48&catid=7&id=11&lang=en&option=com_content&view=article HTTP/1.1" 302 558 "-" "Mozilla/5.0 (compatible; SemrushBot/7~bl; +http://www.semrush.com/bot.html)"
185.191.171.1 - - [08/Mar/2023:21:39:45 +0100] "GET /index.php?Itemid=12&catid=7&id=21&lang=en&option=com_content&view=article HTTP/1.1" 302 558 "-" "Mozilla/5.0 (compatible; SemrushBot/7~bl; +http://www.semrush.com/bot.html)"
185.191.171.44 - - [08/Mar/2023:21:39:46 +0100] "GET /?Itemid=3&catid=1&fontstyle=f-larger&id=488&lang=en&option=com_content&view=article HTTP/1.1" 302 577 "-" "Mozilla/5.0 (compatible; SemrushBot/7~bl; +http://www.semrush.com/bot.html)"
185.191.171.34 - - [08/Mar/2023:21:39:54 +0100] "GET /?Itemid=12&catid=7&fontstyle=f-larger&id=24&lang=fr&option=com_content&view=article HTTP/1.1" 302 575 "-" "Mozilla/5.0 (compatible; SemrushBot/7~bl; +http://www.semrush.com/bot.html)"
212.129.37.175 - - [08/Mar/2023:21:40:01 +0100] "-" 408 1489 "-" "-"
212.129.37.175 - - [08/Mar/2023:21:40:21 +0100] "-" 408 1489 "-" "-"
185.191.171.10 - - [08/Mar/2023:21:40:26 +0100] "GET /?Itemid=3&catid=1&fontstyle=f-larger&id=416%3F%3Dfr&lang=en&option=com_content&view=article HTTP/1.1" 302 592 "-" "Mozilla/5.0 (compatible; SemrushBot/7~bl; +http://www.semrush.com/bot.html)"
185.191.171.43 - - [08/Mar/2023:21:40:29 +0100] "GET /?Itemid=49&catid=7&fontstyle=f-larger&id=59&lang=en&option=com_content&view=article HTTP/1.1" 302 575 "-" "Mozilla/5.0 (compatible; SemrushBot/7~bl; +http://www.semrush.com/bot.html)"
185.191.171.41 - - [08/Mar/2023:21:40:54 +0100] "GET /index.php?Itemid&catid=7&id=22&lang=fr&option=com_content&view=article HTTP/1.1" 302 554 "-" "Mozilla/5.0 (compatible; SemrushBot/7~bl; +http://www.semrush.com/bot.html)"
185.191.171.2 - - [08/Mar/2023:21:41:07 +0100] "GET /index.php?Itemid=12&id=60&lang=en&option=com_content&view=article HTTP/1.1" 302 545 "-" "Mozilla/5.0 (compatible; SemrushBot/7~bl; +http://www.semrush.com/bot.html)"
185.191.171.40 - - [08/Mar/2023:21:41:23 +0100] "GET /robots.txt HTTP/1.1" 302 441 "-" "Mozilla/5.0 (compatible; SemrushBot/7~bl; +http://www.semrush.com/bot.html)"
185.191.171.33 - - [08/Mar/2023:21:41:24 +0100] "GET /?Itemid&fontstyle=f-larger&id=280&lang=en&option=com_content&view=article HTTP/1.1" 302 559 "-" "Mozilla/5.0 (compatible; SemrushBot/7~bl; +http://www.semrush.com/bot.html)"
185.191.171.4 - - [08/Mar/2023:21:41:40 +0100] "GET /index.php?catid=7&id=22&lang=en&option=com_content&view=article HTTP/1.1" 302 541 "-" "Mozilla/5.0 (compatible; SemrushBot/7~bl; +http://www.semrush.com/bot.html)"
185.191.171.10 - - [08/Mar/2023:21:41:46 +0100] "GET /?Itemid=46&catid=7&fontstyle=f-smaller&id=6&lang=en&option=com_content&view=article HTTP/1.1" 302 574 "-" "Mozilla/5.0 (compatible; SemrushBot/7~bl; +http://www.semrush.com/bot.html)"
185.191.171.43 - - [08/Mar/2023:21:42:10 +0100] "GET /index.php?Itemid=3&catid=7&id=63&lang=en&option=com_content&view=article HTTP/1.1" 302 556 "-" "Mozilla/5.0 (compatible; SemrushBot/7~bl; +http://www.semrush.com/bot.html)"
185.191.171.6 - - [08/Mar/2023:21:42:12 +0100] "GET /index.php?Itemid=48&catid=7&id=29&lang=fr&option=com_content&view=article HTTP/1.1" 302 559 "-" "Mozilla/5.0 (compatible; SemrushBot/7~bl; +http://www.semrush.com/bot.html)"
185.191.171.37 - - [08/Mar/2023:21:42:14 +0100] "GET /?Itemid=53&catid=1&fontstyle=f-larger&id=475&lang=fr&option=com_content&view=article HTTP/1.1" 302 579 "-" "Mozilla/5.0 (compatible; SemrushBot/7~bl; +http://www.semrush.com/bot.html)"
185.191.171.6 - - [08/Mar/2023:21:42:31 +0100] "GET /?Itemid&fontstyle=f-larger&id=318&lang=fr&option=com_content&view=article HTTP/1.1" 302 559 "-" "Mozilla/5.0 (compatible; SemrushBot/7~bl; +http://www.semrush.com/bot.html)"
185.191.171.42 - - [08/Mar/2023:21:42:37 +0100] "GET /?catid=7&fontstyle=f-larger&id=22&lang=fr&option=com_content&view=article HTTP/1.1" 302 559 "-" "Mozilla/5.0 (compatible; SemrushBot/7~bl; +http://www.semrush.com/bot.html)"
185.191.171.25 - - [08/Mar/2023:21:42:48 +0100] "GET /index.php?Itemid=3&catid=1&id=490&lang=fr&option=com_content&view=article HTTP/1.1" 302 558 "-" "Mozilla/5.0 (compatible; SemrushBot/7~bl; +http://www.semrush.com/bot.html)"
185.191.171.25 - - [08/Mar/2023:21:42:54 +0100] "GET /?Itemid=53&fontstyle=f-larger&id=300&lang=en&option=com_content&view=article HTTP/1.1" 302 564 "-" "Mozilla/5.0 (compatible; SemrushBot/7~bl; +http://www.semrush.com/bot.html)"
212.129.37.175 - - [08/Mar/2023:21:43:00 +0100] "-" 408 1489 "-" "-"
185.191.171.15 - - [08/Mar/2023:21:43:07 +0100] "GET /index.php?Itemid=50&catid=7&id=31&lang=fr&option=com_content&view=article HTTP/1.1" 302 559 "-" "Mozilla/5.0 (compatible; SemrushBot/7~bl; +http://www.semrush.com/bot.html)"
185.191.171.24 - - [08/Mar/2023:21:43:37 +0100] "GET /?Itemid=3&fontstyle=f-larger&id=354&lang=fr&option=com_content&view=article HTTP/1.1" 302 562 "-" "Mozilla/5.0 (compatible; SemrushBot/7~bl; +http://www.semrush.com/bot.html)"
185.191.171.42 - - [08/Mar/2023:21:43:44 +0100] "GET /index.php?id=297&lang=fr&option=com_content&view=article HTTP/1.1" 302 530 "-" "Mozilla/5.0 (compatible; SemrushBot/7~bl; +http://www.semrush.com/bot.html)"
185.191.171.4 - - [08/Mar/2023:21:43:58 +0100] "GET /?Itemid=46&catid=7&fontstyle=f-larger&id=26&lang=en&option=com_content&view=article HTTP/1.1" 302 575 "-" "Mozilla/5.0 (compatible; SemrushBot/7~bl; +http://www.semrush.com/bot.html)"
212.129.37.175 - - [08/Mar/2023:21:44:28 +0100] "-" 408 1489 "-" "-"
185.191.171.18 - - [08/Mar/2023:21:44:33 +0100] "GET /?Itemid=3&catid=1&fontstyle=f-smaller&id=413%3F%3Dfr&lang=en&option=com_content&view=article HTTP/1.1" 302 592 "-" "Mozilla/5.0 (compatible; SemrushBot/7~bl; +http://www.semrush.com/bot.html)"
185.191.171.24 - - [08/Mar/2023:21:44:41 +0100] "GET /index.php?Itemid&id=372&lang=en&option=com_content&view=article HTTP/1.1" 302 542 "-" "Mozilla/5.0 (compatible; SemrushBot/7~bl; +http://www.semrush.com/bot.html)"
185.191.171.16 - - [08/Mar/2023:21:44:43 +0100] "GET /?Itemid=48&catid=7&fontstyle=f-smaller&id=29&lang=en&option=com_content&view=article HTTP/1.1" 302 576 "-" "Mozilla/5.0 (compatible; SemrushBot/7~bl; +http://www.semrush.com/bot.html)"
185.191.171.8 - - [08/Mar/2023:21:44:59 +0100] "GET /index.php?Itemid=50&catid=7&id=22&lang=en&option=com_content&view=article HTTP/1.1" 302 558 "-" "Mozilla/5.0 (compatible; SemrushBot/7~bl; +http://www.semrush.com/bot.html)"
212.129.37.175 - - [08/Mar/2023:21:45:14 +0100] "-" 408 1489 "-" "-"
185.191.171.2 - - [08/Mar/2023:21:45:21 +0100] "GET /index.php?Itemid=53&catid=1&id=411&lang=fr&option=com_content&view=article HTTP/1.1" 302 560 "-" "Mozilla/5.0 (compatible; SemrushBot/7~bl; +http://www.semrush.com/bot.html)"
185.191.171.8 - - [08/Mar/2023:21:45:33 +0100] "GET /?Itemid&catid=8&fontstyle=f-smaller&id=115&lang=fr&option=com_content&view=article HTTP/1.1" 302 574 "-" "Mozilla/5.0 (compatible; SemrushBot/7~bl; +http://www.semrush.com/bot.html)"
185.191.171.9 - - [08/Mar/2023:21:45:36 +0100] "GET /?Itemid&fontstyle=f-larger&id=304&lang=en&option=com_content&view=article HTTP/1.1" 302 559 "-" "Mozilla/5.0 (compatible; SemrushBot/7~bl; +http://www.semrush.com/bot.html)"
185.191.171.26 - - [08/Mar/2023:21:45:50 +0100] "GET /?Itemid=0&catid=7&fontstyle=f-larger&id=30&lang=en&option=com_content&view=article HTTP/1.1" 302 573 "-" "Mozilla/5.0 (compatible; SemrushBot/7~bl; +http://www.semrush.com/bot.html)"
185.191.171.9 - - [08/Mar/2023:21:46:23 +0100] "GET /index.php?Itemid=0&catid=7%3Aarticles&fontstyle=f-smaller&id=23&lang=fr&option=com_xmap&view=article HTTP/1.1" 302 605 "-" "Mozilla/5.0 (compatible; SemrushBot/7~bl; +http://www.semrush.com/bot.html)"
185.191.171.7 - - [08/Mar/2023:21:46:26 +0100] "GET /?Itemid=49&catid=7&fontstyle=f-larger&id=18&lang=en&option=com_content&view=article HTTP/1.1" 302 576 "-" "Mozilla/5.0 (compatible; SemrushBot/7~bl; +http://www.semrush.com/bot.html)"
185.191.171.16 - - [08/Mar/2023:21:46:35 +0100] "GET /index.php?Itemid&id=71&lang=en&option=com_content&view=article HTTP/1.1" 302 540 "-" "Mozilla/5.0 (compatible; SemrushBot/7~bl; +http://www.semrush.com/bot.html)"
185.191.171.19 - - [08/Mar/2023:21:46:51 +0100] "GET /index.php?Itemid=53&id=354&lang=en&option=com_content&view=article HTTP/1.1" 302 546 "-" "Mozilla/5.0 (compatible; SemrushBot/7~bl; +http://www.semrush.com/bot.html)"
185.191.171.6 - - [08/Mar/2023:21:47:00 +0100] "GET /index.php?Itemid&catid=7&id=9&lang=fr&option=com_content&view=article HTTP/1.1" 302 552 "-" "Mozilla/5.0 (compatible; SemrushBot/7~bl; +http://www.semrush.com/bot.html)"
185.191.171.34 - - [08/Mar/2023:21:47:03 +0100] "GET /?Itemid=53&catid=1&fontstyle=f-larger&id=416&lang=fr&option=com_content&view=article HTTP/1.1" 302 579 "-" "Mozilla/5.0 (compatible; SemrushBot/7~bl; +http://www.semrush.com/bot.html)"
66.175.44.54 - - [08/Mar/2023:21:47:05 +0100] "-" 408 0 "-" "-"
185.191.171.25 - - [08/Mar/2023:21:47:06 +0100] "GET /?Itemid=16&catid=7&fontstyle=f-smaller&id=55&lang=en&option=com_content&view=article HTTP/1.1" 302 576 "-" "Mozilla/5.0 (compatible; SemrushBot/7~bl; +http://www.semrush.com/bot.html)"
185.191.171.4 - - [08/Mar/2023:21:47:07 +0100] "GET /?Itemid&catid=7&fontstyle=f-smaller&id=73&lang=fr&option=com_content&view=article HTTP/1.1" 302 571 "-" "Mozilla/5.0 (compatible; SemrushBot/7~bl; +http://www.semrush.com/bot.html)"
185.191.171.17 - - [08/Mar/2023:21:47:26 +0100] "GET /?Itemid=48&catid=7&fontstyle=f-larger&id=27&lang=en&option=com_content&view=article HTTP/1.1" 302 575 "-" "Mozilla/5.0 (compatible; SemrushBot/7~bl; +http://www.semrush.com/bot.html)"
185.191.171.10 - - [08/Mar/2023:21:47:34 +0100] "GET /?Itemid=6&fontstyle=f-smaller&lang=fr&option=com_wrapper&view=article HTTP/1.1" 302 551 "-" "Mozilla/5.0 (compatible; SemrushBot/7~bl; +http://www.semrush.com/bot.html)"
212.129.37.175 - - [08/Mar/2023:21:47:54 +0100] "-" 408 1489 "-" "-"
185.191.171.22 - - [08/Mar/2023:21:48:30 +0100] "GET /index.php?Itemid=3&catid=7&id=34&lang=fr&option=com_content&view=article HTTP/1.1" 302 557 "-" "Mozilla/5.0 (compatible; SemrushBot/7~bl; +http://www.semrush.com/bot.html)"
185.191.171.42 - - [08/Mar/2023:21:48:33 +0100] "GET /?Itemid=7&catid=7&fontstyle=f-larger&id=23&lang=en&option=com_content&view=article HTTP/1.1" 302 574 "-" "Mozilla/5.0 (compatible; SemrushBot/7~bl; +http://www.semrush.com/bot.html)"
185.191.171.24 - - [08/Mar/2023:21:48:37 +0100] "GET /?Itemid=3&catid=7&fontstyle=f-larger&id=29%3D7%E3%80%88%3Dfr&lang=fr&option=com_content&view=article HTTP/1.1" 302 604 "-" "Mozilla/5.0 (compatible; SemrushBot/7~bl; +http://www.semrush.com/bot.html)"
185.191.171.6 - - [08/Mar/2023:21:48:47 +0100] "GET /?Itemid=3&catid=7&fontstyle=f-smaller&id=55&lang=en&option=com_content&view=article HTTP/1.1" 302 577 "-" "Mozilla/5.0 (compatible; SemrushBot/7~bl; +http://www.semrush.com/bot.html)"
212.129.37.175 - - [08/Mar/2023:21:48:54 +0100] "-" 408 1489 "-" "-"
185.191.171.16 - - [08/Mar/2023:21:49:03 +0100] "GET /?Itemid&catid=7&fontstyle=f-larger&id=22&lang=fr&option=com_content&view=article HTTP/1.1" 302 571 "-" "Mozilla/5.0 (compatible; SemrushBot/7~bl; +http://www.semrush.com/bot.html)"
185.191.171.19 - - [08/Mar/2023:21:49:18 +0100] "GET /?Itemid=0&fontstyle=f-larger&id=350&lang=fr&option=com_content&view=article HTTP/1.1" 302 561 "-" "Mozilla/5.0 (compatible; SemrushBot/7~bl; +http://www.semrush.com/bot.html)"
185.191.171.20 - - [08/Mar/2023:21:49:32 +0100] "GET /index.php?Itemid=49&catid=7&id=38&lang=en&option=com_content&view=article HTTP/1.1" 302 559 "-" "Mozilla/5.0 (compatible; SemrushBot/7~bl; +http://www.semrush.com/bot.html)"
185.191.171.15 - - [08/Mar/2023:21:49:55 +0100] "GET /?Itemid&fontstyle=f-smaller&id=327&lang=fr&option=com_content&view=article HTTP/1.1" 302 561 "-" "Mozilla/5.0 (compatible; SemrushBot/7~bl; +http://www.semrush.com/bot.html)"
212.129.37.175 - - [08/Mar/2023:21:50:08 +0100] "-" 408 1489 "-" "-"
185.191.171.40 - - [08/Mar/2023:21:50:08 +0100] "GET /index.php?Itemid=3&id=365&lang=en&option=com_content&view=article HTTP/1.1" 302 545 "-" "Mozilla/5.0 (compatible; SemrushBot/7~bl; +http://www.semrush.com/bot.html)"
185.191.171.15 - - [08/Mar/2023:21:50:29 +0100] "GET /index.php?Itemid=47&catid=7&id=35&lang=fr&option=com_content&view=article HTTP/1.1" 302 559 "-" "Mozilla/5.0 (compatible; SemrushBot/7~bl; +http://www.semrush.com/bot.html)"
185.191.171.12 - - [08/Mar/2023:21:50:31 +0100] "GET /?Itemid=0&fontstyle=f-larger&id=174&lang=en&option=com_content&view=article HTTP/1.1" 302 563 "-" "Mozilla/5.0 (compatible; SemrushBot/7~bl; +http://www.semrush.com/bot.html)"
194.110.203.45 - - [08/Mar/2023:21:50:35 +0100] "GET /backup_13032022.zip HTTP/1.1" 404 2162 "-" "Firefox"
218.23.126.101 - - [08/Mar/2023:21:50:58 +0100] "GET /" 400 458 "-" "-"
185.191.171.4 - - [08/Mar/2023:21:51:53 +0100] "GET /index.php?Itemid&catid=8&id=115&lang=fr&option=com_content&view=article HTTP/1.1" 302 556 "-" "Mozilla/5.0 (compatible; SemrushBot/7~bl; +http://www.semrush.com/bot.html)"
185.191.171.24 - - [08/Mar/2023:21:51:57 +0100] "GET /?Itemid=53&catid=7&fontstyle=f-smaller&id=27&lang=en&option=com_content&view=article HTTP/1.1" 302 575 "-" "Mozilla/5.0 (compatible; SemrushBot/7~bl; +http://www.semrush.com/bot.html)"
185.191.171.44 - - [08/Mar/2023:21:52:03 +0100] "GET /?Itemid=53&catid=7&fontstyle=f-larger&id=43&lang=en&option=com_content&view=article HTTP/1.1" 302 575 "-" "Mozilla/5.0 (compatible; SemrushBot/7~bl; +http://www.semrush.com/bot.html)"
185.191.171.26 - - [08/Mar/2023:21:52:13 +0100] "GET /index.php?Itemid=16&catid=7&id=36&lang=en&option=com_content&view=article HTTP/1.1" 302 556 "-" "Mozilla/5.0 (compatible; SemrushBot/7~bl; +http://www.semrush.com/bot.html)"
185.191.171.40 - - [08/Mar/2023:21:52:22 +0100] "GET /?Itemid=0&catid=8&fontstyle=f-larger&id=121&lang=fr&option=com_content&view=article HTTP/1.1" 302 576 "-" "Mozilla/5.0 (compatible; SemrushBot/7~bl; +http://www.semrush.com/bot.html)"
218.21.168.98 - - [08/Mar/2023:21:52:23 +0100] "GET /" 400 458 "-" "-"
185.191.171.10 - - [08/Mar/2023:21:52:27 +0100] "GET /index.php?Itemid=49&catid=7&id=21&lang=en&option=com_content&view=article HTTP/1.1" 302 558 "-" "Mozilla/5.0 (compatible; SemrushBot/7~bl; +http://www.semrush.com/bot.html)"
212.129.37.175 - - [08/Mar/2023:21:52:47 +0100] "-" 408 1489 "-" "-"
212.129.37.175 - - [08/Mar/2023:21:53:21 +0100] "-" 408 1489 "-" "-"
185.191.171.34 - - [08/Mar/2023:21:54:10 +0100] "GET /?Itemid&catid=8&fontstyle=f-smaller&id=180&lang=en&option=com_content&view=article HTTP/1.1" 302 573 "-" "Mozilla/5.0 (compatible; SemrushBot/7~bl; +http://www.semrush.com/bot.html)"
185.191.171.40 - - [08/Mar/2023:21:54:11 +0100] "GET /?Itemid=47&catid=7&fontstyle=f-larger&id=52&lang=en&option=com_content&view=article HTTP/1.1" 302 575 "-" "Mozilla/5.0 (compatible; SemrushBot/7~bl; +http://www.semrush.com/bot.html)"
185.191.171.34 - - [08/Mar/2023:21:54:17 +0100] "GET /?Itemid=50&catid=7&fontstyle=f-larger&id=35&lang=en&option=com_content&view=article HTTP/1.1" 302 576 "-" "Mozilla/5.0 (compatible; SemrushBot/7~bl; +http://www.semrush.com/bot.html)"
185.191.171.39 - - [08/Mar/2023:21:54:20 +0100] "GET /?catid=7&fontstyle=f-larger&id=31&lang=en&option=com_content&view=article HTTP/1.1" 302 559 "-" "Mozilla/5.0 (compatible; SemrushBot/7~bl; +http://www.semrush.com/bot.html)"
212.129.37.175 - - [08/Mar/2023:21:55:01 +0100] "-" 408 1489 "-" "-"
185.191.171.15 - - [08/Mar/2023:21:55:13 +0100] "GET /?Itemid=11&catid=7&fontstyle=f-smaller&id=25&lang=fr&option=com_content&view=article HTTP/1.1" 302 576 "-" "Mozilla/5.0 (compatible; SemrushBot/7~bl; +http://www.semrush.com/bot.html)"
185.191.171.38 - - [08/Mar/2023:21:55:50 +0100] "GET /?catid=7&fontstyle=f-larger&id=63&lang=en&option=com_content&view=article HTTP/1.1" 302 560 "-" "Mozilla/5.0 (compatible; SemrushBot/7~bl; +http://www.semrush.com/bot.html)"
185.191.171.45 - - [08/Mar/2023:21:56:02 +0100] "GET /?Itemid=50&catid=7&fontstyle=f-smaller&id=21&lang=fr&option=com_content&view=article HTTP/1.1" 302 576 "-" "Mozilla/5.0 (compatible; SemrushBot/7~bl; +http://www.semrush.com/bot.html)"
185.191.171.35 - - [08/Mar/2023:21:56:46 +0100] "GET /index.php?Itemid=0&id=305&lang=fr&option=com_content&view=article HTTP/1.1" 302 545 "-" "Mozilla/5.0 (compatible; SemrushBot/7~bl; +http://www.semrush.com/bot.html)"
185.191.171.5 - - [08/Mar/2023:21:56:53 +0100] "GET /index.php?Itemid=3&id=372&lang=fr&option=com_content&view=article HTTP/1.1" 302 545 "-" "Mozilla/5.0 (compatible; SemrushBot/7~bl; +http://www.semrush.com/bot.html)"
185.191.171.17 - - [08/Mar/2023:21:56:53 +0100] "GET /index.php?Itemid=0&catid=8&id=125&lang=fr&option=com_content&view=article HTTP/1.1" 302 559 "-" "Mozilla/5.0 (compatible; SemrushBot/7~bl; +http://www.semrush.com/bot.html)"
185.191.171.12 - - [08/Mar/2023:21:57:23 +0100] "GET /index.php?Itemid=0&id=172&lang=en&option=com_content&view=article HTTP/1.1" 302 545 "-" "Mozilla/5.0 (compatible; SemrushBot/7~bl; +http://www.semrush.com/bot.html)"
212.129.37.175 - - [08/Mar/2023:21:57:40 +0100] "-" 408 1489 "-" "-"
212.129.37.175 - - [08/Mar/2023:21:57:47 +0100] "-" 408 1489 "-" "-"
185.191.171.3 - - [08/Mar/2023:21:57:59 +0100] "GET /?Itemid=45&catid=7&fontstyle=f-smaller&id=31&lang=en&option=com_content&view=article HTTP/1.1" 302 576 "-" "Mozilla/5.0 (compatible; SemrushBot/7~bl; +http://www.semrush.com/bot.html)"
185.191.171.45 - - [08/Mar/2023:21:58:04 +0100] "GET /?Itemid=16&catid=7&fontstyle=f-larger&id=27&lang=fr&option=com_content&view=article HTTP/1.1" 302 574 "-" "Mozilla/5.0 (compatible; SemrushBot/7~bl; +http://www.semrush.com/bot.html)"
185.191.171.10 - - [08/Mar/2023:21:58:16 +0100] "GET /?Itemid=53&catid=1&fontstyle=f-larger&id=449%E2%8C%A9%3Dfr&lang=fr&option=com_content&view=article HTTP/1.1" 302 603 "-" "Mozilla/5.0 (compatible; SemrushBot/7~bl; +http://www.semrush.com/bot.html)"
185.191.171.9 - - [08/Mar/2023:21:58:23 +0100] "GET /index.php?Itemid=49&catid=7&id=37&lang=fr&option=com_content&view=article HTTP/1.1" 302 559 "-" "Mozilla/5.0 (compatible; SemrushBot/7~bl; +http://www.semrush.com/bot.html)"
185.191.171.42 - - [08/Mar/2023:21:58:30 +0100] "GET /?Itemid=0&fontstyle=f-smaller&id=327&lang=en&option=com_content&view=article HTTP/1.1" 302 563 "-" "Mozilla/5.0 (compatible; SemrushBot/7~bl; +http://www.semrush.com/bot.html)"
185.191.171.18 - - [08/Mar/2023:21:59:15 +0100] "GET /?Itemid=16&catid=7&fontstyle=f-smaller&id=58&lang=fr&option=com_content&view=article HTTP/1.1" 302 576 "-" "Mozilla/5.0 (compatible; SemrushBot/7~bl; +http://www.semrush.com/bot.html)"
185.191.171.9 - - [08/Mar/2023:21:59:45 +0100] "GET /index.php?Itemid=3&id=235&lang=fr&option=com_content&view=article HTTP/1.1" 302 545 "-" "Mozilla/5.0 (compatible; SemrushBot/7~bl; +http://www.semrush.com/bot.html)"
185.191.171.21 - - [08/Mar/2023:21:59:47 +0100] "GET /index.php?Itemid=14&catid=7&id=29&lang=fr&option=com_content&view=article HTTP/1.1" 302 559 "-" "Mozilla/5.0 (compatible; SemrushBot/7~bl; +http://www.semrush.com/bot.html)"
212.129.37.175 - - [08/Mar/2023:21:59:55 +0100] "-" 408 1489 "-" "-"
185.191.171.12 - - [08/Mar/2023:22:00:38 +0100] "GET /?Itemid=53&catid=7&fontstyle=f-larger&id=14&lang=en&option=com_content&view=article HTTP/1.1" 302 575 "-" "Mozilla/5.0 (compatible; SemrushBot/7~bl; +http://www.semrush.com/bot.html)"
185.191.171.4 - - [08/Mar/2023:22:00:45 +0100] "GET /?Itemid=16&catid=7&fontstyle=f-larger&id=64&lang=en&option=com_content&view=article HTTP/1.1" 302 576 "-" "Mozilla/5.0 (compatible; SemrushBot/7~bl; +http://www.semrush.com/bot.html)"
185.191.171.34 - - [08/Mar/2023:22:01:52 +0100] "GET /index.php?Itemid=45&catid=7&id=33&lang=fr&option=com_content&view=article HTTP/1.1" 302 559 "-" "Mozilla/5.0 (compatible; SemrushBot/7~bl; +http://www.semrush.com/bot.html)"
185.191.171.39 - - [08/Mar/2023:22:01:56 +0100] "GET /index.php?lang=en HTTP/1.1" 302 478 "-" "Mozilla/5.0 (compatible; SemrushBot/7~bl; +http://www.semrush.com/bot.html)"
212.129.37.175 - - [08/Mar/2023:22:02:14 +0100] "-" 408 1489 "-" "-"
185.191.171.38 - - [08/Mar/2023:22:02:23 +0100] "GET /?Itemid=0&catid=1&fontstyle=f-smaller&id=229&lang=en&option=com_content&view=article HTTP/1.1" 302 577 "-" "Mozilla/5.0 (compatible; SemrushBot/7~bl; +http://www.semrush.com/bot.html)"
185.191.171.14 - - [08/Mar/2023:22:02:23 +0100] "GET /?Itemid=12&catid=7&fontstyle=f-smaller&id=18&lang=en&option=com_content&view=article HTTP/1.1" 302 575 "-" "Mozilla/5.0 (compatible; SemrushBot/7~bl; +http://www.semrush.com/bot.html)"
212.129.37.175 - - [08/Mar/2023:22:02:34 +0100] "-" 408 1489 "-" "-"
185.191.171.25 - - [08/Mar/2023:22:02:59 +0100] "GET /?Itemid=5&catid=7&fontstyle=f-larger&id=34&lang=en&option=com_content&view=article HTTP/1.1" 302 575 "-" "Mozilla/5.0 (compatible; SemrushBot/7~bl; +http://www.semrush.com/bot.html)"
185.191.171.36 - - [08/Mar/2023:22:03:46 +0100] "GET /?Itemid=3&catid=7&fontstyle=f-smaller&id=11%E2%8C%A9%3Dfr&lang=en&option=com_content&view=article HTTP/1.1" 302 602 "-" "Mozilla/5.0 (compatible; SemrushBot/7~bl; +http://www.semrush.com/bot.html)"
185.191.171.19 - - [08/Mar/2023:22:03:48 +0100] "GET /?catid=7&fontstyle=f-smaller&id=6&lang=fr&option=com_content&view=article HTTP/1.1" 302 559 "-" "Mozilla/5.0 (compatible; SemrushBot/7~bl; +http://www.semrush.com/bot.html)"
185.191.171.4 - - [08/Mar/2023:22:04:45 +0100] "GET /?Itemid=0&catid=7&fontstyle=f-larger&id=32&lang=fr&option=com_content&view=article HTTP/1.1" 302 575 "-" "Mozilla/5.0 (compatible; SemrushBot/7~bl; +http://www.semrush.com/bot.html)"
185.191.171.26 - - [08/Mar/2023:22:04:47 +0100] "GET /index.php?Itemid=16&catid=7&id=53&lang=fr&option=com_content&view=article HTTP/1.1" 302 559 "-" "Mozilla/5.0 (compatible; SemrushBot/7~bl; +http://www.semrush.com/bot.html)"
212.129.37.175 - - [08/Mar/2023:22:04:48 +0100] "-" 408 1489 "-" "-"
185.191.171.33 - - [08/Mar/2023:22:04:59 +0100] "GET /index.php?Itemid&id=133&lang=fr&option=com_content&view=article HTTP/1.1" 302 542 "-" "Mozilla/5.0 (compatible; SemrushBot/7~bl; +http://www.semrush.com/bot.html)"
185.191.171.25 - - [08/Mar/2023:22:05:31 +0100] "GET /index.php?Itemid=53&catid=1&id=437%E2%8C%A9%3Dfr&lang=en&option=com_content&view=article HTTP/1.1" 302 587 "-" "Mozilla/5.0 (compatible; SemrushBot/7~bl; +http://www.semrush.com/bot.html)"
185.191.171.9 - - [08/Mar/2023:22:05:32 +0100] "GET /index.php?Itemid=3&catid=7&id=12&lang=en&option=com_content&view=article HTTP/1.1" 302 556 "-" "Mozilla/5.0 (compatible; SemrushBot/7~bl; +http://www.semrush.com/bot.html)"
185.191.171.38 - - [08/Mar/2023:22:05:49 +0100] "GET /index.php?Itemid=3&id=158&lang=en&option=com_content&view=article HTTP/1.1" 302 545 "-" "Mozilla/5.0 (compatible; SemrushBot/7~bl; +http://www.semrush.com/bot.html)"
66.249.66.12 - - [08/Mar/2023:22:05:50 +0100] "GET /piwik.js HTTP/1.1" 404 2252 "https://activmail.com/" "Mozilla/5.0 AppleWebKit/537.36 (KHTML, like Gecko; compatible; Googlebot/2.1; +http://www.google.com/bot.html) Chrome/110.0.5481.177 Safari/537.36"
185.191.171.45 - - [08/Mar/2023:22:06:02 +0100] "GET /?Itemid=46&catid=7&fontstyle=f-smaller&id=73&lang=fr&option=com_content&view=article HTTP/1.1" 302 575 "-" "Mozilla/5.0 (compatible; SemrushBot/7~bl; +http://www.semrush.com/bot.html)"
185.191.171.12 - - [08/Mar/2023:22:06:23 +0100] "GET /index.php?Itemid=53&catid=7&id=50&lang=en&option=com_content&view=article HTTP/1.1" 302 556 "-" "Mozilla/5.0 (compatible; SemrushBot/7~bl; +http://www.semrush.com/bot.html)"
185.191.171.34 - - [08/Mar/2023:22:06:29 +0100] "GET /?Itemid=47&catid=7&fontstyle=f-smaller&id=25&lang=en&option=com_content&view=article HTTP/1.1" 302 575 "-" "Mozilla/5.0 (compatible; SemrushBot/7~bl; +http://www.semrush.com/bot.html)"
185.191.171.2 - - [08/Mar/2023:22:06:32 +0100] "GET /?catid=7&fontstyle=f-larger&id=61&lang=fr&option=com_content&view=article HTTP/1.1" 302 559 "-" "Mozilla/5.0 (compatible; SemrushBot/7~bl; +http://www.semrush.com/bot.html)"
185.191.171.19 - - [08/Mar/2023:22:06:38 +0100] "GET /?Itemid=48&catid=7&fontstyle=f-larger&id=53&lang=en&option=com_content&view=article HTTP/1.1" 302 576 "-" "Mozilla/5.0 (compatible; SemrushBot/7~bl; +http://www.semrush.com/bot.html)"
185.191.171.6 - - [08/Mar/2023:22:06:40 +0100] "GET /?Itemid=53&catid=1&fontstyle=f-smaller&id=438&lang=fr&option=com_content&view=article HTTP/1.1" 302 578 "-" "Mozilla/5.0 (compatible; SemrushBot/7~bl; +http://www.semrush.com/bot.html)"
212.129.37.175 - - [08/Mar/2023:22:06:40 +0100] "-" 408 1489 "-" "-"
185.191.171.17 - - [08/Mar/2023:22:07:18 +0100] "GET /index.php?Itemid=0&id=204&lang=fr&option=com_content&view=article HTTP/1.1" 302 544 "-" "Mozilla/5.0 (compatible; SemrushBot/7~bl; +http://www.semrush.com/bot.html)"
185.191.171.35 - - [08/Mar/2023:22:07:19 +0100] "GET /?Itemid=0&fontstyle=f-smaller&id=328&lang=en&option=com_content&view=article HTTP/1.1" 302 563 "-" "Mozilla/5.0 (compatible; SemrushBot/7~bl; +http://www.semrush.com/bot.html)"
185.191.171.22 - - [08/Mar/2023:22:07:26 +0100] "GET /?catid=7&fontstyle=f-larger&id=53&lang=en&option=com_content&view=article HTTP/1.1" 302 560 "-" "Mozilla/5.0 (compatible; SemrushBot/7~bl; +http://www.semrush.com/bot.html)"
212.129.37.175 - - [08/Mar/2023:22:07:27 +0100] "-" 408 1489 "-" "-"
185.191.171.1 - - [08/Mar/2023:22:07:40 +0100] "GET /?Itemid=0&fontstyle=f-larger&id=491&lang=fr&option=com_content&view=article HTTP/1.1" 302 562 "-" "Mozilla/5.0 (compatible; SemrushBot/7~bl; +http://www.semrush.com/bot.html)"
185.191.171.26 - - [08/Mar/2023:22:07:58 +0100] "GET /index.php?Itemid=53&catid=7&id=61&lang=en&option=com_content&view=article HTTP/1.1" 302 559 "-" "Mozilla/5.0 (compatible; SemrushBot/7~bl; +http://www.semrush.com/bot.html)"
185.191.171.3 - - [08/Mar/2023:22:08:15 +0100] "GET /?Itemid&fontstyle=f-smaller&id=308&lang=fr&option=com_content&view=article HTTP/1.1" 302 561 "-" "Mozilla/5.0 (compatible; SemrushBot/7~bl; +http://www.semrush.com/bot.html)"
185.191.171.14 - - [08/Mar/2023:22:08:48 +0100] "GET /fr/articles/passerelle-sms HTTP/1.1" 302 466 "-" "Mozilla/5.0 (compatible; SemrushBot/7~bl; +http://www.semrush.com/bot.html)"
185.191.171.8 - - [08/Mar/2023:22:08:48 +0100] "GET /index.php?Itemid=14&catid=7&id=24&lang=fr&option=com_content&view=article HTTP/1.1" 302 557 "-" "Mozilla/5.0 (compatible; SemrushBot/7~bl; +http://www.semrush.com/bot.html)"
185.191.171.24 - - [08/Mar/2023:22:08:54 +0100] "GET /index.php?Itemid&id=491&lang=en&option=com_content&view=article HTTP/1.1" 302 542 "-" "Mozilla/5.0 (compatible; SemrushBot/7~bl; +http://www.semrush.com/bot.html)"
185.191.171.24 - - [08/Mar/2023:22:09:04 +0100] "GET /?Itemid=11&catid=7&fontstyle=f-smaller&id=52&lang=en&option=com_content&view=article HTTP/1.1" 302 576 "-" "Mozilla/5.0 (compatible; SemrushBot/7~bl; +http://www.semrush.com/bot.html)"
185.191.171.33 - - [08/Mar/2023:22:09:06 +0100] "GET /index.php?Itemid=50&catid=7&id=21&lang=fr&option=com_content&view=article HTTP/1.1" 302 559 "-" "Mozilla/5.0 (compatible; SemrushBot/7~bl; +http://www.semrush.com/bot.html)"
185.191.171.35 - - [08/Mar/2023:22:09:20 +0100] "GET /?Itemid=0&catid=7&fontstyle=f-smaller&id=18&lang=en&option=com_content&view=article HTTP/1.1" 302 576 "-" "Mozilla/5.0 (compatible; SemrushBot/7~bl; +http://www.semrush.com/bot.html)"
212.129.37.175 - - [08/Mar/2023:22:09:41 +0100] "-" 408 1489 "-" "-"
185.191.171.33 - - [08/Mar/2023:22:10:09 +0100] "GET /?fontstyle=f-smaller&id=369&lang=fr&option=com_content&view=article HTTP/1.1" 302 550 "-" "Mozilla/5.0 (compatible; SemrushBot/7~bl; +http://www.semrush.com/bot.html)"
185.191.171.8 - - [08/Mar/2023:22:10:09 +0100] "GET /?Itemid=53&catid=1&fontstyle=f-smaller&id=478&lang=en&option=com_content&view=article HTTP/1.1" 302 578 "-" "Mozilla/5.0 (compatible; SemrushBot/7~bl; +http://www.semrush.com/bot.html)"
185.191.171.14 - - [08/Mar/2023:22:10:21 +0100] "GET /?Itemid&catid=8&fontstyle=f-smaller&id=125&lang=en&option=com_content&view=article HTTP/1.1" 302 574 "-" "Mozilla/5.0 (compatible; SemrushBot/7~bl; +http://www.semrush.com/bot.html)"
185.191.171.2 - - [08/Mar/2023:22:10:27 +0100] "GET /index.php?Itemid=47&catid=7&id=32&lang=fr&option=com_content&view=article HTTP/1.1" 302 559 "-" "Mozilla/5.0 (compatible; SemrushBot/7~bl; +http://www.semrush.com/bot.html)"
185.191.171.16 - - [08/Mar/2023:22:11:01 +0100] "GET /?Itemid=48&catid=7&fontstyle=f-smaller&id=11&lang=fr&option=com_content&view=article HTTP/1.1" 302 576 "-" "Mozilla/5.0 (compatible; SemrushBot/7~bl; +http://www.semrush.com/bot.html)"
212.129.37.175 - - [08/Mar/2023:22:11:07 +0100] "-" 408 1489 "-" "-"
185.191.171.39 - - [08/Mar/2023:22:11:15 +0100] "GET /?Itemid=3&fontstyle=f-larger&id=285&lang=fr&option=com_content&view=article HTTP/1.1" 302 563 "-" "Mozilla/5.0 (compatible; SemrushBot/7~bl; +http://www.semrush.com/bot.html)"
185.191.171.5 - - [08/Mar/2023:22:11:21 +0100] "GET /?Itemid=11&catid=7&fontstyle=f-smaller&id=25&lang=en&option=com_content&view=article HTTP/1.1" 302 576 "-" "Mozilla/5.0 (compatible; SemrushBot/7~bl; +http://www.semrush.com/bot.html)"
185.191.171.39 - - [08/Mar/2023:22:11:27 +0100] "GET /?Itemid=3&fontstyle=f-larger&id=359&lang=fr&option=com_content&view=article HTTP/1.1" 302 562 "-" "Mozilla/5.0 (compatible; SemrushBot/7~bl; +http://www.semrush.com/bot.html)"
185.191.171.39 - - [08/Mar/2023:22:11:37 +0100] "GET /?Itemid&fontstyle=f-larger&id=284&lang=en&option=com_content&view=article HTTP/1.1" 302 560 "-" "Mozilla/5.0 (compatible; SemrushBot/7~bl; +http://www.semrush.com/bot.html)"
185.191.171.42 - - [08/Mar/2023:22:11:46 +0100] "GET /?Itemid=12&catid=7&fontstyle=f-larger&id=29&lang=fr&option=com_content&view=article HTTP/1.1" 302 575 "-" "Mozilla/5.0 (compatible; SemrushBot/7~bl; +http://www.semrush.com/bot.html)"
212.129.37.175 - - [08/Mar/2023:22:12:20 +0100] "-" 408 1489 "-" "-"
185.191.171.44 - - [08/Mar/2023:22:12:45 +0100] "GET /index.php?Itemid=50&catid=7&id=7&lang=en&option=com_content&view=article HTTP/1.1" 302 554 "-" "Mozilla/5.0 (compatible; SemrushBot/7~bl; +http://www.semrush.com/bot.html)"
185.191.171.8 - - [08/Mar/2023:22:13:05 +0100] "GET /index.php?Itemid&id=277&lang=fr&option=com_content&view=article HTTP/1.1" 302 543 "-" "Mozilla/5.0 (compatible; SemrushBot/7~bl; +http://www.semrush.com/bot.html)"
185.191.171.44 - - [08/Mar/2023:22:13:06 +0100] "GET /index.php?Itemid=53&catid=7&id=38&lang=en&option=com_content&view=article HTTP/1.1" 302 558 "-" "Mozilla/5.0 (compatible; SemrushBot/7~bl; +http://www.semrush.com/bot.html)"
185.191.171.38 - - [08/Mar/2023:22:13:23 +0100] "GET /?Itemid&catid=7&fontstyle=f-larger&id=34&lang=en&option=com_content&view=article HTTP/1.1" 302 571 "-" "Mozilla/5.0 (compatible; SemrushBot/7~bl; +http://www.semrush.com/bot.html)"
185.191.171.12 - - [08/Mar/2023:22:13:44 +0100] "GET /?catid=7&fontstyle=f-smaller&id=63&lang=en&option=com_content&view=article HTTP/1.1" 302 561 "-" "Mozilla/5.0 (compatible; SemrushBot/7~bl; +http://www.semrush.com/bot.html)"
185.191.171.45 - - [08/Mar/2023:22:14:05 +0100] "GET /index.php?Itemid=0&id=252&lang=en&option=com_content&view=article HTTP/1.1" 302 544 "-" "Mozilla/5.0 (compatible; SemrushBot/7~bl; +http://www.semrush.com/bot.html)"
185.191.171.15 - - [08/Mar/2023:22:14:06 +0100] "GET /index.php?catid=8&id=125&lang=fr&option=com_content&view=article HTTP/1.1" 302 544 "-" "Mozilla/5.0 (compatible; SemrushBot/7~bl; +http://www.semrush.com/bot.html)"
185.191.171.12 - - [08/Mar/2023:22:14:10 +0100] "GET /index.php?Itemid=3&id=301&lang=fr&option=com_content&view=article HTTP/1.1" 302 544 "-" "Mozilla/5.0 (compatible; SemrushBot/7~bl; +http://www.semrush.com/bot.html)"
185.191.171.38 - - [08/Mar/2023:22:14:13 +0100] "GET /index.php?Itemid=0>ask=archive&lang=en&listid=1%3Amailing_list&option=com_acymailing HTTP/1.1" 302 576 "-" "Mozilla/5.0 (compatible; SemrushBot/7~bl; +http://www.semrush.com/bot.html)"
185.191.171.23 - - [08/Mar/2023:22:14:33 +0100] "GET /index.php?Itemid=53&id=363&lang=en&option=com_content&view=article HTTP/1.1" 302 546 "-" "Mozilla/5.0 (compatible; SemrushBot/7~bl; +http://www.semrush.com/bot.html)"
212.129.37.175 - - [08/Mar/2023:22:14:35 +0100] "-" 408 1489 "-" "-"
185.191.171.17 - - [08/Mar/2023:22:15:00 +0100] "GET /index.php?Itemid=0&catid=7&id=63&lang=en&option=com_content&view=article HTTP/1.1" 302 556 "-" "Mozilla/5.0 (compatible; SemrushBot/7~bl; +http://www.semrush.com/bot.html)"
185.191.171.23 - - [08/Mar/2023:22:15:11 +0100] "GET /?Itemid=16&catid=7&fontstyle=f-larger&id=29&lang=en&option=com_content&view=article HTTP/1.1" 302 576 "-" "Mozilla/5.0 (compatible; SemrushBot/7~bl; +http://www.semrush.com/bot.html)"
185.191.171.13 - - [08/Mar/2023:22:15:14 +0100] "GET /index.php?Itemid=53&id=360&lang=en&option=com_content&view=article HTTP/1.1" 302 547 "-" "Mozilla/5.0 (compatible; SemrushBot/7~bl; +http://www.semrush.com/bot.html)"
212.129.37.175 - - [08/Mar/2023:22:15:33 +0100] "-" 408 1489 "-" "-"
185.191.171.40 - - [08/Mar/2023:22:15:41 +0100] "GET /?Itemid=0&fontstyle=f-larger&id=189&lang=fr&option=com_content&view=article HTTP/1.1" 302 562 "-" "Mozilla/5.0 (compatible; SemrushBot/7~bl; +http://www.semrush.com/bot.html)"
185.191.171.2 - - [08/Mar/2023:22:15:48 +0100] "GET /?Itemid=48&catid=7&fontstyle=f-smaller&id=32&lang=en&option=com_content&view=article HTTP/1.1" 302 576 "-" "Mozilla/5.0 (compatible; SemrushBot/7~bl; +http://www.semrush.com/bot.html)"
185.191.171.15 - - [08/Mar/2023:22:16:36 +0100] "GET /index.php?Itemid=53&catid=1&id=461%E2%8C%A9%3Dfr&lang=fr&option=com_content&view=article HTTP/1.1" 302 586 "-" "Mozilla/5.0 (compatible; SemrushBot/7~bl; +http://www.semrush.com/bot.html)"
185.191.171.11 - - [08/Mar/2023:22:17:03 +0100] "GET /index.php?Itemid=53&id=284&lang=fr&option=com_content&view=article HTTP/1.1" 302 548 "-" "Mozilla/5.0 (compatible; SemrushBot/7~bl; +http://www.semrush.com/bot.html)"
185.191.171.15 - - [08/Mar/2023:22:17:10 +0100] "GET /?Itemid=11&catid=7&fontstyle=f-larger&id=62&lang=fr&option=com_content&view=article HTTP/1.1" 302 575 "-" "Mozilla/5.0 (compatible; SemrushBot/7~bl; +http://www.semrush.com/bot.html)"
185.191.171.17 - - [08/Mar/2023:22:17:11 +0100] "GET /index.php?Itemid=46&catid=7&id=61&lang=fr&option=com_content&view=article HTTP/1.1" 302 559 "-" "Mozilla/5.0 (compatible; SemrushBot/7~bl; +http://www.semrush.com/bot.html)"
212.129.37.175 - - [08/Mar/2023:22:17:14 +0100] "-" 408 1489 "-" "-"
185.191.171.1 - - [08/Mar/2023:22:17:51 +0100] "GET /robots.txt HTTP/1.1" 302 441 "-" "Mozilla/5.0 (compatible; SemrushBot/7~bl; +http://www.semrush.com/bot.html)"
