185.191.171.7 - - [08/Mar/2023:23:21:57 +0100] "GET /?Itemid=3&catid=7&fontstyle=f-larger&id=26&lang=fr&option=com_content&view=article HTTP/1.1" 302 575 "-" "Mozilla/5.0 (compatible; SemrushBot/7~bl; +http://www.semrush.com/bot.html)"
212.129.37.175 - - [08/Mar/2023:23:22:11 +0100] "-" 408 1489 "-" "-"
185.191.171.5 - - [08/Mar/2023:23:22:21 +0100] "GET /?Itemid=45&catid=7&fontstyle=f-larger&id=5&lang=fr&option=com_content&view=article HTTP/1.1" 302 573 "-" "Mozilla/5.0 (compatible; SemrushBot/7~bl; +http://www.semrush.com/bot.html)"
185.191.171.1 - - [08/Mar/2023:23:22:42 +0100] "GET /index.php?Itemid=5&id=60&lang=fr&option=com_content&view=article HTTP/1.1" 302 544 "-" "Mozilla/5.0 (compatible; SemrushBot/7~bl; +http://www.semrush.com/bot.html)"
185.191.171.34 - - [08/Mar/2023:23:22:53 +0100] "GET /?Itemid=48&catid=7&fontstyle=f-smaller&id=64&lang=fr&option=com_content&view=article HTTP/1.1" 302 576 "-" "Mozilla/5.0 (compatible; SemrushBot/7~bl; +http://www.semrush.com/bot.html)"
185.191.171.15 - - [08/Mar/2023:23:22:55 +0100] "GET /?Itemid=14&catid=7&fontstyle=f-smaller&id=25&lang=fr&option=com_content&view=article HTTP/1.1" 302 576 "-" "Mozilla/5.0 (compatible; SemrushBot/7~bl; +http://www.semrush.com/bot.html)"
185.191.171.38 - - [08/Mar/2023:23:22:56 +0100] "GET /index.php?Itemid=48&catid=7&id=73&lang=fr&option=com_content&view=article HTTP/1.1" 302 559 "-" "Mozilla/5.0 (compatible; SemrushBot/7~bl; +http://www.semrush.com/bot.html)"
212.129.37.175 - - [08/Mar/2023:23:23:01 +0100] "-" 408 1489 "-" "-"
185.191.171.21 - - [08/Mar/2023:23:23:24 +0100] "GET /index.php?Itemid&id=361&lang=en&option=com_content&view=article HTTP/1.1" 302 542 "-" "Mozilla/5.0 (compatible; SemrushBot/7~bl; +http://www.semrush.com/bot.html)"
185.191.171.14 - - [08/Mar/2023:23:24:02 +0100] "GET /?Itemid=3&catid=1&fontstyle=f-smaller&id=432%E2%8C%A9%3Dfr&lang=fr&option=com_content&view=article HTTP/1.1" 302 603 "-" "Mozilla/5.0 (compatible; SemrushBot/7~bl; +http://www.semrush.com/bot.html)"
5.178.207.9 - - [08/Mar/2023:23:24:03 +0100] "GET / HTTP/1.0" 404 2656 "-" "-"
185.191.171.12 - - [08/Mar/2023:23:24:44 +0100] "GET /fr/news/news HTTP/1.1" 302 443 "-" "Mozilla/5.0 (compatible; SemrushBot/7~bl; +http://www.semrush.com/bot.html)"
185.191.171.40 - - [08/Mar/2023:23:24:57 +0100] "GET /index.php?Itemid=3&id=334&lang=fr&option=com_content&view=article HTTP/1.1" 302 544 "-" "Mozilla/5.0 (compatible; SemrushBot/7~bl; +http://www.semrush.com/bot.html)"
185.191.171.19 - - [08/Mar/2023:23:25:30 +0100] "GET /?Itemid=3&fontstyle=f-smaller&id=315&lang=fr&option=com_content&view=article HTTP/1.1" 302 563 "-" "Mozilla/5.0 (compatible; SemrushBot/7~bl; +http://www.semrush.com/bot.html)"
185.191.171.26 - - [08/Mar/2023:23:25:35 +0100] "GET /?Itemid&catid=8&fontstyle=f-larger&id=109&lang=fr&option=com_content&view=article HTTP/1.1" 302 574 "-" "Mozilla/5.0 (compatible; SemrushBot/7~bl; +http://www.semrush.com/bot.html)"
212.129.37.175 - - [08/Mar/2023:23:25:41 +0100] "-" 408 1489 "-" "-"
185.191.171.11 - - [08/Mar/2023:23:25:49 +0100] "GET /?Itemid=0&fontstyle=f-smaller&id=262&lang=en&option=com_content&view=article HTTP/1.1" 302 563 "-" "Mozilla/5.0 (compatible; SemrushBot/7~bl; +http://www.semrush.com/bot.html)"
185.191.171.8 - - [08/Mar/2023:23:26:03 +0100] "GET /?Itemid=0&fontstyle=f-larger&id=254&lang=fr&option=com_content&view=article HTTP/1.1" 302 562 "-" "Mozilla/5.0 (compatible; SemrushBot/7~bl; +http://www.semrush.com/bot.html)"
185.191.171.1 - - [08/Mar/2023:23:26:25 +0100] "GET /?Itemid&catid=7&fontstyle=f-larger&id=25&lang=en&option=com_content&view=article HTTP/1.1" 302 571 "-" "Mozilla/5.0 (compatible; SemrushBot/7~bl; +http://www.semrush.com/bot.html)"
185.191.171.6 - - [08/Mar/2023:23:26:37 +0100] "GET /?Itemid=53&catid=7&fontstyle=f-larger&id=55&lang=en&option=com_content&view=article HTTP/1.1" 302 575 "-" "Mozilla/5.0 (compatible; SemrushBot/7~bl; +http://www.semrush.com/bot.html)"
212.129.37.175 - - [08/Mar/2023:23:26:37 +0100] "-" 408 1489 "-" "-"
185.191.171.7 - - [08/Mar/2023:23:26:39 +0100] "GET /?Itemid=0&fontstyle=f-larger&id=325&lang=fr&option=com_content&view=article HTTP/1.1" 302 562 "-" "Mozilla/5.0 (compatible; SemrushBot/7~bl; +http://www.semrush.com/bot.html)"
185.191.171.9 - - [08/Mar/2023:23:27:15 +0100] "GET /index.php?catid=7&id=18&lang=en&option=com_content&view=article HTTP/1.1" 302 541 "-" "Mozilla/5.0 (compatible; SemrushBot/7~bl; +http://www.semrush.com/bot.html)"
194.110.203.44 - - [08/Mar/2023:23:27:25 +0100] "GET /backup_12032022.zip HTTP/1.1" 404 2162 "-" "Firefox"
185.191.171.23 - - [08/Mar/2023:23:27:41 +0100] "GET /index.php?Itemid=53&catid=1&id=409&lang=en&option=com_content&view=article HTTP/1.1" 302 560 "-" "Mozilla/5.0 (compatible; SemrushBot/7~bl; +http://www.semrush.com/bot.html)"
185.191.171.42 - - [08/Mar/2023:23:27:42 +0100] "GET /?Itemid=3&fontstyle=f-larger&id=256&lang=fr&option=com_content&view=article HTTP/1.1" 302 563 "-" "Mozilla/5.0 (compatible; SemrushBot/7~bl; +http://www.semrush.com/bot.html)"
185.191.171.34 - - [08/Mar/2023:23:27:52 +0100] "GET /?Itemid=3&fontstyle=f-smaller&id=334&lang=en&option=com_content&view=article HTTP/1.1" 302 562 "-" "Mozilla/5.0 (compatible; SemrushBot/7~bl; +http://www.semrush.com/bot.html)"
212.129.37.175 - - [08/Mar/2023:23:27:55 +0100] "-" 408 1489 "-" "-"
185.191.171.40 - - [08/Mar/2023:23:28:08 +0100] "GET /index.php?Itemid=3&catid=1&id=435%E2%8C%A9%3Dfr&lang=en&option=com_content&view=article HTTP/1.1" 302 586 "-" "Mozilla/5.0 (compatible; SemrushBot/7~bl; +http://www.semrush.com/bot.html)"
185.191.171.34 - - [08/Mar/2023:23:28:25 +0100] "GET /index.php?Itemid=0&id=285&lang=en&option=com_content&view=article HTTP/1.1" 302 544 "-" "Mozilla/5.0 (compatible; SemrushBot/7~bl; +http://www.semrush.com/bot.html)"
185.191.171.43 - - [08/Mar/2023:23:28:32 +0100] "GET /?Itemid=3&catid=1&fontstyle=f-smaller&id=475&lang=en&option=com_content&view=article HTTP/1.1" 302 579 "-" "Mozilla/5.0 (compatible; SemrushBot/7~bl; +http://www.semrush.com/bot.html)"
185.191.171.11 - - [08/Mar/2023:23:29:38 +0100] "GET /?Itemid&fontstyle=f-smaller&id=124&lang=en&option=com_content&view=article HTTP/1.1" 302 560 "-" "Mozilla/5.0 (compatible; SemrushBot/7~bl; +http://www.semrush.com/bot.html)"
185.191.171.20 - - [08/Mar/2023:23:29:43 +0100] "GET /index.php?Itemid=11&catid=7&id=53&lang=fr&option=com_content&view=article HTTP/1.1" 302 559 "-" "Mozilla/5.0 (compatible; SemrushBot/7~bl; +http://www.semrush.com/bot.html)"
185.191.171.43 - - [08/Mar/2023:23:29:51 +0100] "GET /index.php?Itemid=0&catid=7&id=62&lang=fr&option=com_content&view=article HTTP/1.1" 302 557 "-" "Mozilla/5.0 (compatible; SemrushBot/7~bl; +http://www.semrush.com/bot.html)"
185.191.171.14 - - [08/Mar/2023:23:29:53 +0100] "GET /index.php?Itemid&id=315&lang=en&option=com_content&view=article HTTP/1.1" 302 542 "-" "Mozilla/5.0 (compatible; SemrushBot/7~bl; +http://www.semrush.com/bot.html)"
185.191.171.15 - - [08/Mar/2023:23:30:15 +0100] "GET /index.php?Itemid=5&catid=7&id=25&lang=fr&option=com_content&view=article HTTP/1.1" 302 557 "-" "Mozilla/5.0 (compatible; SemrushBot/7~bl; +http://www.semrush.com/bot.html)"
185.191.171.4 - - [08/Mar/2023:23:30:17 +0100] "GET /index.php?Itemid=11&catid=7&id=46&lang=en&option=com_content&view=article HTTP/1.1" 302 558 "-" "Mozilla/5.0 (compatible; SemrushBot/7~bl; +http://www.semrush.com/bot.html)"
185.191.171.40 - - [08/Mar/2023:23:30:22 +0100] "GET /index.php?Itemid&catid=7&id=44&lang=fr&option=com_content&view=article HTTP/1.1" 302 554 "-" "Mozilla/5.0 (compatible; SemrushBot/7~bl; +http://www.semrush.com/bot.html)"
212.129.37.175 - - [08/Mar/2023:23:30:34 +0100] "-" 408 1489 "-" "-"
185.191.171.41 - - [08/Mar/2023:23:30:55 +0100] "GET /?Itemid=0&fontstyle=f-larger&id=326&lang=en&option=com_content&view=article HTTP/1.1" 302 563 "-" "Mozilla/5.0 (compatible; SemrushBot/7~bl; +http://www.semrush.com/bot.html)"
212.129.37.175 - - [08/Mar/2023:23:31:04 +0100] "-" 408 1489 "-" "-"
185.191.171.40 - - [08/Mar/2023:23:31:10 +0100] "GET /?Itemid=3&catid=7&fontstyle=f-larger&id=44&lang=fr&option=com_content&view=article HTTP/1.1" 302 575 "-" "Mozilla/5.0 (compatible; SemrushBot/7~bl; +http://www.semrush.com/bot.html)"
185.191.171.1 - - [08/Mar/2023:23:31:21 +0100] "GET /index.php?Itemid&id=299&lang=fr&option=com_content&view=article HTTP/1.1" 302 542 "-" "Mozilla/5.0 (compatible; SemrushBot/7~bl; +http://www.semrush.com/bot.html)"
185.191.171.9 - - [08/Mar/2023:23:31:33 +0100] "GET /index.php?Itemid=0&catid=7&id=33&lang=en&option=com_content&view=article HTTP/1.1" 302 556 "-" "Mozilla/5.0 (compatible; SemrushBot/7~bl; +http://www.semrush.com/bot.html)"
185.191.171.16 - - [08/Mar/2023:23:32:02 +0100] "GET /?Itemid=53&fontstyle=f-smaller&id=330&lang=en&option=com_content&view=article HTTP/1.1" 302 565 "-" "Mozilla/5.0 (compatible; SemrushBot/7~bl; +http://www.semrush.com/bot.html)"
185.191.171.24 - - [08/Mar/2023:23:32:08 +0100] "GET /index.php?Itemid=53&id=300&lang=en&option=com_content&view=article HTTP/1.1" 302 546 "-" "Mozilla/5.0 (compatible; SemrushBot/7~bl; +http://www.semrush.com/bot.html)"
185.191.171.43 - - [08/Mar/2023:23:32:12 +0100] "GET /index.php?Itemid=11&catid=7&id=37&lang=en&option=com_content&view=article HTTP/1.1" 302 558 "-" "Mozilla/5.0 (compatible; SemrushBot/7~bl; +http://www.semrush.com/bot.html)"
185.191.171.35 - - [08/Mar/2023:23:32:15 +0100] "GET /index.php?Itemid&id=315&lang=fr&option=com_content&view=article HTTP/1.1" 302 542 "-" "Mozilla/5.0 (compatible; SemrushBot/7~bl; +http://www.semrush.com/bot.html)"
185.191.171.20 - - [08/Mar/2023:23:32:47 +0100] "GET /index.php?Itemid=49&catid=7&id=5&lang=fr&option=com_content&view=article HTTP/1.1" 302 557 "-" "Mozilla/5.0 (compatible; SemrushBot/7~bl; +http://www.semrush.com/bot.html)"
212.129.37.175 - - [08/Mar/2023:23:32:48 +0100] "-" 408 1489 "-" "-"
185.191.171.20 - - [08/Mar/2023:23:33:53 +0100] "GET /index.php?Itemid=47&catid=7&id=23&lang=en&option=com_content&view=article HTTP/1.1" 302 558 "-" "Mozilla/5.0 (compatible; SemrushBot/7~bl; +http://www.semrush.com/bot.html)"
185.191.171.8 - - [08/Mar/2023:23:34:03 +0100] "GET /index.php?Itemid=50&catid=7&id=35&lang=en&option=com_content&view=article HTTP/1.1" 302 558 "-" "Mozilla/5.0 (compatible; SemrushBot/7~bl; +http://www.semrush.com/bot.html)"
185.191.171.20 - - [08/Mar/2023:23:34:18 +0100] "GET /?Itemid&catid=8&fontstyle=f-larger&id=109&lang=en&option=com_content&view=article HTTP/1.1" 302 574 "-" "Mozilla/5.0 (compatible; SemrushBot/7~bl; +http://www.semrush.com/bot.html)"
185.191.171.1 - - [08/Mar/2023:23:34:35 +0100] "GET /?Itemid=53&fontstyle=f-larger&id=301&lang=en&option=com_content&view=article HTTP/1.1" 302 564 "-" "Mozilla/5.0 (compatible; SemrushBot/7~bl; +http://www.semrush.com/bot.html)"
185.191.171.5 - - [08/Mar/2023:23:34:35 +0100] "GET /index.php?Itemid=49&catid=7&id=63&lang=fr&option=com_content&view=article HTTP/1.1" 302 559 "-" "Mozilla/5.0 (compatible; SemrushBot/7~bl; +http://www.semrush.com/bot.html)"
185.191.171.15 - - [08/Mar/2023:23:34:38 +0100] "GET /?catid=8&fontstyle=f-smaller&id=111&lang=fr&option=com_content&view=article HTTP/1.1" 302 561 "-" "Mozilla/5.0 (compatible; SemrushBot/7~bl; +http://www.semrush.com/bot.html)"
185.191.171.41 - - [08/Mar/2023:23:35:02 +0100] "GET /index.php?Itemid=53&catid=7&id=37&lang=fr&option=com_content&view=article HTTP/1.1" 302 559 "-" "Mozilla/5.0 (compatible; SemrushBot/7~bl; +http://www.semrush.com/bot.html)"
185.191.171.4 - - [08/Mar/2023:23:35:18 +0100] "GET /?Itemid=0&fontstyle=f-larger&id=185&lang=en&option=com_content&view=article HTTP/1.1" 302 563 "-" "Mozilla/5.0 (compatible; SemrushBot/7~bl; +http://www.semrush.com/bot.html)"
212.129.37.175 - - [08/Mar/2023:23:35:27 +0100] "-" 408 1489 "-" "-"
212.129.37.175 - - [08/Mar/2023:23:35:30 +0100] "-" 408 1489 "-" "-"
185.191.171.1 - - [08/Mar/2023:23:35:39 +0100] "GET /?Itemid=3&fontstyle=f-larger&id=1&lang=fr&layout=blog&limitstart=50&option=com_content&view=category HTTP/1.1" 302 603 "-" "Mozilla/5.0 (compatible; SemrushBot/7~bl; +http://www.semrush.com/bot.html)"
185.191.171.38 - - [08/Mar/2023:23:36:04 +0100] "GET /index.php?catid=8&id=125&lang=fr&option=com_content&view=article HTTP/1.1" 302 544 "-" "Mozilla/5.0 (compatible; SemrushBot/7~bl; +http://www.semrush.com/bot.html)"
185.191.171.7 - - [08/Mar/2023:23:36:05 +0100] "GET /?Itemid=12&catid=7&fontstyle=f-larger&id=49&lang=en&option=com_content&view=article HTTP/1.1" 302 576 "-" "Mozilla/5.0 (compatible; SemrushBot/7~bl; +http://www.semrush.com/bot.html)"
185.191.171.33 - - [08/Mar/2023:23:36:29 +0100] "GET /robots.txt HTTP/1.1" 302 441 "-" "Mozilla/5.0 (compatible; SemrushBot/7~bl; +http://www.semrush.com/bot.html)"
185.191.171.10 - - [08/Mar/2023:23:36:30 +0100] "GET /index.php?Itemid=14&catid=7&id=18&lang=en&option=com_content&view=article HTTP/1.1" 302 556 "-" "Mozilla/5.0 (compatible; SemrushBot/7~bl; +http://www.semrush.com/bot.html)"
185.191.171.15 - - [08/Mar/2023:23:36:31 +0100] "GET /?Itemid=16&catid=7&fontstyle=f-smaller&id=53&lang=fr&option=com_content&view=article HTTP/1.1" 302 576 "-" "Mozilla/5.0 (compatible; SemrushBot/7~bl; +http://www.semrush.com/bot.html)"
185.191.171.5 - - [08/Mar/2023:23:36:40 +0100] "GET /fr/articles/nouveaux-sms HTTP/1.1" 302 464 "-" "Mozilla/5.0 (compatible; SemrushBot/7~bl; +http://www.semrush.com/bot.html)"
185.191.171.8 - - [08/Mar/2023:23:36:40 +0100] "GET /?Itemid=45&catid=7&fontstyle=f-larger&id=55&lang=en&option=com_content&view=article HTTP/1.1" 302 575 "-" "Mozilla/5.0 (compatible; SemrushBot/7~bl; +http://www.semrush.com/bot.html)"
185.191.171.1 - - [08/Mar/2023:23:37:20 +0100] "GET /?Itemid=3&fontstyle=f-larger&id=310&lang=en&option=com_content&view=article HTTP/1.1" 302 561 "-" "Mozilla/5.0 (compatible; SemrushBot/7~bl; +http://www.semrush.com/bot.html)"
185.191.171.41 - - [08/Mar/2023:23:37:23 +0100] "GET /?Itemid=0&fontstyle=f-larger&id=280&lang=en&option=com_content&view=article HTTP/1.1" 302 561 "-" "Mozilla/5.0 (compatible; SemrushBot/7~bl; +http://www.semrush.com/bot.html)"
212.129.37.175 - - [08/Mar/2023:23:37:42 +0100] "-" 408 1489 "-" "-"
185.191.171.13 - - [08/Mar/2023:23:37:55 +0100] "GET /?Itemid&catid=7&fontstyle=f-smaller&id=30&lang=fr&option=com_content&view=article HTTP/1.1" 302 572 "-" "Mozilla/5.0 (compatible; SemrushBot/7~bl; +http://www.semrush.com/bot.html)"
185.191.171.37 - - [08/Mar/2023:23:37:59 +0100] "GET /?Itemid=3&catid=7&fontstyle=f-larger&id=21&lang=en&option=com_content&view=article HTTP/1.1" 302 575 "-" "Mozilla/5.0 (compatible; SemrushBot/7~bl; +http://www.semrush.com/bot.html)"
185.191.171.43 - - [08/Mar/2023:23:37:59 +0100] "GET /?Itemid=50&catid=7&fontstyle=f-smaller&id=62&lang=en&option=com_content&view=article HTTP/1.1" 302 576 "-" "Mozilla/5.0 (compatible; SemrushBot/7~bl; +http://www.semrush.com/bot.html)"
185.191.171.14 - - [08/Mar/2023:23:38:09 +0100] "GET /index.php?Itemid=12&catid=7&id=38&lang=en&option=com_content&view=article HTTP/1.1" 302 558 "-" "Mozilla/5.0 (compatible; SemrushBot/7~bl; +http://www.semrush.com/bot.html)"
185.191.171.40 - - [08/Mar/2023:23:38:29 +0100] "GET /index.php?Itemid=46&catid=7&id=61&lang=fr&option=com_content&view=article HTTP/1.1" 302 559 "-" "Mozilla/5.0 (compatible; SemrushBot/7~bl; +http://www.semrush.com/bot.html)"
185.191.171.44 - - [08/Mar/2023:23:38:30 +0100] "GET /index.php?catid=7&id=22&lang=fr&option=com_content&view=article HTTP/1.1" 302 541 "-" "Mozilla/5.0 (compatible; SemrushBot/7~bl; +http://www.semrush.com/bot.html)"
185.191.171.6 - - [08/Mar/2023:23:39:08 +0100] "GET /index.php?Itemid=53&catid=1&id=415&lang=fr&option=com_content&view=article HTTP/1.1" 302 561 "-" "Mozilla/5.0 (compatible; SemrushBot/7~bl; +http://www.semrush.com/bot.html)"
185.191.171.1 - - [08/Mar/2023:23:39:17 +0100] "GET /?Itemid&fontstyle=f-smaller&id=368&lang=en&option=com_content&view=article HTTP/1.1" 302 561 "-" "Mozilla/5.0 (compatible; SemrushBot/7~bl; +http://www.semrush.com/bot.html)"
185.191.171.24 - - [08/Mar/2023:23:39:24 +0100] "GET /index.php?Itemid=11&id=47&lang=fr&option=com_content&view=article HTTP/1.1" 302 546 "-" "Mozilla/5.0 (compatible; SemrushBot/7~bl; +http://www.semrush.com/bot.html)"
185.191.171.18 - - [08/Mar/2023:23:39:35 +0100] "GET /?Itemid=53&fontstyle=f-larger&id=309&lang=fr&option=com_content&view=article HTTP/1.1" 302 564 "-" "Mozilla/5.0 (compatible; SemrushBot/7~bl; +http://www.semrush.com/bot.html)"
212.129.37.175 - - [08/Mar/2023:23:39:57 +0100] "-" 408 1489 "-" "-"
212.129.37.175 - - [08/Mar/2023:23:40:21 +0100] "-" 408 1489 "-" "-"
185.191.171.2 - - [08/Mar/2023:23:40:22 +0100] "GET /index.php?Itemid=12&catid=7&id=22&lang=fr&option=com_content&view=article HTTP/1.1" 302 556 "-" "Mozilla/5.0 (compatible; SemrushBot/7~bl; +http://www.semrush.com/bot.html)"
185.191.171.36 - - [08/Mar/2023:23:40:27 +0100] "GET /index.php?Itemid&id=300&lang=fr&option=com_content&view=article HTTP/1.1" 302 541 "-" "Mozilla/5.0 (compatible; SemrushBot/7~bl; +http://www.semrush.com/bot.html)"
193.32.162.159 - - [08/Mar/2023:23:40:47 +0100] "GET / HTTP/1.1" 302 461 "-" "Mozilla/5.0 (Windows NT 10.0; Win64; x64) AppleWebKit/537.36 (KHTML, like Gecko) Chrome/90.0.4430.85 Safari/537.36 Edg/90.0.818.46"
185.191.171.42 - - [08/Mar/2023:23:40:48 +0100] "GET /index.php?Itemid=0&catid=7&id=61&lang=fr&option=com_content&view=article HTTP/1.1" 302 557 "-" "Mozilla/5.0 (compatible; SemrushBot/7~bl; +http://www.semrush.com/bot.html)"
185.191.171.38 - - [08/Mar/2023:23:40:53 +0100] "GET /index.php?Itemid=3&id=1&lang=fr&layout=blog&limitstart=20&option=com_content&view=category HTTP/1.1" 302 587 "-" "Mozilla/5.0 (compatible; SemrushBot/7~bl; +http://www.semrush.com/bot.html)"
185.191.171.23 - - [08/Mar/2023:23:40:54 +0100] "GET /index.php?Itemid=14&catid=7&id=44&lang=fr&option=com_content&view=article HTTP/1.1" 302 557 "-" "Mozilla/5.0 (compatible; SemrushBot/7~bl; +http://www.semrush.com/bot.html)"
185.191.171.13 - - [08/Mar/2023:23:41:00 +0100] "GET /index.php?Itemid=3&id=261&lang=en&option=com_content&view=article HTTP/1.1" 302 545 "-" "Mozilla/5.0 (compatible; SemrushBot/7~bl; +http://www.semrush.com/bot.html)"
185.191.171.39 - - [08/Mar/2023:23:41:29 +0100] "GET /?Itemid=3&fontstyle=f-smaller&id=1&lang=en&layout=blog&limitstart=5&option=com_content&view=category HTTP/1.1" 302 605 "-" "Mozilla/5.0 (compatible; SemrushBot/7~bl; +http://www.semrush.com/bot.html)"
185.191.171.35 - - [08/Mar/2023:23:41:35 +0100] "GET /?Itemid&catid=7&fontstyle=f-larger&id=9&lang=fr&option=com_content&view=article HTTP/1.1" 302 569 "-" "Mozilla/5.0 (compatible; SemrushBot/7~bl; +http://www.semrush.com/bot.html)"
185.191.171.23 - - [08/Mar/2023:23:42:00 +0100] "GET /index.php?Itemid=16&catid=7&id=56&lang=fr&option=com_content&view=article HTTP/1.1" 302 557 "-" "Mozilla/5.0 (compatible; SemrushBot/7~bl; +http://www.semrush.com/bot.html)"
185.191.171.45 - - [08/Mar/2023:23:42:01 +0100] "GET /?Itemid&catid=8&fontstyle=f-smaller&id=205&lang=fr&option=com_content&view=article HTTP/1.1" 302 573 "-" "Mozilla/5.0 (compatible; SemrushBot/7~bl; +http://www.semrush.com/bot.html)"
185.191.171.3 - - [08/Mar/2023:23:42:04 +0100] "GET /index.php?Itemid=14&catid=7&id=61&lang=en&option=com_content&view=article HTTP/1.1" 302 558 "-" "Mozilla/5.0 (compatible; SemrushBot/7~bl; +http://www.semrush.com/bot.html)"
185.191.171.40 - - [08/Mar/2023:23:42:09 +0100] "GET /index.php?Itemid=53&catid=1&id=460%E2%8C%A9%3Dfr&lang=fr&option=com_content&view=article HTTP/1.1" 302 586 "-" "Mozilla/5.0 (compatible; SemrushBot/7~bl; +http://www.semrush.com/bot.html)"
94.102.51.9 - - [08/Mar/2023:23:42:22 +0100] "GET / HTTP/1.0" 302 421 "-" "masscan/1.3 (https://github.com/robertdavidgraham/masscan)"
185.191.171.43 - - [08/Mar/2023:23:42:31 +0100] "GET /index.php?Itemid=53&catid=1&id=490&lang=fr&option=com_content&view=article HTTP/1.1" 302 561 "-" "Mozilla/5.0 (compatible; SemrushBot/7~bl; +http://www.semrush.com/bot.html)"
212.129.37.175 - - [08/Mar/2023:23:42:35 +0100] "-" 408 1489 "-" "-"
185.191.171.41 - - [08/Mar/2023:23:42:55 +0100] "GET /index.php?Itemid&id=324&lang=fr&option=com_content&view=article HTTP/1.1" 302 542 "-" "Mozilla/5.0 (compatible; SemrushBot/7~bl; +http://www.semrush.com/bot.html)"
185.191.171.2 - - [08/Mar/2023:23:43:23 +0100] "GET /?Itemid=0&catid=7&fontstyle=f-larger&id=37&lang=fr&option=com_content&view=article HTTP/1.1" 302 573 "-" "Mozilla/5.0 (compatible; SemrushBot/7~bl; +http://www.semrush.com/bot.html)"
185.191.171.7 - - [08/Mar/2023:23:43:26 +0100] "GET /?Itemid=3&fontstyle=f-smaller&id=238&lang=fr&option=com_content&view=article HTTP/1.1" 302 562 "-" "Mozilla/5.0 (compatible; SemrushBot/7~bl; +http://www.semrush.com/bot.html)"
212.129.37.175 - - [08/Mar/2023:23:44:23 +0100] "-" 408 1489 "-" "-"
185.191.171.19 - - [08/Mar/2023:23:44:26 +0100] "GET /index.php?Itemid=3&catid=1&id=479&lang=fr&option=com_content&view=article HTTP/1.1" 302 559 "-" "Mozilla/5.0 (compatible; SemrushBot/7~bl; +http://www.semrush.com/bot.html)"
185.191.171.16 - - [08/Mar/2023:23:44:53 +0100] "GET /index.php?Itemid=0&id=210&lang=en&option=com_content&view=article HTTP/1.1" 302 543 "-" "Mozilla/5.0 (compatible; SemrushBot/7~bl; +http://www.semrush.com/bot.html)"
185.191.171.7 - - [08/Mar/2023:23:44:55 +0100] "GET /?Itemid=53&catid=1&fontstyle=f-smaller&id=441%E2%8C%A9%3Dfr&lang=en&option=com_content&view=article HTTP/1.1" 302 605 "-" "Mozilla/5.0 (compatible; SemrushBot/7~bl; +http://www.semrush.com/bot.html)"
212.129.37.175 - - [08/Mar/2023:23:45:14 +0100] "-" 408 1489 "-" "-"
185.191.171.2 - - [08/Mar/2023:23:45:19 +0100] "GET /?Itemid=53&catid=7&fontstyle=f-larger&id=43&lang=fr&option=com_content&view=article HTTP/1.1" 302 575 "-" "Mozilla/5.0 (compatible; SemrushBot/7~bl; +http://www.semrush.com/bot.html)"
185.191.171.23 - - [08/Mar/2023:23:45:27 +0100] "GET /index.php?Itemid=53&catid=1&id=449%E2%8C%A9%3Dfr&lang=en&option=com_content&view=article HTTP/1.1" 302 587 "-" "Mozilla/5.0 (compatible; SemrushBot/7~bl; +http://www.semrush.com/bot.html)"
185.191.171.19 - - [08/Mar/2023:23:45:57 +0100] "GET /index.php?Itemid=53&catid=1&id=433%E2%8C%A9%3Dfr&lang=en&option=com_content&view=article HTTP/1.1" 302 586 "-" "Mozilla/5.0 (compatible; SemrushBot/7~bl; +http://www.semrush.com/bot.html)"
185.191.171.44 - - [08/Mar/2023:23:46:19 +0100] "GET /?fontstyle=f-smaller&id=356&lang=fr&option=com_content&view=article HTTP/1.1" 302 549 "-" "Mozilla/5.0 (compatible; SemrushBot/7~bl; +http://www.semrush.com/bot.html)"
185.191.171.42 - - [08/Mar/2023:23:46:21 +0100] "GET /index.php?Itemid=53&catid=1&id=419&lang=fr&option=com_content&view=article HTTP/1.1" 302 561 "-" "Mozilla/5.0 (compatible; SemrushBot/7~bl; +http://www.semrush.com/bot.html)"
185.191.171.12 - - [08/Mar/2023:23:46:41 +0100] "GET /index.php?Itemid=3&catid=7&id=43&lang=fr&option=com_content&view=article HTTP/1.1" 302 556 "-" "Mozilla/5.0 (compatible; SemrushBot/7~bl; +http://www.semrush.com/bot.html)"
185.191.171.14 - - [08/Mar/2023:23:46:55 +0100] "GET /?Itemid=0&catid=7&fontstyle=f-smaller&id=61&lang=en&option=com_content&view=article HTTP/1.1" 302 577 "-" "Mozilla/5.0 (compatible; SemrushBot/7~bl; +http://www.semrush.com/bot.html)"
185.246.220.98 - - [08/Mar/2023:23:47:03 +0100] "POST /boaform/admin/formLogin HTTP/1.1" 302 498 "http://212.83.157.39:80/admin/login.asp" "Mozilla/5.0 (X11; Ubuntu; Linux x86_64; rv:71.0) Gecko/20100101 Firefox/71.0"
185.191.171.18 - - [08/Mar/2023:23:47:07 +0100] "GET /?catid=8&fontstyle=f-smaller&id=114&lang=fr&option=com_content&view=article HTTP/1.1" 302 562 "-" "Mozilla/5.0 (compatible; SemrushBot/7~bl; +http://www.semrush.com/bot.html)"
212.129.37.175 - - [08/Mar/2023:23:47:28 +0100] "-" 408 1489 "-" "-"
185.191.171.21 - - [08/Mar/2023:23:48:03 +0100] "GET /index.php?Itemid=48&catid=7&id=21&lang=fr&option=com_content&view=article HTTP/1.1" 302 559 "-" "Mozilla/5.0 (compatible; SemrushBot/7~bl; +http://www.semrush.com/bot.html)"
31.59.224.148 - - [08/Mar/2023:23:48:28 +0100] "GET / HTTP/1.1" 302 402 "-" "Mozilla/5.0 (Windows NT 10.0; WOW64) AppleWebKit/537.36 (KHTML, like Gecko) Chrome/51.0.2704.103 Safari/537.36"
212.129.37.175 - - [08/Mar/2023:23:48:50 +0100] "-" 408 1489 "-" "-"
185.191.171.40 - - [08/Mar/2023:23:48:59 +0100] "GET /?catid=7&fontstyle=f-larger&id=19&lang=en&option=com_content&view=article HTTP/1.1" 302 559 "-" "Mozilla/5.0 (compatible; SemrushBot/7~bl; +http://www.semrush.com/bot.html)"
185.191.171.18 - - [08/Mar/2023:23:49:24 +0100] "GET /?Itemid=53&fontstyle=f-larger&id=310&lang=fr&option=com_content&view=article HTTP/1.1" 302 564 "-" "Mozilla/5.0 (compatible; SemrushBot/7~bl; +http://www.semrush.com/bot.html)"
185.191.171.45 - - [08/Mar/2023:23:49:27 +0100] "GET /index.php?Itemid=0&id=183&lang=en&option=com_content&view=article HTTP/1.1" 302 545 "-" "Mozilla/5.0 (compatible; SemrushBot/7~bl; +http://www.semrush.com/bot.html)"
185.191.171.7 - - [08/Mar/2023:23:49:35 +0100] "GET /?Itemid=11&catid=7&fontstyle=f-smaller&id=49&lang=fr&option=com_content&view=article HTTP/1.1" 302 576 "-" "Mozilla/5.0 (compatible; SemrushBot/7~bl; +http://www.semrush.com/bot.html)"
212.129.37.175 - - [08/Mar/2023:23:50:07 +0100] "-" 408 1489 "-" "-"
185.191.171.17 - - [08/Mar/2023:23:50:28 +0100] "GET /index.php?Itemid=3&catid=1&id=471&lang=fr&option=com_content&view=article HTTP/1.1" 302 558 "-" "Mozilla/5.0 (compatible; SemrushBot/7~bl; +http://www.semrush.com/bot.html)"
185.191.171.25 - - [08/Mar/2023:23:50:38 +0100] "GET /index.php?Itemid=45&catid=7&id=36&lang=fr&option=com_content&view=article HTTP/1.1" 302 559 "-" "Mozilla/5.0 (compatible; SemrushBot/7~bl; +http://www.semrush.com/bot.html)"
190.226.85.254 - - [08/Mar/2023:23:50:45 +0100] "GET / HTTP/1.0" 404 2656 "-" "-"
66.249.75.208 - - [08/Mar/2023:23:50:47 +0100] "GET /documentation/Tarifs%20ActivMail%202011.pdf HTTP/1.1" 302 530 "-" "Mozilla/5.0 (Windows NT 10.0; Win64; x64)AppleWebKit/537.36 (KHTML, like Gecko) Chrome/91.0.4472.101 Safari/537.36 (compatible; GoogleOther)"
185.191.171.14 - - [08/Mar/2023:23:50:54 +0100] "GET /?Itemid=53&catid=7&fontstyle=f-larger&id=18&lang=fr&option=com_content&view=article HTTP/1.1" 302 576 "-" "Mozilla/5.0 (compatible; SemrushBot/7~bl; +http://www.semrush.com/bot.html)"
185.191.171.14 - - [08/Mar/2023:23:50:59 +0100] "GET /?Itemid&fontstyle=f-larger&id=331&lang=fr&option=com_content&view=article HTTP/1.1" 302 558 "-" "Mozilla/5.0 (compatible; SemrushBot/7~bl; +http://www.semrush.com/bot.html)"
185.191.171.25 - - [08/Mar/2023:23:51:11 +0100] "GET /?Itemid=16&catid=7&fontstyle=f-larger&id=49&lang=en&option=com_content&view=article HTTP/1.1" 302 576 "-" "Mozilla/5.0 (compatible; SemrushBot/7~bl; +http://www.semrush.com/bot.html)"
185.191.171.44 - - [08/Mar/2023:23:51:20 +0100] "GET /?Itemid=50&catid=7&fontstyle=f-smaller&id=35&lang=fr&option=com_content&view=article HTTP/1.1" 302 576 "-" "Mozilla/5.0 (compatible; SemrushBot/7~bl; +http://www.semrush.com/bot.html)"
185.191.171.42 - - [08/Mar/2023:23:51:20 +0100] "GET /index.php?Itemid=3&id=298&lang=fr&option=com_content&view=article HTTP/1.1" 302 545 "-" "Mozilla/5.0 (compatible; SemrushBot/7~bl; +http://www.semrush.com/bot.html)"
185.191.171.42 - - [08/Mar/2023:23:51:24 +0100] "GET /index.php?Itemid=3&id=322&lang=fr&option=com_content&view=article HTTP/1.1" 302 543 "-" "Mozilla/5.0 (compatible; SemrushBot/7~bl; +http://www.semrush.com/bot.html)"
185.191.171.14 - - [08/Mar/2023:23:51:37 +0100] "GET /?Itemid=12&catid=7&fontstyle=f-smaller&id=35&lang=fr&option=com_content&view=article HTTP/1.1" 302 576 "-" "Mozilla/5.0 (compatible; SemrushBot/7~bl; +http://www.semrush.com/bot.html)"
185.191.171.9 - - [08/Mar/2023:23:51:39 +0100] "GET /index.php?Itemid=16&catid=7&id=36&lang=fr&option=com_content&view=article HTTP/1.1" 302 557 "-" "Mozilla/5.0 (compatible; SemrushBot/7~bl; +http://www.semrush.com/bot.html)"
185.191.171.39 - - [08/Mar/2023:23:52:04 +0100] "GET /index.php?Itemid=53&catid=1&id=237&lang=fr&option=com_content&view=article HTTP/1.1" 302 561 "-" "Mozilla/5.0 (compatible; SemrushBot/7~bl; +http://www.semrush.com/bot.html)"
185.191.171.5 - - [08/Mar/2023:23:52:06 +0100] "GET /index.php?id=60&lang=en&option=com_content&view=article HTTP/1.1" 302 528 "-" "Mozilla/5.0 (compatible; SemrushBot/7~bl; +http://www.semrush.com/bot.html)"
212.129.37.175 - - [08/Mar/2023:23:52:22 +0100] "-" 408 1489 "-" "-"
185.191.171.18 - - [08/Mar/2023:23:53:03 +0100] "GET /?catid=7&fontstyle=f-larger&id=14&lang=fr&option=com_content&view=article HTTP/1.1" 302 559 "-" "Mozilla/5.0 (compatible; SemrushBot/7~bl; +http://www.semrush.com/bot.html)"
212.129.37.175 - - [08/Mar/2023:23:53:16 +0100] "-" 408 1489 "-" "-"
185.191.171.26 - - [08/Mar/2023:23:53:33 +0100] "GET /index.php?Itemid=47&catid=7&id=49&lang=fr&option=com_content&view=article HTTP/1.1" 302 556 "-" "Mozilla/5.0 (compatible; SemrushBot/7~bl; +http://www.semrush.com/bot.html)"
185.191.171.24 - - [08/Mar/2023:23:53:46 +0100] "GET /?Itemid=48&catid=7&fontstyle=f-smaller&id=52&lang=fr&option=com_content&view=article HTTP/1.1" 302 576 "-" "Mozilla/5.0 (compatible; SemrushBot/7~bl; +http://www.semrush.com/bot.html)"
185.191.171.13 - - [08/Mar/2023:23:54:12 +0100] "GET /index.php?Itemid&catid=7%3Aarticles&fontstyle=f-larger&id=23&lang=fr&option=com_xmap&view=article HTTP/1.1" 302 600 "-" "Mozilla/5.0 (compatible; SemrushBot/7~bl; +http://www.semrush.com/bot.html)"
185.191.171.8 - - [08/Mar/2023:23:54:42 +0100] "GET /?Itemid=48&catid=7&fontstyle=f-smaller&id=39&lang=en&option=com_content&view=article HTTP/1.1" 302 576 "-" "Mozilla/5.0 (compatible; SemrushBot/7~bl; +http://www.semrush.com/bot.html)"
185.191.171.7 - - [08/Mar/2023:23:54:55 +0100] "GET /?Itemid=0&fontstyle=f-smaller&id=299&lang=en&option=com_content&view=article HTTP/1.1" 302 563 "-" "Mozilla/5.0 (compatible; SemrushBot/7~bl; +http://www.semrush.com/bot.html)"
212.129.37.175 - - [08/Mar/2023:23:55:01 +0100] "-" 408 1489 "-" "-"
185.191.171.16 - - [08/Mar/2023:23:55:08 +0100] "GET /?Itemid=0&fontstyle=f-larger&id=327&lang=fr&option=com_content&view=article HTTP/1.1" 302 563 "-" "Mozilla/5.0 (compatible; SemrushBot/7~bl; +http://www.semrush.com/bot.html)"
185.191.171.7 - - [08/Mar/2023:23:55:15 +0100] "GET /?Itemid=49&catid=7&fontstyle=f-smaller&id=19&lang=fr&option=com_content&view=article HTTP/1.1" 302 575 "-" "Mozilla/5.0 (compatible; SemrushBot/7~bl; +http://www.semrush.com/bot.html)"
185.191.171.35 - - [08/Mar/2023:23:55:39 +0100] "GET /?fontstyle=f-larger&id=315&lang=fr&option=com_content&view=article HTTP/1.1" 302 548 "-" "Mozilla/5.0 (compatible; SemrushBot/7~bl; +http://www.semrush.com/bot.html)"
185.191.171.42 - - [08/Mar/2023:23:55:39 +0100] "GET /?catid=7&fontstyle=f-smaller&id=21&lang=en&option=com_content&view=article HTTP/1.1" 302 560 "-" "Mozilla/5.0 (compatible; SemrushBot/7~bl; +http://www.semrush.com/bot.html)"
185.191.171.10 - - [08/Mar/2023:23:55:50 +0100] "GET /index.php?Itemid=3&id=158&lang=fr&option=com_content&view=article HTTP/1.1" 302 546 "-" "Mozilla/5.0 (compatible; SemrushBot/7~bl; +http://www.semrush.com/bot.html)"
185.191.171.8 - - [08/Mar/2023:23:56:38 +0100] "GET /index.php?Itemid&id=367&lang=fr&option=com_content&view=article HTTP/1.1" 302 543 "-" "Mozilla/5.0 (compatible; SemrushBot/7~bl; +http://www.semrush.com/bot.html)"
185.191.171.21 - - [08/Mar/2023:23:56:44 +0100] "GET /?Itemid=0&fontstyle=f-larger&id=352&lang=fr&option=com_content&view=article HTTP/1.1" 302 562 "-" "Mozilla/5.0 (compatible; SemrushBot/7~bl; +http://www.semrush.com/bot.html)"
185.191.171.18 - - [08/Mar/2023:23:56:45 +0100] "GET /?Itemid=0&catid=7&fontstyle=f-smaller&id=24&lang=en&option=com_content&view=article HTTP/1.1" 302 576 "-" "Mozilla/5.0 (compatible; SemrushBot/7~bl; +http://www.semrush.com/bot.html)"
185.191.171.35 - - [08/Mar/2023:23:56:50 +0100] "GET /index.php?Itemid=48&catid=7&id=21&lang=en&option=com_content&view=article HTTP/1.1" 302 558 "-" "Mozilla/5.0 (compatible; SemrushBot/7~bl; +http://www.semrush.com/bot.html)"
185.191.171.13 - - [08/Mar/2023:23:56:55 +0100] "GET /?Itemid=3&catid=7&fontstyle=f-larger&id=59&lang=en&option=com_content&view=article HTTP/1.1" 302 575 "-" "Mozilla/5.0 (compatible; SemrushBot/7~bl; +http://www.semrush.com/bot.html)"
185.191.171.26 - - [08/Mar/2023:23:57:02 +0100] "GET /?Itemid=11&catid=7&fontstyle=f-larger&id=45&lang=en&option=com_content&view=article HTTP/1.1" 302 576 "-" "Mozilla/5.0 (compatible; SemrushBot/7~bl; +http://www.semrush.com/bot.html)"
212.129.37.175 - - [08/Mar/2023:23:57:15 +0100] "-" 408 1489 "-" "-"
185.191.171.39 - - [08/Mar/2023:23:57:42 +0100] "GET /index.php?Itemid=16&catid=7&id=59&lang=en&option=com_content&view=article HTTP/1.1" 302 559 "-" "Mozilla/5.0 (compatible; SemrushBot/7~bl; +http://www.semrush.com/bot.html)"
212.129.37.175 - - [08/Mar/2023:23:57:43 +0100] "-" 408 1489 "-" "-"
185.191.171.42 - - [08/Mar/2023:23:57:50 +0100] "GET /?Itemid=0&catid=7&fontstyle=f-larger&id=18&lang=en&option=com_content&view=article HTTP/1.1" 302 575 "-" "Mozilla/5.0 (compatible; SemrushBot/7~bl; +http://www.semrush.com/bot.html)"
185.191.171.35 - - [08/Mar/2023:23:57:51 +0100] "GET /?Itemid=46&catid=7&fontstyle=f-larger&id=23&lang=fr&option=com_content&view=article HTTP/1.1" 302 576 "-" "Mozilla/5.0 (compatible; SemrushBot/7~bl; +http://www.semrush.com/bot.html)"
185.191.171.14 - - [08/Mar/2023:23:58:30 +0100] "GET /?fontstyle=f-larger&id=371&lang=fr&option=com_content&view=article HTTP/1.1" 302 548 "-" "Mozilla/5.0 (compatible; SemrushBot/7~bl; +http://www.semrush.com/bot.html)"
185.191.171.38 - - [08/Mar/2023:23:58:58 +0100] "GET /?Itemid&fontstyle=f-smaller&id=71&lang=en&option=com_content&view=article HTTP/1.1" 302 559 "-" "Mozilla/5.0 (compatible; SemrushBot/7~bl; +http://www.semrush.com/bot.html)"
185.191.171.40 - - [08/Mar/2023:23:59:01 +0100] "GET /?Itemid=48&catid=7&fontstyle=f-smaller&id=62&lang=en&option=com_content&view=article HTTP/1.1" 302 576 "-" "Mozilla/5.0 (compatible; SemrushBot/7~bl; +http://www.semrush.com/bot.html)"
185.191.171.6 - - [08/Mar/2023:23:59:03 +0100] "GET /index.php?Itemid=3&catid=7&id=37&lang=en&option=com_content&view=article HTTP/1.1" 302 555 "-" "Mozilla/5.0 (compatible; SemrushBot/7~bl; +http://www.semrush.com/bot.html)"
185.191.171.2 - - [08/Mar/2023:23:59:15 +0100] "GET /index.php?Itemid=0&id=334&lang=fr&option=com_content&view=article HTTP/1.1" 302 545 "-" "Mozilla/5.0 (compatible; SemrushBot/7~bl; +http://www.semrush.com/bot.html)"
185.191.171.39 - - [08/Mar/2023:23:59:18 +0100] "GET /?catid=7&fontstyle=f-smaller&id=16&lang=fr&option=com_content&view=article HTTP/1.1" 302 560 "-" "Mozilla/5.0 (compatible; SemrushBot/7~bl; +http://www.semrush.com/bot.html)"
185.191.171.3 - - [08/Mar/2023:23:59:36 +0100] "GET /?fontstyle=f-larger&lang=en&option=com_acymailing HTTP/1.1" 302 515 "-" "Mozilla/5.0 (compatible; SemrushBot/7~bl; +http://www.semrush.com/bot.html)"
212.129.37.175 - - [08/Mar/2023:23:59:54 +0100] "-" 408 1489 "-" "-"
185.191.171.38 - - [09/Mar/2023:00:00:32 +0100] "GET /index.php?Itemid=53&catid=1&id=450&lang=en&option=com_content&view=article HTTP/1.1" 302 560 "-" "Mozilla/5.0 (compatible; SemrushBot/7~bl; +http://www.semrush.com/bot.html)"
185.191.171.7 - - [09/Mar/2023:00:00:52 +0100] "GET /index.php?Itemid=3&lang=fr&option=com_content&view=article%3D141%E3%80%88%3Dfr%3D0 HTTP/1.1" 302 574 "-" "Mozilla/5.0 (compatible; SemrushBot/7~bl; +http://www.semrush.com/bot.html)"
185.191.171.4 - - [09/Mar/2023:00:00:56 +0100] "GET /index.php?Itemid&catid=7&id=25&lang=en&option=com_content&view=article HTTP/1.1" 302 553 "-" "Mozilla/5.0 (compatible; SemrushBot/7~bl; +http://www.semrush.com/bot.html)"
185.191.171.20 - - [09/Mar/2023:00:01:06 +0100] "GET /index.php?Itemid=53&id=362&lang=fr&option=com_content&view=article HTTP/1.1" 302 548 "-" "Mozilla/5.0 (compatible; SemrushBot/7~bl; +http://www.semrush.com/bot.html)"
185.191.171.38 - - [09/Mar/2023:00:01:39 +0100] "GET /index.php?Itemid=47&catid=7&id=26&lang=en&option=com_content&view=article HTTP/1.1" 302 558 "-" "Mozilla/5.0 (compatible; SemrushBot/7~bl; +http://www.semrush.com/bot.html)"
185.191.171.20 - - [09/Mar/2023:00:01:56 +0100] "GET /?Itemid&catid=7&fontstyle=f-larger&id=64&lang=fr&option=com_content&view=article HTTP/1.1" 302 572 "-" "Mozilla/5.0 (compatible; SemrushBot/7~bl; +http://www.semrush.com/bot.html)"
185.191.171.21 - - [09/Mar/2023:00:02:02 +0100] "GET /?Itemid=0&catid=7&fontstyle=f-smaller&id=141%E2%8C%A9%3Dfr&lang=en&option=com_content&view=article HTTP/1.1" 302 604 "-" "Mozilla/5.0 (compatible; SemrushBot/7~bl; +http://www.semrush.com/bot.html)"
212.129.37.175 - - [09/Mar/2023:00:02:09 +0100] "-" 408 1489 "-" "-"
185.191.171.35 - - [09/Mar/2023:00:02:41 +0100] "GET /?Itemid=5&catid=7&fontstyle=f-smaller&id=27&lang=en&option=com_content&view=article HTTP/1.1" 302 574 "-" "Mozilla/5.0 (compatible; SemrushBot/7~bl; +http://www.semrush.com/bot.html)"
185.191.171.23 - - [09/Mar/2023:00:02:55 +0100] "GET /?Itemid&fontstyle=f-larger&id=364&lang=en&option=com_content&view=article HTTP/1.1" 302 560 "-" "Mozilla/5.0 (compatible; SemrushBot/7~bl; +http://www.semrush.com/bot.html)"
185.191.171.5 - - [09/Mar/2023:00:03:09 +0100] "GET /index.php?Itemid=14&catid=7&id=35&lang=fr&option=com_content&view=article HTTP/1.1" 302 559 "-" "Mozilla/5.0 (compatible; SemrushBot/7~bl; +http://www.semrush.com/bot.html)"
185.191.171.10 - - [09/Mar/2023:00:03:18 +0100] "GET /index.php?Itemid=49&catid=7&id=21&lang=fr&option=com_content&view=article HTTP/1.1" 302 559 "-" "Mozilla/5.0 (compatible; SemrushBot/7~bl; +http://www.semrush.com/bot.html)"
185.191.171.38 - - [09/Mar/2023:00:03:31 +0100] "GET /?catid=7&fontstyle=f-smaller&id=50&lang=en&option=com_content&view=article HTTP/1.1" 302 560 "-" "Mozilla/5.0 (compatible; SemrushBot/7~bl; +http://www.semrush.com/bot.html)"
185.191.171.24 - - [09/Mar/2023:00:03:37 +0100] "GET /?Itemid=3&catid=1&fontstyle=f-smaller&id=473&lang=fr&option=com_content&view=article HTTP/1.1" 302 578 "-" "Mozilla/5.0 (compatible; SemrushBot/7~bl; +http://www.semrush.com/bot.html)"
185.191.171.5 - - [09/Mar/2023:00:04:43 +0100] "GET /?Itemid=53&catid=1&fontstyle=f-smaller&id=480&lang=en&option=com_content&view=article HTTP/1.1" 302 578 "-" "Mozilla/5.0 (compatible; SemrushBot/7~bl; +http://www.semrush.com/bot.html)"
212.129.37.175 - - [09/Mar/2023:00:04:47 +0100] "-" 408 1489 "-" "-"
185.191.171.42 - - [09/Mar/2023:00:04:52 +0100] "GET /index.php?Itemid=53&catid=1&id=416%3F%3Dfr&lang=en&option=com_content&view=article HTTP/1.1" 302 575 "-" "Mozilla/5.0 (compatible; SemrushBot/7~bl; +http://www.semrush.com/bot.html)"
185.191.171.9 - - [09/Mar/2023:00:05:03 +0100] "GET /?Itemid=46&catid=7&fontstyle=f-larger&id=30&lang=fr&option=com_content&view=article HTTP/1.1" 302 576 "-" "Mozilla/5.0 (compatible; SemrushBot/7~bl; +http://www.semrush.com/bot.html)"
185.191.171.5 - - [09/Mar/2023:00:06:03 +0100] "GET /?Itemid=3&fontstyle=f-smaller&id=328&lang=fr&option=com_content&view=article HTTP/1.1" 302 562 "-" "Mozilla/5.0 (compatible; SemrushBot/7~bl; +http://www.semrush.com/bot.html)"
185.191.171.6 - - [09/Mar/2023:00:06:24 +0100] "GET /index.php?Itemid=3&id=312&lang=fr&option=com_content&view=article HTTP/1.1" 302 544 "-" "Mozilla/5.0 (compatible; SemrushBot/7~bl; +http://www.semrush.com/bot.html)"
212.129.37.175 - - [09/Mar/2023:00:06:36 +0100] "-" 408 1489 "-" "-"
185.191.171.13 - - [09/Mar/2023:00:07:00 +0100] "GET /index.php?Itemid=3&id=321&lang=en&option=com_content&view=article HTTP/1.1" 302 543 "-" "Mozilla/5.0 (compatible; SemrushBot/7~bl; +http://www.semrush.com/bot.html)"
185.191.171.43 - - [09/Mar/2023:00:07:24 +0100] "GET /index.php?Itemid&fontstyle=f-larger&lang=en&option=com_xmap&sitemap=1 HTTP/1.1" 302 552 "-" "Mozilla/5.0 (compatible; SemrushBot/7~bl; +http://www.semrush.com/bot.html)"
185.191.171.16 - - [09/Mar/2023:00:07:27 +0100] "GET /index.php?Itemid=53&id=313&lang=fr&option=com_content&view=article HTTP/1.1" 302 546 "-" "Mozilla/5.0 (compatible; SemrushBot/7~bl; +http://www.semrush.com/bot.html)"
185.191.171.14 - - [09/Mar/2023:00:07:30 +0100] "GET /index.php?Itemid&id=319&lang=fr&option=com_content&view=article HTTP/1.1" 302 542 "-" "Mozilla/5.0 (compatible; SemrushBot/7~bl; +http://www.semrush.com/bot.html)"
185.191.171.25 - - [09/Mar/2023:00:07:32 +0100] "GET /index.php?Itemid=0&id=363&lang=fr&option=com_content&view=article HTTP/1.1" 302 546 "-" "Mozilla/5.0 (compatible; SemrushBot/7~bl; +http://www.semrush.com/bot.html)"
185.191.171.2 - - [09/Mar/2023:00:07:34 +0100] "GET /index.php?Itemid=50&catid=7&id=51&lang=en&option=com_content&view=article HTTP/1.1" 302 556 "-" "Mozilla/5.0 (compatible; SemrushBot/7~bl; +http://www.semrush.com/bot.html)"
185.191.171.1 - - [09/Mar/2023:00:08:29 +0100] "GET /index.php?Itemid=0&id=346&lang=en&option=com_content&view=article HTTP/1.1" 302 545 "-" "Mozilla/5.0 (compatible; SemrushBot/7~bl; +http://www.semrush.com/bot.html)"
185.191.171.23 - - [09/Mar/2023:00:08:38 +0100] "GET /?Itemid=3&fontstyle=f-larger&id=323&lang=fr&option=com_content&view=article HTTP/1.1" 302 559 "-" "Mozilla/5.0 (compatible; SemrushBot/7~bl; +http://www.semrush.com/bot.html)"
185.191.171.1 - - [09/Mar/2023:00:09:40 +0100] "GET /index.php?Itemid=53&catid=1&id=449%E2%8C%A9%3Dfr&lang=fr&option=com_content&view=article HTTP/1.1" 302 586 "-" "Mozilla/5.0 (compatible; SemrushBot/7~bl; +http://www.semrush.com/bot.html)"
212.129.37.175 - - [09/Mar/2023:00:09:41 +0100] "-" 408 1489 "-" "-"
185.191.171.41 - - [09/Mar/2023:00:09:46 +0100] "GET /?Itemid=47&catid=7&fontstyle=f-smaller&id=49&lang=fr&option=com_content&view=article HTTP/1.1" 302 574 "-" "Mozilla/5.0 (compatible; SemrushBot/7~bl; +http://www.semrush.com/bot.html)"
185.191.171.36 - - [09/Mar/2023:00:09:49 +0100] "GET /?Itemid=46&catid=7&fontstyle=f-smaller&id=5&lang=en&option=com_content&view=article HTTP/1.1" 302 574 "-" "Mozilla/5.0 (compatible; SemrushBot/7~bl; +http://www.semrush.com/bot.html)"
185.191.171.35 - - [09/Mar/2023:00:10:35 +0100] "GET /index.php?Itemid=3&catid=7&id=29&lang=en&option=com_content&view=article HTTP/1.1" 302 556 "-" "Mozilla/5.0 (compatible; SemrushBot/7~bl; +http://www.semrush.com/bot.html)"
212.129.37.175 - - [09/Mar/2023:00:11:02 +0100] "-" 408 1489 "-" "-"
185.191.171.33 - - [09/Mar/2023:00:11:10 +0100] "GET /index.php?Itemid=47&catid=7&id=37&lang=en&option=com_content&view=article HTTP/1.1" 302 557 "-" "Mozilla/5.0 (compatible; SemrushBot/7~bl; +http://www.semrush.com/bot.html)"
185.191.171.36 - - [09/Mar/2023:00:11:41 +0100] "GET /?Itemid=49&catid=7&fontstyle=f-smaller&id=26&lang=fr&option=com_content&view=article HTTP/1.1" 302 576 "-" "Mozilla/5.0 (compatible; SemrushBot/7~bl; +http://www.semrush.com/bot.html)"
185.191.171.11 - - [09/Mar/2023:00:12:03 +0100] "GET /?Itemid=16&catid=7&fontstyle=f-smaller&id=57&lang=en&option=com_content&view=article HTTP/1.1" 302 575 "-" "Mozilla/5.0 (compatible; SemrushBot/7~bl; +http://www.semrush.com/bot.html)"
185.191.171.42 - - [09/Mar/2023:00:12:13 +0100] "GET /?Itemid=16&catid=7&fontstyle=f-smaller&id=22&lang=fr&option=com_content&view=article HTTP/1.1" 302 576 "-" "Mozilla/5.0 (compatible; SemrushBot/7~bl; +http://www.semrush.com/bot.html)"
185.191.171.5 - - [09/Mar/2023:00:12:39 +0100] "GET /index.php?Itemid=46&catid=7&id=59&lang=fr&option=com_content&view=article HTTP/1.1" 302 559 "-" "Mozilla/5.0 (compatible; SemrushBot/7~bl; +http://www.semrush.com/bot.html)"
185.191.171.19 - - [09/Mar/2023:00:12:42 +0100] "GET /?Itemid=46&catid=7&fontstyle=f-larger&id=29&lang=fr&option=com_content&view=article HTTP/1.1" 302 576 "-" "Mozilla/5.0 (compatible; SemrushBot/7~bl; +http://www.semrush.com/bot.html)"
185.191.171.10 - - [09/Mar/2023:00:12:50 +0100] "GET /index.php?Itemid=3&catid=1&id=411%3F%3Dfr&lang=fr&option=com_content&view=article HTTP/1.1" 302 571 "-" "Mozilla/5.0 (compatible; SemrushBot/7~bl; +http://www.semrush.com/bot.html)"
185.191.171.22 - - [09/Mar/2023:00:13:07 +0100] "GET /?Itemid=46&catid=7&fontstyle=f-smaller&id=23&lang=en&option=com_content&view=article HTTP/1.1" 302 576 "-" "Mozilla/5.0 (compatible; SemrushBot/7~bl; +http://www.semrush.com/bot.html)"
185.191.171.15 - - [09/Mar/2023:00:13:21 +0100] "GET /?Itemid=0&fontstyle=f-smaller&id=196&lang=en&option=com_content&view=article HTTP/1.1" 302 564 "-" "Mozilla/5.0 (compatible; SemrushBot/7~bl; +http://www.semrush.com/bot.html)"
185.191.171.24 - - [09/Mar/2023:00:13:50 +0100] "GET /index.php?Itemid=0&id=372&lang=fr&option=com_content&view=article HTTP/1.1" 302 546 "-" "Mozilla/5.0 (compatible; SemrushBot/7~bl; +http://www.semrush.com/bot.html)"
185.191.171.7 - - [09/Mar/2023:00:14:10 +0100] "GET /index.php?Itemid=48&catid=7&id=44&lang=en&option=com_content&view=article HTTP/1.1" 302 556 "-" "Mozilla/5.0 (compatible; SemrushBot/7~bl; +http://www.semrush.com/bot.html)"
185.191.171.39 - - [09/Mar/2023:00:14:11 +0100] "GET /index.php?Itemid=0&id=206&lang=fr&option=com_content&view=article HTTP/1.1" 302 545 "-" "Mozilla/5.0 (compatible; SemrushBot/7~bl; +http://www.semrush.com/bot.html)"
212.129.37.175 - - [09/Mar/2023:00:14:34 +0100] "-" 408 1489 "-" "-"
185.191.171.40 - - [09/Mar/2023:00:14:49 +0100] "GET /index.php?Itemid=53&id=360&lang=en&option=com_content&view=article HTTP/1.1" 302 547 "-" "Mozilla/5.0 (compatible; SemrushBot/7~bl; +http://www.semrush.com/bot.html)"
185.191.171.17 - - [09/Mar/2023:00:15:00 +0100] "GET /index.php?id=280&lang=fr&option=com_content&view=article HTTP/1.1" 302 530 "-" "Mozilla/5.0 (compatible; SemrushBot/7~bl; +http://www.semrush.com/bot.html)"
185.191.171.41 - - [09/Mar/2023:00:15:12 +0100] "GET /?Itemid=53&fontstyle=f-smaller&id=322&lang=fr&option=com_content&view=article HTTP/1.1" 302 564 "-" "Mozilla/5.0 (compatible; SemrushBot/7~bl; +http://www.semrush.com/bot.html)"
212.129.37.175 - - [09/Mar/2023:00:15:29 +0100] "-" 408 1489 "-" "-"
185.191.171.1 - - [09/Mar/2023:00:15:30 +0100] "GET /index.php?Itemid&id=313&lang=fr&option=com_content&view=article HTTP/1.1" 302 542 "-" "Mozilla/5.0 (compatible; SemrushBot/7~bl; +http://www.semrush.com/bot.html)"
185.191.171.24 - - [09/Mar/2023:00:16:04 +0100] "GET /?Itemid=16&catid=7&fontstyle=f-larger&id=73&lang=fr&option=com_content&view=article HTTP/1.1" 302 575 "-" "Mozilla/5.0 (compatible; SemrushBot/7~bl; +http://www.semrush.com/bot.html)"
185.191.171.8 - - [09/Mar/2023:00:16:41 +0100] "GET /?Itemid&catid=7&fontstyle=f-smaller&id=62&lang=fr&option=com_content&view=article HTTP/1.1" 302 572 "-" "Mozilla/5.0 (compatible; SemrushBot/7~bl; +http://www.semrush.com/bot.html)"
185.191.171.8 - - [09/Mar/2023:00:17:03 +0100] "GET /?catid=7&fontstyle=f-smaller&id=61&lang=en&option=com_content&view=article HTTP/1.1" 302 561 "-" "Mozilla/5.0 (compatible; SemrushBot/7~bl; +http://www.semrush.com/bot.html)"
185.191.171.17 - - [09/Mar/2023:00:17:14 +0100] "GET /index.php?Itemid=3&catid=7&id=29%3D7%E3%80%88%3Dfr&lang=fr&option=com_content&view=article HTTP/1.1" 302 589 "-" "Mozilla/5.0 (compatible; SemrushBot/7~bl; +http://www.semrush.com/bot.html)"
185.191.171.40 - - [09/Mar/2023:00:17:18 +0100] "GET /?Itemid=0&catid=7&fontstyle=f-smaller&id=36&lang=en&option=com_content&view=article HTTP/1.1" 302 577 "-" "Mozilla/5.0 (compatible; SemrushBot/7~bl; +http://www.semrush.com/bot.html)"
185.191.171.3 - - [09/Mar/2023:00:17:20 +0100] "GET /index.php?Itemid=11&catid=7&id=29&lang=en&option=com_content&view=article HTTP/1.1" 302 558 "-" "Mozilla/5.0 (compatible; SemrushBot/7~bl; +http://www.semrush.com/bot.html)"
185.191.171.23 - - [09/Mar/2023:00:17:44 +0100] "GET /robots.txt HTTP/1.1" 302 441 "-" "Mozilla/5.0 (compatible; SemrushBot/7~bl; +http://www.semrush.com/bot.html)"
185.191.171.22 - - [09/Mar/2023:00:17:45 +0100] "GET /index.php?Itemid=47&catid=7&id=45&lang=fr&option=com_content&view=article HTTP/1.1" 302 556 "-" "Mozilla/5.0 (compatible; SemrushBot/7~bl; +http://www.semrush.com/bot.html)"
185.191.171.26 - - [09/Mar/2023:00:17:53 +0100] "GET /index.php?Itemid=0&id=326&lang=en&option=com_content&view=article HTTP/1.1" 302 545 "-" "Mozilla/5.0 (compatible; SemrushBot/7~bl; +http://www.semrush.com/bot.html)"
185.191.171.12 - - [09/Mar/2023:00:18:14 +0100] "GET /?Itemid=45&catid=7&fontstyle=f-smaller&id=23&lang=en&option=com_content&view=article HTTP/1.1" 302 576 "-" "Mozilla/5.0 (compatible; SemrushBot/7~bl; +http://www.semrush.com/bot.html)"
185.191.171.22 - - [09/Mar/2023:00:18:16 +0100] "GET /index.php?Itemid&catid=7&id=24&lang=fr&option=com_content&view=article HTTP/1.1" 302 554 "-" "Mozilla/5.0 (compatible; SemrushBot/7~bl; +http://www.semrush.com/bot.html)"
185.191.171.11 - - [09/Mar/2023:00:18:22 +0100] "GET /?Itemid=3&fontstyle=f-larger&id=350&lang=en&option=com_content&view=article HTTP/1.1" 302 562 "-" "Mozilla/5.0 (compatible; SemrushBot/7~bl; +http://www.semrush.com/bot.html)"
185.191.171.8 - - [09/Mar/2023:00:18:52 +0100] "GET /index.php?Itemid=0&id=354&lang=en&option=com_content&view=article HTTP/1.1" 302 545 "-" "Mozilla/5.0 (compatible; SemrushBot/7~bl; +http://www.semrush.com/bot.html)"
185.191.171.36 - - [09/Mar/2023:00:19:02 +0100] "GET /index.php?Itemid=53&catid=7&id=63&lang=fr&option=com_content&view=article HTTP/1.1" 302 557 "-" "Mozilla/5.0 (compatible; SemrushBot/7~bl; +http://www.semrush.com/bot.html)"
185.191.171.25 - - [09/Mar/2023:00:19:02 +0100] "GET /?Itemid=53&catid=7&fontstyle=f-smaller&id=61&lang=fr&option=com_content&view=article HTTP/1.1" 302 576 "-" "Mozilla/5.0 (compatible; SemrushBot/7~bl; +http://www.semrush.com/bot.html)"
212.129.37.175 - - [09/Mar/2023:00:19:28 +0100] "-" 408 1489 "-" "-"
212.129.37.175 - - [09/Mar/2023:00:19:55 +0100] "-" 408 1489 "-" "-"
185.191.171.33 - - [09/Mar/2023:00:20:35 +0100] "GET /index.php?Itemid=3&catid=7&id=16&lang=fr&option=com_content&view=article HTTP/1.1" 302 557 "-" "Mozilla/5.0 (compatible; SemrushBot/7~bl; +http://www.semrush.com/bot.html)"
185.191.171.2 - - [09/Mar/2023:00:20:38 +0100] "GET /index.php?Itemid=53&catid=7&id=5&lang=en&option=com_content&view=article HTTP/1.1" 302 555 "-" "Mozilla/5.0 (compatible; SemrushBot/7~bl; +http://www.semrush.com/bot.html)"
