185.191.171.19 - - [08/Mar/2023:20:31:11 +0100] "GET /?Itemid=16&catid=7&fontstyle=f-larger&id=23&lang=en&option=com_content&view=article HTTP/1.1" 302 576 "-" "Mozilla/5.0 (compatible; SemrushBot/7~bl; +http://www.semrush.com/bot.html)"
185.191.171.11 - - [08/Mar/2023:20:31:20 +0100] "GET /?Itemid=11&catid=7&fontstyle=f-larger&id=37&lang=fr&option=com_content&view=article HTTP/1.1" 302 574 "-" "Mozilla/5.0 (compatible; SemrushBot/7~bl; +http://www.semrush.com/bot.html)"
185.191.171.13 - - [08/Mar/2023:20:31:27 +0100] "GET /index.php?Itemid=12&id=60&lang=fr&option=com_content&view=article HTTP/1.1" 302 546 "-" "Mozilla/5.0 (compatible; SemrushBot/7~bl; +http://www.semrush.com/bot.html)"
185.191.171.43 - - [08/Mar/2023:20:31:36 +0100] "GET /?Itemid=0&fontstyle=f-smaller&id=261&lang=fr&option=com_content&view=article HTTP/1.1" 302 563 "-" "Mozilla/5.0 (compatible; SemrushBot/7~bl; +http://www.semrush.com/bot.html)"
185.191.171.24 - - [08/Mar/2023:20:31:43 +0100] "GET /?Itemid=14&catid=7&fontstyle=f-larger&id=61&lang=en&option=com_content&view=article HTTP/1.1" 302 576 "-" "Mozilla/5.0 (compatible; SemrushBot/7~bl; +http://www.semrush.com/bot.html)"
185.191.171.39 - - [08/Mar/2023:20:31:45 +0100] "GET /?Itemid=53&fontstyle=f-larger&id=280&lang=fr&option=com_content&view=article HTTP/1.1" 302 564 "-" "Mozilla/5.0 (compatible; SemrushBot/7~bl; +http://www.semrush.com/bot.html)"
212.129.37.175 - - [08/Mar/2023:20:31:45 +0100] "-" 408 1489 "-" "-"
185.191.171.5 - - [08/Mar/2023:20:32:03 +0100] "GET /?Itemid=53&catid=1&fontstyle=f-larger&id=414&lang=en&option=com_content&view=article HTTP/1.1" 302 578 "-" "Mozilla/5.0 (compatible; SemrushBot/7~bl; +http://www.semrush.com/bot.html)"
185.191.171.3 - - [08/Mar/2023:20:32:08 +0100] "GET /?Itemid=53&catid=7&fontstyle=f-larger&id=26&lang=fr&option=com_content&view=article HTTP/1.1" 302 576 "-" "Mozilla/5.0 (compatible; SemrushBot/7~bl; +http://www.semrush.com/bot.html)"
185.191.171.43 - - [08/Mar/2023:20:32:10 +0100] "GET /index.php?Itemid=3&catid=7&id=32&lang=en&option=com_content&view=article HTTP/1.1" 302 556 "-" "Mozilla/5.0 (compatible; SemrushBot/7~bl; +http://www.semrush.com/bot.html)"
185.191.171.34 - - [08/Mar/2023:20:32:11 +0100] "GET /index.php?Itemid=3&catid=1&id=486&lang=fr&option=com_content&view=article HTTP/1.1" 302 559 "-" "Mozilla/5.0 (compatible; SemrushBot/7~bl; +http://www.semrush.com/bot.html)"
185.191.171.37 - - [08/Mar/2023:20:32:18 +0100] "GET /?Itemid=48&catid=7&fontstyle=f-larger&id=18&lang=fr&option=com_content&view=article HTTP/1.1" 302 575 "-" "Mozilla/5.0 (compatible; SemrushBot/7~bl; +http://www.semrush.com/bot.html)"
185.191.171.9 - - [08/Mar/2023:20:33:18 +0100] "GET /?Itemid=0&fontstyle=f-larger&id=171&lang=en&option=com_content&view=article HTTP/1.1" 302 563 "-" "Mozilla/5.0 (compatible; SemrushBot/7~bl; +http://www.semrush.com/bot.html)"
185.191.171.26 - - [08/Mar/2023:20:33:20 +0100] "GET /index.php?Itemid=53&catid=1&id=419%E2%8C%A9%3Dfr&lang=fr&option=com_content&view=article HTTP/1.1" 302 586 "-" "Mozilla/5.0 (compatible; SemrushBot/7~bl; +http://www.semrush.com/bot.html)"
212.129.37.175 - - [08/Mar/2023:20:33:21 +0100] "-" 408 1489 "-" "-"
185.191.171.45 - - [08/Mar/2023:20:33:42 +0100] "GET /index.php?Itemid&id=309&lang=en&option=com_content&view=article HTTP/1.1" 302 541 "-" "Mozilla/5.0 (compatible; SemrushBot/7~bl; +http://www.semrush.com/bot.html)"
185.191.171.33 - - [08/Mar/2023:20:34:01 +0100] "GET /?Itemid=50&catid=7&fontstyle=f-larger&id=38&lang=fr&option=com_content&view=article HTTP/1.1" 302 576 "-" "Mozilla/5.0 (compatible; SemrushBot/7~bl; +http://www.semrush.com/bot.html)"
185.191.171.35 - - [08/Mar/2023:20:34:23 +0100] "GET /index.php?Itemid=3&catid=7&id=31&lang=fr&option=com_content&view=article HTTP/1.1" 302 556 "-" "Mozilla/5.0 (compatible; SemrushBot/7~bl; +http://www.semrush.com/bot.html)"
185.191.171.4 - - [08/Mar/2023:20:34:25 +0100] "GET /index.php?Itemid=99999&id=140&lang=en&option=com_content&view=article HTTP/1.1" 302 549 "-" "Mozilla/5.0 (compatible; SemrushBot/7~bl; +http://www.semrush.com/bot.html)"
185.191.171.20 - - [08/Mar/2023:20:34:28 +0100] "GET /index.php?Itemid=47&catid=7&id=26&lang=fr&option=com_content&view=article HTTP/1.1" 302 559 "-" "Mozilla/5.0 (compatible; SemrushBot/7~bl; +http://www.semrush.com/bot.html)"
212.129.37.175 - - [08/Mar/2023:20:34:33 +0100] "-" 408 1489 "-" "-"
185.191.171.24 - - [08/Mar/2023:20:34:56 +0100] "GET /?Itemid=53&catid=1&fontstyle=f-larger&id=483&lang=en&option=com_content&view=article HTTP/1.1" 302 576 "-" "Mozilla/5.0 (compatible; SemrushBot/7~bl; +http://www.semrush.com/bot.html)"
66.175.44.39 - - [08/Mar/2023:20:35:09 +0100] "-" 408 0 "-" "-"
51.254.59.114 - - [08/Mar/2023:20:35:30 +0100] "GET / HTTP/1.1" 404 2127 "-" "Mozilla/5.0 (Windows NT 6.1) AppleWebKit/537.36 (KHTML, like Gecko) Chrome/41.0.2228.0 Safari/537.36"
185.191.171.45 - - [08/Mar/2023:20:35:43 +0100] "GET /?Itemid=3&fontstyle=f-larger&id=1&lang=en&layout=blog&limitstart=45&option=com_content&view=category HTTP/1.1" 302 603 "-" "Mozilla/5.0 (compatible; SemrushBot/7~bl; +http://www.semrush.com/bot.html)"
185.191.171.44 - - [08/Mar/2023:20:36:25 +0100] "GET /index.php?catid=7&id=46&lang=fr&option=com_content&view=article HTTP/1.1" 302 542 "-" "Mozilla/5.0 (compatible; SemrushBot/7~bl; +http://www.semrush.com/bot.html)"
212.129.37.175 - - [08/Mar/2023:20:36:38 +0100] "-" 408 1489 "-" "-"
185.191.171.1 - - [08/Mar/2023:20:36:45 +0100] "GET /?Itemid=45&catid=7&fontstyle=f-larger&id=64&lang=en&option=com_content&view=article HTTP/1.1" 302 576 "-" "Mozilla/5.0 (compatible; SemrushBot/7~bl; +http://www.semrush.com/bot.html)"
185.191.171.5 - - [08/Mar/2023:20:37:17 +0100] "GET /?Itemid=14&catid=7&fontstyle=f-larger&id=57&lang=fr&option=com_content&view=article HTTP/1.1" 302 575 "-" "Mozilla/5.0 (compatible; SemrushBot/7~bl; +http://www.semrush.com/bot.html)"
185.191.171.35 - - [08/Mar/2023:20:37:21 +0100] "GET /?Itemid=3&fontstyle=f-smaller&id=359&lang=fr&option=com_content&view=article HTTP/1.1" 302 563 "-" "Mozilla/5.0 (compatible; SemrushBot/7~bl; +http://www.semrush.com/bot.html)"
185.191.171.9 - - [08/Mar/2023:20:37:35 +0100] "GET /index.php?Itemid=50&catid=7&id=62&lang=en&option=com_content&view=article HTTP/1.1" 302 558 "-" "Mozilla/5.0 (compatible; SemrushBot/7~bl; +http://www.semrush.com/bot.html)"
212.129.37.175 - - [08/Mar/2023:20:37:47 +0100] "-" 408 1489 "-" "-"
185.191.171.26 - - [08/Mar/2023:20:37:55 +0100] "GET /index.php?lang=en&option=com_content&view=frontpage HTTP/1.1" 302 519 "-" "Mozilla/5.0 (compatible; SemrushBot/7~bl; +http://www.semrush.com/bot.html)"
185.191.171.35 - - [08/Mar/2023:20:37:57 +0100] "GET /?Itemid=53&catid=7&fontstyle=f-smaller&id=23&lang=fr&option=com_content&view=article HTTP/1.1" 302 575 "-" "Mozilla/5.0 (compatible; SemrushBot/7~bl; +http://www.semrush.com/bot.html)"
185.191.171.2 - - [08/Mar/2023:20:38:05 +0100] "GET /?Itemid=0&fontstyle=f-smaller&id=313&lang=fr&option=com_content&view=article HTTP/1.1" 302 562 "-" "Mozilla/5.0 (compatible; SemrushBot/7~bl; +http://www.semrush.com/bot.html)"
185.191.171.6 - - [08/Mar/2023:20:38:42 +0100] "GET /?Itemid=53&fontstyle=f-larger&id=303&lang=en&option=com_content&view=article HTTP/1.1" 302 563 "-" "Mozilla/5.0 (compatible; SemrushBot/7~bl; +http://www.semrush.com/bot.html)"
185.191.171.16 - - [08/Mar/2023:20:38:47 +0100] "GET /?Itemid=45&catid=7&fontstyle=f-smaller&id=51&lang=en&option=com_content&view=article HTTP/1.1" 302 576 "-" "Mozilla/5.0 (compatible; SemrushBot/7~bl; +http://www.semrush.com/bot.html)"
212.129.37.175 - - [08/Mar/2023:20:39:26 +0100] "-" 408 1489 "-" "-"
185.191.171.7 - - [08/Mar/2023:20:39:59 +0100] "GET /index.php?Itemid&id=319&lang=en&option=com_content&view=article HTTP/1.1" 302 542 "-" "Mozilla/5.0 (compatible; SemrushBot/7~bl; +http://www.semrush.com/bot.html)"
185.191.171.33 - - [08/Mar/2023:20:40:06 +0100] "GET /index.php?id=325&lang=fr&option=com_content&view=article HTTP/1.1" 302 530 "-" "Mozilla/5.0 (compatible; SemrushBot/7~bl; +http://www.semrush.com/bot.html)"
185.191.171.23 - - [08/Mar/2023:20:40:10 +0100] "GET /index.php?Itemid=53&id=307&lang=fr&option=com_content&view=article HTTP/1.1" 302 548 "-" "Mozilla/5.0 (compatible; SemrushBot/7~bl; +http://www.semrush.com/bot.html)"
185.191.171.23 - - [08/Mar/2023:20:40:24 +0100] "GET /?Itemid=3&catid=1&fontstyle=f-larger&id=481&lang=en&option=com_content&view=article HTTP/1.1" 302 575 "-" "Mozilla/5.0 (compatible; SemrushBot/7~bl; +http://www.semrush.com/bot.html)"
185.191.171.38 - - [08/Mar/2023:20:40:48 +0100] "GET /?fontstyle=f-larger&id=362&lang=fr&option=com_content&view=article HTTP/1.1" 302 548 "-" "Mozilla/5.0 (compatible; SemrushBot/7~bl; +http://www.semrush.com/bot.html)"
185.191.171.26 - - [08/Mar/2023:20:41:11 +0100] "GET /index.php?Itemid=45&catid=7&id=51&lang=fr&option=com_content&view=article HTTP/1.1" 302 559 "-" "Mozilla/5.0 (compatible; SemrushBot/7~bl; +http://www.semrush.com/bot.html)"
185.191.171.38 - - [08/Mar/2023:20:41:20 +0100] "GET /?Itemid&catid=8&fontstyle=f-larger&id=115&lang=fr&option=com_content&view=article HTTP/1.1" 302 574 "-" "Mozilla/5.0 (compatible; SemrushBot/7~bl; +http://www.semrush.com/bot.html)"
212.129.37.175 - - [08/Mar/2023:20:41:32 +0100] "-" 408 1489 "-" "-"
185.191.171.6 - - [08/Mar/2023:20:41:38 +0100] "GET /?Itemid=3&catid=1&fontstyle=f-smaller&id=489&lang=fr&option=com_content&view=article HTTP/1.1" 302 579 "-" "Mozilla/5.0 (compatible; SemrushBot/7~bl; +http://www.semrush.com/bot.html)"
185.191.171.6 - - [08/Mar/2023:20:41:43 +0100] "GET /index.php?Itemid=16&catid=7&id=58&lang=fr&option=com_content&view=article HTTP/1.1" 302 559 "-" "Mozilla/5.0 (compatible; SemrushBot/7~bl; +http://www.semrush.com/bot.html)"
185.191.171.18 - - [08/Mar/2023:20:41:46 +0100] "GET /?fontstyle=f-larger&id=330&lang=fr&option=com_content&view=article HTTP/1.1" 302 546 "-" "Mozilla/5.0 (compatible; SemrushBot/7~bl; +http://www.semrush.com/bot.html)"
185.191.171.3 - - [08/Mar/2023:20:42:02 +0100] "GET /?Itemid=53&catid=1&fontstyle=f-smaller&id=419&lang=en&option=com_content&view=article HTTP/1.1" 302 578 "-" "Mozilla/5.0 (compatible; SemrushBot/7~bl; +http://www.semrush.com/bot.html)"
185.191.171.37 - - [08/Mar/2023:20:42:08 +0100] "GET /?Itemid&fontstyle=f-larger&id=304&lang=fr&option=com_content&view=article HTTP/1.1" 302 559 "-" "Mozilla/5.0 (compatible; SemrushBot/7~bl; +http://www.semrush.com/bot.html)"
212.129.37.175 - - [08/Mar/2023:20:42:14 +0100] "-" 408 1489 "-" "-"
185.191.171.23 - - [08/Mar/2023:20:42:14 +0100] "GET /?Itemid=53&fontstyle=f-smaller&id=352&lang=en&option=com_content&view=article HTTP/1.1" 302 565 "-" "Mozilla/5.0 (compatible; SemrushBot/7~bl; +http://www.semrush.com/bot.html)"
185.191.171.33 - - [08/Mar/2023:20:42:20 +0100] "GET /index.php?Itemid&id=278&lang=en&option=com_content&view=article HTTP/1.1" 302 542 "-" "Mozilla/5.0 (compatible; SemrushBot/7~bl; +http://www.semrush.com/bot.html)"
185.191.171.23 - - [08/Mar/2023:20:42:44 +0100] "GET /?fontstyle=f-smaller&id=352&lang=fr&option=com_content&view=article HTTP/1.1" 302 548 "-" "Mozilla/5.0 (compatible; SemrushBot/7~bl; +http://www.semrush.com/bot.html)"
185.191.171.38 - - [08/Mar/2023:20:42:51 +0100] "GET /?Itemid=48&catid=7&fontstyle=f-larger&id=21&lang=en&option=com_content&view=article HTTP/1.1" 302 576 "-" "Mozilla/5.0 (compatible; SemrushBot/7~bl; +http://www.semrush.com/bot.html)"
185.191.171.36 - - [08/Mar/2023:20:42:54 +0100] "GET /index.php?Itemid=53&catid=7&id=25&lang=fr&option=com_content&view=article HTTP/1.1" 302 559 "-" "Mozilla/5.0 (compatible; SemrushBot/7~bl; +http://www.semrush.com/bot.html)"
185.191.171.10 - - [08/Mar/2023:20:42:59 +0100] "GET /index.php?Itemid=3&id=369&lang=en&option=com_content&view=article HTTP/1.1" 302 545 "-" "Mozilla/5.0 (compatible; SemrushBot/7~bl; +http://www.semrush.com/bot.html)"
185.191.171.42 - - [08/Mar/2023:20:43:01 +0100] "GET /?Itemid=53&catid=1&fontstyle=f-smaller&id=416%3F%3Dfr&lang=fr&option=com_content&view=article HTTP/1.1" 302 593 "-" "Mozilla/5.0 (compatible; SemrushBot/7~bl; +http://www.semrush.com/bot.html)"
185.191.171.23 - - [08/Mar/2023:20:43:02 +0100] "GET /?Itemid=48&catid=7&fontstyle=f-larger&id=50&lang=fr&option=com_content&view=article HTTP/1.1" 302 576 "-" "Mozilla/5.0 (compatible; SemrushBot/7~bl; +http://www.semrush.com/bot.html)"
185.191.171.26 - - [08/Mar/2023:20:43:46 +0100] "GET /index.php?Itemid=0&id=304&lang=fr&option=com_content&view=article HTTP/1.1" 302 545 "-" "Mozilla/5.0 (compatible; SemrushBot/7~bl; +http://www.semrush.com/bot.html)"
185.191.171.23 - - [08/Mar/2023:20:43:56 +0100] "GET /?Itemid=0&fontstyle=f-smaller&id=316&lang=fr&option=com_content&view=article HTTP/1.1" 302 564 "-" "Mozilla/5.0 (compatible; SemrushBot/7~bl; +http://www.semrush.com/bot.html)"
212.129.37.175 - - [08/Mar/2023:20:44:20 +0100] "-" 408 1489 "-" "-"
185.191.171.14 - - [08/Mar/2023:20:44:20 +0100] "GET /?catid=8&fontstyle=f-smaller&id=205&lang=en&option=com_content&view=article HTTP/1.1" 302 562 "-" "Mozilla/5.0 (compatible; SemrushBot/7~bl; +http://www.semrush.com/bot.html)"
185.191.171.40 - - [08/Mar/2023:20:45:00 +0100] "GET /index.php?Itemid=49&catid=7&id=53&lang=en&option=com_content&view=article HTTP/1.1" 302 559 "-" "Mozilla/5.0 (compatible; SemrushBot/7~bl; +http://www.semrush.com/bot.html)"
185.191.171.38 - - [08/Mar/2023:20:45:03 +0100] "GET /index.php?catid=7&id=44&lang=fr&option=com_content&view=article HTTP/1.1" 302 542 "-" "Mozilla/5.0 (compatible; SemrushBot/7~bl; +http://www.semrush.com/bot.html)"
185.191.171.42 - - [08/Mar/2023:20:45:17 +0100] "GET /?catid=7&fontstyle=f-larger&id=63&lang=fr&option=com_content&view=article HTTP/1.1" 302 559 "-" "Mozilla/5.0 (compatible; SemrushBot/7~bl; +http://www.semrush.com/bot.html)"
185.191.171.43 - - [08/Mar/2023:20:45:57 +0100] "GET /?catid=7&fontstyle=f-larger&id=23&lang=fr&option=com_content&view=article HTTP/1.1" 302 559 "-" "Mozilla/5.0 (compatible; SemrushBot/7~bl; +http://www.semrush.com/bot.html)"
185.191.171.1 - - [08/Mar/2023:20:46:07 +0100] "GET /index.php?Itemid=0&id=175&lang=fr&option=com_content&view=article HTTP/1.1" 302 546 "-" "Mozilla/5.0 (compatible; SemrushBot/7~bl; +http://www.semrush.com/bot.html)"
212.129.37.175 - - [08/Mar/2023:20:46:25 +0100] "-" 408 1489 "-" "-"
212.129.37.175 - - [08/Mar/2023:20:46:40 +0100] "-" 408 1489 "-" "-"
185.191.171.6 - - [08/Mar/2023:20:46:43 +0100] "GET /index.php?Itemid=47&catid=7&id=58&lang=en&option=com_content&view=article HTTP/1.1" 302 558 "-" "Mozilla/5.0 (compatible; SemrushBot/7~bl; +http://www.semrush.com/bot.html)"
185.191.171.44 - - [08/Mar/2023:20:46:54 +0100] "GET /index.php?Itemid=5&catid=7&id=21&lang=en&option=com_content&view=article HTTP/1.1" 302 556 "-" "Mozilla/5.0 (compatible; SemrushBot/7~bl; +http://www.semrush.com/bot.html)"
185.191.171.23 - - [08/Mar/2023:20:47:01 +0100] "GET /?Itemid=0&fontstyle=f-smaller&id=198&lang=en&option=com_content&view=article HTTP/1.1" 302 563 "-" "Mozilla/5.0 (compatible; SemrushBot/7~bl; +http://www.semrush.com/bot.html)"
185.191.171.7 - - [08/Mar/2023:20:47:05 +0100] "GET /?Itemid=53&catid=1&fontstyle=f-larger&id=1%E3%80%88%3Dfr&lang=fr&option=com_content&view=article HTTP/1.1" 302 599 "-" "Mozilla/5.0 (compatible; SemrushBot/7~bl; +http://www.semrush.com/bot.html)"
185.191.171.44 - - [08/Mar/2023:20:47:20 +0100] "GET /index.php?Itemid=53&id=367&lang=en&option=com_content&view=article HTTP/1.1" 302 547 "-" "Mozilla/5.0 (compatible; SemrushBot/7~bl; +http://www.semrush.com/bot.html)"
185.191.171.12 - - [08/Mar/2023:20:47:38 +0100] "GET /index.php?Itemid=53&catid=1&id=473&lang=en&option=com_content&view=article HTTP/1.1" 302 558 "-" "Mozilla/5.0 (compatible; SemrushBot/7~bl; +http://www.semrush.com/bot.html)"
185.191.171.26 - - [08/Mar/2023:20:47:43 +0100] "GET /index.php?Itemid=53&catid=1&id=478&lang=fr&option=com_content&view=article HTTP/1.1" 302 561 "-" "Mozilla/5.0 (compatible; SemrushBot/7~bl; +http://www.semrush.com/bot.html)"
185.191.171.4 - - [08/Mar/2023:20:47:53 +0100] "GET /?Itemid=3&fontstyle=f-smaller&id=352&lang=en&option=com_content&view=article HTTP/1.1" 302 562 "-" "Mozilla/5.0 (compatible; SemrushBot/7~bl; +http://www.semrush.com/bot.html)"
185.191.171.21 - - [08/Mar/2023:20:48:00 +0100] "GET /index.php?Itemid=0&catid=7&id=14&lang=fr&option=com_content&view=article HTTP/1.1" 302 557 "-" "Mozilla/5.0 (compatible; SemrushBot/7~bl; +http://www.semrush.com/bot.html)"
185.191.171.25 - - [08/Mar/2023:20:48:32 +0100] "GET /?Itemid=49&catid=7&fontstyle=f-smaller&id=23&lang=en&option=com_content&view=article HTTP/1.1" 302 576 "-" "Mozilla/5.0 (compatible; SemrushBot/7~bl; +http://www.semrush.com/bot.html)"
185.191.171.21 - - [08/Mar/2023:20:48:50 +0100] "GET /index.php?catid=8&id=121&lang=fr&option=com_content&view=article HTTP/1.1" 302 543 "-" "Mozilla/5.0 (compatible; SemrushBot/7~bl; +http://www.semrush.com/bot.html)"
212.129.37.175 - - [08/Mar/2023:20:49:13 +0100] "-" 408 1489 "-" "-"
185.191.171.33 - - [08/Mar/2023:20:49:48 +0100] "GET /?Itemid=53&fontstyle=f-smaller&id=285&lang=en&option=com_content&view=article HTTP/1.1" 302 566 "-" "Mozilla/5.0 (compatible; SemrushBot/7~bl; +http://www.semrush.com/bot.html)"
185.191.171.19 - - [08/Mar/2023:20:49:55 +0100] "GET /index.php?Itemid=53&catid=1&id=430&lang=en&option=com_content&view=article HTTP/1.1" 302 560 "-" "Mozilla/5.0 (compatible; SemrushBot/7~bl; +http://www.semrush.com/bot.html)"
185.191.171.7 - - [08/Mar/2023:20:50:02 +0100] "GET /?Itemid=3&catid=7&fontstyle=f-larger&id=477&lang=en&option=com_content&view=article HTTP/1.1" 302 575 "-" "Mozilla/5.0 (compatible; SemrushBot/7~bl; +http://www.semrush.com/bot.html)"
185.191.171.44 - - [08/Mar/2023:20:50:31 +0100] "GET /?Itemid=48&catid=7&fontstyle=f-smaller&id=25&lang=fr&option=com_content&view=article HTTP/1.1" 302 576 "-" "Mozilla/5.0 (compatible; SemrushBot/7~bl; +http://www.semrush.com/bot.html)"
185.191.171.24 - - [08/Mar/2023:20:50:32 +0100] "GET /index.php?Itemid=12&catid=7&id=38&lang=fr&option=com_content&view=article HTTP/1.1" 302 559 "-" "Mozilla/5.0 (compatible; SemrushBot/7~bl; +http://www.semrush.com/bot.html)"
185.191.171.45 - - [08/Mar/2023:20:50:34 +0100] "GET /?Itemid=49&catid=7&fontstyle=f-smaller&id=27&lang=en&option=com_content&view=article HTTP/1.1" 302 575 "-" "Mozilla/5.0 (compatible; SemrushBot/7~bl; +http://www.semrush.com/bot.html)"
185.191.171.6 - - [08/Mar/2023:20:51:06 +0100] "GET /?Itemid=53&catid=1&fontstyle=f-larger&id=460&lang=en&option=com_content&view=article HTTP/1.1" 302 578 "-" "Mozilla/5.0 (compatible; SemrushBot/7~bl; +http://www.semrush.com/bot.html)"
185.191.171.10 - - [08/Mar/2023:20:51:06 +0100] "GET /?Itemid=47&catid=7&fontstyle=f-larger&id=29&lang=en&option=com_content&view=article HTTP/1.1" 302 575 "-" "Mozilla/5.0 (compatible; SemrushBot/7~bl; +http://www.semrush.com/bot.html)"
212.129.37.175 - - [08/Mar/2023:20:51:07 +0100] "-" 408 1489 "-" "-"
185.191.171.12 - - [08/Mar/2023:20:51:12 +0100] "GET /?Itemid&catid=7&fontstyle=f-larger&id=26&lang=fr&option=com_content&view=article HTTP/1.1" 302 571 "-" "Mozilla/5.0 (compatible; SemrushBot/7~bl; +http://www.semrush.com/bot.html)"
212.129.37.175 - - [08/Mar/2023:20:51:19 +0100] "-" 408 1489 "-" "-"
185.191.171.20 - - [08/Mar/2023:20:51:21 +0100] "GET /index.php?Itemid=3&catid=1&id=103&lang=fr&option=com_content&view=article HTTP/1.1" 302 556 "-" "Mozilla/5.0 (compatible; SemrushBot/7~bl; +http://www.semrush.com/bot.html)"
185.191.171.34 - - [08/Mar/2023:20:51:42 +0100] "GET /index.php?Itemid=0&catid=7&id=65&lang=en&option=com_content&view=article HTTP/1.1" 302 556 "-" "Mozilla/5.0 (compatible; SemrushBot/7~bl; +http://www.semrush.com/bot.html)"
185.191.171.22 - - [08/Mar/2023:20:52:33 +0100] "GET /?Itemid=3&catid=1&fontstyle=f-larger&id=483&lang=fr&option=com_content&view=article HTTP/1.1" 302 575 "-" "Mozilla/5.0 (compatible; SemrushBot/7~bl; +http://www.semrush.com/bot.html)"
185.191.171.9 - - [08/Mar/2023:20:52:34 +0100] "GET /?Itemid=48&catid=7&fontstyle=f-larger&id=30&lang=en&option=com_content&view=article HTTP/1.1" 302 576 "-" "Mozilla/5.0 (compatible; SemrushBot/7~bl; +http://www.semrush.com/bot.html)"
185.191.171.24 - - [08/Mar/2023:20:52:57 +0100] "GET /?Itemid=12&catid=7&fontstyle=f-smaller&id=36&lang=fr&option=com_content&view=article HTTP/1.1" 302 576 "-" "Mozilla/5.0 (compatible; SemrushBot/7~bl; +http://www.semrush.com/bot.html)"
193.32.162.159 - - [08/Mar/2023:20:52:59 +0100] "GET / HTTP/1.1" 302 461 "-" "Mozilla/5.0 (Windows NT 10.0; Win64; x64) AppleWebKit/537.36 (KHTML, like Gecko) Chrome/90.0.4430.85 Safari/537.36 Edg/90.0.818.46"
185.246.220.98 - - [08/Mar/2023:20:53:06 +0100] "POST /boaform/admin/formLogin HTTP/1.1" 302 498 "http://212.83.157.39:80/admin/login.asp" "Mozilla/5.0 (X11; Ubuntu; Linux x86_64; rv:71.0) Gecko/20100101 Firefox/71.0"
185.191.171.21 - - [08/Mar/2023:20:53:31 +0100] "GET /index.php?Itemid&id=328&lang=fr&option=com_content&view=article HTTP/1.1" 302 542 "-" "Mozilla/5.0 (compatible; SemrushBot/7~bl; +http://www.semrush.com/bot.html)"
185.191.171.40 - - [08/Mar/2023:20:53:32 +0100] "GET /?Itemid=3&catid=7&fontstyle=f-larger&id=45&lang=fr&option=com_content&view=article HTTP/1.1" 302 575 "-" "Mozilla/5.0 (compatible; SemrushBot/7~bl; +http://www.semrush.com/bot.html)"
185.191.171.21 - - [08/Mar/2023:20:53:46 +0100] "GET /index.php?Itemid=49&catid=7&id=33&lang=en&option=com_content&view=article HTTP/1.1" 302 558 "-" "Mozilla/5.0 (compatible; SemrushBot/7~bl; +http://www.semrush.com/bot.html)"
185.191.171.8 - - [08/Mar/2023:20:53:56 +0100] "GET /?Itemid=45&catid=7&fontstyle=f-larger&id=46&lang=fr&option=com_content&view=article HTTP/1.1" 302 575 "-" "Mozilla/5.0 (compatible; SemrushBot/7~bl; +http://www.semrush.com/bot.html)"
185.191.171.16 - - [08/Mar/2023:20:54:01 +0100] "GET /?Itemid=0&fontstyle=f-larger&id=354&lang=en&option=com_content&view=article HTTP/1.1" 302 562 "-" "Mozilla/5.0 (compatible; SemrushBot/7~bl; +http://www.semrush.com/bot.html)"
185.191.171.2 - - [08/Mar/2023:20:54:04 +0100] "GET /index.php?Itemid=0&id=303&lang=fr&option=com_content&view=article HTTP/1.1" 302 543 "-" "Mozilla/5.0 (compatible; SemrushBot/7~bl; +http://www.semrush.com/bot.html)"
212.129.37.175 - - [08/Mar/2023:20:54:07 +0100] "-" 408 1489 "-" "-"
185.191.171.36 - - [08/Mar/2023:20:54:28 +0100] "GET /index.php?Itemid=3&id=321&lang=en&option=com_content&view=article HTTP/1.1" 302 543 "-" "Mozilla/5.0 (compatible; SemrushBot/7~bl; +http://www.semrush.com/bot.html)"
185.191.171.12 - - [08/Mar/2023:20:55:14 +0100] "GET /?Itemid=0&fontstyle=f-smaller&id=298&lang=en&option=com_content&view=article HTTP/1.1" 302 563 "-" "Mozilla/5.0 (compatible; SemrushBot/7~bl; +http://www.semrush.com/bot.html)"
185.191.171.19 - - [08/Mar/2023:20:55:24 +0100] "GET /?Itemid=14&catid=7&fontstyle=f-smaller&id=21&lang=fr&option=com_content&view=article HTTP/1.1" 302 576 "-" "Mozilla/5.0 (compatible; SemrushBot/7~bl; +http://www.semrush.com/bot.html)"
212.129.37.175 - - [08/Mar/2023:20:55:33 +0100] "-" 408 1489 "-" "-"
185.191.171.20 - - [08/Mar/2023:20:55:40 +0100] "GET /index.php?Itemid=12&catid=7&id=35&lang=en&option=com_content&view=article HTTP/1.1" 302 558 "-" "Mozilla/5.0 (compatible; SemrushBot/7~bl; +http://www.semrush.com/bot.html)"
212.129.37.175 - - [08/Mar/2023:20:56:12 +0100] "-" 408 1489 "-" "-"
74.114.119.244 - - [08/Mar/2023:20:56:50 +0100] "GET /index.php?option=com_content&Itemid=53&id=252&lang=fr&view=article HTTP/1.1" 404 2057 "-" "Mozilla/5.0 (Macintosh; Intel Mac OS X 10.15; rv:107.0) Gecko/20100101 Firefox/107.0"
185.191.171.44 - - [08/Mar/2023:20:56:54 +0100] "GET /index.php?Itemid=53&catid=1&id=433%3F%3Dfr&lang=fr&option=com_content&view=article HTTP/1.1" 302 574 "-" "Mozilla/5.0 (compatible; SemrushBot/7~bl; +http://www.semrush.com/bot.html)"
185.191.171.3 - - [08/Mar/2023:20:57:08 +0100] "GET /robots.txt HTTP/1.1" 302 441 "-" "Mozilla/5.0 (compatible; SemrushBot/7~bl; +http://www.semrush.com/bot.html)"
185.191.171.21 - - [08/Mar/2023:20:57:08 +0100] "GET /index.php?Itemid=53&catid=7&id=44&lang=en&option=com_content&view=article HTTP/1.1" 302 559 "-" "Mozilla/5.0 (compatible; SemrushBot/7~bl; +http://www.semrush.com/bot.html)"
185.191.171.38 - - [08/Mar/2023:20:57:08 +0100] "GET /?Itemid=48&catid=7&fontstyle=f-larger&id=58&lang=fr&option=com_content&view=article HTTP/1.1" 302 575 "-" "Mozilla/5.0 (compatible; SemrushBot/7~bl; +http://www.semrush.com/bot.html)"
185.191.171.26 - - [08/Mar/2023:20:57:16 +0100] "GET /index.php?Itemid=12&catid=7&id=61&lang=en&option=com_content&view=article HTTP/1.1" 302 558 "-" "Mozilla/5.0 (compatible; SemrushBot/7~bl; +http://www.semrush.com/bot.html)"
185.191.171.26 - - [08/Mar/2023:20:57:35 +0100] "GET /?catid=8&fontstyle=f-larger&id=125&lang=fr&option=com_content&view=article HTTP/1.1" 302 561 "-" "Mozilla/5.0 (compatible; SemrushBot/7~bl; +http://www.semrush.com/bot.html)"
185.191.171.43 - - [08/Mar/2023:20:57:47 +0100] "GET /index.php?Itemid&id=352&lang=en&option=com_content&view=article HTTP/1.1" 302 542 "-" "Mozilla/5.0 (compatible; SemrushBot/7~bl; +http://www.semrush.com/bot.html)"
185.191.171.44 - - [08/Mar/2023:20:57:51 +0100] "GET /index.php?Itemid=0&catid=7&id=19&lang=en&option=com_content&view=article HTTP/1.1" 302 556 "-" "Mozilla/5.0 (compatible; SemrushBot/7~bl; +http://www.semrush.com/bot.html)"
185.191.171.38 - - [08/Mar/2023:20:58:18 +0100] "GET /?fontstyle=f-smaller>ask=archive&lang=fr&listid=1%3Amailing_list&option=com_acymailing HTTP/1.1" 302 580 "-" "Mozilla/5.0 (compatible; SemrushBot/7~bl; +http://www.semrush.com/bot.html)"
185.191.171.43 - - [08/Mar/2023:20:58:24 +0100] "GET /?Itemid=49&catid=7&fontstyle=f-smaller&id=55&lang=en&option=com_content&view=article HTTP/1.1" 302 576 "-" "Mozilla/5.0 (compatible; SemrushBot/7~bl; +http://www.semrush.com/bot.html)"
185.191.171.43 - - [08/Mar/2023:20:58:54 +0100] "GET /?Itemid=50&catid=7&fontstyle=f-smaller&id=5&lang=en&option=com_content&view=article HTTP/1.1" 302 573 "-" "Mozilla/5.0 (compatible; SemrushBot/7~bl; +http://www.semrush.com/bot.html)"
212.129.37.175 - - [08/Mar/2023:20:59:00 +0100] "-" 408 1489 "-" "-"
185.191.171.19 - - [08/Mar/2023:20:59:13 +0100] "GET /?fontstyle=f-smaller&id=316&lang=fr&option=com_content&view=article HTTP/1.1" 302 549 "-" "Mozilla/5.0 (compatible; SemrushBot/7~bl; +http://www.semrush.com/bot.html)"
185.191.171.26 - - [08/Mar/2023:20:59:14 +0100] "GET /index.php?Itemid=49&catid=7&id=5&lang=en&option=com_content&view=article HTTP/1.1" 302 557 "-" "Mozilla/5.0 (compatible; SemrushBot/7~bl; +http://www.semrush.com/bot.html)"
185.191.171.18 - - [08/Mar/2023:20:59:20 +0100] "GET /?Itemid=0&fontstyle=f-larger&id=370&lang=en&option=com_content&view=article HTTP/1.1" 302 562 "-" "Mozilla/5.0 (compatible; SemrushBot/7~bl; +http://www.semrush.com/bot.html)"
185.191.171.34 - - [08/Mar/2023:20:59:29 +0100] "GET /?Itemid=50&catid=7&fontstyle=f-smaller&id=26&lang=en&option=com_content&view=article HTTP/1.1" 302 576 "-" "Mozilla/5.0 (compatible; SemrushBot/7~bl; +http://www.semrush.com/bot.html)"
185.191.171.36 - - [08/Mar/2023:20:59:40 +0100] "GET /index.php?Itemid=49&catid=7&id=43&lang=en&option=com_content&view=article HTTP/1.1" 302 556 "-" "Mozilla/5.0 (compatible; SemrushBot/7~bl; +http://www.semrush.com/bot.html)"
212.129.37.175 - - [08/Mar/2023:21:00:00 +0100] "-" 408 1489 "-" "-"
185.191.171.7 - - [08/Mar/2023:21:00:38 +0100] "GET /?Itemid=14&catid=7&fontstyle=f-larger&id=56&lang=en&option=com_content&view=article HTTP/1.1" 302 576 "-" "Mozilla/5.0 (compatible; SemrushBot/7~bl; +http://www.semrush.com/bot.html)"
185.191.171.9 - - [08/Mar/2023:21:00:54 +0100] "GET /?Itemid&fontstyle=f-larger&id=249&lang=en&option=com_content&view=article HTTP/1.1" 302 559 "-" "Mozilla/5.0 (compatible; SemrushBot/7~bl; +http://www.semrush.com/bot.html)"
212.129.37.175 - - [08/Mar/2023:21:01:05 +0100] "-" 408 1489 "-" "-"
185.191.171.41 - - [08/Mar/2023:21:01:31 +0100] "GET /?Itemid=53&fontstyle=f-smaller&id=353&lang=fr&option=com_content&view=article HTTP/1.1" 302 564 "-" "Mozilla/5.0 (compatible; SemrushBot/7~bl; +http://www.semrush.com/bot.html)"
185.191.171.44 - - [08/Mar/2023:21:02:26 +0100] "GET /?catid=7&fontstyle=f-smaller&id=27&lang=en&option=com_content&view=article HTTP/1.1" 302 559 "-" "Mozilla/5.0 (compatible; SemrushBot/7~bl; +http://www.semrush.com/bot.html)"
185.191.171.44 - - [08/Mar/2023:21:02:31 +0100] "GET /?Itemid=16&catid=7&fontstyle=f-smaller&id=46&lang=fr&option=com_content&view=article HTTP/1.1" 302 575 "-" "Mozilla/5.0 (compatible; SemrushBot/7~bl; +http://www.semrush.com/bot.html)"
185.191.171.8 - - [08/Mar/2023:21:02:49 +0100] "GET /index.php?Itemid=0&catid=7&id=38&lang=fr&option=com_content&view=article HTTP/1.1" 302 557 "-" "Mozilla/5.0 (compatible; SemrushBot/7~bl; +http://www.semrush.com/bot.html)"
185.191.171.4 - - [08/Mar/2023:21:02:56 +0100] "GET /index.php?catid=7%3Aarticles&id=23&lang=en&option=com_xmap&view=article HTTP/1.1" 302 554 "-" "Mozilla/5.0 (compatible; SemrushBot/7~bl; +http://www.semrush.com/bot.html)"
185.191.171.13 - - [08/Mar/2023:21:03:03 +0100] "GET /index.php?Itemid=47&catid=7&id=46&lang=en&option=com_content&view=article HTTP/1.1" 302 555 "-" "Mozilla/5.0 (compatible; SemrushBot/7~bl; +http://www.semrush.com/bot.html)"
185.191.171.36 - - [08/Mar/2023:21:03:21 +0100] "GET /index.php?Itemid&id=314&lang=fr&option=com_content&view=article HTTP/1.1" 302 542 "-" "Mozilla/5.0 (compatible; SemrushBot/7~bl; +http://www.semrush.com/bot.html)"
185.191.171.14 - - [08/Mar/2023:21:03:32 +0100] "GET /index.php?Itemid=14&catid=7&id=44&lang=en&option=com_content&view=article HTTP/1.1" 302 556 "-" "Mozilla/5.0 (compatible; SemrushBot/7~bl; +http://www.semrush.com/bot.html)"
185.191.171.42 - - [08/Mar/2023:21:03:38 +0100] "GET /index.php?catid=7&id=66&lang=fr&option=com_content&view=article HTTP/1.1" 302 542 "-" "Mozilla/5.0 (compatible; SemrushBot/7~bl; +http://www.semrush.com/bot.html)"
185.191.171.9 - - [08/Mar/2023:21:03:46 +0100] "GET /?Itemid=47&catid=7&fontstyle=f-smaller&id=61&lang=fr&option=com_content&view=article HTTP/1.1" 302 575 "-" "Mozilla/5.0 (compatible; SemrushBot/7~bl; +http://www.semrush.com/bot.html)"
212.129.37.175 - - [08/Mar/2023:21:03:53 +0100] "-" 408 1489 "-" "-"
185.191.171.16 - - [08/Mar/2023:21:04:10 +0100] "GET /?Itemid=14&catid=7&fontstyle=f-larger&id=63&lang=en&option=com_content&view=article HTTP/1.1" 302 575 "-" "Mozilla/5.0 (compatible; SemrushBot/7~bl; +http://www.semrush.com/bot.html)"
185.191.171.40 - - [08/Mar/2023:21:04:19 +0100] "GET /index.php?Itemid=14&catid=7&id=38&lang=en&option=com_content&view=article HTTP/1.1" 302 559 "-" "Mozilla/5.0 (compatible; SemrushBot/7~bl; +http://www.semrush.com/bot.html)"
212.129.37.175 - - [08/Mar/2023:21:04:29 +0100] "-" 408 1489 "-" "-"
185.191.171.34 - - [08/Mar/2023:21:04:35 +0100] "GET /?Itemid=53&fontstyle=f-smaller&id=347&lang=fr&option=com_content&view=article HTTP/1.1" 302 566 "-" "Mozilla/5.0 (compatible; SemrushBot/7~bl; +http://www.semrush.com/bot.html)"
185.191.171.42 - - [08/Mar/2023:21:04:40 +0100] "GET /?Itemid=0&fontstyle=f-larger&id=200&lang=fr&option=com_content&view=article HTTP/1.1" 302 559 "-" "Mozilla/5.0 (compatible; SemrushBot/7~bl; +http://www.semrush.com/bot.html)"
185.191.171.3 - - [08/Mar/2023:21:04:52 +0100] "GET /?Itemid=45&catid=7&fontstyle=f-smaller&id=6&lang=fr&option=com_content&view=article HTTP/1.1" 302 575 "-" "Mozilla/5.0 (compatible; SemrushBot/7~bl; +http://www.semrush.com/bot.html)"
185.191.171.5 - - [08/Mar/2023:21:05:25 +0100] "GET /?Itemid=46&catid=7&fontstyle=f-larger&id=22&lang=fr&option=com_content&view=article HTTP/1.1" 302 575 "-" "Mozilla/5.0 (compatible; SemrushBot/7~bl; +http://www.semrush.com/bot.html)"
185.191.171.25 - - [08/Mar/2023:21:05:28 +0100] "GET /?Itemid=53&catid=1&fontstyle=f-smaller&id=433%E2%8C%A9%3Dfr&lang=fr&option=com_content&view=article HTTP/1.1" 302 604 "-" "Mozilla/5.0 (compatible; SemrushBot/7~bl; +http://www.semrush.com/bot.html)"
212.129.37.175 - - [08/Mar/2023:21:05:59 +0100] "-" 408 1489 "-" "-"
185.191.171.25 - - [08/Mar/2023:21:06:16 +0100] "GET /index.php?Itemid=53&catid=1&id=229&lang=fr&option=com_content&view=article HTTP/1.1" 302 561 "-" "Mozilla/5.0 (compatible; SemrushBot/7~bl; +http://www.semrush.com/bot.html)"
185.191.171.39 - - [08/Mar/2023:21:06:39 +0100] "GET /index.php?Itemid=53&catid=12&id=440%E2%8C%A9%3Dfr&lang=en&option=com_content&view=article HTTP/1.1" 302 589 "-" "Mozilla/5.0 (compatible; SemrushBot/7~bl; +http://www.semrush.com/bot.html)"
185.191.171.45 - - [08/Mar/2023:21:06:50 +0100] "GET /?Itemid=53&fontstyle=f-smaller&id=356&lang=fr&option=com_content&view=article HTTP/1.1" 302 565 "-" "Mozilla/5.0 (compatible; SemrushBot/7~bl; +http://www.semrush.com/bot.html)"
185.191.171.18 - - [08/Mar/2023:21:07:31 +0100] "GET /index.php?Itemid=46&catid=7&id=27&lang=fr&option=com_content&view=article HTTP/1.1" 302 559 "-" "Mozilla/5.0 (compatible; SemrushBot/7~bl; +http://www.semrush.com/bot.html)"
185.191.171.19 - - [08/Mar/2023:21:07:33 +0100] "GET /index.php?Itemid=53&catid=1&id=449&lang=en&option=com_content&view=article HTTP/1.1" 302 560 "-" "Mozilla/5.0 (compatible; SemrushBot/7~bl; +http://www.semrush.com/bot.html)"
185.191.171.1 - - [08/Mar/2023:21:07:43 +0100] "GET /index.php?Itemid&id=370&lang=en&option=com_content&view=article HTTP/1.1" 302 542 "-" "Mozilla/5.0 (compatible; SemrushBot/7~bl; +http://www.semrush.com/bot.html)"
185.191.171.21 - - [08/Mar/2023:21:07:50 +0100] "GET /index.php?Itemid=0&id=201&lang=en&option=com_content&view=article HTTP/1.1" 302 543 "-" "Mozilla/5.0 (compatible; SemrushBot/7~bl; +http://www.semrush.com/bot.html)"
185.191.171.40 - - [08/Mar/2023:21:08:16 +0100] "GET /?Itemid=46&catid=7&fontstyle=f-smaller&id=55&lang=en&option=com_content&view=article HTTP/1.1" 302 576 "-" "Mozilla/5.0 (compatible; SemrushBot/7~bl; +http://www.semrush.com/bot.html)"
185.191.171.26 - - [08/Mar/2023:21:08:39 +0100] "GET /?Itemid=47&catid=7&fontstyle=f-larger&id=73&lang=fr&option=com_content&view=article HTTP/1.1" 302 574 "-" "Mozilla/5.0 (compatible; SemrushBot/7~bl; +http://www.semrush.com/bot.html)"
185.191.171.39 - - [08/Mar/2023:21:08:46 +0100] "GET /?Itemid&catid=7&fontstyle=f-smaller&id=22&lang=en&option=com_content&view=article HTTP/1.1" 302 571 "-" "Mozilla/5.0 (compatible; SemrushBot/7~bl; +http://www.semrush.com/bot.html)"
212.129.37.175 - - [08/Mar/2023:21:08:47 +0100] "-" 408 1489 "-" "-"
212.129.37.175 - - [08/Mar/2023:21:08:53 +0100] "-" 408 1489 "-" "-"
185.191.171.25 - - [08/Mar/2023:21:08:54 +0100] "GET /index.php?Itemid=48&catid=7&id=44&lang=fr&option=com_content&view=article HTTP/1.1" 302 557 "-" "Mozilla/5.0 (compatible; SemrushBot/7~bl; +http://www.semrush.com/bot.html)"
185.191.171.35 - - [08/Mar/2023:21:08:56 +0100] "GET /index.php?id=349&lang=fr&option=com_content&view=article HTTP/1.1" 302 530 "-" "Mozilla/5.0 (compatible; SemrushBot/7~bl; +http://www.semrush.com/bot.html)"
185.191.171.37 - - [08/Mar/2023:21:09:43 +0100] "GET /?Itemid=3&fontstyle=f-smaller&id=368&lang=en&option=com_content&view=article HTTP/1.1" 302 563 "-" "Mozilla/5.0 (compatible; SemrushBot/7~bl; +http://www.semrush.com/bot.html)"
185.191.171.21 - - [08/Mar/2023:21:09:47 +0100] "GET /?Itemid=5&catid=7&fontstyle=f-larger&id=58&lang=fr&option=com_content&view=article HTTP/1.1" 302 573 "-" "Mozilla/5.0 (compatible; SemrushBot/7~bl; +http://www.semrush.com/bot.html)"
185.191.171.45 - - [08/Mar/2023:21:09:52 +0100] "GET /index.php?Itemid=3&id=354&lang=fr&option=com_content&view=article HTTP/1.1" 302 544 "-" "Mozilla/5.0 (compatible; SemrushBot/7~bl; +http://www.semrush.com/bot.html)"
185.191.171.17 - - [08/Mar/2023:21:10:49 +0100] "GET /index.php?Itemid=7&catid=7&id=29&lang=fr&option=com_content&view=article HTTP/1.1" 302 556 "-" "Mozilla/5.0 (compatible; SemrushBot/7~bl; +http://www.semrush.com/bot.html)"
212.129.37.175 - - [08/Mar/2023:21:10:53 +0100] "-" 408 1489 "-" "-"
185.191.171.17 - - [08/Mar/2023:21:11:20 +0100] "GET /index.php?Itemid=0&id=183&lang=en&option=com_content&view=article HTTP/1.1" 302 545 "-" "Mozilla/5.0 (compatible; SemrushBot/7~bl; +http://www.semrush.com/bot.html)"
185.191.171.20 - - [08/Mar/2023:21:11:43 +0100] "GET /?Itemid=46&catid=7&fontstyle=f-smaller&id=52&lang=en&option=com_content&view=article HTTP/1.1" 302 576 "-" "Mozilla/5.0 (compatible; SemrushBot/7~bl; +http://www.semrush.com/bot.html)"
185.191.171.45 - - [08/Mar/2023:21:11:53 +0100] "GET /?Itemid=5&catid=7&fontstyle=f-larger&id=34&lang=fr&option=com_content&view=article HTTP/1.1" 302 575 "-" "Mozilla/5.0 (compatible; SemrushBot/7~bl; +http://www.semrush.com/bot.html)"
185.191.171.20 - - [08/Mar/2023:21:11:56 +0100] "GET /?Itemid=48&catid=7&fontstyle=f-larger&id=6&lang=fr&option=com_content&view=article HTTP/1.1" 302 574 "-" "Mozilla/5.0 (compatible; SemrushBot/7~bl; +http://www.semrush.com/bot.html)"
185.191.171.26 - - [08/Mar/2023:21:12:29 +0100] "GET /index.php?Itemid=11&catid=7&id=26&lang=fr&option=com_content&view=article HTTP/1.1" 302 559 "-" "Mozilla/5.0 (compatible; SemrushBot/7~bl; +http://www.semrush.com/bot.html)"
185.191.171.5 - - [08/Mar/2023:21:12:37 +0100] "GET /index.php?Itemid=3&id=349&lang=fr&option=com_content&view=article HTTP/1.1" 302 544 "-" "Mozilla/5.0 (compatible; SemrushBot/7~bl; +http://www.semrush.com/bot.html)"
185.191.171.3 - - [08/Mar/2023:21:12:52 +0100] "GET /?Itemid=5&catid=7&fontstyle=f-smaller&id=52&lang=fr&option=com_content&view=article HTTP/1.1" 302 574 "-" "Mozilla/5.0 (compatible; SemrushBot/7~bl; +http://www.semrush.com/bot.html)"
185.191.171.26 - - [08/Mar/2023:21:12:54 +0100] "GET /?Itemid=0&fontstyle=f-larger&id=323&lang=fr&option=com_content&view=article HTTP/1.1" 302 561 "-" "Mozilla/5.0 (compatible; SemrushBot/7~bl; +http://www.semrush.com/bot.html)"
185.191.171.18 - - [08/Mar/2023:21:12:56 +0100] "GET /index.php?Itemid=3&catid=7&id=56&lang=fr&option=com_content&view=article HTTP/1.1" 302 557 "-" "Mozilla/5.0 (compatible; SemrushBot/7~bl; +http://www.semrush.com/bot.html)"
212.129.37.175 - - [08/Mar/2023:21:13:19 +0100] "-" 408 1489 "-" "-"
185.191.171.23 - - [08/Mar/2023:21:13:20 +0100] "GET /index.php?Itemid=0&id=366&lang=en&option=com_content&view=article HTTP/1.1" 302 545 "-" "Mozilla/5.0 (compatible; SemrushBot/7~bl; +http://www.semrush.com/bot.html)"
185.191.171.21 - - [08/Mar/2023:21:13:24 +0100] "GET /index.php?Itemid&fontstyle=f-larger&lang=fr&option=com_xmap&sitemap=1 HTTP/1.1" 302 551 "-" "Mozilla/5.0 (compatible; SemrushBot/7~bl; +http://www.semrush.com/bot.html)"
185.191.171.25 - - [08/Mar/2023:21:13:33 +0100] "GET /index.php?Itemid&catid=7&id=44&lang=fr&option=com_content&view=article HTTP/1.1" 302 554 "-" "Mozilla/5.0 (compatible; SemrushBot/7~bl; +http://www.semrush.com/bot.html)"
212.129.37.175 - - [08/Mar/2023:21:13:40 +0100] "-" 408 1489 "-" "-"
185.191.171.6 - - [08/Mar/2023:21:13:51 +0100] "GET /?Itemid=5&catid=7&fontstyle=f-smaller&id=43&lang=fr&option=com_content&view=article HTTP/1.1" 302 575 "-" "Mozilla/5.0 (compatible; SemrushBot/7~bl; +http://www.semrush.com/bot.html)"
185.191.171.24 - - [08/Mar/2023:21:13:54 +0100] "GET /?Itemid=0&fontstyle=f-smaller&id=287&lang=en&option=com_content&view=article HTTP/1.1" 302 563 "-" "Mozilla/5.0 (compatible; SemrushBot/7~bl; +http://www.semrush.com/bot.html)"
185.191.171.23 - - [08/Mar/2023:21:14:14 +0100] "GET /index.php?Itemid=53&id=307&lang=fr&option=com_content&view=article HTTP/1.1" 302 548 "-" "Mozilla/5.0 (compatible; SemrushBot/7~bl; +http://www.semrush.com/bot.html)"
185.191.171.15 - - [08/Mar/2023:21:14:18 +0100] "GET /index.php?Itemid=0&id=201&lang=fr&option=com_content&view=article HTTP/1.1" 302 544 "-" "Mozilla/5.0 (compatible; SemrushBot/7~bl; +http://www.semrush.com/bot.html)"
185.191.171.7 - - [08/Mar/2023:21:14:36 +0100] "GET /index.php?Itemid=48&catid=7&id=35&lang=en&option=com_content&view=article HTTP/1.1" 302 559 "-" "Mozilla/5.0 (compatible; SemrushBot/7~bl; +http://www.semrush.com/bot.html)"
185.191.171.37 - - [08/Mar/2023:21:15:19 +0100] "GET /index.php?Itemid&catid=8&id=205&lang=en&option=com_content&view=article HTTP/1.1" 302 555 "-" "Mozilla/5.0 (compatible; SemrushBot/7~bl; +http://www.semrush.com/bot.html)"
185.191.171.25 - - [08/Mar/2023:21:15:45 +0100] "GET /?Itemid=0&catid=8&fontstyle=f-smaller&id=135&lang=fr&option=com_content&view=article HTTP/1.1" 302 578 "-" "Mozilla/5.0 (compatible; SemrushBot/7~bl; +http://www.semrush.com/bot.html)"
212.129.37.175 - - [08/Mar/2023:21:15:46 +0100] "-" 408 1489 "-" "-"
185.191.171.24 - - [08/Mar/2023:21:16:46 +0100] "GET /?Itemid=53&fontstyle=f-larger&id=254&lang=en&option=com_content&view=article HTTP/1.1" 302 564 "-" "Mozilla/5.0 (compatible; SemrushBot/7~bl; +http://www.semrush.com/bot.html)"
185.191.171.41 - - [08/Mar/2023:21:16:58 +0100] "GET /index.php?id=353&lang=fr&option=com_content&view=article HTTP/1.1" 302 530 "-" "Mozilla/5.0 (compatible; SemrushBot/7~bl; +http://www.semrush.com/bot.html)"
185.191.171.6 - - [08/Mar/2023:21:17:11 +0100] "GET /robots.txt HTTP/1.1" 302 441 "-" "Mozilla/5.0 (compatible; SemrushBot/7~bl; +http://www.semrush.com/bot.html)"
185.191.171.22 - - [08/Mar/2023:21:17:11 +0100] "GET /index.php?Itemid=50&catid=7&id=19&lang=en&option=com_content&view=article HTTP/1.1" 302 558 "-" "Mozilla/5.0 (compatible; SemrushBot/7~bl; +http://www.semrush.com/bot.html)"
185.191.171.33 - - [08/Mar/2023:21:17:12 +0100] "GET /index.php?Itemid=0&catid=7&id=56&lang=fr&option=com_content&view=article HTTP/1.1" 302 557 "-" "Mozilla/5.0 (compatible; SemrushBot/7~bl; +http://www.semrush.com/bot.html)"
185.191.171.7 - - [08/Mar/2023:21:17:24 +0100] "GET /?Itemid=16&catid=7&fontstyle=f-larger&id=18&lang=en&option=com_content&view=article HTTP/1.1" 302 575 "-" "Mozilla/5.0 (compatible; SemrushBot/7~bl; +http://www.semrush.com/bot.html)"
185.191.171.42 - - [08/Mar/2023:21:17:25 +0100] "GET /index.php?Itemid=3&id=319&lang=fr&option=com_content&view=article HTTP/1.1" 302 544 "-" "Mozilla/5.0 (compatible; SemrushBot/7~bl; +http://www.semrush.com/bot.html)"
185.191.171.23 - - [08/Mar/2023:21:17:35 +0100] "GET /?Itemid&catid=7&fontstyle=f-smaller&id=43&lang=en&option=com_content&view=article HTTP/1.1" 302 572 "-" "Mozilla/5.0 (compatible; SemrushBot/7~bl; +http://www.semrush.com/bot.html)"
212.129.37.175 - - [08/Mar/2023:21:17:46 +0100] "-" 408 1489 "-" "-"
185.191.171.17 - - [08/Mar/2023:21:18:02 +0100] "GET /index.php?Itemid=3&id=328&lang=fr&option=com_content&view=article HTTP/1.1" 302 544 "-" "Mozilla/5.0 (compatible; SemrushBot/7~bl; +http://www.semrush.com/bot.html)"
185.191.171.14 - - [08/Mar/2023:21:18:12 +0100] "GET /?catid=7&fontstyle=f-smaller&id=46&lang=en&option=com_content&view=article HTTP/1.1" 302 561 "-" "Mozilla/5.0 (compatible; SemrushBot/7~bl; +http://www.semrush.com/bot.html)"
185.191.171.26 - - [08/Mar/2023:21:18:14 +0100] "GET /?Itemid=3&fontstyle=f-larger&id=346&lang=en&option=com_content&view=article HTTP/1.1" 302 562 "-" "Mozilla/5.0 (compatible; SemrushBot/7~bl; +http://www.semrush.com/bot.html)"
185.191.171.20 - - [08/Mar/2023:21:18:15 +0100] "GET /index.php?Itemid=5&catid=7&id=52&lang=fr&option=com_content&view=article HTTP/1.1" 302 556 "-" "Mozilla/5.0 (compatible; SemrushBot/7~bl; +http://www.semrush.com/bot.html)"
185.191.171.11 - - [08/Mar/2023:21:18:18 +0100] "GET /index.php?catid=7&id=8&lang=fr&option=com_content&view=article HTTP/1.1" 302 540 "-" "Mozilla/5.0 (compatible; SemrushBot/7~bl; +http://www.semrush.com/bot.html)"
212.129.37.175 - - [08/Mar/2023:21:18:33 +0100] "-" 408 1489 "-" "-"
185.191.171.43 - - [08/Mar/2023:21:19:12 +0100] "GET /index.php?Itemid=3&id=323&lang=fr&option=com_content&view=article HTTP/1.1" 302 542 "-" "Mozilla/5.0 (compatible; SemrushBot/7~bl; +http://www.semrush.com/bot.html)"
185.191.171.11 - - [08/Mar/2023:21:19:30 +0100] "GET /index.php?Itemid=50&catid=7&id=63&lang=fr&option=com_content&view=article HTTP/1.1" 302 559 "-" "Mozilla/5.0 (compatible; SemrushBot/7~bl; +http://www.semrush.com/bot.html)"
185.191.171.40 - - [08/Mar/2023:21:19:58 +0100] "GET /index.php?catid=8&id=111&lang=fr&option=com_content&view=article HTTP/1.1" 302 544 "-" "Mozilla/5.0 (compatible; SemrushBot/7~bl; +http://www.semrush.com/bot.html)"
185.191.171.21 - - [08/Mar/2023:21:20:35 +0100] "GET /index.php?Itemid=0&catid=7&id=43&lang=en&option=com_content&view=article HTTP/1.1" 302 556 "-" "Mozilla/5.0 (compatible; SemrushBot/7~bl; +http://www.semrush.com/bot.html)"
212.129.37.175 - - [08/Mar/2023:21:20:48 +0100] "-" 408 1489 "-" "-"
185.191.171.23 - - [08/Mar/2023:21:21:07 +0100] "GET /?Itemid=50&catid=7&fontstyle=f-larger&id=19&lang=en&option=com_content&view=article HTTP/1.1" 302 576 "-" "Mozilla/5.0 (compatible; SemrushBot/7~bl; +http://www.semrush.com/bot.html)"
185.191.171.6 - - [08/Mar/2023:21:21:20 +0100] "GET /en/articles/try-activmail HTTP/1.1" 302 460 "-" "Mozilla/5.0 (compatible; SemrushBot/7~bl; +http://www.semrush.com/bot.html)"
185.191.171.21 - - [08/Mar/2023:21:21:21 +0100] "GET /index.php?Itemid=16&catid=7&id=32&lang=fr&option=com_content&view=article HTTP/1.1" 302 559 "-" "Mozilla/5.0 (compatible; SemrushBot/7~bl; +http://www.semrush.com/bot.html)"
185.191.171.43 - - [08/Mar/2023:21:21:31 +0100] "GET /?catid=7&fontstyle=f-larger&id=141&lang=fr&option=com_content&view=article HTTP/1.1" 302 561 "-" "Mozilla/5.0 (compatible; SemrushBot/7~bl; +http://www.semrush.com/bot.html)"
185.191.171.21 - - [08/Mar/2023:21:21:38 +0100] "GET /index.php?Itemid&id=304&lang=fr&option=com_content&view=article HTTP/1.1" 302 542 "-" "Mozilla/5.0 (compatible; SemrushBot/7~bl; +http://www.semrush.com/bot.html)"
185.191.171.23 - - [08/Mar/2023:21:21:53 +0100] "GET /?Itemid=46&catid=7&fontstyle=f-smaller&id=38&lang=en&option=com_content&view=article HTTP/1.1" 302 576 "-" "Mozilla/5.0 (compatible; SemrushBot/7~bl; +http://www.semrush.com/bot.html)"
185.191.171.19 - - [08/Mar/2023:21:21:54 +0100] "GET /index.php?Itemid&catid=7&id=51&lang=en&option=com_content&view=article HTTP/1.1" 302 554 "-" "Mozilla/5.0 (compatible; SemrushBot/7~bl; +http://www.semrush.com/bot.html)"
185.191.171.8 - - [08/Mar/2023:21:22:00 +0100] "GET /index.php?Itemid=0&id=269&lang=en&option=com_content&view=article HTTP/1.1" 302 544 "-" "Mozilla/5.0 (compatible; SemrushBot/7~bl; +http://www.semrush.com/bot.html)"
212.129.37.175 - - [08/Mar/2023:21:22:12 +0100] "-" 408 1489 "-" "-"
185.191.171.23 - - [08/Mar/2023:21:22:14 +0100] "GET /?Itemid=50&catid=7&fontstyle=f-smaller&id=43&lang=fr&option=com_content&view=article HTTP/1.1" 302 576 "-" "Mozilla/5.0 (compatible; SemrushBot/7~bl; +http://www.semrush.com/bot.html)"
185.191.171.3 - - [08/Mar/2023:21:22:21 +0100] "GET /?Itemid=49&catid=7&fontstyle=f-smaller&id=24&lang=en&option=com_content&view=article HTTP/1.1" 302 576 "-" "Mozilla/5.0 (compatible; SemrushBot/7~bl; +http://www.semrush.com/bot.html)"
185.191.171.19 - - [08/Mar/2023:21:22:33 +0100] "GET /index.php?Itemid=53&catid=7&id=43&lang=fr&option=com_content&view=article HTTP/1.1" 302 557 "-" "Mozilla/5.0 (compatible; SemrushBot/7~bl; +http://www.semrush.com/bot.html)"
185.191.171.11 - - [08/Mar/2023:21:22:38 +0100] "GET /?Itemid=0&fontstyle=f-smaller&id=256&lang=fr&option=com_content&view=article HTTP/1.1" 302 563 "-" "Mozilla/5.0 (compatible; SemrushBot/7~bl; +http://www.semrush.com/bot.html)"
185.191.171.40 - - [08/Mar/2023:21:23:12 +0100] "GET /?Itemid=3&fontstyle=f-smaller&id=303&lang=en&option=com_content&view=article HTTP/1.1" 302 561 "-" "Mozilla/5.0 (compatible; SemrushBot/7~bl; +http://www.semrush.com/bot.html)"
212.129.37.175 - - [08/Mar/2023:21:23:27 +0100] "-" 408 1489 "-" "-"
185.191.171.19 - - [08/Mar/2023:21:23:33 +0100] "GET /?Itemid=3&catid=7&fontstyle=f-smaller&id=31&lang=fr&option=com_content&view=article HTTP/1.1" 302 574 "-" "Mozilla/5.0 (compatible; SemrushBot/7~bl; +http://www.semrush.com/bot.html)"
185.191.171.16 - - [08/Mar/2023:21:23:38 +0100] "GET /index.php?Itemid=3&id=355&lang=en&option=com_content&view=article HTTP/1.1" 302 544 "-" "Mozilla/5.0 (compatible; SemrushBot/7~bl; +http://www.semrush.com/bot.html)"
185.191.171.7 - - [08/Mar/2023:21:23:43 +0100] "GET /index.php?Itemid=5&catid=7&id=53&lang=en&option=com_content&view=article HTTP/1.1" 302 556 "-" "Mozilla/5.0 (compatible; SemrushBot/7~bl; +http://www.semrush.com/bot.html)"
185.191.171.3 - - [08/Mar/2023:21:23:45 +0100] "GET /index.php?Itemid=16&catid=7&id=28&lang=en&option=com_content&view=article HTTP/1.1" 302 558 "-" "Mozilla/5.0 (compatible; SemrushBot/7~bl; +http://www.semrush.com/bot.html)"
185.191.171.11 - - [08/Mar/2023:21:23:52 +0100] "GET /?Itemid=3&catid=1&fontstyle=f-larger&id=488&lang=fr&option=com_content&view=article HTTP/1.1" 302 577 "-" "Mozilla/5.0 (compatible; SemrushBot/7~bl; +http://www.semrush.com/bot.html)"
185.191.171.18 - - [08/Mar/2023:21:23:53 +0100] "GET /?catid=7&fontstyle=f-larger&id=11&lang=fr&option=com_content&view=article HTTP/1.1" 302 559 "-" "Mozilla/5.0 (compatible; SemrushBot/7~bl; +http://www.semrush.com/bot.html)"
185.191.171.8 - - [08/Mar/2023:21:24:14 +0100] "GET /?Itemid=0&catid=7&fontstyle=f-smaller&id=38&lang=en&option=com_content&view=article HTTP/1.1" 302 576 "-" "Mozilla/5.0 (compatible; SemrushBot/7~bl; +http://www.semrush.com/bot.html)"
185.191.171.22 - - [08/Mar/2023:21:24:15 +0100] "GET /?Itemid=0&fontstyle=f-larger&id=311&lang=fr&option=com_content&view=article HTTP/1.1" 302 561 "-" "Mozilla/5.0 (compatible; SemrushBot/7~bl; +http://www.semrush.com/bot.html)"
185.191.171.8 - - [08/Mar/2023:21:24:15 +0100] "GET /?Itemid=47&catid=7&fontstyle=f-larger&id=57&lang=en&option=com_content&view=article HTTP/1.1" 302 574 "-" "Mozilla/5.0 (compatible; SemrushBot/7~bl; +http://www.semrush.com/bot.html)"
185.191.171.8 - - [08/Mar/2023:21:24:39 +0100] "GET /index.php?catid=7&id=26&lang=fr&option=com_content&view=article HTTP/1.1" 302 542 "-" "Mozilla/5.0 (compatible; SemrushBot/7~bl; +http://www.semrush.com/bot.html)"
185.191.171.2 - - [08/Mar/2023:21:24:42 +0100] "GET /?Itemid=53&catid=7&fontstyle=f-larger&id=55&lang=fr&option=com_content&view=article HTTP/1.1" 302 575 "-" "Mozilla/5.0 (compatible; SemrushBot/7~bl; +http://www.semrush.com/bot.html)"
