185.191.171.34 - - [09/Mar/2023:04:51:00 +0100] "GET /?Itemid=53&fontstyle=f-smaller&id=372&lang=fr&option=com_content&view=article HTTP/1.1" 302 566 "-" "Mozilla/5.0 (compatible; SemrushBot/7~bl; +http://www.semrush.com/bot.html)"
46.165.203.33 - - [09/Mar/2023:04:52:09 +0100] "HEAD / HTTP/1.1" 302 220 "https://www.bing.com" "Mozilla/5.0 (Windows NT 5.1) AppleWebKit/537.36 (KHTML, like Gecko) Chrome/34.0.1847.116 Safari/537.36 Mozilla/5.0 (iPad; U; CPU OS 3_2 like Mac OS X; en-us) AppleWebKit/531.21.10 (KHTML, like Gecko) Version/4.0.4 Mobile/7B334b Safari/531.21.10"
185.191.171.24 - - [09/Mar/2023:04:52:11 +0100] "GET /?Itemid=3&catid=7&fontstyle=f-smaller&id=51&lang=en&option=com_content&view=article HTTP/1.1" 302 576 "-" "Mozilla/5.0 (compatible; SemrushBot/7~bl; +http://www.semrush.com/bot.html)"
185.191.171.22 - - [09/Mar/2023:04:52:35 +0100] "GET /index.php?Itemid=47&catid=7&id=27&lang=fr&option=com_content&view=article HTTP/1.1" 302 558 "-" "Mozilla/5.0 (compatible; SemrushBot/7~bl; +http://www.semrush.com/bot.html)"
185.191.171.40 - - [09/Mar/2023:04:52:55 +0100] "GET /index.php?Itemid=0&id=366&lang=en&option=com_content&view=article HTTP/1.1" 302 545 "-" "Mozilla/5.0 (compatible; SemrushBot/7~bl; +http://www.semrush.com/bot.html)"
212.129.37.175 - - [09/Mar/2023:04:53:17 +0100] "-" 408 1489 "-" "-"
185.191.171.5 - - [09/Mar/2023:04:53:28 +0100] "GET /?catid=7&fontstyle=f-larger&id=67&lang=fr&option=com_content&view=article HTTP/1.1" 302 558 "-" "Mozilla/5.0 (compatible; SemrushBot/7~bl; +http://www.semrush.com/bot.html)"
185.191.171.6 - - [09/Mar/2023:04:54:05 +0100] "GET /index.php?Itemid=45&catid=7&id=7&lang=en&option=com_content&view=article HTTP/1.1" 302 554 "-" "Mozilla/5.0 (compatible; SemrushBot/7~bl; +http://www.semrush.com/bot.html)"
185.191.171.18 - - [09/Mar/2023:04:54:23 +0100] "GET /?Itemid=3&catid=7&fontstyle=f-smaller&id=38&lang=en&option=com_content&view=article HTTP/1.1" 302 576 "-" "Mozilla/5.0 (compatible; SemrushBot/7~bl; +http://www.semrush.com/bot.html)"
185.191.171.14 - - [09/Mar/2023:04:54:44 +0100] "GET /?Itemid=53&fontstyle=f-smaller&id=368&lang=fr&option=com_content&view=article HTTP/1.1" 302 566 "-" "Mozilla/5.0 (compatible; SemrushBot/7~bl; +http://www.semrush.com/bot.html)"
185.191.171.1 - - [09/Mar/2023:04:54:49 +0100] "GET /?fontstyle=f-smaller&id=361&lang=fr&option=com_content&view=article HTTP/1.1" 302 549 "-" "Mozilla/5.0 (compatible; SemrushBot/7~bl; +http://www.semrush.com/bot.html)"
185.191.171.15 - - [09/Mar/2023:04:54:58 +0100] "GET /?Itemid=16&catid=7&fontstyle=f-smaller&id=29&lang=fr&option=com_content&view=article HTTP/1.1" 302 576 "-" "Mozilla/5.0 (compatible; SemrushBot/7~bl; +http://www.semrush.com/bot.html)"
212.129.37.175 - - [09/Mar/2023:04:55:19 +0100] "-" 408 1489 "-" "-"
185.191.171.14 - - [09/Mar/2023:04:55:35 +0100] "GET /?Itemid=0&fontstyle=f-smaller&id=324&lang=fr&option=com_content&view=article HTTP/1.1" 302 562 "-" "Mozilla/5.0 (compatible; SemrushBot/7~bl; +http://www.semrush.com/bot.html)"
185.191.171.40 - - [09/Mar/2023:04:55:39 +0100] "GET /?Itemid=45&catid=7&fontstyle=f-smaller&id=22&lang=en&option=com_content&view=article HTTP/1.1" 302 576 "-" "Mozilla/5.0 (compatible; SemrushBot/7~bl; +http://www.semrush.com/bot.html)"
185.191.171.22 - - [09/Mar/2023:04:55:58 +0100] "GET /?Itemid=16&catid=7&fontstyle=f-smaller&id=44&lang=fr&option=com_content&view=article HTTP/1.1" 302 576 "-" "Mozilla/5.0 (compatible; SemrushBot/7~bl; +http://www.semrush.com/bot.html)"
185.191.171.40 - - [09/Mar/2023:04:56:07 +0100] "GET /index.php?Itemid=49&catid=7&id=34&lang=en&option=com_content&view=article HTTP/1.1" 302 559 "-" "Mozilla/5.0 (compatible; SemrushBot/7~bl; +http://www.semrush.com/bot.html)"
185.191.171.40 - - [09/Mar/2023:04:56:09 +0100] "GET /?catid=7&fontstyle=f-larger&id=43&lang=en&option=com_content&view=article HTTP/1.1" 302 560 "-" "Mozilla/5.0 (compatible; SemrushBot/7~bl; +http://www.semrush.com/bot.html)"
185.191.171.10 - - [09/Mar/2023:04:56:22 +0100] "GET /?Itemid&fontstyle=f-smaller&id=310&lang=en&option=com_content&view=article HTTP/1.1" 302 560 "-" "Mozilla/5.0 (compatible; SemrushBot/7~bl; +http://www.semrush.com/bot.html)"
185.191.171.40 - - [09/Mar/2023:04:56:29 +0100] "GET /?Itemid=14&catid=7&fontstyle=f-larger&id=33&lang=en&option=com_content&view=article HTTP/1.1" 302 576 "-" "Mozilla/5.0 (compatible; SemrushBot/7~bl; +http://www.semrush.com/bot.html)"
185.191.171.45 - - [09/Mar/2023:04:57:19 +0100] "GET /?Itemid=45&catid=7&fontstyle=f-larger&id=31&lang=fr&option=com_content&view=article HTTP/1.1" 302 576 "-" "Mozilla/5.0 (compatible; SemrushBot/7~bl; +http://www.semrush.com/bot.html)"
185.191.171.45 - - [09/Mar/2023:04:57:29 +0100] "GET /?Itemid=0&catid=7&fontstyle=f-larger&id=49&lang=en&option=com_content&view=article HTTP/1.1" 302 575 "-" "Mozilla/5.0 (compatible; SemrushBot/7~bl; +http://www.semrush.com/bot.html)"
185.191.171.45 - - [09/Mar/2023:04:57:36 +0100] "GET /index.php?Itemid=14&catid=7&id=59&lang=en&option=com_content&view=article HTTP/1.1" 302 559 "-" "Mozilla/5.0 (compatible; SemrushBot/7~bl; +http://www.semrush.com/bot.html)"
185.191.171.42 - - [09/Mar/2023:04:58:04 +0100] "GET /?Itemid=53&catid=1&fontstyle=f-smaller&id=441&lang=fr&option=com_content&view=article HTTP/1.1" 302 576 "-" "Mozilla/5.0 (compatible; SemrushBot/7~bl; +http://www.semrush.com/bot.html)"
212.129.37.175 - - [09/Mar/2023:04:58:10 +0100] "-" 408 1489 "-" "-"
185.191.171.17 - - [09/Mar/2023:04:58:19 +0100] "GET /?Itemid&fontstyle=f-smaller&id=325&lang=fr&option=com_content&view=article HTTP/1.1" 302 561 "-" "Mozilla/5.0 (compatible; SemrushBot/7~bl; +http://www.semrush.com/bot.html)"
185.191.171.17 - - [09/Mar/2023:04:58:22 +0100] "GET /?Itemid=53&catid=1&fontstyle=f-larger&id=451&lang=en&option=com_content&view=article HTTP/1.1" 302 575 "-" "Mozilla/5.0 (compatible; SemrushBot/7~bl; +http://www.semrush.com/bot.html)"
185.191.171.4 - - [09/Mar/2023:04:58:29 +0100] "GET /?Itemid=49&catid=7&fontstyle=f-smaller&id=56&lang=en&option=com_content&view=article HTTP/1.1" 302 576 "-" "Mozilla/5.0 (compatible; SemrushBot/7~bl; +http://www.semrush.com/bot.html)"
185.191.171.40 - - [09/Mar/2023:04:58:39 +0100] "GET /?Itemid=53&catid=7&fontstyle=f-smaller&id=8&lang=en&option=com_content&view=article HTTP/1.1" 302 575 "-" "Mozilla/5.0 (compatible; SemrushBot/7~bl; +http://www.semrush.com/bot.html)"
185.191.171.18 - - [09/Mar/2023:04:58:56 +0100] "GET /?Itemid&fontstyle=f-smaller&id=358&lang=fr&option=com_content&view=article HTTP/1.1" 302 562 "-" "Mozilla/5.0 (compatible; SemrushBot/7~bl; +http://www.semrush.com/bot.html)"
185.191.171.18 - - [09/Mar/2023:04:59:24 +0100] "GET /?Itemid=47&catid=7&fontstyle=f-larger&id=43&lang=fr&option=com_content&view=article HTTP/1.1" 302 574 "-" "Mozilla/5.0 (compatible; SemrushBot/7~bl; +http://www.semrush.com/bot.html)"
185.191.171.21 - - [09/Mar/2023:04:59:25 +0100] "GET /?Itemid&catid=8&fontstyle=f-larger&id=129&lang=en&option=com_content&view=article HTTP/1.1" 302 574 "-" "Mozilla/5.0 (compatible; SemrushBot/7~bl; +http://www.semrush.com/bot.html)"
185.191.171.8 - - [09/Mar/2023:04:59:35 +0100] "GET /?Itemid=14&catid=7&fontstyle=f-smaller&id=64&lang=fr&option=com_content&view=article HTTP/1.1" 302 575 "-" "Mozilla/5.0 (compatible; SemrushBot/7~bl; +http://www.semrush.com/bot.html)"
35.216.225.215 - - [09/Mar/2023:04:59:41 +0100] "GET / HTTP/1.1" 404 1931 "-" "-"
35.216.225.215 - - [09/Mar/2023:04:59:41 +0100] "HELP" 501 245 "-" "-"
35.216.225.215 - - [09/Mar/2023:04:59:45 +0100] "GET / HTTP/1.1" 404 1947 "-" "l9tcpid/v1.1.0"
212.129.37.175 - - [09/Mar/2023:04:59:46 +0100] "-" 408 1489 "-" "-"
185.191.171.24 - - [09/Mar/2023:04:59:49 +0100] "GET /index.php?Itemid=0&id=150&lang=en&option=com_content&view=article HTTP/1.1" 302 543 "-" "Mozilla/5.0 (compatible; SemrushBot/7~bl; +http://www.semrush.com/bot.html)"
185.191.171.14 - - [09/Mar/2023:04:59:54 +0100] "GET /?Itemid=3&catid=7&fontstyle=f-smaller&id=26&lang=fr&option=com_content&view=article HTTP/1.1" 302 575 "-" "Mozilla/5.0 (compatible; SemrushBot/7~bl; +http://www.semrush.com/bot.html)"
185.191.171.36 - - [09/Mar/2023:04:59:58 +0100] "GET /index.php?Itemid=11&catid=7&id=55&lang=en&option=com_content&view=article HTTP/1.1" 302 558 "-" "Mozilla/5.0 (compatible; SemrushBot/7~bl; +http://www.semrush.com/bot.html)"
185.191.171.8 - - [09/Mar/2023:04:59:58 +0100] "GET /?Itemid=3&catid=1&fontstyle=f-smaller&id=488&lang=fr&option=com_content&view=article HTTP/1.1" 302 578 "-" "Mozilla/5.0 (compatible; SemrushBot/7~bl; +http://www.semrush.com/bot.html)"
185.191.171.6 - - [09/Mar/2023:05:00:00 +0100] "GET /index.php?Itemid=48&catid=7&id=11&lang=fr&option=com_content&view=article HTTP/1.1" 302 559 "-" "Mozilla/5.0 (compatible; SemrushBot/7~bl; +http://www.semrush.com/bot.html)"
185.191.171.15 - - [09/Mar/2023:05:00:11 +0100] "GET /?Itemid=3&fontstyle=f-smaller&id=238&lang=en&option=com_content&view=article HTTP/1.1" 302 563 "-" "Mozilla/5.0 (compatible; SemrushBot/7~bl; +http://www.semrush.com/bot.html)"
185.191.171.15 - - [09/Mar/2023:05:00:37 +0100] "GET /index.php?Itemid=50&catid=7&id=65&lang=en&option=com_content&view=article HTTP/1.1" 302 558 "-" "Mozilla/5.0 (compatible; SemrushBot/7~bl; +http://www.semrush.com/bot.html)"
185.191.171.26 - - [09/Mar/2023:05:00:40 +0100] "GET /?Itemid=3&catid=1&fontstyle=f-smaller&id=413%3F%3Dfr&lang=en&option=com_content&view=article HTTP/1.1" 302 592 "-" "Mozilla/5.0 (compatible; SemrushBot/7~bl; +http://www.semrush.com/bot.html)"
185.191.171.35 - - [09/Mar/2023:05:00:46 +0100] "GET /index.php?Itemid=3&id=347&lang=en&option=com_content&view=article HTTP/1.1" 302 545 "-" "Mozilla/5.0 (compatible; SemrushBot/7~bl; +http://www.semrush.com/bot.html)"
185.191.171.24 - - [09/Mar/2023:05:01:01 +0100] "GET /index.php?Itemid=53&id=362&lang=en&option=com_content&view=article HTTP/1.1" 302 547 "-" "Mozilla/5.0 (compatible; SemrushBot/7~bl; +http://www.semrush.com/bot.html)"
185.191.171.8 - - [09/Mar/2023:05:01:03 +0100] "GET /index.php?Itemid=53&catid=7&id=55&lang=fr&option=com_content&view=article HTTP/1.1" 302 557 "-" "Mozilla/5.0 (compatible; SemrushBot/7~bl; +http://www.semrush.com/bot.html)"
185.191.171.2 - - [09/Mar/2023:05:01:18 +0100] "GET /index.php?Itemid=0&id=350&lang=fr&option=com_content&view=article HTTP/1.1" 302 545 "-" "Mozilla/5.0 (compatible; SemrushBot/7~bl; +http://www.semrush.com/bot.html)"
185.191.171.38 - - [09/Mar/2023:05:01:20 +0100] "GET /?Itemid=3&catid=1&fontstyle=f-smaller&id=411%3F%3Dfr&lang=fr&option=com_content&view=article HTTP/1.1" 302 591 "-" "Mozilla/5.0 (compatible; SemrushBot/7~bl; +http://www.semrush.com/bot.html)"
185.191.171.34 - - [09/Mar/2023:05:01:53 +0100] "GET /index.php?Itemid=49&catid=7&id=46&lang=fr&option=com_content&view=article HTTP/1.1" 302 557 "-" "Mozilla/5.0 (compatible; SemrushBot/7~bl; +http://www.semrush.com/bot.html)"
185.191.171.1 - - [09/Mar/2023:05:02:26 +0100] "GET /index.php?Itemid=0&id=168&lang=en&option=com_content&view=article HTTP/1.1" 302 545 "-" "Mozilla/5.0 (compatible; SemrushBot/7~bl; +http://www.semrush.com/bot.html)"
185.191.171.13 - - [09/Mar/2023:05:02:40 +0100] "GET /?Itemid=53&catid=7&fontstyle=f-larger&id=52&lang=fr&option=com_content&view=article HTTP/1.1" 302 574 "-" "Mozilla/5.0 (compatible; SemrushBot/7~bl; +http://www.semrush.com/bot.html)"
185.191.171.22 - - [09/Mar/2023:05:02:43 +0100] "GET /?Itemid&fontstyle=f-smaller&id=363&lang=en&option=com_content&view=article HTTP/1.1" 302 561 "-" "Mozilla/5.0 (compatible; SemrushBot/7~bl; +http://www.semrush.com/bot.html)"
212.129.37.175 - - [09/Mar/2023:05:03:04 +0100] "-" 408 1489 "-" "-"
185.191.171.10 - - [09/Mar/2023:05:03:05 +0100] "GET /?Itemid=53&fontstyle=f-smaller&id=303&lang=en&option=com_content&view=article HTTP/1.1" 302 564 "-" "Mozilla/5.0 (compatible; SemrushBot/7~bl; +http://www.semrush.com/bot.html)"
185.191.171.33 - - [09/Mar/2023:05:03:20 +0100] "GET /index.php?catid=7&id=46&lang=en&option=com_content&view=article HTTP/1.1" 302 541 "-" "Mozilla/5.0 (compatible; SemrushBot/7~bl; +http://www.semrush.com/bot.html)"
152.89.196.211 - - [09/Mar/2023:05:03:25 +0100] "POST /vendor/phpunit/phpunit/src/Util/PHP/eval-stdin.php HTTP/1.1" 302 506 "-" "Mozilla/5.0 (Windows NT 10.0; Win64; x64) AppleWebKit/537.36 (KHTML, like Gecko) Chrome/78.0.3904.108 Safari/537.36"
185.191.171.36 - - [09/Mar/2023:05:03:38 +0100] "GET /?Itemid=0&fontstyle=f-larger&id=190&lang=en&option=com_content&view=article HTTP/1.1" 302 561 "-" "Mozilla/5.0 (compatible; SemrushBot/7~bl; +http://www.semrush.com/bot.html)"
185.191.171.22 - - [09/Mar/2023:05:03:52 +0100] "GET /index.php?Itemid=3&id=311&lang=en&option=com_content&view=article HTTP/1.1" 302 543 "-" "Mozilla/5.0 (compatible; SemrushBot/7~bl; +http://www.semrush.com/bot.html)"
185.191.171.5 - - [09/Mar/2023:05:07:00 +0100] "GET /?Itemid=12&catid=7&fontstyle=f-larger&id=29&lang=en&option=com_content&view=article HTTP/1.1" 302 575 "-" "Mozilla/5.0 (compatible; SemrushBot/7~bl; +http://www.semrush.com/bot.html)"
185.191.171.42 - - [09/Mar/2023:05:07:01 +0100] "GET /index.php?Itemid=50&catid=7&id=5&lang=fr&option=com_content&view=article HTTP/1.1" 302 555 "-" "Mozilla/5.0 (compatible; SemrushBot/7~bl; +http://www.semrush.com/bot.html)"
212.129.37.175 - - [09/Mar/2023:05:07:07 +0100] "-" 408 1489 "-" "-"
185.191.171.3 - - [09/Mar/2023:05:07:21 +0100] "GET /index.php?Itemid=0&id=320&lang=en&option=com_content&view=article HTTP/1.1" 302 543 "-" "Mozilla/5.0 (compatible; SemrushBot/7~bl; +http://www.semrush.com/bot.html)"
185.191.171.25 - - [09/Mar/2023:05:07:33 +0100] "GET /index.php?Itemid=12&catid=7&id=37&lang=en&option=com_content&view=article HTTP/1.1" 302 558 "-" "Mozilla/5.0 (compatible; SemrushBot/7~bl; +http://www.semrush.com/bot.html)"
185.191.171.38 - - [09/Mar/2023:05:07:48 +0100] "GET /index.php?Itemid=46&catid=7&id=32&lang=fr&option=com_content&view=article HTTP/1.1" 302 559 "-" "Mozilla/5.0 (compatible; SemrushBot/7~bl; +http://www.semrush.com/bot.html)"
185.191.171.5 - - [09/Mar/2023:05:07:54 +0100] "GET /?Itemid&fontstyle=f-larger&id=297&lang=fr&option=com_content&view=article HTTP/1.1" 302 560 "-" "Mozilla/5.0 (compatible; SemrushBot/7~bl; +http://www.semrush.com/bot.html)"
185.191.171.13 - - [09/Mar/2023:05:08:29 +0100] "GET /?Itemid=49&catid=7&fontstyle=f-larger&id=23&lang=fr&option=com_content&view=article HTTP/1.1" 302 576 "-" "Mozilla/5.0 (compatible; SemrushBot/7~bl; +http://www.semrush.com/bot.html)"
185.191.171.2 - - [09/Mar/2023:05:09:09 +0100] "GET /index.php?Itemid=12&catid=7&id=63&lang=fr&option=com_content&view=article HTTP/1.1" 302 559 "-" "Mozilla/5.0 (compatible; SemrushBot/7~bl; +http://www.semrush.com/bot.html)"
185.191.171.24 - - [09/Mar/2023:05:09:28 +0100] "GET /?Itemid=14&catid=7&fontstyle=f-larger&id=50&lang=en&option=com_content&view=article HTTP/1.1" 302 576 "-" "Mozilla/5.0 (compatible; SemrushBot/7~bl; +http://www.semrush.com/bot.html)"
185.191.171.37 - - [09/Mar/2023:05:09:39 +0100] "GET /index.php?catid=7&id=36&lang=en&option=com_content&view=article HTTP/1.1" 302 542 "-" "Mozilla/5.0 (compatible; SemrushBot/7~bl; +http://www.semrush.com/bot.html)"
185.191.171.4 - - [09/Mar/2023:05:10:27 +0100] "GET /?Itemid=53&catid=7&fontstyle=f-smaller&id=6&lang=en&option=com_content&view=article HTTP/1.1" 302 575 "-" "Mozilla/5.0 (compatible; SemrushBot/7~bl; +http://www.semrush.com/bot.html)"
185.246.220.98 - - [09/Mar/2023:05:10:41 +0100] "POST /boaform/admin/formLogin HTTP/1.1" 302 498 "http://212.83.157.39:80/admin/login.asp" "Mozilla/5.0 (X11; Ubuntu; Linux x86_64; rv:71.0) Gecko/20100101 Firefox/71.0"
185.191.171.44 - - [09/Mar/2023:05:10:46 +0100] "GET /?Itemid=0&fontstyle=f-smaller&id=324&lang=en&option=com_content&view=article HTTP/1.1" 302 563 "-" "Mozilla/5.0 (compatible; SemrushBot/7~bl; +http://www.semrush.com/bot.html)"
212.129.37.175 - - [09/Mar/2023:05:10:53 +0100] "-" 408 1489 "-" "-"
185.191.171.4 - - [09/Mar/2023:05:11:08 +0100] "GET /?Itemid&fontstyle=f-smaller&id=75&lang=fr&option=com_content&view=article HTTP/1.1" 302 559 "-" "Mozilla/5.0 (compatible; SemrushBot/7~bl; +http://www.semrush.com/bot.html)"
212.129.37.175 - - [09/Mar/2023:05:11:35 +0100] "-" 408 1489 "-" "-"
185.191.171.38 - - [09/Mar/2023:05:11:35 +0100] "GET /index.php?id=323&lang=fr&option=com_content&view=article HTTP/1.1" 302 529 "-" "Mozilla/5.0 (compatible; SemrushBot/7~bl; +http://www.semrush.com/bot.html)"
185.191.171.44 - - [09/Mar/2023:05:11:36 +0100] "GET /index.php?Itemid=16&catid=7&id=56&lang=fr&option=com_content&view=article HTTP/1.1" 302 557 "-" "Mozilla/5.0 (compatible; SemrushBot/7~bl; +http://www.semrush.com/bot.html)"
185.191.171.13 - - [09/Mar/2023:05:11:39 +0100] "GET /index.php?Itemid=3&id=307&lang=en&option=com_content&view=article HTTP/1.1" 302 544 "-" "Mozilla/5.0 (compatible; SemrushBot/7~bl; +http://www.semrush.com/bot.html)"
185.191.171.42 - - [09/Mar/2023:05:11:45 +0100] "GET /?Itemid=5&catid=7&fontstyle=f-larger&id=55&lang=en&option=com_content&view=article HTTP/1.1" 302 572 "-" "Mozilla/5.0 (compatible; SemrushBot/7~bl; +http://www.semrush.com/bot.html)"
185.191.171.38 - - [09/Mar/2023:05:11:59 +0100] "GET /index.php?lang=fr&option=com_xmap&sitemap=1 HTTP/1.1" 302 506 "-" "Mozilla/5.0 (compatible; SemrushBot/7~bl; +http://www.semrush.com/bot.html)"
185.191.171.33 - - [09/Mar/2023:05:12:10 +0100] "GET /?Itemid&fontstyle=f-smaller&id=252&lang=en&option=com_content&view=article HTTP/1.1" 302 560 "-" "Mozilla/5.0 (compatible; SemrushBot/7~bl; +http://www.semrush.com/bot.html)"
185.191.171.41 - - [09/Mar/2023:05:12:21 +0100] "GET /index.php?Itemid=3&catid=7&id=5&lang=en&option=com_content&view=article HTTP/1.1" 302 555 "-" "Mozilla/5.0 (compatible; SemrushBot/7~bl; +http://www.semrush.com/bot.html)"
185.191.171.22 - - [09/Mar/2023:05:12:24 +0100] "GET /index.php?Itemid=49&catid=7&id=28&lang=fr&option=com_content&view=article HTTP/1.1" 302 559 "-" "Mozilla/5.0 (compatible; SemrushBot/7~bl; +http://www.semrush.com/bot.html)"
185.191.171.15 - - [09/Mar/2023:05:13:03 +0100] "GET /?Itemid=3&catid=7&fontstyle=f-smaller&id=63&lang=en&option=com_content&view=article HTTP/1.1" 302 575 "-" "Mozilla/5.0 (compatible; SemrushBot/7~bl; +http://www.semrush.com/bot.html)"
185.191.171.5 - - [09/Mar/2023:05:13:34 +0100] "GET /?Itemid=99999&fontstyle=f-smaller&formId=5&lang=fr&option=com_rsform HTTP/1.1" 302 547 "-" "Mozilla/5.0 (compatible; SemrushBot/7~bl; +http://www.semrush.com/bot.html)"
185.191.171.38 - - [09/Mar/2023:05:13:39 +0100] "GET /index.php?Itemid=0&id=284&lang=fr&option=com_content&view=article HTTP/1.1" 302 546 "-" "Mozilla/5.0 (compatible; SemrushBot/7~bl; +http://www.semrush.com/bot.html)"
185.191.171.44 - - [09/Mar/2023:05:14:19 +0100] "GET /?Itemid=5&catid=7&fontstyle=f-smaller&id=59&lang=en&option=com_content&view=article HTTP/1.1" 302 576 "-" "Mozilla/5.0 (compatible; SemrushBot/7~bl; +http://www.semrush.com/bot.html)"
185.191.171.17 - - [09/Mar/2023:05:14:20 +0100] "GET /?Itemid=48&catid=7&fontstyle=f-larger&id=25&lang=en&option=com_content&view=article HTTP/1.1" 302 576 "-" "Mozilla/5.0 (compatible; SemrushBot/7~bl; +http://www.semrush.com/bot.html)"
185.191.171.42 - - [09/Mar/2023:05:15:01 +0100] "GET /?Itemid=0&fontstyle=f-larger&id=304&lang=fr&option=com_content&view=article HTTP/1.1" 302 562 "-" "Mozilla/5.0 (compatible; SemrushBot/7~bl; +http://www.semrush.com/bot.html)"
185.191.171.12 - - [09/Mar/2023:05:15:34 +0100] "GET /index.php?Itemid=16&catid=7&id=31&lang=en&option=com_content&view=article HTTP/1.1" 302 558 "-" "Mozilla/5.0 (compatible; SemrushBot/7~bl; +http://www.semrush.com/bot.html)"
212.129.37.175 - - [09/Mar/2023:05:15:46 +0100] "-" 408 1489 "-" "-"
212.129.37.175 - - [09/Mar/2023:05:16:01 +0100] "-" 408 1489 "-" "-"
185.191.171.12 - - [09/Mar/2023:05:16:05 +0100] "GET /index.php?Itemid=3&id=1&lang=fr&layout=blog&limitstart=5&option=com_content&view=category HTTP/1.1" 302 587 "-" "Mozilla/5.0 (compatible; SemrushBot/7~bl; +http://www.semrush.com/bot.html)"
185.191.171.25 - - [09/Mar/2023:05:16:23 +0100] "GET /?Itemid=53&catid=1&fontstyle=f-larger&id=461&lang=fr&option=com_content&view=article HTTP/1.1" 302 575 "-" "Mozilla/5.0 (compatible; SemrushBot/7~bl; +http://www.semrush.com/bot.html)"
185.191.171.40 - - [09/Mar/2023:05:16:33 +0100] "GET /?Itemid=0&catid=7&fontstyle=f-larger&id=63&lang=en&option=com_content&view=article HTTP/1.1" 302 575 "-" "Mozilla/5.0 (compatible; SemrushBot/7~bl; +http://www.semrush.com/bot.html)"
185.191.171.6 - - [09/Mar/2023:05:16:38 +0100] "GET /?Itemid=48&catid=7&fontstyle=f-larger&id=23&lang=fr&option=com_content&view=article HTTP/1.1" 302 576 "-" "Mozilla/5.0 (compatible; SemrushBot/7~bl; +http://www.semrush.com/bot.html)"
185.191.171.24 - - [09/Mar/2023:05:16:54 +0100] "GET /index.php?Itemid=0&id=165&lang=en&option=com_content&view=article HTTP/1.1" 302 545 "-" "Mozilla/5.0 (compatible; SemrushBot/7~bl; +http://www.semrush.com/bot.html)"
185.191.171.40 - - [09/Mar/2023:05:17:12 +0100] "GET /index.php?Itemid=46&catid=7&id=28&lang=en&option=com_content&view=article HTTP/1.1" 302 558 "-" "Mozilla/5.0 (compatible; SemrushBot/7~bl; +http://www.semrush.com/bot.html)"
152.89.196.211 - - [09/Mar/2023:05:18:08 +0100] "GET /vendor/phpunit/phpunit/src/Util/PHP/eval-stdin.php HTTP/1.1" 302 506 "-" "Mozilla/5.0 (Windows NT 10.0; Win64; x64) AppleWebKit/537.36 (KHTML, like Gecko) Chrome/78.0.3904.108 Safari/537.36"
185.191.171.9 - - [09/Mar/2023:05:18:33 +0100] "GET /?Itemid=16&catid=7&fontstyle=f-larger&id=18&lang=en&option=com_content&view=article HTTP/1.1" 302 575 "-" "Mozilla/5.0 (compatible; SemrushBot/7~bl; +http://www.semrush.com/bot.html)"
185.191.171.4 - - [09/Mar/2023:05:18:46 +0100] "GET /?Itemid=50&catid=7&fontstyle=f-larger&id=51&lang=fr&option=com_content&view=article HTTP/1.1" 302 574 "-" "Mozilla/5.0 (compatible; SemrushBot/7~bl; +http://www.semrush.com/bot.html)"
185.191.171.9 - - [09/Mar/2023:05:19:14 +0100] "GET /index.php?Itemid=0&catid=7&id=64&lang=fr&option=com_content&view=article HTTP/1.1" 302 557 "-" "Mozilla/5.0 (compatible; SemrushBot/7~bl; +http://www.semrush.com/bot.html)"
185.191.171.5 - - [09/Mar/2023:05:19:28 +0100] "GET /robots.txt HTTP/1.1" 302 441 "-" "Mozilla/5.0 (compatible; SemrushBot/7~bl; +http://www.semrush.com/bot.html)"
185.191.171.21 - - [09/Mar/2023:05:19:29 +0100] "GET /index.php?id=346&lang=fr&option=com_content&view=article HTTP/1.1" 302 530 "-" "Mozilla/5.0 (compatible; SemrushBot/7~bl; +http://www.semrush.com/bot.html)"
185.191.171.34 - - [09/Mar/2023:05:19:49 +0100] "GET /?Itemid=0&fontstyle=f-larger&id=363&lang=en&option=com_content&view=article HTTP/1.1" 302 563 "-" "Mozilla/5.0 (compatible; SemrushBot/7~bl; +http://www.semrush.com/bot.html)"
185.191.171.16 - - [09/Mar/2023:05:20:08 +0100] "GET /index.php?Itemid=5&id=256&lang=en&option=com_content&view=article HTTP/1.1" 302 545 "-" "Mozilla/5.0 (compatible; SemrushBot/7~bl; +http://www.semrush.com/bot.html)"
185.191.171.34 - - [09/Mar/2023:05:20:19 +0100] "GET /index.php?Itemid=47&catid=7&id=73&lang=fr&option=com_content&view=article HTTP/1.1" 302 558 "-" "Mozilla/5.0 (compatible; SemrushBot/7~bl; +http://www.semrush.com/bot.html)"
185.191.171.37 - - [09/Mar/2023:05:20:26 +0100] "GET /?Itemid=0&fontstyle=f-larger&id=357&lang=fr&option=com_content&view=article HTTP/1.1" 302 563 "-" "Mozilla/5.0 (compatible; SemrushBot/7~bl; +http://www.semrush.com/bot.html)"
212.129.37.175 - - [09/Mar/2023:05:20:28 +0100] "-" 408 1489 "-" "-"
212.129.37.175 - - [09/Mar/2023:05:20:40 +0100] "-" 408 1489 "-" "-"
185.191.171.39 - - [09/Mar/2023:05:20:56 +0100] "GET /robots.txt HTTP/1.1" 302 441 "-" "Mozilla/5.0 (compatible; SemrushBot/7~bl; +http://www.semrush.com/bot.html)"
185.191.171.37 - - [09/Mar/2023:05:20:56 +0100] "GET /index.php?Itemid=49&catid=7&id=53&lang=fr&option=com_content&view=article HTTP/1.1" 302 559 "-" "Mozilla/5.0 (compatible; SemrushBot/7~bl; +http://www.semrush.com/bot.html)"
185.191.171.23 - - [09/Mar/2023:05:20:58 +0100] "GET /index.php?Itemid=0&id=325&lang=fr&option=com_content&view=article HTTP/1.1" 302 545 "-" "Mozilla/5.0 (compatible; SemrushBot/7~bl; +http://www.semrush.com/bot.html)"
185.191.171.17 - - [09/Mar/2023:05:21:07 +0100] "GET /?Itemid=3&fontstyle=f-smaller&id=367&lang=en&option=com_content&view=article HTTP/1.1" 302 563 "-" "Mozilla/5.0 (compatible; SemrushBot/7~bl; +http://www.semrush.com/bot.html)"
185.191.171.39 - - [09/Mar/2023:05:21:21 +0100] "GET /index.php?Itemid=53&id=312&lang=en&option=com_content&view=article HTTP/1.1" 302 547 "-" "Mozilla/5.0 (compatible; SemrushBot/7~bl; +http://www.semrush.com/bot.html)"
185.191.171.22 - - [09/Mar/2023:05:21:41 +0100] "GET /?Itemid=47&catid=7&fontstyle=f-larger&id=6&lang=fr&option=com_content&view=article HTTP/1.1" 302 573 "-" "Mozilla/5.0 (compatible; SemrushBot/7~bl; +http://www.semrush.com/bot.html)"
185.191.171.2 - - [09/Mar/2023:05:22:01 +0100] "GET /?Itemid=0&fontstyle=f-smaller&id=369&lang=fr&option=com_content&view=article HTTP/1.1" 302 564 "-" "Mozilla/5.0 (compatible; SemrushBot/7~bl; +http://www.semrush.com/bot.html)"
185.191.171.42 - - [09/Mar/2023:05:22:17 +0100] "GET /?Itemid&fontstyle=f-larger&id=310&lang=en&option=com_content&view=article HTTP/1.1" 302 559 "-" "Mozilla/5.0 (compatible; SemrushBot/7~bl; +http://www.semrush.com/bot.html)"
185.191.171.39 - - [09/Mar/2023:05:22:28 +0100] "GET /?catid=7&fontstyle=f-larger&id=29&lang=fr&option=com_content&view=article HTTP/1.1" 302 559 "-" "Mozilla/5.0 (compatible; SemrushBot/7~bl; +http://www.semrush.com/bot.html)"
185.191.171.39 - - [09/Mar/2023:05:22:30 +0100] "GET /index.php?Itemid=3&id=1&lang=en&layout=blog&limitstart=50&option=com_content&view=category HTTP/1.1" 302 588 "-" "Mozilla/5.0 (compatible; SemrushBot/7~bl; +http://www.semrush.com/bot.html)"
185.191.171.14 - - [09/Mar/2023:05:22:30 +0100] "GET /?Itemid&fontstyle=f-larger&id=299&lang=en&option=com_content&view=article HTTP/1.1" 302 559 "-" "Mozilla/5.0 (compatible; SemrushBot/7~bl; +http://www.semrush.com/bot.html)"
66.249.66.4 - - [09/Mar/2023:05:23:03 +0100] "GET /robots.txt HTTP/1.1" 404 2252 "-" "Mozilla/5.0 (compatible; Googlebot/2.1; +http://www.google.com/bot.html)"
66.249.66.6 - - [09/Mar/2023:05:23:03 +0100] "GET /ads.txt HTTP/1.1" 404 2252 "-" "Mozilla/5.0 (compatible; Googlebot/2.1; +http://www.google.com/bot.html)"
185.191.171.44 - - [09/Mar/2023:05:23:10 +0100] "GET /index.php?Itemid=12&catid=7&id=37&lang=en&option=com_content&view=article HTTP/1.1" 302 558 "-" "Mozilla/5.0 (compatible; SemrushBot/7~bl; +http://www.semrush.com/bot.html)"
185.191.171.3 - - [09/Mar/2023:05:24:02 +0100] "GET /index.php?Itemid=0&id=307&lang=en&option=com_content&view=article HTTP/1.1" 302 545 "-" "Mozilla/5.0 (compatible; SemrushBot/7~bl; +http://www.semrush.com/bot.html)"
185.191.171.15 - - [09/Mar/2023:05:24:13 +0100] "GET /index.php?Itemid=3&catid=7&id=66&lang=fr&option=com_content&view=article HTTP/1.1" 302 557 "-" "Mozilla/5.0 (compatible; SemrushBot/7~bl; +http://www.semrush.com/bot.html)"
185.191.171.4 - - [09/Mar/2023:05:24:20 +0100] "GET /?Itemid=0&fontstyle=f-larger&id=360&lang=fr&option=com_content&view=article HTTP/1.1" 302 561 "-" "Mozilla/5.0 (compatible; SemrushBot/7~bl; +http://www.semrush.com/bot.html)"
185.191.171.36 - - [09/Mar/2023:05:24:24 +0100] "GET /?Itemid=0&fontstyle=f-larger&id=369&lang=en&option=com_content&view=article HTTP/1.1" 302 563 "-" "Mozilla/5.0 (compatible; SemrushBot/7~bl; +http://www.semrush.com/bot.html)"
185.191.171.38 - - [09/Mar/2023:05:24:25 +0100] "GET /?Itemid=53&catid=7&fontstyle=f-larger&id=6&lang=fr&option=com_content&view=article HTTP/1.1" 302 574 "-" "Mozilla/5.0 (compatible; SemrushBot/7~bl; +http://www.semrush.com/bot.html)"
212.129.37.175 - - [09/Mar/2023:05:24:55 +0100] "-" 408 1489 "-" "-"
185.191.171.45 - - [09/Mar/2023:05:24:56 +0100] "GET /?Itemid=0&catid=7&fontstyle=f-larger&id=29&lang=en&option=com_content&view=article HTTP/1.1" 302 575 "-" "Mozilla/5.0 (compatible; SemrushBot/7~bl; +http://www.semrush.com/bot.html)"
185.191.171.13 - - [09/Mar/2023:05:25:02 +0100] "GET /?Itemid=53&catid=1&fontstyle=f-larger&id=435%3F%3Dfr&lang=en&option=com_content&view=article HTTP/1.1" 302 593 "-" "Mozilla/5.0 (compatible; SemrushBot/7~bl; +http://www.semrush.com/bot.html)"
185.191.171.24 - - [09/Mar/2023:05:25:09 +0100] "GET /?Itemid=12&catid=7&fontstyle=f-larger&id=49&lang=fr&option=com_content&view=article HTTP/1.1" 302 576 "-" "Mozilla/5.0 (compatible; SemrushBot/7~bl; +http://www.semrush.com/bot.html)"
185.191.171.34 - - [09/Mar/2023:05:25:16 +0100] "GET /index.php?Itemid=11&catid=7&id=45&lang=fr&option=com_content&view=article HTTP/1.1" 302 559 "-" "Mozilla/5.0 (compatible; SemrushBot/7~bl; +http://www.semrush.com/bot.html)"
212.129.37.175 - - [09/Mar/2023:05:25:37 +0100] "-" 408 1489 "-" "-"
185.191.171.38 - - [09/Mar/2023:05:25:46 +0100] "GET /index.php?Itemid=53&catid=7&id=21&lang=fr&option=com_content&view=article HTTP/1.1" 302 559 "-" "Mozilla/5.0 (compatible; SemrushBot/7~bl; +http://www.semrush.com/bot.html)"
185.191.171.41 - - [09/Mar/2023:05:25:55 +0100] "GET /index.php?Itemid=14&catid=7&id=21&lang=fr&option=com_content&view=article HTTP/1.1" 302 559 "-" "Mozilla/5.0 (compatible; SemrushBot/7~bl; +http://www.semrush.com/bot.html)"
185.191.171.41 - - [09/Mar/2023:05:26:15 +0100] "GET /?Itemid=12&catid=7&fontstyle=f-smaller&id=34&lang=fr&option=com_content&view=article HTTP/1.1" 302 576 "-" "Mozilla/5.0 (compatible; SemrushBot/7~bl; +http://www.semrush.com/bot.html)"
185.191.171.44 - - [09/Mar/2023:05:27:36 +0100] "GET /?Itemid=47&catid=7&fontstyle=f-larger&id=49&lang=en&option=com_content&view=article HTTP/1.1" 302 574 "-" "Mozilla/5.0 (compatible; SemrushBot/7~bl; +http://www.semrush.com/bot.html)"
185.191.171.6 - - [09/Mar/2023:05:27:53 +0100] "GET /index.php?Itemid=16&catid=7&id=73&lang=fr&option=com_content&view=article HTTP/1.1" 302 558 "-" "Mozilla/5.0 (compatible; SemrushBot/7~bl; +http://www.semrush.com/bot.html)"
185.191.171.42 - - [09/Mar/2023:05:28:34 +0100] "GET /index.php?catid=8&id=129&lang=en&option=com_content&view=article HTTP/1.1" 302 543 "-" "Mozilla/5.0 (compatible; SemrushBot/7~bl; +http://www.semrush.com/bot.html)"
185.191.171.44 - - [09/Mar/2023:05:28:50 +0100] "GET /?id=75&lang=fr&option=com_content&view=article HTTP/1.1" 302 514 "-" "Mozilla/5.0 (compatible; SemrushBot/7~bl; +http://www.semrush.com/bot.html)"
185.191.171.18 - - [09/Mar/2023:05:28:58 +0100] "GET /index.php?Itemid&id=307&lang=fr&option=com_content&view=article HTTP/1.1" 302 543 "-" "Mozilla/5.0 (compatible; SemrushBot/7~bl; +http://www.semrush.com/bot.html)"
185.191.171.12 - - [09/Mar/2023:05:29:25 +0100] "GET /?Itemid=0&fontstyle=f-larger&id=325&lang=en&option=com_content&view=article HTTP/1.1" 302 562 "-" "Mozilla/5.0 (compatible; SemrushBot/7~bl; +http://www.semrush.com/bot.html)"
212.129.37.175 - - [09/Mar/2023:05:29:26 +0100] "-" 408 1489 "-" "-"
185.191.171.34 - - [09/Mar/2023:05:29:33 +0100] "GET /?Itemid=12&catid=7&fontstyle=f-smaller&id=25&lang=en&option=com_content&view=article HTTP/1.1" 302 576 "-" "Mozilla/5.0 (compatible; SemrushBot/7~bl; +http://www.semrush.com/bot.html)"
212.129.37.175 - - [09/Mar/2023:05:30:30 +0100] "-" 408 1489 "-" "-"
185.191.171.15 - - [09/Mar/2023:05:30:34 +0100] "GET /index.php?catid=7&id=33&lang=en&option=com_content&view=article HTTP/1.1" 302 541 "-" "Mozilla/5.0 (compatible; SemrushBot/7~bl; +http://www.semrush.com/bot.html)"
185.191.171.22 - - [09/Mar/2023:05:30:37 +0100] "GET /index.php?Itemid=5&catid=7&id=37&lang=fr&option=com_content&view=article HTTP/1.1" 302 556 "-" "Mozilla/5.0 (compatible; SemrushBot/7~bl; +http://www.semrush.com/bot.html)"
185.191.171.34 - - [09/Mar/2023:05:31:27 +0100] "GET /index.php?Itemid=0&id=311&lang=fr&option=com_content&view=article HTTP/1.1" 302 545 "-" "Mozilla/5.0 (compatible; SemrushBot/7~bl; +http://www.semrush.com/bot.html)"
152.89.196.211 - - [09/Mar/2023:05:31:34 +0100] "GET /solr/admin/info/system?wt=json HTTP/1.1" 302 475 "-" "Mozilla/5.0 (Windows NT 10.0; Win64; x64) AppleWebKit/537.36 (KHTML, like Gecko) Chrome/78.0.3904.108 Safari/537.36"
185.191.171.13 - - [09/Mar/2023:05:31:51 +0100] "GET /?Itemid=53&catid=1&fontstyle=f-larger&id=483&lang=fr&option=com_content&view=article HTTP/1.1" 302 576 "-" "Mozilla/5.0 (compatible; SemrushBot/7~bl; +http://www.semrush.com/bot.html)"
185.191.171.9 - - [09/Mar/2023:05:31:54 +0100] "GET /?Itemid=53&catid=7&fontstyle=f-smaller&id=471&lang=en&option=com_content&view=article HTTP/1.1" 302 578 "-" "Mozilla/5.0 (compatible; SemrushBot/7~bl; +http://www.semrush.com/bot.html)"
185.191.171.40 - - [09/Mar/2023:05:32:14 +0100] "GET /index.php?Itemid=3&id=359&lang=fr&option=com_content&view=article HTTP/1.1" 302 545 "-" "Mozilla/5.0 (compatible; SemrushBot/7~bl; +http://www.semrush.com/bot.html)"
185.191.171.12 - - [09/Mar/2023:05:32:27 +0100] "GET /?Itemid=11&catid=7&fontstyle=f-larger&id=6&lang=fr&option=com_content&view=article HTTP/1.1" 302 574 "-" "Mozilla/5.0 (compatible; SemrushBot/7~bl; +http://www.semrush.com/bot.html)"
185.191.171.45 - - [09/Mar/2023:05:32:33 +0100] "GET /?Itemid=53&fontstyle=f-smaller&id=245&lang=en&option=com_content&view=article HTTP/1.1" 302 565 "-" "Mozilla/5.0 (compatible; SemrushBot/7~bl; +http://www.semrush.com/bot.html)"
185.191.171.42 - - [09/Mar/2023:05:32:42 +0100] "GET /index.php?Itemid=47&catid=7&id=62&lang=fr&option=com_content&view=article HTTP/1.1" 302 559 "-" "Mozilla/5.0 (compatible; SemrushBot/7~bl; +http://www.semrush.com/bot.html)"
185.191.171.2 - - [09/Mar/2023:05:32:43 +0100] "GET /index.php?Itemid=53&id=352&lang=fr&option=com_content&view=article HTTP/1.1" 302 547 "-" "Mozilla/5.0 (compatible; SemrushBot/7~bl; +http://www.semrush.com/bot.html)"
185.191.171.10 - - [09/Mar/2023:05:32:44 +0100] "GET /?Itemid=14&catid=14&fontstyle=f-smaller&id=14&lang=en&option=com_content&view=article HTTP/1.1" 302 572 "-" "Mozilla/5.0 (compatible; SemrushBot/7~bl; +http://www.semrush.com/bot.html)"
185.191.171.45 - - [09/Mar/2023:05:32:57 +0100] "GET /?Itemid=11&catid=7&fontstyle=f-smaller&id=45&lang=fr&option=com_content&view=article HTTP/1.1" 302 576 "-" "Mozilla/5.0 (compatible; SemrushBot/7~bl; +http://www.semrush.com/bot.html)"
185.191.171.18 - - [09/Mar/2023:05:33:11 +0100] "GET /?fontstyle=f-smaller&id=284&lang=fr&option=com_content&view=article HTTP/1.1" 302 549 "-" "Mozilla/5.0 (compatible; SemrushBot/7~bl; +http://www.semrush.com/bot.html)"
185.191.171.11 - - [09/Mar/2023:05:33:12 +0100] "GET /?Itemid=53&catid=7&fontstyle=f-larger&id=56&lang=en&option=com_content&view=article HTTP/1.1" 302 575 "-" "Mozilla/5.0 (compatible; SemrushBot/7~bl; +http://www.semrush.com/bot.html)"
185.191.171.43 - - [09/Mar/2023:05:33:24 +0100] "GET /?Itemid&catid=7&fontstyle=f-larger&id=6&lang=en&option=com_content&view=article HTTP/1.1" 302 570 "-" "Mozilla/5.0 (compatible; SemrushBot/7~bl; +http://www.semrush.com/bot.html)"
185.191.171.13 - - [09/Mar/2023:05:33:34 +0100] "GET /index.php?Itemid=12&catid=7&id=21&lang=en&option=com_content&view=article HTTP/1.1" 302 558 "-" "Mozilla/5.0 (compatible; SemrushBot/7~bl; +http://www.semrush.com/bot.html)"
212.129.37.175 - - [09/Mar/2023:05:33:52 +0100] "-" 408 1489 "-" "-"
185.191.171.26 - - [09/Mar/2023:05:34:17 +0100] "GET /?Itemid&fontstyle=f-smaller&id=256&lang=en&option=com_content&view=article HTTP/1.1" 302 561 "-" "Mozilla/5.0 (compatible; SemrushBot/7~bl; +http://www.semrush.com/bot.html)"
185.191.171.41 - - [09/Mar/2023:05:34:26 +0100] "GET /index.php?Itemid=47&catid=7&id=22&lang=en&option=com_content&view=article HTTP/1.1" 302 557 "-" "Mozilla/5.0 (compatible; SemrushBot/7~bl; +http://www.semrush.com/bot.html)"
66.249.66.75 - - [09/Mar/2023:05:34:28 +0100] "GET /robots.txt HTTP/1.1" 302 478 "-" "Mozilla/5.0 (compatible; Googlebot/2.1; +http://www.google.com/bot.html)"
66.249.66.74 - - [09/Mar/2023:05:34:29 +0100] "GET /media/system/js/caption.js HTTP/1.1" 302 506 "http://mailspool.activmail.com/index.php?option=com_content&Itemid=11&catid=7&id=463&lang=fr&view=article" "Mozilla/5.0 (Linux; Android 6.0.1; Nexus 5X Build/MMB29P) AppleWebKit/537.36 (KHTML, like Gecko) Chrome/110.0.5481.177 Mobile Safari/537.36 (compatible; Googlebot/2.1; +http://www.google.com/bot.html)"
66.249.66.74 - - [09/Mar/2023:05:34:29 +0100] "GET /plugins/system/yoo_effects/lightbox/shadowbox.css HTTP/1.1" 302 547 "http://mailspool.activmail.com/index.php?option=com_content&Itemid=11&catid=7&id=463&lang=fr&view=article" "Mozilla/5.0 (Linux; Android 6.0.1; Nexus 5X Build/MMB29P) AppleWebKit/537.36 (KHTML, like Gecko) Chrome/110.0.5481.177 Mobile Safari/537.36 (compatible; Googlebot/2.1; +http://www.google.com/bot.html)"
66.249.66.73 - - [09/Mar/2023:05:34:30 +0100] "GET /templates/rt_versatility4_j15/js/rokfonts.js HTTP/1.1" 302 537 "http://mailspool.activmail.com/index.php?option=com_content&Itemid=11&catid=7&id=463&lang=fr&view=article" "Mozilla/5.0 (Linux; Android 6.0.1; Nexus 5X Build/MMB29P) AppleWebKit/537.36 (KHTML, like Gecko) Chrome/110.0.5481.177 Mobile Safari/537.36 (compatible; Googlebot/2.1; +http://www.google.com/bot.html)"
66.249.66.74 - - [09/Mar/2023:05:34:30 +0100] "GET /templates/rt_versatility4_j15/css/typography.css HTTP/1.1" 302 546 "http://mailspool.activmail.com/index.php?option=com_content&Itemid=11&catid=7&id=463&lang=fr&view=article" "Mozilla/5.0 (Linux; Android 6.0.1; Nexus 5X Build/MMB29P) AppleWebKit/537.36 (KHTML, like Gecko) Chrome/110.0.5481.177 Mobile Safari/537.36 (compatible; Googlebot/2.1; +http://www.google.com/bot.html)"
66.249.66.75 - - [09/Mar/2023:05:34:31 +0100] "GET /templates/system/css/system.css HTTP/1.1" 302 507 "http://mailspool.activmail.com/index.php?option=com_content&Itemid=11&catid=7&id=463&lang=fr&view=article" "Mozilla/5.0 (Linux; Android 6.0.1; Nexus 5X Build/MMB29P) AppleWebKit/537.36 (KHTML, like Gecko) Chrome/110.0.5481.177 Mobile Safari/537.36 (compatible; Googlebot/2.1; +http://www.google.com/bot.html)"
66.249.66.74 - - [09/Mar/2023:05:34:31 +0100] "GET /templates/rt_versatility4_j15/js/rokmoomenu.js HTTP/1.1" 302 544 "http://mailspool.activmail.com/index.php?option=com_content&Itemid=11&catid=7&id=463&lang=fr&view=article" "Mozilla/5.0 (Linux; Android 6.0.1; Nexus 5X Build/MMB29P) AppleWebKit/537.36 (KHTML, like Gecko) Chrome/110.0.5481.177 Mobile Safari/537.36 (compatible; Googlebot/2.1; +http://www.google.com/bot.html)"
66.249.66.75 - - [09/Mar/2023:05:34:32 +0100] "GET /templates/rt_versatility4_j15/js/rokslidestrip.js HTTP/1.1" 302 547 "http://mailspool.activmail.com/index.php?option=com_content&Itemid=11&catid=7&id=463&lang=fr&view=article" "Mozilla/5.0 (Linux; Android 6.0.1; Nexus 5X Build/MMB29P) AppleWebKit/537.36 (KHTML, like Gecko) Chrome/110.0.5481.177 Mobile Safari/537.36 (compatible; Googlebot/2.1; +http://www.google.com/bot.html)"
66.249.66.74 - - [09/Mar/2023:05:34:32 +0100] "GET /templates/rt_versatility4_j15/js/roksameheight.js HTTP/1.1" 302 547 "http://mailspool.activmail.com/index.php?option=com_content&Itemid=11&catid=7&id=463&lang=fr&view=article" "Mozilla/5.0 (Linux; Android 6.0.1; Nexus 5X Build/MMB29P) AppleWebKit/537.36 (KHTML, like Gecko) Chrome/110.0.5481.177 Mobile Safari/537.36 (compatible; Googlebot/2.1; +http://www.google.com/bot.html)"
66.249.66.73 - - [09/Mar/2023:05:34:33 +0100] "GET /media/system/js/mootools.js HTTP/1.1" 302 506 "http://mailspool.activmail.com/index.php?option=com_content&Itemid=11&catid=7&id=463&lang=fr&view=article" "Mozilla/5.0 (Linux; Android 6.0.1; Nexus 5X Build/MMB29P) AppleWebKit/537.36 (KHTML, like Gecko) Chrome/110.0.5481.177 Mobile Safari/537.36 (compatible; Googlebot/2.1; +http://www.google.com/bot.html)"
66.249.66.74 - - [09/Mar/2023:05:34:33 +0100] "GET /templates/rt_versatility4_j15/css/style10.css HTTP/1.1" 302 538 "http://mailspool.activmail.com/index.php?option=com_content&Itemid=11&catid=7&id=463&lang=fr&view=article" "Mozilla/5.0 (Linux; Android 6.0.1; Nexus 5X Build/MMB29P) AppleWebKit/537.36 (KHTML, like Gecko) Chrome/110.0.5481.177 Mobile Safari/537.36 (compatible; Googlebot/2.1; +http://www.google.com/bot.html)"
66.249.66.74 - - [09/Mar/2023:05:34:33 +0100] "GET /templates/rt_versatility4_j15/css/menustyle4.css HTTP/1.1" 302 546 "http://mailspool.activmail.com/index.php?option=com_content&Itemid=11&catid=7&id=463&lang=fr&view=article" "Mozilla/5.0 (Linux; Android 6.0.1; Nexus 5X Build/MMB29P) AppleWebKit/537.36 (KHTML, like Gecko) Chrome/110.0.5481.177 Mobile Safari/537.36 (compatible; Googlebot/2.1; +http://www.google.com/bot.html)"
66.249.66.73 - - [09/Mar/2023:05:34:34 +0100] "GET /modules/mod_jflanguageselection/tmpl/mod_jflanguageselection.css HTTP/1.1" 302 557 "http://mailspool.activmail.com/index.php?option=com_content&Itemid=11&catid=7&id=463&lang=fr&view=article" "Mozilla/5.0 (Linux; Android 6.0.1; Nexus 5X Build/MMB29P) AppleWebKit/537.36 (KHTML, like Gecko) Chrome/110.0.5481.177 Mobile Safari/537.36 (compatible; Googlebot/2.1; +http://www.google.com/bot.html)"
66.249.66.74 - - [09/Mar/2023:05:34:34 +0100] "GET /templates/system/css/general.css HTTP/1.1" 302 515 "http://mailspool.activmail.com/index.php?option=com_content&Itemid=11&catid=7&id=463&lang=fr&view=article" "Mozilla/5.0 (Linux; Android 6.0.1; Nexus 5X Build/MMB29P) AppleWebKit/537.36 (KHTML, like Gecko) Chrome/110.0.5481.177 Mobile Safari/537.36 (compatible; Googlebot/2.1; +http://www.google.com/bot.html)"
66.249.66.74 - - [09/Mar/2023:05:34:35 +0100] "GET /templates/rt_versatility4_j15/css/rokslidestrip.css HTTP/1.1" 302 550 "http://mailspool.activmail.com/index.php?option=com_content&Itemid=11&catid=7&id=463&lang=fr&view=article" "Mozilla/5.0 (Linux; Android 6.0.1; Nexus 5X Build/MMB29P) AppleWebKit/537.36 (KHTML, like Gecko) Chrome/110.0.5481.177 Mobile Safari/537.36 (compatible; Googlebot/2.1; +http://www.google.com/bot.html)"
66.249.66.73 - - [09/Mar/2023:05:34:35 +0100] "GET /templates/rt_versatility4_j15/css/rokmoomenu.css HTTP/1.1" 302 546 "http://mailspool.activmail.com/index.php?option=com_content&Itemid=11&catid=7&id=463&lang=fr&view=article" "Mozilla/5.0 (Linux; Android 6.0.1; Nexus 5X Build/MMB29P) AppleWebKit/537.36 (KHTML, like Gecko) Chrome/110.0.5481.177 Mobile Safari/537.36 (compatible; Googlebot/2.1; +http://www.google.com/bot.html)"
66.249.66.74 - - [09/Mar/2023:05:34:36 +0100] "GET /components/com_acymailing/js/acymailing_module.js HTTP/1.1" 302 542 "http://mailspool.activmail.com/index.php?option=com_content&Itemid=11&catid=7&id=463&lang=fr&view=article" "Mozilla/5.0 (Linux; Android 6.0.1; Nexus 5X Build/MMB29P) AppleWebKit/537.36 (KHTML, like Gecko) Chrome/110.0.5481.177 Mobile Safari/537.36 (compatible; Googlebot/2.1; +http://www.google.com/bot.html)"
66.249.66.74 - - [09/Mar/2023:05:34:36 +0100] "GET /components/com_acymailing/css/module_default.css HTTP/1.1" 302 542 "http://mailspool.activmail.com/index.php?option=com_content&Itemid=11&catid=7&id=463&lang=fr&view=article" "Mozilla/5.0 (Linux; Android 6.0.1; Nexus 5X Build/MMB29P) AppleWebKit/537.36 (KHTML, like Gecko) Chrome/110.0.5481.177 Mobile Safari/537.36 (compatible; Googlebot/2.1; +http://www.google.com/bot.html)"
185.191.171.45 - - [09/Mar/2023:05:34:50 +0100] "GET /index.php?id=365&lang=fr&option=com_content&view=article HTTP/1.1" 302 530 "-" "Mozilla/5.0 (compatible; SemrushBot/7~bl; +http://www.semrush.com/bot.html)"
212.129.37.175 - - [09/Mar/2023:05:35:24 +0100] "-" 408 1489 "-" "-"
185.191.171.33 - - [09/Mar/2023:05:35:25 +0100] "GET /index.php?Itemid&id=305&lang=fr&option=com_content&view=article HTTP/1.1" 302 542 "-" "Mozilla/5.0 (compatible; SemrushBot/7~bl; +http://www.semrush.com/bot.html)"
185.191.171.8 - - [09/Mar/2023:05:36:05 +0100] "GET /?Itemid&fontstyle=f-larger&id=491&lang=en&option=com_content&view=article HTTP/1.1" 302 559 "-" "Mozilla/5.0 (compatible; SemrushBot/7~bl; +http://www.semrush.com/bot.html)"
185.191.171.23 - - [09/Mar/2023:05:36:23 +0100] "GET /?Itemid=12&catid=7&fontstyle=f-smaller&id=52&lang=fr&option=com_content&view=article HTTP/1.1" 302 575 "-" "Mozilla/5.0 (compatible; SemrushBot/7~bl; +http://www.semrush.com/bot.html)"
185.191.171.1 - - [09/Mar/2023:05:36:38 +0100] "GET /?Itemid=0&fontstyle=f-larger&id=356&lang=fr&option=com_content&view=article HTTP/1.1" 302 563 "-" "Mozilla/5.0 (compatible; SemrushBot/7~bl; +http://www.semrush.com/bot.html)"
185.191.171.19 - - [09/Mar/2023:05:36:40 +0100] "GET /?Itemid=11&catid=7&fontstyle=f-smaller&id=26&lang=en&option=com_content&view=article HTTP/1.1" 302 576 "-" "Mozilla/5.0 (compatible; SemrushBot/7~bl; +http://www.semrush.com/bot.html)"
185.191.171.24 - - [09/Mar/2023:05:36:57 +0100] "GET /?Itemid=14&catid=7&fontstyle=f-larger&id=51&lang=en&option=com_content&view=article HTTP/1.1" 302 576 "-" "Mozilla/5.0 (compatible; SemrushBot/7~bl; +http://www.semrush.com/bot.html)"
185.191.171.12 - - [09/Mar/2023:05:36:57 +0100] "GET /?catid=7&fontstyle=f-larger&id=38&lang=fr&option=com_content&view=article HTTP/1.1" 302 559 "-" "Mozilla/5.0 (compatible; SemrushBot/7~bl; +http://www.semrush.com/bot.html)"
185.191.171.3 - - [09/Mar/2023:05:37:05 +0100] "GET /?Itemid=3&fontstyle=f-smaller&id=300&lang=en&option=com_content&view=article HTTP/1.1" 302 561 "-" "Mozilla/5.0 (compatible; SemrushBot/7~bl; +http://www.semrush.com/bot.html)"
185.191.171.36 - - [09/Mar/2023:05:37:06 +0100] "GET /?Itemid=0&catid=7&fontstyle=f-smaller&id=141%E2%8C%A9%3Dfr&lang=fr&option=com_content&view=article HTTP/1.1" 302 603 "-" "Mozilla/5.0 (compatible; SemrushBot/7~bl; +http://www.semrush.com/bot.html)"
185.191.171.36 - - [09/Mar/2023:05:37:10 +0100] "GET /?Itemid=48&catid=7&fontstyle=f-larger&id=64&lang=fr&option=com_content&view=article HTTP/1.1" 302 576 "-" "Mozilla/5.0 (compatible; SemrushBot/7~bl; +http://www.semrush.com/bot.html)"
185.191.171.43 - - [09/Mar/2023:05:37:28 +0100] "GET /fr/articles/testez-activmail HTTP/1.1" 302 467 "-" "Mozilla/5.0 (compatible; SemrushBot/7~bl; +http://www.semrush.com/bot.html)"
185.191.171.14 - - [09/Mar/2023:05:37:28 +0100] "GET /?Itemid=3&catid=7&fontstyle=f-smaller&id=482&lang=fr&option=com_content&view=article HTTP/1.1" 302 578 "-" "Mozilla/5.0 (compatible; SemrushBot/7~bl; +http://www.semrush.com/bot.html)"
152.89.196.211 - - [09/Mar/2023:05:38:01 +0100] "GET /index.php?s=/Index/\\think\\app/invokefunction&function=call_user_func_array&vars[0]=md5&vars[1][]=HelloThinkPHP21 HTTP/1.1" 302 620 "-" "Mozilla/5.0 (Windows NT 10.0; Win64; x64) AppleWebKit/537.36 (KHTML, like Gecko) Chrome/78.0.3904.108 Safari/537.36"
185.191.171.4 - - [09/Mar/2023:05:38:09 +0100] "GET /index.php?Itemid=3&catid=7&id=51&lang=fr&option=com_content&view=article HTTP/1.1" 302 557 "-" "Mozilla/5.0 (compatible; SemrushBot/7~bl; +http://www.semrush.com/bot.html)"
185.191.171.16 - - [09/Mar/2023:05:38:13 +0100] "GET /?Itemid&catid=7&fontstyle=f-smaller&id=18&lang=en&option=com_content&view=article HTTP/1.1" 302 572 "-" "Mozilla/5.0 (compatible; SemrushBot/7~bl; +http://www.semrush.com/bot.html)"
212.129.37.175 - - [09/Mar/2023:05:38:19 +0100] "-" 408 1489 "-" "-"
185.191.171.17 - - [09/Mar/2023:05:38:49 +0100] "GET /?Itemid=50&catid=7&fontstyle=f-smaller&id=38&lang=fr&option=com_content&view=article HTTP/1.1" 302 576 "-" "Mozilla/5.0 (compatible; SemrushBot/7~bl; +http://www.semrush.com/bot.html)"
185.191.171.17 - - [09/Mar/2023:05:38:54 +0100] "GET /index.php?Itemid=46&catid=7&id=46&lang=en&option=com_content&view=article HTTP/1.1" 302 556 "-" "Mozilla/5.0 (compatible; SemrushBot/7~bl; +http://www.semrush.com/bot.html)"
185.191.171.35 - - [09/Mar/2023:05:39:01 +0100] "GET /?Itemid=0&fontstyle=f-larger&id=235&lang=en&option=com_content&view=article HTTP/1.1" 302 562 "-" "Mozilla/5.0 (compatible; SemrushBot/7~bl; +http://www.semrush.com/bot.html)"
185.191.171.19 - - [09/Mar/2023:05:39:22 +0100] "GET /?Itemid&fontstyle=f-larger&id=262&lang=en&option=com_content&view=article HTTP/1.1" 302 559 "-" "Mozilla/5.0 (compatible; SemrushBot/7~bl; +http://www.semrush.com/bot.html)"
185.191.171.35 - - [09/Mar/2023:05:40:05 +0100] "GET /index.php?Itemid=3&catid=1&id=488&lang=en&option=com_content&view=article HTTP/1.1" 302 558 "-" "Mozilla/5.0 (compatible; SemrushBot/7~bl; +http://www.semrush.com/bot.html)"
212.129.37.175 - - [09/Mar/2023:05:40:17 +0100] "-" 408 1489 "-" "-"
185.191.171.19 - - [09/Mar/2023:05:40:25 +0100] "GET /?Itemid=12&catid=7&fontstyle=f-smaller&id=6&lang=fr&option=com_content&view=article HTTP/1.1" 302 575 "-" "Mozilla/5.0 (compatible; SemrushBot/7~bl; +http://www.semrush.com/bot.html)"
185.191.171.44 - - [09/Mar/2023:05:40:38 +0100] "GET /index.php?Itemid=47&catid=7&id=33&lang=fr&option=com_content&view=article HTTP/1.1" 302 559 "-" "Mozilla/5.0 (compatible; SemrushBot/7~bl; +http://www.semrush.com/bot.html)"
185.191.171.7 - - [09/Mar/2023:05:40:46 +0100] "GET /?Itemid=53&fontstyle=f-larger&id=252&lang=en&option=com_content&view=article HTTP/1.1" 302 564 "-" "Mozilla/5.0 (compatible; SemrushBot/7~bl; +http://www.semrush.com/bot.html)"
185.191.171.24 - - [09/Mar/2023:05:41:05 +0100] "GET /index.php?Itemid=53&id=252&lang=en&option=com_content&view=article HTTP/1.1" 302 546 "-" "Mozilla/5.0 (compatible; SemrushBot/7~bl; +http://www.semrush.com/bot.html)"
185.191.171.36 - - [09/Mar/2023:05:41:10 +0100] "GET /?Itemid=0&catid=7&fontstyle=f-larger&id=66&lang=en&option=com_content&view=article HTTP/1.1" 302 575 "-" "Mozilla/5.0 (compatible; SemrushBot/7~bl; +http://www.semrush.com/bot.html)"
185.191.171.24 - - [09/Mar/2023:05:41:13 +0100] "GET /?Itemid=47&catid=7&fontstyle=f-smaller&id=35&lang=en&option=com_content&view=article HTTP/1.1" 302 575 "-" "Mozilla/5.0 (compatible; SemrushBot/7~bl; +http://www.semrush.com/bot.html)"
185.191.171.36 - - [09/Mar/2023:05:41:25 +0100] "GET /?Itemid&catid=7&fontstyle=f-larger&id=21&lang=en&option=com_content&view=article HTTP/1.1" 302 571 "-" "Mozilla/5.0 (compatible; SemrushBot/7~bl; +http://www.semrush.com/bot.html)"
185.191.171.1 - - [09/Mar/2023:05:41:37 +0100] "GET /index.php?catid=7&id=37&lang=fr&option=com_content&view=article HTTP/1.1" 302 541 "-" "Mozilla/5.0 (compatible; SemrushBot/7~bl; +http://www.semrush.com/bot.html)"
