185.191.171.9 - - [08/Mar/2023:19:35:29 +0100] "GET /index.php?Itemid=45&catid=7&id=31&lang=en&option=com_content&view=article HTTP/1.1" 302 559 "-" "Mozilla/5.0 (compatible; SemrushBot/7~bl; +http://www.semrush.com/bot.html)"
185.191.171.5 - - [08/Mar/2023:19:35:56 +0100] "GET /?catid=7&fontstyle=f-smaller&id=59&lang=en&option=com_content&view=article HTTP/1.1" 302 561 "-" "Mozilla/5.0 (compatible; SemrushBot/7~bl; +http://www.semrush.com/bot.html)"
185.191.171.6 - - [08/Mar/2023:19:36:18 +0100] "GET /index.php?Itemid=12&catid=7&id=49&lang=en&option=com_content&view=article HTTP/1.1" 302 558 "-" "Mozilla/5.0 (compatible; SemrushBot/7~bl; +http://www.semrush.com/bot.html)"
185.191.171.17 - - [08/Mar/2023:19:36:41 +0100] "GET /?Itemid=3&catid=1&fontstyle=f-larger&id=229&lang=fr&option=com_content&view=article HTTP/1.1" 302 576 "-" "Mozilla/5.0 (compatible; SemrushBot/7~bl; +http://www.semrush.com/bot.html)"
185.191.171.45 - - [08/Mar/2023:19:36:44 +0100] "GET /index.php?Itemid&catid=7&id=59&lang=fr&option=com_content&view=article HTTP/1.1" 302 554 "-" "Mozilla/5.0 (compatible; SemrushBot/7~bl; +http://www.semrush.com/bot.html)"
185.191.171.19 - - [08/Mar/2023:19:36:47 +0100] "GET /?Itemid=11&catid=7&fontstyle=f-larger&id=45&lang=fr&option=com_content&view=article HTTP/1.1" 302 576 "-" "Mozilla/5.0 (compatible; SemrushBot/7~bl; +http://www.semrush.com/bot.html)"
212.129.37.175 - - [08/Mar/2023:19:37:06 +0100] "-" 408 1489 "-" "-"
185.191.171.37 - - [08/Mar/2023:19:37:26 +0100] "GET /index.php?catid=7&id=29&lang=en&option=com_content&view=article HTTP/1.1" 302 541 "-" "Mozilla/5.0 (compatible; SemrushBot/7~bl; +http://www.semrush.com/bot.html)"
185.191.171.8 - - [08/Mar/2023:19:37:37 +0100] "GET /index.php?Itemid=0&id=71&lang=fr&option=com_content&view=article HTTP/1.1" 302 544 "-" "Mozilla/5.0 (compatible; SemrushBot/7~bl; +http://www.semrush.com/bot.html)"
212.129.37.175 - - [08/Mar/2023:19:37:44 +0100] "-" 408 1489 "-" "-"
185.191.171.41 - - [08/Mar/2023:19:38:16 +0100] "GET /?Itemid=12&catid=7&fontstyle=f-larger&id=51&lang=en&option=com_content&view=article HTTP/1.1" 302 576 "-" "Mozilla/5.0 (compatible; SemrushBot/7~bl; +http://www.semrush.com/bot.html)"
185.191.171.10 - - [08/Mar/2023:19:38:18 +0100] "GET /?Itemid=3&fontstyle=f-larger&id=367&lang=fr&option=com_content&view=article HTTP/1.1" 302 562 "-" "Mozilla/5.0 (compatible; SemrushBot/7~bl; +http://www.semrush.com/bot.html)"
185.191.171.44 - - [08/Mar/2023:19:39:19 +0100] "GET /?Itemid=3&catid=1&fontstyle=f-smaller&id=414&lang=en&option=com_content&view=article HTTP/1.1" 302 577 "-" "Mozilla/5.0 (compatible; SemrushBot/7~bl; +http://www.semrush.com/bot.html)"
212.129.37.175 - - [08/Mar/2023:19:39:50 +0100] "-" 408 1489 "-" "-"
185.191.171.43 - - [08/Mar/2023:19:40:03 +0100] "GET /index.php?Itemid=12&catid=7&id=37&lang=fr&option=com_content&view=article HTTP/1.1" 302 558 "-" "Mozilla/5.0 (compatible; SemrushBot/7~bl; +http://www.semrush.com/bot.html)"
185.191.171.8 - - [08/Mar/2023:19:40:06 +0100] "GET /?Itemid=12&catid=7&fontstyle=f-smaller&id=33&lang=en&option=com_content&view=article HTTP/1.1" 302 575 "-" "Mozilla/5.0 (compatible; SemrushBot/7~bl; +http://www.semrush.com/bot.html)"
185.191.171.10 - - [08/Mar/2023:19:40:20 +0100] "GET /?Itemid=3&catid=1&fontstyle=f-larger&id=441&lang=fr&option=com_content&view=article HTTP/1.1" 302 574 "-" "Mozilla/5.0 (compatible; SemrushBot/7~bl; +http://www.semrush.com/bot.html)"
185.191.171.25 - - [08/Mar/2023:19:40:29 +0100] "GET /?Itemid=49&catid=7&fontstyle=f-smaller&id=27&lang=fr&option=com_content&view=article HTTP/1.1" 302 575 "-" "Mozilla/5.0 (compatible; SemrushBot/7~bl; +http://www.semrush.com/bot.html)"
185.191.171.25 - - [08/Mar/2023:19:40:37 +0100] "GET /index.php?Itemid=11&catid=7&id=6&lang=en&option=com_content&view=article HTTP/1.1" 302 557 "-" "Mozilla/5.0 (compatible; SemrushBot/7~bl; +http://www.semrush.com/bot.html)"
185.191.171.44 - - [08/Mar/2023:19:40:53 +0100] "GET /index.php?Itemid=3&id=261&lang=fr&option=com_content&view=article HTTP/1.1" 302 545 "-" "Mozilla/5.0 (compatible; SemrushBot/7~bl; +http://www.semrush.com/bot.html)"
185.191.171.2 - - [08/Mar/2023:19:40:54 +0100] "GET /?Itemid=5&catid=7&fontstyle=f-smaller&id=53&lang=fr&option=com_content&view=article HTTP/1.1" 302 574 "-" "Mozilla/5.0 (compatible; SemrushBot/7~bl; +http://www.semrush.com/bot.html)"
185.191.171.33 - - [08/Mar/2023:19:41:11 +0100] "GET /?Itemid=3&catid=7&fontstyle=f-smaller&id=21&lang=fr&option=com_content&view=article HTTP/1.1" 302 575 "-" "Mozilla/5.0 (compatible; SemrushBot/7~bl; +http://www.semrush.com/bot.html)"
212.129.37.175 - - [08/Mar/2023:19:41:28 +0100] "-" 408 1489 "-" "-"
185.191.171.33 - - [08/Mar/2023:19:41:36 +0100] "GET /index.php?Itemid=53&catid=7&id=471&lang=en&option=com_content&view=article HTTP/1.1" 302 560 "-" "Mozilla/5.0 (compatible; SemrushBot/7~bl; +http://www.semrush.com/bot.html)"
185.191.171.4 - - [08/Mar/2023:19:41:41 +0100] "GET /?Itemid=49&catid=7&fontstyle=f-smaller&id=57&lang=fr&option=com_content&view=article HTTP/1.1" 302 575 "-" "Mozilla/5.0 (compatible; SemrushBot/7~bl; +http://www.semrush.com/bot.html)"
185.191.171.41 - - [08/Mar/2023:19:41:44 +0100] "GET /?Itemid&catid=7&fontstyle=f-larger&id=19&lang=fr&option=com_content&view=article HTTP/1.1" 302 571 "-" "Mozilla/5.0 (compatible; SemrushBot/7~bl; +http://www.semrush.com/bot.html)"
185.191.171.40 - - [08/Mar/2023:19:42:13 +0100] "GET /?Itemid=16&catid=7&fontstyle=f-larger&id=29&lang=en&option=com_content&view=article HTTP/1.1" 302 576 "-" "Mozilla/5.0 (compatible; SemrushBot/7~bl; +http://www.semrush.com/bot.html)"
185.191.171.18 - - [08/Mar/2023:19:42:22 +0100] "GET /?Itemid=14&catid=7&fontstyle=f-larger&id=5&lang=fr&option=com_content&view=article HTTP/1.1" 302 574 "-" "Mozilla/5.0 (compatible; SemrushBot/7~bl; +http://www.semrush.com/bot.html)"
212.129.37.175 - - [08/Mar/2023:19:42:37 +0100] "-" 408 1489 "-" "-"
185.191.171.2 - - [08/Mar/2023:19:42:46 +0100] "GET /index.php?Itemid=53&id=350&lang=fr&option=com_content&view=article HTTP/1.1" 302 547 "-" "Mozilla/5.0 (compatible; SemrushBot/7~bl; +http://www.semrush.com/bot.html)"
185.191.171.5 - - [08/Mar/2023:19:42:49 +0100] "GET /?Itemid=53&catid=7&fontstyle=f-smaller&id=19&lang=fr&option=com_content&view=article HTTP/1.1" 302 576 "-" "Mozilla/5.0 (compatible; SemrushBot/7~bl; +http://www.semrush.com/bot.html)"
185.191.171.41 - - [08/Mar/2023:19:43:41 +0100] "GET /index.php?Itemid=53&catid=1&id=434&lang=en&option=com_content&view=article HTTP/1.1" 302 560 "-" "Mozilla/5.0 (compatible; SemrushBot/7~bl; +http://www.semrush.com/bot.html)"
185.191.171.10 - - [08/Mar/2023:19:43:57 +0100] "GET /?Itemid=45&catid=7&fontstyle=f-smaller&id=73&lang=en&option=com_content&view=article HTTP/1.1" 302 575 "-" "Mozilla/5.0 (compatible; SemrushBot/7~bl; +http://www.semrush.com/bot.html)"
185.191.171.39 - - [08/Mar/2023:19:44:04 +0100] "GET /?Itemid=49&catid=7&fontstyle=f-larger&id=32&lang=en&option=com_content&view=article HTTP/1.1" 302 576 "-" "Mozilla/5.0 (compatible; SemrushBot/7~bl; +http://www.semrush.com/bot.html)"
185.191.171.36 - - [08/Mar/2023:19:44:08 +0100] "GET /?Itemid=3&fontstyle=f-smaller&id=1&lang=fr&layout=blog&limitstart=10&option=com_content&view=category HTTP/1.1" 302 606 "-" "Mozilla/5.0 (compatible; SemrushBot/7~bl; +http://www.semrush.com/bot.html)"
212.129.37.175 - - [08/Mar/2023:19:44:43 +0100] "-" 408 1489 "-" "-"
185.191.171.19 - - [08/Mar/2023:19:44:58 +0100] "GET /index.php?Itemid=0&id=348&lang=en&option=com_content&view=article HTTP/1.1" 302 545 "-" "Mozilla/5.0 (compatible; SemrushBot/7~bl; +http://www.semrush.com/bot.html)"
185.191.171.11 - - [08/Mar/2023:19:45:33 +0100] "GET /index.php?Itemid=0>ask=archive&lang=en&listid=1%3Amailing_list&option=com_acymailing HTTP/1.1" 302 576 "-" "Mozilla/5.0 (compatible; SemrushBot/7~bl; +http://www.semrush.com/bot.html)"
185.191.171.18 - - [08/Mar/2023:19:45:50 +0100] "GET /index.php?Itemid=11&catid=7&id=59&lang=en&option=com_content&view=article HTTP/1.1" 302 558 "-" "Mozilla/5.0 (compatible; SemrushBot/7~bl; +http://www.semrush.com/bot.html)"
212.129.37.175 - - [08/Mar/2023:19:45:54 +0100] "-" 408 1489 "-" "-"
185.191.171.13 - - [08/Mar/2023:19:46:05 +0100] "GET /?Itemid=14&catid=7&fontstyle=f-smaller&id=5&lang=en&option=com_content&view=article HTTP/1.1" 302 575 "-" "Mozilla/5.0 (compatible; SemrushBot/7~bl; +http://www.semrush.com/bot.html)"
185.191.171.6 - - [08/Mar/2023:19:46:11 +0100] "GET /index.php?Itemid=0&fontstyle=f-larger&lang=en&option=com_acymailing HTTP/1.1" 302 547 "-" "Mozilla/5.0 (compatible; SemrushBot/7~bl; +http://www.semrush.com/bot.html)"
185.191.171.45 - - [08/Mar/2023:19:46:36 +0100] "GET /?Itemid=53&fontstyle=f-larger&id=365&lang=fr&option=com_content&view=article HTTP/1.1" 302 564 "-" "Mozilla/5.0 (compatible; SemrushBot/7~bl; +http://www.semrush.com/bot.html)"
185.191.171.39 - - [08/Mar/2023:19:47:25 +0100] "GET /index.php?Itemid=0&id=354&lang=fr&option=com_content&view=article HTTP/1.1" 302 545 "-" "Mozilla/5.0 (compatible; SemrushBot/7~bl; +http://www.semrush.com/bot.html)"
212.129.37.175 - - [08/Mar/2023:19:47:31 +0100] "-" 408 1489 "-" "-"
185.191.171.41 - - [08/Mar/2023:19:47:32 +0100] "GET /index.php?Itemid=48&catid=7&id=56&lang=en&option=com_content&view=article HTTP/1.1" 302 558 "-" "Mozilla/5.0 (compatible; SemrushBot/7~bl; +http://www.semrush.com/bot.html)"
185.191.171.17 - - [08/Mar/2023:19:47:34 +0100] "GET /index.php?Itemid=4&catid=7&id=73&lang=fr&option=com_content&view=article HTTP/1.1" 302 556 "-" "Mozilla/5.0 (compatible; SemrushBot/7~bl; +http://www.semrush.com/bot.html)"
185.191.171.8 - - [08/Mar/2023:19:47:36 +0100] "GET /index.php?Itemid=53&catid=7&id=33&lang=fr&option=com_content&view=article HTTP/1.1" 302 557 "-" "Mozilla/5.0 (compatible; SemrushBot/7~bl; +http://www.semrush.com/bot.html)"
185.191.171.13 - - [08/Mar/2023:19:47:46 +0100] "GET /?Itemid=53&catid=1&fontstyle=f-larger&id=411%3F%3Dfr&lang=en&option=com_content&view=article HTTP/1.1" 302 592 "-" "Mozilla/5.0 (compatible; SemrushBot/7~bl; +http://www.semrush.com/bot.html)"
185.191.171.25 - - [08/Mar/2023:19:48:04 +0100] "GET /index.php?catid=8&id=114&lang=fr&option=com_content&view=article HTTP/1.1" 302 544 "-" "Mozilla/5.0 (compatible; SemrushBot/7~bl; +http://www.semrush.com/bot.html)"
185.191.171.2 - - [08/Mar/2023:19:48:05 +0100] "GET /index.php?Itemid=0&id=349&lang=en&option=com_content&view=article HTTP/1.1" 302 545 "-" "Mozilla/5.0 (compatible; SemrushBot/7~bl; +http://www.semrush.com/bot.html)"
185.191.171.13 - - [08/Mar/2023:19:48:06 +0100] "GET /index.php?Itemid=14&catid=7&id=53&lang=en&option=com_content&view=article HTTP/1.1" 302 559 "-" "Mozilla/5.0 (compatible; SemrushBot/7~bl; +http://www.semrush.com/bot.html)"
185.191.171.24 - - [08/Mar/2023:19:48:16 +0100] "GET /index.php?Itemid=53&catid=1&id=460%E2%8C%A9%3Dfr&lang=fr&option=com_content&view=article HTTP/1.1" 302 586 "-" "Mozilla/5.0 (compatible; SemrushBot/7~bl; +http://www.semrush.com/bot.html)"
16.171.41.154 - - [08/Mar/2023:19:48:22 +0100] "GET / HTTP/1.1" 302 424 "-" "Mozilla/5.0 (iPhone; CPU iPhone OS 11_3 like Mac OS X) AppleWebKit/605.1.15 (KHTML, like Gecko) Version/11.0 Mobile/15E148 Safari/604.1"
185.191.171.41 - - [08/Mar/2023:19:49:21 +0100] "GET /index.php?Itemid&id=371&lang=en&option=com_content&view=article HTTP/1.1" 302 542 "-" "Mozilla/5.0 (compatible; SemrushBot/7~bl; +http://www.semrush.com/bot.html)"
212.129.37.175 - - [08/Mar/2023:19:49:37 +0100] "-" 408 1489 "-" "-"
185.191.171.17 - - [08/Mar/2023:19:50:04 +0100] "GET /index.php?Itemid=3&id=356&lang=fr&option=com_content&view=article HTTP/1.1" 302 545 "-" "Mozilla/5.0 (compatible; SemrushBot/7~bl; +http://www.semrush.com/bot.html)"
185.191.171.36 - - [08/Mar/2023:19:50:13 +0100] "GET /?Itemid=53&catid=7&fontstyle=f-larger&id=65%E3%80%88%3Dfr&lang=en&option=com_content&view=article HTTP/1.1" 302 602 "-" "Mozilla/5.0 (compatible; SemrushBot/7~bl; +http://www.semrush.com/bot.html)"
212.129.37.175 - - [08/Mar/2023:19:50:21 +0100] "-" 408 1489 "-" "-"
185.191.171.8 - - [08/Mar/2023:19:51:06 +0100] "GET /index.php?Itemid=47&catid=7&id=27&lang=en&option=com_content&view=article HTTP/1.1" 302 557 "-" "Mozilla/5.0 (compatible; SemrushBot/7~bl; +http://www.semrush.com/bot.html)"
185.191.171.44 - - [08/Mar/2023:19:51:21 +0100] "GET /index.php?id=352&lang=fr&option=com_content&view=article HTTP/1.1" 302 530 "-" "Mozilla/5.0 (compatible; SemrushBot/7~bl; +http://www.semrush.com/bot.html)"
185.191.171.39 - - [08/Mar/2023:19:51:25 +0100] "GET /index.php?Itemid=53&id=303&lang=en&option=com_content&view=article HTTP/1.1" 302 546 "-" "Mozilla/5.0 (compatible; SemrushBot/7~bl; +http://www.semrush.com/bot.html)"
185.191.171.38 - - [08/Mar/2023:19:51:29 +0100] "GET /index.php?Itemid=3&catid=7&id=30&lang=en&option=com_content&view=article HTTP/1.1" 302 556 "-" "Mozilla/5.0 (compatible; SemrushBot/7~bl; +http://www.semrush.com/bot.html)"
185.254.37.90 - - [08/Mar/2023:19:52:18 +0100] "GET //.env HTTP/1.1" 404 2583 "-" "Mozilla/5.0 (Linux; U; Android 4.4.2; en-US; HM NOTE 1W Build/KOT49H) AppleWebKit/534.30 (KHTML, like Gecko) Version/4.0 UCBrowser/11.0.5.850 U3/0.8.0 Mobile Safari/534.30"
185.254.37.90 - - [08/Mar/2023:19:52:18 +0100] "POST / HTTP/1.1" 404 2583 "-" "Mozilla/5.0 (Linux; U; Android 4.4.2; en-US; HM NOTE 1W Build/KOT49H) AppleWebKit/534.30 (KHTML, like Gecko) Version/4.0 UCBrowser/11.0.5.850 U3/0.8.0 Mobile Safari/534.30"
185.191.171.3 - - [08/Mar/2023:19:52:23 +0100] "GET /?Itemid=16&catid=7&fontstyle=f-smaller&id=45&lang=en&option=com_content&view=article HTTP/1.1" 302 576 "-" "Mozilla/5.0 (compatible; SemrushBot/7~bl; +http://www.semrush.com/bot.html)"
212.129.37.175 - - [08/Mar/2023:19:52:24 +0100] "-" 408 1489 "-" "-"
185.191.171.25 - - [08/Mar/2023:19:52:51 +0100] "GET /?Itemid=0&fontstyle=f-larger&id=195&lang=en&option=com_content&view=article HTTP/1.1" 302 563 "-" "Mozilla/5.0 (compatible; SemrushBot/7~bl; +http://www.semrush.com/bot.html)"
185.254.37.90 - - [08/Mar/2023:19:52:56 +0100] "GET //vendor/phpunit/phpunit/src/Util/PHP/eval-stdin.php HTTP/1.1" 404 2615 "-" "python-requests/2.26.0"
185.191.171.9 - - [08/Mar/2023:19:53:06 +0100] "GET /?Itemid&catid=7&fontstyle=f-smaller&id=61&lang=en&option=com_content&view=article HTTP/1.1" 302 572 "-" "Mozilla/5.0 (compatible; SemrushBot/7~bl; +http://www.semrush.com/bot.html)"
185.191.171.6 - - [08/Mar/2023:19:53:12 +0100] "GET /?Itemid=3&fontstyle=f-larger&id=328&lang=en&option=com_content&view=article HTTP/1.1" 302 562 "-" "Mozilla/5.0 (compatible; SemrushBot/7~bl; +http://www.semrush.com/bot.html)"
185.191.171.35 - - [08/Mar/2023:19:53:13 +0100] "GET /?Itemid=53&fontstyle=f-smaller&id=287&lang=fr&option=com_content&view=article HTTP/1.1" 302 566 "-" "Mozilla/5.0 (compatible; SemrushBot/7~bl; +http://www.semrush.com/bot.html)"
194.110.203.38 - - [08/Mar/2023:19:53:16 +0100] "GET /backup_14032022.zip HTTP/1.1" 404 2162 "-" "Firefox"
185.191.171.39 - - [08/Mar/2023:19:53:21 +0100] "GET /?Itemid=0&fontstyle=f-smaller&id=187&lang=fr&option=com_content&view=article HTTP/1.1" 302 564 "-" "Mozilla/5.0 (compatible; SemrushBot/7~bl; +http://www.semrush.com/bot.html)"
185.191.171.23 - - [08/Mar/2023:19:53:35 +0100] "GET /index.php?Itemid=0>ask=archive&lang=en&listid=1&option=com_acymailing HTTP/1.1" 302 551 "-" "Mozilla/5.0 (compatible; SemrushBot/7~bl; +http://www.semrush.com/bot.html)"
185.191.171.10 - - [08/Mar/2023:19:54:00 +0100] "GET /?Itemid=45&catid=7&fontstyle=f-smaller&id=59&lang=en&option=com_content&view=article HTTP/1.1" 302 576 "-" "Mozilla/5.0 (compatible; SemrushBot/7~bl; +http://www.semrush.com/bot.html)"
185.191.171.13 - - [08/Mar/2023:19:54:05 +0100] "GET /index.php?lang=fr&option=com_content&view=frontpage HTTP/1.1" 302 519 "-" "Mozilla/5.0 (compatible; SemrushBot/7~bl; +http://www.semrush.com/bot.html)"
185.191.171.24 - - [08/Mar/2023:19:54:20 +0100] "GET /index.php?Itemid=53&id=315&lang=fr&option=com_content&view=article HTTP/1.1" 302 548 "-" "Mozilla/5.0 (compatible; SemrushBot/7~bl; +http://www.semrush.com/bot.html)"
185.191.171.13 - - [08/Mar/2023:19:54:21 +0100] "GET /?Itemid=53&fontstyle=f-larger&id=330&lang=en&option=com_content&view=article HTTP/1.1" 302 564 "-" "Mozilla/5.0 (compatible; SemrushBot/7~bl; +http://www.semrush.com/bot.html)"
212.129.37.175 - - [08/Mar/2023:19:54:30 +0100] "-" 408 1489 "-" "-"
185.191.171.45 - - [08/Mar/2023:19:54:33 +0100] "GET /?Itemid=53&fontstyle=f-larger&id=299&lang=en&option=com_content&view=article HTTP/1.1" 302 564 "-" "Mozilla/5.0 (compatible; SemrushBot/7~bl; +http://www.semrush.com/bot.html)"
212.129.37.175 - - [08/Mar/2023:19:54:47 +0100] "-" 408 1489 "-" "-"
185.191.171.40 - - [08/Mar/2023:19:54:57 +0100] "GET /index.php?Itemid=0&catid=7%3Aarticles&fontstyle=f-larger&id=23&lang=en&option=com_xmap&view=article HTTP/1.1" 302 603 "-" "Mozilla/5.0 (compatible; SemrushBot/7~bl; +http://www.semrush.com/bot.html)"
185.191.171.35 - - [08/Mar/2023:19:55:24 +0100] "GET /?Itemid&fontstyle=f-larger&id=327&lang=en&option=com_content&view=article HTTP/1.1" 302 560 "-" "Mozilla/5.0 (compatible; SemrushBot/7~bl; +http://www.semrush.com/bot.html)"
185.191.171.3 - - [08/Mar/2023:19:55:25 +0100] "GET /?Itemid=14&catid=7&fontstyle=f-smaller&id=44&lang=en&option=com_content&view=article HTTP/1.1" 302 575 "-" "Mozilla/5.0 (compatible; SemrushBot/7~bl; +http://www.semrush.com/bot.html)"
185.191.171.25 - - [08/Mar/2023:19:56:38 +0100] "GET /?Itemid=53&fontstyle=f-larger&id=247&lang=en&option=com_content&view=article HTTP/1.1" 302 565 "-" "Mozilla/5.0 (compatible; SemrushBot/7~bl; +http://www.semrush.com/bot.html)"
185.191.171.35 - - [08/Mar/2023:19:56:50 +0100] "GET /?Itemid=3&fontstyle=f-smaller&id=245&lang=en&option=com_content&view=article HTTP/1.1" 302 563 "-" "Mozilla/5.0 (compatible; SemrushBot/7~bl; +http://www.semrush.com/bot.html)"
185.191.171.43 - - [08/Mar/2023:19:57:16 +0100] "GET /index.php?Itemid=3&catid=1&id=436%E2%8C%A9%3Dfr&lang=en&option=com_content&view=article HTTP/1.1" 302 586 "-" "Mozilla/5.0 (compatible; SemrushBot/7~bl; +http://www.semrush.com/bot.html)"
212.129.37.175 - - [08/Mar/2023:19:57:18 +0100] "-" 408 1489 "-" "-"
185.191.171.39 - - [08/Mar/2023:19:57:40 +0100] "GET /?Itemid=45&catid=7&fontstyle=f-larger&id=27&lang=en&option=com_content&view=article HTTP/1.1" 302 575 "-" "Mozilla/5.0 (compatible; SemrushBot/7~bl; +http://www.semrush.com/bot.html)"
185.191.171.38 - - [08/Mar/2023:19:58:02 +0100] "GET /?Itemid=53&fontstyle=f-larger&id=316&lang=fr&option=com_content&view=article HTTP/1.1" 302 564 "-" "Mozilla/5.0 (compatible; SemrushBot/7~bl; +http://www.semrush.com/bot.html)"
185.191.171.17 - - [08/Mar/2023:19:58:25 +0100] "GET /index.php?Itemid=3&catid=1&id=490&lang=en&option=com_content&view=article HTTP/1.1" 302 558 "-" "Mozilla/5.0 (compatible; SemrushBot/7~bl; +http://www.semrush.com/bot.html)"
34.140.248.32 - - [08/Mar/2023:19:58:25 +0100] "GET / HTTP/1.1" 404 2583 "-" "python-requests/2.28.2"
185.191.171.44 - - [08/Mar/2023:19:58:36 +0100] "GET /?Itemid=53&catid=1&fontstyle=f-smaller&id=460&lang=fr&option=com_content&view=article HTTP/1.1" 302 578 "-" "Mozilla/5.0 (compatible; SemrushBot/7~bl; +http://www.semrush.com/bot.html)"
185.191.171.15 - - [08/Mar/2023:19:58:46 +0100] "GET /index.php?Itemid=0&catid=7&id=64&lang=fr&option=com_content&view=article HTTP/1.1" 302 557 "-" "Mozilla/5.0 (compatible; SemrushBot/7~bl; +http://www.semrush.com/bot.html)"
185.191.171.9 - - [08/Mar/2023:19:58:51 +0100] "GET /index.php?Itemid=0&catid=7&id=49&lang=en&option=com_content&view=article HTTP/1.1" 302 556 "-" "Mozilla/5.0 (compatible; SemrushBot/7~bl; +http://www.semrush.com/bot.html)"
212.129.37.175 - - [08/Mar/2023:19:59:14 +0100] "-" 408 1489 "-" "-"
185.191.171.26 - - [08/Mar/2023:19:59:14 +0100] "GET /index.php?id=245&lang=fr&option=com_content&view=article HTTP/1.1" 302 530 "-" "Mozilla/5.0 (compatible; SemrushBot/7~bl; +http://www.semrush.com/bot.html)"
212.129.37.175 - - [08/Mar/2023:19:59:24 +0100] "-" 408 1489 "-" "-"
185.191.171.44 - - [08/Mar/2023:19:59:32 +0100] "GET /?Itemid&fontstyle=f-larger&id=307&lang=fr&option=com_content&view=article HTTP/1.1" 302 560 "-" "Mozilla/5.0 (compatible; SemrushBot/7~bl; +http://www.semrush.com/bot.html)"
185.191.171.42 - - [08/Mar/2023:20:00:03 +0100] "GET /?Itemid=0&fontstyle=f-larger&id=195&lang=fr&option=com_content&view=article HTTP/1.1" 302 563 "-" "Mozilla/5.0 (compatible; SemrushBot/7~bl; +http://www.semrush.com/bot.html)"
185.191.171.44 - - [08/Mar/2023:20:00:07 +0100] "GET /?Itemid=46&catid=7&fontstyle=f-larger&id=45&lang=en&option=com_content&view=article HTTP/1.1" 302 575 "-" "Mozilla/5.0 (compatible; SemrushBot/7~bl; +http://www.semrush.com/bot.html)"
185.191.171.44 - - [08/Mar/2023:20:00:08 +0100] "GET /?Itemid=46&catid=7&fontstyle=f-larger&id=5&lang=en&option=com_content&view=article HTTP/1.1" 302 574 "-" "Mozilla/5.0 (compatible; SemrushBot/7~bl; +http://www.semrush.com/bot.html)"
185.191.171.33 - - [08/Mar/2023:20:00:46 +0100] "GET /index.php?Itemid=14&catid=7&id=34&lang=en&option=com_content&view=article HTTP/1.1" 302 556 "-" "Mozilla/5.0 (compatible; SemrushBot/7~bl; +http://www.semrush.com/bot.html)"
185.191.171.33 - - [08/Mar/2023:20:01:34 +0100] "GET /?Itemid=0&fontstyle=f-larger&id=326&lang=fr&option=com_content&view=article HTTP/1.1" 302 563 "-" "Mozilla/5.0 (compatible; SemrushBot/7~bl; +http://www.semrush.com/bot.html)"
185.191.171.43 - - [08/Mar/2023:20:01:38 +0100] "GET /index.php?Itemid=0&id=320&lang=en&option=com_content&view=article HTTP/1.1" 302 543 "-" "Mozilla/5.0 (compatible; SemrushBot/7~bl; +http://www.semrush.com/bot.html)"
185.191.171.11 - - [08/Mar/2023:20:01:41 +0100] "GET /index.php?Itemid=0&catid=7&id=16&lang=en&option=com_content&view=article HTTP/1.1" 302 556 "-" "Mozilla/5.0 (compatible; SemrushBot/7~bl; +http://www.semrush.com/bot.html)"
185.191.171.12 - - [08/Mar/2023:20:01:54 +0100] "GET /index.php?Itemid=3&id=348&lang=fr&option=com_content&view=article HTTP/1.1" 302 545 "-" "Mozilla/5.0 (compatible; SemrushBot/7~bl; +http://www.semrush.com/bot.html)"
212.129.37.175 - - [08/Mar/2023:20:02:12 +0100] "-" 408 1489 "-" "-"
185.191.171.34 - - [08/Mar/2023:20:02:16 +0100] "GET /index.php?Itemid=14&catid=7&id=44&lang=fr&option=com_content&view=article HTTP/1.1" 302 557 "-" "Mozilla/5.0 (compatible; SemrushBot/7~bl; +http://www.semrush.com/bot.html)"
185.191.171.14 - - [08/Mar/2023:20:02:18 +0100] "GET /index.php?Itemid=49&catid=7&id=56&lang=fr&option=com_content&view=article HTTP/1.1" 302 559 "-" "Mozilla/5.0 (compatible; SemrushBot/7~bl; +http://www.semrush.com/bot.html)"
185.191.171.14 - - [08/Mar/2023:20:02:21 +0100] "GET /index.php?Itemid=47&catid=7&id=5&lang=en&option=com_content&view=article HTTP/1.1" 302 556 "-" "Mozilla/5.0 (compatible; SemrushBot/7~bl; +http://www.semrush.com/bot.html)"
185.191.171.21 - - [08/Mar/2023:20:02:25 +0100] "GET /index.php?Itemid=53&catid=1&id=435%3F%3Dfr&lang=fr&option=com_content&view=article HTTP/1.1" 302 574 "-" "Mozilla/5.0 (compatible; SemrushBot/7~bl; +http://www.semrush.com/bot.html)"
185.191.171.24 - - [08/Mar/2023:20:02:40 +0100] "GET /?Itemid&catid=7&fontstyle=f-smaller&id=18&lang=fr&option=com_content&view=article HTTP/1.1" 302 572 "-" "Mozilla/5.0 (compatible; SemrushBot/7~bl; +http://www.semrush.com/bot.html)"
185.191.171.15 - - [08/Mar/2023:20:02:46 +0100] "GET /?Itemid=53&catid=7&fontstyle=f-larger&id=27&lang=en&option=com_content&view=article HTTP/1.1" 302 575 "-" "Mozilla/5.0 (compatible; SemrushBot/7~bl; +http://www.semrush.com/bot.html)"
212.129.37.175 - - [08/Mar/2023:20:03:40 +0100] "-" 408 1489 "-" "-"
185.191.171.20 - - [08/Mar/2023:20:03:42 +0100] "GET /index.php?Itemid=3&id=355&lang=fr&option=com_content&view=article HTTP/1.1" 302 544 "-" "Mozilla/5.0 (compatible; SemrushBot/7~bl; +http://www.semrush.com/bot.html)"
185.191.171.19 - - [08/Mar/2023:20:03:45 +0100] "GET /index.php?id=310&lang=fr&option=com_content&view=article HTTP/1.1" 302 529 "-" "Mozilla/5.0 (compatible; SemrushBot/7~bl; +http://www.semrush.com/bot.html)"
185.191.171.3 - - [08/Mar/2023:20:03:48 +0100] "GET /?catid=8&fontstyle=f-larger&id=129&lang=fr&option=com_content&view=article HTTP/1.1" 302 561 "-" "Mozilla/5.0 (compatible; SemrushBot/7~bl; +http://www.semrush.com/bot.html)"
185.191.171.16 - - [08/Mar/2023:20:03:59 +0100] "GET /index.php?Itemid=48&id=47&lang=en&option=com_content&view=article HTTP/1.1" 302 544 "-" "Mozilla/5.0 (compatible; SemrushBot/7~bl; +http://www.semrush.com/bot.html)"
185.191.171.17 - - [08/Mar/2023:20:07:09 +0100] "GET /index.php?Itemid=3&catid=1&id=462%E2%8C%A9%3Dfr&lang=fr&option=com_content&view=article HTTP/1.1" 302 585 "-" "Mozilla/5.0 (compatible; SemrushBot/7~bl; +http://www.semrush.com/bot.html)"
212.129.37.175 - - [08/Mar/2023:20:07:11 +0100] "-" 408 1489 "-" "-"
185.191.171.1 - - [08/Mar/2023:20:07:21 +0100] "GET /index.php?Itemid=53&catid=1&id=442&lang=en&option=com_content&view=article HTTP/1.1" 302 560 "-" "Mozilla/5.0 (compatible; SemrushBot/7~bl; +http://www.semrush.com/bot.html)"
185.191.171.13 - - [08/Mar/2023:20:07:39 +0100] "GET /?Itemid=53&catid=7&fontstyle=f-smaller&id=22&lang=fr&option=com_content&view=article HTTP/1.1" 302 576 "-" "Mozilla/5.0 (compatible; SemrushBot/7~bl; +http://www.semrush.com/bot.html)"
185.191.171.19 - - [08/Mar/2023:20:07:41 +0100] "GET /?Itemid&fontstyle=f-smaller&id=491&lang=fr&option=com_content&view=article HTTP/1.1" 302 561 "-" "Mozilla/5.0 (compatible; SemrushBot/7~bl; +http://www.semrush.com/bot.html)"
192.82.58.190 - - [08/Mar/2023:20:07:57 +0100] "GET /wp-content/themes/seotheme/db.php?u HTTP/1.1" 404 2603 "www.google.com" "Mozlila/5.0 (Linux; Android 7.0; SM-G892A Bulid/NRD90M; wv) AppleWebKit/537.36 (KHTML, like Gecko) Version/4.0 Chrome/60.0.3112.107 Moblie Safari/537.36"
185.191.171.11 - - [08/Mar/2023:20:08:27 +0100] "GET /index.php?Itemid=5&catid=7&id=6&lang=en&option=com_content&view=article HTTP/1.1" 302 555 "-" "Mozilla/5.0 (compatible; SemrushBot/7~bl; +http://www.semrush.com/bot.html)"
185.191.171.5 - - [08/Mar/2023:20:08:34 +0100] "GET /index.php?Itemid=11&catid=7&id=24&lang=en&option=com_content&view=article HTTP/1.1" 302 558 "-" "Mozilla/5.0 (compatible; SemrushBot/7~bl; +http://www.semrush.com/bot.html)"
185.191.171.26 - - [08/Mar/2023:20:08:34 +0100] "GET /index.php?Itemid=53&id=299&lang=fr&option=com_content&view=article HTTP/1.1" 302 548 "-" "Mozilla/5.0 (compatible; SemrushBot/7~bl; +http://www.semrush.com/bot.html)"
185.191.171.24 - - [08/Mar/2023:20:08:41 +0100] "GET /index.php?Itemid=53&catid=1&id=435%E2%8C%A9%3Dfr&lang=en&option=com_content&view=article HTTP/1.1" 302 587 "-" "Mozilla/5.0 (compatible; SemrushBot/7~bl; +http://www.semrush.com/bot.html)"
185.191.171.38 - - [08/Mar/2023:20:08:56 +0100] "GET /?Itemid=3&fontstyle=f-smaller&id=297&lang=en&option=com_content&view=article HTTP/1.1" 302 564 "-" "Mozilla/5.0 (compatible; SemrushBot/7~bl; +http://www.semrush.com/bot.html)"
185.191.171.40 - - [08/Mar/2023:20:09:07 +0100] "GET /?fontstyle=f-smaller&id=262&lang=fr&option=com_content&view=article HTTP/1.1" 302 549 "-" "Mozilla/5.0 (compatible; SemrushBot/7~bl; +http://www.semrush.com/bot.html)"
185.191.171.39 - - [08/Mar/2023:20:09:33 +0100] "GET /robots.txt HTTP/1.1" 302 441 "-" "Mozilla/5.0 (compatible; SemrushBot/7~bl; +http://www.semrush.com/bot.html)"
185.191.171.8 - - [08/Mar/2023:20:09:34 +0100] "GET /?Itemid=3&catid=7&fontstyle=f-larger&id=30&lang=en&option=com_content&view=article HTTP/1.1" 302 574 "-" "Mozilla/5.0 (compatible; SemrushBot/7~bl; +http://www.semrush.com/bot.html)"
185.191.171.12 - - [08/Mar/2023:20:09:41 +0100] "GET /index.php?Itemid=12&catid=7&id=33&lang=en&option=com_content&view=article HTTP/1.1" 302 558 "-" "Mozilla/5.0 (compatible; SemrushBot/7~bl; +http://www.semrush.com/bot.html)"
185.191.171.12 - - [08/Mar/2023:20:09:43 +0100] "GET /?Itemid&fontstyle=f-smaller&id=348&lang=fr&option=com_content&view=article HTTP/1.1" 302 561 "-" "Mozilla/5.0 (compatible; SemrushBot/7~bl; +http://www.semrush.com/bot.html)"
185.191.171.11 - - [08/Mar/2023:20:09:45 +0100] "GET /index.php?Itemid=53&catid=1&id=434%3F%3Dfr&lang=fr&option=com_content&view=article HTTP/1.1" 302 574 "-" "Mozilla/5.0 (compatible; SemrushBot/7~bl; +http://www.semrush.com/bot.html)"
185.191.171.9 - - [08/Mar/2023:20:09:48 +0100] "GET /?Itemid&fontstyle=f-larger&id=321&lang=en&option=com_content&view=article HTTP/1.1" 302 559 "-" "Mozilla/5.0 (compatible; SemrushBot/7~bl; +http://www.semrush.com/bot.html)"
212.129.37.175 - - [08/Mar/2023:20:10:00 +0100] "-" 408 1489 "-" "-"
185.191.171.23 - - [08/Mar/2023:20:10:26 +0100] "GET /?Itemid=3&fontstyle=f-smaller&id=370&lang=fr&option=com_content&view=article HTTP/1.1" 302 563 "-" "Mozilla/5.0 (compatible; SemrushBot/7~bl; +http://www.semrush.com/bot.html)"
185.191.171.35 - - [08/Mar/2023:20:10:43 +0100] "GET /index.php?Itemid&catid=7&id=56&lang=fr&option=com_content&view=article HTTP/1.1" 302 554 "-" "Mozilla/5.0 (compatible; SemrushBot/7~bl; +http://www.semrush.com/bot.html)"
185.191.171.21 - - [08/Mar/2023:20:10:54 +0100] "GET /?Itemid=47&catid=7&fontstyle=f-larger&id=21&lang=en&option=com_content&view=article HTTP/1.1" 302 575 "-" "Mozilla/5.0 (compatible; SemrushBot/7~bl; +http://www.semrush.com/bot.html)"
212.129.37.175 - - [08/Mar/2023:20:11:02 +0100] "-" 408 1489 "-" "-"
185.191.171.25 - - [08/Mar/2023:20:11:52 +0100] "GET /?Itemid=3&fontstyle=f-larger&id=371&lang=fr&option=com_content&view=article HTTP/1.1" 302 562 "-" "Mozilla/5.0 (compatible; SemrushBot/7~bl; +http://www.semrush.com/bot.html)"
185.191.171.7 - - [08/Mar/2023:20:11:56 +0100] "GET /index.php?Itemid=53&catid=1&id=441&lang=en&option=com_content&view=article HTTP/1.1" 302 559 "-" "Mozilla/5.0 (compatible; SemrushBot/7~bl; +http://www.semrush.com/bot.html)"
212.129.37.175 - - [08/Mar/2023:20:12:06 +0100] "-" 408 1489 "-" "-"
185.191.171.43 - - [08/Mar/2023:20:12:33 +0100] "GET /index.php?Itemid=14&catid=7&id=52&lang=en&option=com_content&view=article HTTP/1.1" 302 558 "-" "Mozilla/5.0 (compatible; SemrushBot/7~bl; +http://www.semrush.com/bot.html)"
185.191.171.22 - - [08/Mar/2023:20:12:34 +0100] "GET /?Itemid=3&fontstyle=f-larger&id=307&lang=fr&option=com_content&view=article HTTP/1.1" 302 562 "-" "Mozilla/5.0 (compatible; SemrushBot/7~bl; +http://www.semrush.com/bot.html)"
185.191.171.20 - - [08/Mar/2023:20:12:50 +0100] "GET /?Itemid&catid=7&fontstyle=f-larger&id=5&lang=en&option=com_content&view=article HTTP/1.1" 302 570 "-" "Mozilla/5.0 (compatible; SemrushBot/7~bl; +http://www.semrush.com/bot.html)"
185.191.171.39 - - [08/Mar/2023:20:13:04 +0100] "GET /index.php?Itemid=0&id=154&lang=en&option=com_content&view=article HTTP/1.1" 302 545 "-" "Mozilla/5.0 (compatible; SemrushBot/7~bl; +http://www.semrush.com/bot.html)"
185.191.171.2 - - [08/Mar/2023:20:13:30 +0100] "GET /index.php?Itemid=0&lang=en&option=com_xmap&sitemap=1 HTTP/1.1" 302 521 "-" "Mozilla/5.0 (compatible; SemrushBot/7~bl; +http://www.semrush.com/bot.html)"
185.191.171.15 - - [08/Mar/2023:20:13:50 +0100] "GET /index.php?Itemid=46&catid=7&id=45&lang=fr&option=com_content&view=article HTTP/1.1" 302 557 "-" "Mozilla/5.0 (compatible; SemrushBot/7~bl; +http://www.semrush.com/bot.html)"
185.191.171.5 - - [08/Mar/2023:20:14:00 +0100] "GET /?Itemid=3&catid=7&fontstyle=f-larger&id=22&lang=fr&option=com_content&view=article HTTP/1.1" 302 574 "-" "Mozilla/5.0 (compatible; SemrushBot/7~bl; +http://www.semrush.com/bot.html)"
185.191.171.21 - - [08/Mar/2023:20:14:07 +0100] "GET /index.php?Itemid=50&catid=7&id=34&lang=fr&option=com_content&view=article HTTP/1.1" 302 559 "-" "Mozilla/5.0 (compatible; SemrushBot/7~bl; +http://www.semrush.com/bot.html)"
185.191.171.33 - - [08/Mar/2023:20:14:28 +0100] "GET /?Itemid=53&fontstyle=f-smaller&id=314&lang=en&option=com_content&view=article HTTP/1.1" 302 565 "-" "Mozilla/5.0 (compatible; SemrushBot/7~bl; +http://www.semrush.com/bot.html)"
185.191.171.42 - - [08/Mar/2023:20:14:29 +0100] "GET /?Itemid=45&catid=7&fontstyle=f-larger&id=57&lang=en&option=com_content&view=article HTTP/1.1" 302 575 "-" "Mozilla/5.0 (compatible; SemrushBot/7~bl; +http://www.semrush.com/bot.html)"
212.129.37.175 - - [08/Mar/2023:20:14:54 +0100] "-" 408 1489 "-" "-"
212.129.37.175 - - [08/Mar/2023:20:15:29 +0100] "-" 408 1489 "-" "-"
185.191.171.12 - - [08/Mar/2023:20:15:42 +0100] "GET /?catid=7&fontstyle=f-smaller&id=51&lang=en&option=com_content&view=article HTTP/1.1" 302 561 "-" "Mozilla/5.0 (compatible; SemrushBot/7~bl; +http://www.semrush.com/bot.html)"
185.191.171.37 - - [08/Mar/2023:20:16:00 +0100] "GET /robots.txt HTTP/1.1" 302 441 "-" "Mozilla/5.0 (compatible; SemrushBot/7~bl; +http://www.semrush.com/bot.html)"
185.191.171.20 - - [08/Mar/2023:20:16:01 +0100] "GET /?catid=8&fontstyle=f-larger&id=205&lang=fr&option=com_content&view=article HTTP/1.1" 302 561 "-" "Mozilla/5.0 (compatible; SemrushBot/7~bl; +http://www.semrush.com/bot.html)"
185.191.171.43 - - [08/Mar/2023:20:16:08 +0100] "GET /index.php?Itemid=3&id=346&lang=en&option=com_content&view=article HTTP/1.1" 302 545 "-" "Mozilla/5.0 (compatible; SemrushBot/7~bl; +http://www.semrush.com/bot.html)"
185.191.171.42 - - [08/Mar/2023:20:16:21 +0100] "GET /?catid=7&fontstyle=f-smaller&id=16&lang=en&option=com_content&view=article HTTP/1.1" 302 561 "-" "Mozilla/5.0 (compatible; SemrushBot/7~bl; +http://www.semrush.com/bot.html)"
185.191.171.12 - - [08/Mar/2023:20:16:34 +0100] "GET /index.php?Itemid=53&id=360&lang=fr&option=com_content&view=article HTTP/1.1" 302 548 "-" "Mozilla/5.0 (compatible; SemrushBot/7~bl; +http://www.semrush.com/bot.html)"
185.191.171.20 - - [08/Mar/2023:20:16:36 +0100] "GET /?Itemid=0&fontstyle=f-larger&id=347&lang=en&option=com_content&view=article HTTP/1.1" 302 563 "-" "Mozilla/5.0 (compatible; SemrushBot/7~bl; +http://www.semrush.com/bot.html)"
185.191.171.18 - - [08/Mar/2023:20:16:42 +0100] "GET /?Itemid&catid=8&fontstyle=f-smaller&id=129&lang=fr&option=com_content&view=article HTTP/1.1" 302 573 "-" "Mozilla/5.0 (compatible; SemrushBot/7~bl; +http://www.semrush.com/bot.html)"
185.191.171.4 - - [08/Mar/2023:20:16:46 +0100] "GET /?Itemid=45&catid=7&fontstyle=f-smaller&id=34&lang=en&option=com_content&view=article HTTP/1.1" 302 576 "-" "Mozilla/5.0 (compatible; SemrushBot/7~bl; +http://www.semrush.com/bot.html)"
185.191.171.20 - - [08/Mar/2023:20:16:52 +0100] "GET /index.php?Itemid=3&id=323&lang=en&option=com_content&view=article HTTP/1.1" 302 542 "-" "Mozilla/5.0 (compatible; SemrushBot/7~bl; +http://www.semrush.com/bot.html)"
212.129.37.175 - - [08/Mar/2023:20:16:59 +0100] "-" 408 1489 "-" "-"
185.191.171.8 - - [08/Mar/2023:20:17:28 +0100] "GET /index.php?Itemid=53&catid=7&id=66&lang=fr&option=com_content&view=article HTTP/1.1" 302 559 "-" "Mozilla/5.0 (compatible; SemrushBot/7~bl; +http://www.semrush.com/bot.html)"
185.191.171.10 - - [08/Mar/2023:20:17:47 +0100] "GET /?Itemid&catid=8&fontstyle=f-larger&id=111&lang=en&option=com_content&view=article HTTP/1.1" 302 573 "-" "Mozilla/5.0 (compatible; SemrushBot/7~bl; +http://www.semrush.com/bot.html)"
185.191.171.8 - - [08/Mar/2023:20:18:23 +0100] "GET /?Itemid=3&fontstyle=f-smaller&id=1&lang=fr&layout=blog&limitstart=40&option=com_content&view=category HTTP/1.1" 302 606 "-" "Mozilla/5.0 (compatible; SemrushBot/7~bl; +http://www.semrush.com/bot.html)"
185.191.171.20 - - [08/Mar/2023:20:18:31 +0100] "GET /?Itemid=11&catid=7&fontstyle=f-smaller&id=33&lang=fr&option=com_content&view=article HTTP/1.1" 302 575 "-" "Mozilla/5.0 (compatible; SemrushBot/7~bl; +http://www.semrush.com/bot.html)"
185.191.171.41 - - [08/Mar/2023:20:18:33 +0100] "GET /index.php?Itemid=3&id=368&lang=en&option=com_content&view=article HTTP/1.1" 302 545 "-" "Mozilla/5.0 (compatible; SemrushBot/7~bl; +http://www.semrush.com/bot.html)"
185.191.171.5 - - [08/Mar/2023:20:19:09 +0100] "GET /?Itemid=53&fontstyle=f-larger&id=361&lang=en&option=com_content&view=article HTTP/1.1" 302 564 "-" "Mozilla/5.0 (compatible; SemrushBot/7~bl; +http://www.semrush.com/bot.html)"
185.191.171.8 - - [08/Mar/2023:20:19:23 +0100] "GET /?Itemid=0&fontstyle=f-larger&id=311&lang=en&option=com_content&view=article HTTP/1.1" 302 562 "-" "Mozilla/5.0 (compatible; SemrushBot/7~bl; +http://www.semrush.com/bot.html)"
185.191.171.3 - - [08/Mar/2023:20:19:42 +0100] "GET /index.php?Itemid=16&catid=7&id=59&lang=fr&option=com_content&view=article HTTP/1.1" 302 559 "-" "Mozilla/5.0 (compatible; SemrushBot/7~bl; +http://www.semrush.com/bot.html)"
212.129.37.175 - - [08/Mar/2023:20:19:47 +0100] "-" 408 1489 "-" "-"
212.129.37.175 - - [08/Mar/2023:20:19:55 +0100] "-" 408 1489 "-" "-"
185.191.171.10 - - [08/Mar/2023:20:20:33 +0100] "GET /?Itemid=53&catid=7&fontstyle=f-smaller&id=29&lang=en&option=com_content&view=article HTTP/1.1" 302 576 "-" "Mozilla/5.0 (compatible; SemrushBot/7~bl; +http://www.semrush.com/bot.html)"
185.191.171.24 - - [08/Mar/2023:20:20:39 +0100] "GET /index.php?Itemid=46&catid=7&id=32&lang=en&option=com_content&view=article HTTP/1.1" 302 558 "-" "Mozilla/5.0 (compatible; SemrushBot/7~bl; +http://www.semrush.com/bot.html)"
185.191.171.24 - - [08/Mar/2023:20:20:41 +0100] "GET /?Itemid=53&catid=7&fontstyle=f-smaller&id=21&lang=en&option=com_content&view=article HTTP/1.1" 302 576 "-" "Mozilla/5.0 (compatible; SemrushBot/7~bl; +http://www.semrush.com/bot.html)"
185.191.171.34 - - [08/Mar/2023:20:20:51 +0100] "GET /index.php?Itemid=53&catid=1&id=434%E2%8C%A9%3Dfr&lang=en&option=com_content&view=article HTTP/1.1" 302 587 "-" "Mozilla/5.0 (compatible; SemrushBot/7~bl; +http://www.semrush.com/bot.html)"
185.191.171.2 - - [08/Mar/2023:20:21:00 +0100] "GET /index.php?Itemid=14&id=103&lang=en&option=com_content&view=article HTTP/1.1" 302 545 "-" "Mozilla/5.0 (compatible; SemrushBot/7~bl; +http://www.semrush.com/bot.html)"
185.191.171.5 - - [08/Mar/2023:20:21:26 +0100] "GET /?Itemid=50&catid=7&fontstyle=f-smaller&id=58&lang=fr&option=com_content&view=article HTTP/1.1" 302 575 "-" "Mozilla/5.0 (compatible; SemrushBot/7~bl; +http://www.semrush.com/bot.html)"
185.191.171.16 - - [08/Mar/2023:20:21:40 +0100] "GET /index.php?Itemid=47&catid=7&id=49&lang=fr&option=com_content&view=article HTTP/1.1" 302 556 "-" "Mozilla/5.0 (compatible; SemrushBot/7~bl; +http://www.semrush.com/bot.html)"
185.191.171.24 - - [08/Mar/2023:20:21:44 +0100] "GET /?Itemid=48&catid=7&fontstyle=f-larger&id=44&lang=en&option=com_content&view=article HTTP/1.1" 302 575 "-" "Mozilla/5.0 (compatible; SemrushBot/7~bl; +http://www.semrush.com/bot.html)"
212.129.37.175 - - [08/Mar/2023:20:21:52 +0100] "-" 408 1489 "-" "-"
185.191.171.12 - - [08/Mar/2023:20:22:05 +0100] "GET /index.php?Itemid&id=359&lang=fr&option=com_content&view=article HTTP/1.1" 302 543 "-" "Mozilla/5.0 (compatible; SemrushBot/7~bl; +http://www.semrush.com/bot.html)"
185.191.171.12 - - [08/Mar/2023:20:22:24 +0100] "GET /?Itemid=46&catid=7&fontstyle=f-smaller&id=55&lang=fr&option=com_content&view=article HTTP/1.1" 302 576 "-" "Mozilla/5.0 (compatible; SemrushBot/7~bl; +http://www.semrush.com/bot.html)"
185.191.171.21 - - [08/Mar/2023:20:22:24 +0100] "GET /?Itemid=5&catid=7&fontstyle=f-smaller&id=49&lang=en&option=com_content&view=article HTTP/1.1" 302 577 "-" "Mozilla/5.0 (compatible; SemrushBot/7~bl; +http://www.semrush.com/bot.html)"
185.191.171.22 - - [08/Mar/2023:20:22:26 +0100] "GET /index.php?Itemid=53&catid=1&id=415%3F%3Dfr&lang=en&option=com_content&view=article HTTP/1.1" 302 575 "-" "Mozilla/5.0 (compatible; SemrushBot/7~bl; +http://www.semrush.com/bot.html)"
185.191.171.45 - - [08/Mar/2023:20:22:38 +0100] "GET /?Itemid=46&catid=7&fontstyle=f-larger&id=33&lang=en&option=com_content&view=article HTTP/1.1" 302 576 "-" "Mozilla/5.0 (compatible; SemrushBot/7~bl; +http://www.semrush.com/bot.html)"
185.191.171.17 - - [08/Mar/2023:20:22:52 +0100] "GET /?Itemid=16&catid=7&fontstyle=f-smaller&id=5&lang=en&option=com_content&view=article HTTP/1.1" 302 575 "-" "Mozilla/5.0 (compatible; SemrushBot/7~bl; +http://www.semrush.com/bot.html)"
185.191.171.7 - - [08/Mar/2023:20:23:12 +0100] "GET /index.php?Itemid=53&catid=1&id=479&lang=en&option=com_content&view=article HTTP/1.1" 302 560 "-" "Mozilla/5.0 (compatible; SemrushBot/7~bl; +http://www.semrush.com/bot.html)"
185.191.171.4 - - [08/Mar/2023:20:23:40 +0100] "GET /index.php?Itemid=0&id=72&lang=fr&option=com_content&view=article HTTP/1.1" 302 543 "-" "Mozilla/5.0 (compatible; SemrushBot/7~bl; +http://www.semrush.com/bot.html)"
185.191.171.26 - - [08/Mar/2023:20:24:15 +0100] "GET /index.php?Itemid&id=298&lang=en&option=com_content&view=article HTTP/1.1" 302 542 "-" "Mozilla/5.0 (compatible; SemrushBot/7~bl; +http://www.semrush.com/bot.html)"
212.129.37.175 - - [08/Mar/2023:20:24:22 +0100] "-" 408 1489 "-" "-"
185.191.171.38 - - [08/Mar/2023:20:24:40 +0100] "GET /?Itemid=53&catid=7&fontstyle=f-larger&id=50&lang=fr&option=com_content&view=article HTTP/1.1" 302 574 "-" "Mozilla/5.0 (compatible; SemrushBot/7~bl; +http://www.semrush.com/bot.html)"
212.129.37.175 - - [08/Mar/2023:20:24:40 +0100] "-" 408 1489 "-" "-"
185.191.171.18 - - [08/Mar/2023:20:24:53 +0100] "GET /index.php?Itemid=7&catid=7&id=29&lang=en&option=com_content&view=article HTTP/1.1" 302 555 "-" "Mozilla/5.0 (compatible; SemrushBot/7~bl; +http://www.semrush.com/bot.html)"
185.191.171.40 - - [08/Mar/2023:20:24:56 +0100] "GET /?Itemid=3&fontstyle=f-smaller&id=364&lang=fr&option=com_content&view=article HTTP/1.1" 302 563 "-" "Mozilla/5.0 (compatible; SemrushBot/7~bl; +http://www.semrush.com/bot.html)"
167.99.182.39 - - [08/Mar/2023:20:25:25 +0100] "\x16\x03\x01" 302 205 "-" "-"
167.99.182.39 - - [08/Mar/2023:20:25:25 +0100] "GET / HTTP/1.1" 302 402 "-" "-"
167.99.182.39 - - [08/Mar/2023:20:25:25 +0100] "HELP" 302 205 "-" "-"
167.99.182.39 - - [08/Mar/2023:20:25:25 +0100] "GET / HTTP/1.1" 302 421 "-" "Mozilla/5.0 (Linux; Android 6.0; HTC One M9 Build/MRA252945) AppleWebKit/537.36 (KHTML, like Gecko) Chrome/52.0.3562.98 Mobile Safari/537.3"
167.99.182.39 - - [08/Mar/2023:20:25:25 +0100] "GET /.git/config HTTP/1.1" 302 442 "-" "Go-http-client/1.1"
167.99.182.39 - - [08/Mar/2023:20:25:25 +0100] "GET /info.php HTTP/1.1" 302 438 "-" "Go-http-client/1.1"
167.99.182.39 - - [08/Mar/2023:20:25:25 +0100] "GET /s/9333e2735313e23383e2231323/_/;/META-INF/maven/com.atlassian.jira/jira-webapp-dist/pom.properties HTTP/1.1" 302 596 "-" "Go-http-client/1.1"
167.99.182.39 - - [08/Mar/2023:20:25:25 +0100] "GET /.env HTTP/1.1" 302 430 "-" "Go-http-client/1.1"
167.99.182.39 - - [08/Mar/2023:20:25:25 +0100] "GET /.DS_Store HTTP/1.1" 302 441 "-" "Go-http-client/1.1"
167.99.182.39 - - [08/Mar/2023:20:25:25 +0100] "GET /telescope/requests HTTP/1.1" 302 478 "-" "Go-http-client/1.1"
167.99.182.39 - - [08/Mar/2023:20:25:25 +0100] "GET /debug/default/view?panel=config HTTP/1.1" 302 476 "-" "Go-http-client/1.1"
167.99.182.39 - - [08/Mar/2023:20:25:25 +0100] "GET /server-status HTTP/1.1" 302 445 "-" "Go-http-client/1.1"
167.99.182.39 - - [08/Mar/2023:20:25:25 +0100] "GET /?rest_route=/wp/v2/users/ HTTP/1.1" 302 469 "-" "Go-http-client/1.1"
167.99.182.39 - - [08/Mar/2023:20:25:25 +0100] "GET /.vscode/sftp.json HTTP/1.1" 302 478 "-" "Go-http-client/1.1"
167.99.182.39 - - [08/Mar/2023:20:25:25 +0100] "GET /ecp/Current/exporttool/microsoft.exchange.ediscovery.exporttool.application HTTP/1.1" 302 548 "-" "Go-http-client/1.1"
167.99.182.39 - - [08/Mar/2023:20:25:25 +0100] "GET /login.action HTTP/1.1" 302 442 "-" "Go-http-client/1.1"
167.99.182.39 - - [08/Mar/2023:20:25:25 +0100] "GET /api/search?folderIds=0 HTTP/1.1" 302 461 "-" "Go-http-client/1.1"
167.99.182.39 - - [08/Mar/2023:20:25:25 +0100] "GET /v2/_catalog HTTP/1.1" 302 443 "-" "Go-http-client/1.1"
167.99.182.39 - - [08/Mar/2023:20:25:26 +0100] "GET /about HTTP/1.1" 302 432 "-" "Go-http-client/1.1"
167.99.182.39 - - [08/Mar/2023:20:25:26 +0100] "GET /config.json HTTP/1.1" 302 443 "-" "Go-http-client/1.1"
185.191.171.23 - - [08/Mar/2023:20:25:34 +0100] "GET /index.php?Itemid=53&catid=1&id=472&lang=fr&option=com_content&view=article HTTP/1.1" 302 561 "-" "Mozilla/5.0 (compatible; SemrushBot/7~bl; +http://www.semrush.com/bot.html)"
185.191.171.4 - - [08/Mar/2023:20:25:39 +0100] "GET /index.php?id=348&lang=fr&option=com_content&view=article HTTP/1.1" 302 530 "-" "Mozilla/5.0 (compatible; SemrushBot/7~bl; +http://www.semrush.com/bot.html)"
185.191.171.24 - - [08/Mar/2023:20:25:51 +0100] "GET /?Itemid=11&catid=7&fontstyle=f-smaller&id=6&lang=en&option=com_content&view=article HTTP/1.1" 302 575 "-" "Mozilla/5.0 (compatible; SemrushBot/7~bl; +http://www.semrush.com/bot.html)"
185.191.171.8 - - [08/Mar/2023:20:26:06 +0100] "GET /?Itemid=53&fontstyle=f-larger&id=312&lang=en&option=com_content&view=article HTTP/1.1" 302 564 "-" "Mozilla/5.0 (compatible; SemrushBot/7~bl; +http://www.semrush.com/bot.html)"
185.191.171.19 - - [08/Mar/2023:20:26:24 +0100] "GET /?Itemid=45&catid=7&fontstyle=f-smaller&id=24&lang=en&option=com_content&view=article HTTP/1.1" 302 576 "-" "Mozilla/5.0 (compatible; SemrushBot/7~bl; +http://www.semrush.com/bot.html)"
185.191.171.17 - - [08/Mar/2023:20:26:28 +0100] "GET /?Itemid=3&catid=7&fontstyle=f-larger&id=16&lang=fr&option=com_content&view=article HTTP/1.1" 302 575 "-" "Mozilla/5.0 (compatible; SemrushBot/7~bl; +http://www.semrush.com/bot.html)"
185.191.171.43 - - [08/Mar/2023:20:26:37 +0100] "GET /?Itemid=11&catid=7&fontstyle=f-larger&id=23&lang=fr&option=com_content&view=article HTTP/1.1" 302 575 "-" "Mozilla/5.0 (compatible; SemrushBot/7~bl; +http://www.semrush.com/bot.html)"
185.191.171.12 - - [08/Mar/2023:20:26:38 +0100] "GET /?Itemid=47&catid=7&fontstyle=f-larger&id=55&lang=en&option=com_content&view=article HTTP/1.1" 302 575 "-" "Mozilla/5.0 (compatible; SemrushBot/7~bl; +http://www.semrush.com/bot.html)"
212.129.37.175 - - [08/Mar/2023:20:26:46 +0100] "-" 408 1489 "-" "-"
185.191.171.11 - - [08/Mar/2023:20:27:03 +0100] "GET /index.php?Itemid=50&catid=7&id=6&lang=fr&option=com_content&view=article HTTP/1.1" 302 557 "-" "Mozilla/5.0 (compatible; SemrushBot/7~bl; +http://www.semrush.com/bot.html)"
185.191.171.10 - - [08/Mar/2023:20:27:14 +0100] "GET /index.php?Itemid=3&catid=1&id=483&lang=en&option=com_content&view=article HTTP/1.1" 302 557 "-" "Mozilla/5.0 (compatible; SemrushBot/7~bl; +http://www.semrush.com/bot.html)"
185.191.171.33 - - [08/Mar/2023:20:27:31 +0100] "GET /?Itemid=48&catid=7&fontstyle=f-smaller&id=45&lang=fr&option=com_content&view=article HTTP/1.1" 302 575 "-" "Mozilla/5.0 (compatible; SemrushBot/7~bl; +http://www.semrush.com/bot.html)"
185.191.171.13 - - [08/Mar/2023:20:27:50 +0100] "GET /?Itemid=3&catid=7&fontstyle=f-larger&id=21&lang=fr&option=com_content&view=article HTTP/1.1" 302 575 "-" "Mozilla/5.0 (compatible; SemrushBot/7~bl; +http://www.semrush.com/bot.html)"
185.191.171.25 - - [08/Mar/2023:20:28:01 +0100] "GET /index.php?Itemid=45&catid=7&id=55&lang=fr&option=com_content&view=article HTTP/1.1" 302 557 "-" "Mozilla/5.0 (compatible; SemrushBot/7~bl; +http://www.semrush.com/bot.html)"
185.191.171.43 - - [08/Mar/2023:20:28:15 +0100] "GET /?Itemid=3&catid=1&fontstyle=f-larger&id=450%E2%8C%A9%3Dfr&lang=fr&option=com_content&view=article HTTP/1.1" 302 603 "-" "Mozilla/5.0 (compatible; SemrushBot/7~bl; +http://www.semrush.com/bot.html)"
212.129.37.175 - - [08/Mar/2023:20:28:54 +0100] "-" 408 1489 "-" "-"
185.191.171.37 - - [08/Mar/2023:20:28:59 +0100] "GET /?Itemid=50&catid=7&fontstyle=f-larger&id=24&lang=en&option=com_content&view=article HTTP/1.1" 302 576 "-" "Mozilla/5.0 (compatible; SemrushBot/7~bl; +http://www.semrush.com/bot.html)"
185.191.171.8 - - [08/Mar/2023:20:29:29 +0100] "GET /?Itemid=0&fontstyle=f-larger&id=287&lang=en&option=com_content&view=article HTTP/1.1" 302 563 "-" "Mozilla/5.0 (compatible; SemrushBot/7~bl; +http://www.semrush.com/bot.html)"
185.191.171.13 - - [08/Mar/2023:20:29:33 +0100] "GET /?Itemid=50&catid=7&fontstyle=f-larger&id=38&lang=en&option=com_content&view=article HTTP/1.1" 302 576 "-" "Mozilla/5.0 (compatible; SemrushBot/7~bl; +http://www.semrush.com/bot.html)"
185.191.171.8 - - [08/Mar/2023:20:29:36 +0100] "GET /index.php?Itemid=53&id=310&lang=fr&option=com_content&view=article HTTP/1.1" 302 547 "-" "Mozilla/5.0 (compatible; SemrushBot/7~bl; +http://www.semrush.com/bot.html)"
212.129.37.175 - - [08/Mar/2023:20:29:40 +0100] "-" 408 1489 "-" "-"
185.191.171.45 - - [08/Mar/2023:20:29:44 +0100] "GET /?Itemid&fontstyle=f-larger&id=269&lang=fr&option=com_content&view=article HTTP/1.1" 302 560 "-" "Mozilla/5.0 (compatible; SemrushBot/7~bl; +http://www.semrush.com/bot.html)"
185.191.171.7 - - [08/Mar/2023:20:29:54 +0100] "GET /?Itemid=0&fontstyle=f-smaller&id=235&lang=en&option=com_content&view=article HTTP/1.1" 302 563 "-" "Mozilla/5.0 (compatible; SemrushBot/7~bl; +http://www.semrush.com/bot.html)"
185.191.171.44 - - [08/Mar/2023:20:30:18 +0100] "GET /?Itemid=0&fontstyle=f-larger&id=206&lang=fr&option=com_content&view=article HTTP/1.1" 302 562 "-" "Mozilla/5.0 (compatible; SemrushBot/7~bl; +http://www.semrush.com/bot.html)"
185.191.171.34 - - [08/Mar/2023:20:30:22 +0100] "GET /?Itemid=0&fontstyle=f-smaller&id=305&lang=en&option=com_content&view=article HTTP/1.1" 302 563 "-" "Mozilla/5.0 (compatible; SemrushBot/7~bl; +http://www.semrush.com/bot.html)"
185.191.171.24 - - [08/Mar/2023:20:30:30 +0100] "GET /?Itemid=45&catid=7&fontstyle=f-larger&id=53&lang=en&option=com_content&view=article HTTP/1.1" 302 576 "-" "Mozilla/5.0 (compatible; SemrushBot/7~bl; +http://www.semrush.com/bot.html)"
185.191.171.45 - - [08/Mar/2023:20:30:59 +0100] "GET /?Itemid=53&catid=1&fontstyle=f-larger&id=433&lang=en&option=com_content&view=article HTTP/1.1" 302 575 "-" "Mozilla/5.0 (compatible; SemrushBot/7~bl; +http://www.semrush.com/bot.html)"
66.249.66.4 - - [08/Mar/2023:20:30:59 +0100] "GET /index.php?option=com_content&Itemid=53&catid=1&id=471&lang=fr&view=article HTTP/1.1" 404 2252 "-" "Mozilla/5.0 (Linux; Android 6.0.1; Nexus 5X Build/MMB29P) AppleWebKit/537.36 (KHTML, like Gecko) Chrome/110.0.5481.177 Mobile Safari/537.36 (compatible; Googlebot/2.1; +http://www.google.com/bot.html)"
