185.191.171.13 - - [09/Mar/2023:09:36:16 +0100] "GET /index.php?Itemid=53&catid=1&id=444&lang=fr&option=com_content&view=article HTTP/1.1" 302 560 "-" "Mozilla/5.0 (compatible; SemrushBot/7~bl; +http://www.semrush.com/bot.html)"
185.191.171.25 - - [09/Mar/2023:09:36:23 +0100] "GET /index.php?Itemid&catid=8&id=111&lang=fr&option=com_content&view=article HTTP/1.1" 302 555 "-" "Mozilla/5.0 (compatible; SemrushBot/7~bl; +http://www.semrush.com/bot.html)"
185.191.171.25 - - [09/Mar/2023:09:36:31 +0100] "GET /?Itemid=46&catid=7&fontstyle=f-smaller&id=53&lang=fr&option=com_content&view=article HTTP/1.1" 302 576 "-" "Mozilla/5.0 (compatible; SemrushBot/7~bl; +http://www.semrush.com/bot.html)"
185.191.171.21 - - [09/Mar/2023:09:36:49 +0100] "GET /index.php?Itemid&id=361&lang=fr&option=com_content&view=article HTTP/1.1" 302 543 "-" "Mozilla/5.0 (compatible; SemrushBot/7~bl; +http://www.semrush.com/bot.html)"
185.191.171.14 - - [09/Mar/2023:09:36:51 +0100] "GET /index.php?Itemid&catid=7&id=32&lang=en&option=com_content&view=article HTTP/1.1" 302 553 "-" "Mozilla/5.0 (compatible; SemrushBot/7~bl; +http://www.semrush.com/bot.html)"
185.191.171.25 - - [09/Mar/2023:09:36:56 +0100] "GET /?Itemid&fontstyle=f-smaller&id=370&lang=en&option=com_content&view=article HTTP/1.1" 302 561 "-" "Mozilla/5.0 (compatible; SemrushBot/7~bl; +http://www.semrush.com/bot.html)"
185.191.171.26 - - [09/Mar/2023:09:38:07 +0100] "GET /index.php?id=360&lang=fr&option=com_content&view=article HTTP/1.1" 302 530 "-" "Mozilla/5.0 (compatible; SemrushBot/7~bl; +http://www.semrush.com/bot.html)"
212.129.37.175 - - [09/Mar/2023:09:38:10 +0100] "-" 408 1489 "-" "-"
185.191.171.18 - - [09/Mar/2023:09:38:13 +0100] "GET /index.php?Itemid=0&catid=7&id=11&lang=fr&option=com_content&view=article HTTP/1.1" 302 557 "-" "Mozilla/5.0 (compatible; SemrushBot/7~bl; +http://www.semrush.com/bot.html)"
185.191.171.42 - - [09/Mar/2023:09:38:18 +0100] "GET /?Itemid=53&catid=7&fontstyle=f-larger&id=34&lang=en&option=com_content&view=article HTTP/1.1" 302 576 "-" "Mozilla/5.0 (compatible; SemrushBot/7~bl; +http://www.semrush.com/bot.html)"
185.191.171.1 - - [09/Mar/2023:09:39:01 +0100] "GET /?Itemid&catid=8&fontstyle=f-larger&id=125&lang=en&option=com_content&view=article HTTP/1.1" 302 574 "-" "Mozilla/5.0 (compatible; SemrushBot/7~bl; +http://www.semrush.com/bot.html)"
185.191.171.42 - - [09/Mar/2023:09:39:22 +0100] "GET /?Itemid&fontstyle=f-larger&id=371&lang=en&option=com_content&view=article HTTP/1.1" 302 560 "-" "Mozilla/5.0 (compatible; SemrushBot/7~bl; +http://www.semrush.com/bot.html)"
185.191.171.38 - - [09/Mar/2023:09:39:24 +0100] "GET /?Itemid=11&catid=7&fontstyle=f-larger&id=56&lang=fr&option=com_content&view=article HTTP/1.1" 302 576 "-" "Mozilla/5.0 (compatible; SemrushBot/7~bl; +http://www.semrush.com/bot.html)"
185.191.171.13 - - [09/Mar/2023:09:39:27 +0100] "GET /index.php?Itemid=14&catid=7&id=35&lang=en&option=com_content&view=article HTTP/1.1" 302 559 "-" "Mozilla/5.0 (compatible; SemrushBot/7~bl; +http://www.semrush.com/bot.html)"
185.191.171.18 - - [09/Mar/2023:09:39:38 +0100] "GET /index.php?Itemid=47&catid=7&id=58&lang=fr&option=com_content&view=article HTTP/1.1" 302 559 "-" "Mozilla/5.0 (compatible; SemrushBot/7~bl; +http://www.semrush.com/bot.html)"
185.191.171.24 - - [09/Mar/2023:09:39:48 +0100] "GET /?Itemid&catid=7&fontstyle=f-smaller&id=35&lang=fr&option=com_content&view=article HTTP/1.1" 302 572 "-" "Mozilla/5.0 (compatible; SemrushBot/7~bl; +http://www.semrush.com/bot.html)"
212.129.37.175 - - [09/Mar/2023:09:39:55 +0100] "-" 408 1489 "-" "-"
185.191.171.42 - - [09/Mar/2023:09:40:13 +0100] "GET /?Itemid=49&catid=7&fontstyle=f-larger&id=19&lang=en&option=com_content&view=article HTTP/1.1" 302 575 "-" "Mozilla/5.0 (compatible; SemrushBot/7~bl; +http://www.semrush.com/bot.html)"
185.191.171.33 - - [09/Mar/2023:09:40:29 +0100] "GET /?Itemid=50&catid=7&fontstyle=f-larger&id=34&lang=en&option=com_content&view=article HTTP/1.1" 302 576 "-" "Mozilla/5.0 (compatible; SemrushBot/7~bl; +http://www.semrush.com/bot.html)"
185.191.171.23 - - [09/Mar/2023:09:40:40 +0100] "GET /index.php?id=317&lang=fr&option=com_content&view=article HTTP/1.1" 302 530 "-" "Mozilla/5.0 (compatible; SemrushBot/7~bl; +http://www.semrush.com/bot.html)"
185.191.171.23 - - [09/Mar/2023:09:41:04 +0100] "GET /index.php?Itemid=0&id=185&lang=en&option=com_content&view=article HTTP/1.1" 302 545 "-" "Mozilla/5.0 (compatible; SemrushBot/7~bl; +http://www.semrush.com/bot.html)"
212.129.37.175 - - [09/Mar/2023:09:41:08 +0100] "-" 408 1489 "-" "-"
185.191.171.4 - - [09/Mar/2023:09:41:17 +0100] "GET /?Itemid=53&catid=1&fontstyle=f-larger&id=232&lang=fr&option=com_content&view=article HTTP/1.1" 302 578 "-" "Mozilla/5.0 (compatible; SemrushBot/7~bl; +http://www.semrush.com/bot.html)"
185.191.171.20 - - [09/Mar/2023:09:41:42 +0100] "GET /index.php?Itemid=3&catid=7&id=57&lang=fr&option=com_content&view=article HTTP/1.1" 302 556 "-" "Mozilla/5.0 (compatible; SemrushBot/7~bl; +http://www.semrush.com/bot.html)"
185.191.171.7 - - [09/Mar/2023:09:41:45 +0100] "GET /?Itemid=3&fontstyle=f-smaller&id=1&lang=fr&layout=blog&limitstart=35&option=com_content&view=category HTTP/1.1" 302 607 "-" "Mozilla/5.0 (compatible; SemrushBot/7~bl; +http://www.semrush.com/bot.html)"
185.191.171.11 - - [09/Mar/2023:09:41:59 +0100] "GET /index.php?Itemid=53&catid=1&id=233&lang=en&option=com_content&view=article HTTP/1.1" 302 557 "-" "Mozilla/5.0 (compatible; SemrushBot/7~bl; +http://www.semrush.com/bot.html)"
185.191.171.7 - - [09/Mar/2023:09:42:07 +0100] "GET /index.php?Itemid=0&id=171&lang=fr&option=com_content&view=article HTTP/1.1" 302 546 "-" "Mozilla/5.0 (compatible; SemrushBot/7~bl; +http://www.semrush.com/bot.html)"
212.129.37.175 - - [09/Mar/2023:09:42:37 +0100] "-" 408 1489 "-" "-"
185.191.171.43 - - [09/Mar/2023:09:42:54 +0100] "GET /?Itemid&fontstyle=f-larger&id=285&lang=en&option=com_content&view=article HTTP/1.1" 302 560 "-" "Mozilla/5.0 (compatible; SemrushBot/7~bl; +http://www.semrush.com/bot.html)"
185.191.171.21 - - [09/Mar/2023:09:43:11 +0100] "GET /index.php?lang=en&option=com_acymailing HTTP/1.1" 302 497 "-" "Mozilla/5.0 (compatible; SemrushBot/7~bl; +http://www.semrush.com/bot.html)"
185.191.171.4 - - [09/Mar/2023:09:43:15 +0100] "GET /?Itemid=16&catid=7&fontstyle=f-smaller&id=50&lang=fr&option=com_content&view=article HTTP/1.1" 302 576 "-" "Mozilla/5.0 (compatible; SemrushBot/7~bl; +http://www.semrush.com/bot.html)"
185.191.171.5 - - [09/Mar/2023:09:43:17 +0100] "GET /index.php?Itemid=11&catid=7&id=32&lang=en&option=com_content&view=article HTTP/1.1" 302 558 "-" "Mozilla/5.0 (compatible; SemrushBot/7~bl; +http://www.semrush.com/bot.html)"
185.191.171.16 - - [09/Mar/2023:09:43:44 +0100] "GET /?Itemid=45&catid=7&fontstyle=f-larger&id=30&lang=en&option=com_content&view=article HTTP/1.1" 302 576 "-" "Mozilla/5.0 (compatible; SemrushBot/7~bl; +http://www.semrush.com/bot.html)"
185.191.171.13 - - [09/Mar/2023:09:43:46 +0100] "GET /?Itemid=53&catid=1&fontstyle=f-larger&id=436%E2%8C%A9%3Dfr&lang=en&option=com_content&view=article HTTP/1.1" 302 604 "-" "Mozilla/5.0 (compatible; SemrushBot/7~bl; +http://www.semrush.com/bot.html)"
185.191.171.3 - - [09/Mar/2023:09:44:03 +0100] "GET /?Itemid=14&catid=7&fontstyle=f-smaller&id=73&lang=en&option=com_content&view=article HTTP/1.1" 302 575 "-" "Mozilla/5.0 (compatible; SemrushBot/7~bl; +http://www.semrush.com/bot.html)"
185.191.171.6 - - [09/Mar/2023:09:44:04 +0100] "GET /index.php?Itemid=45&catid=7&id=26&lang=fr&option=com_content&view=article HTTP/1.1" 302 559 "-" "Mozilla/5.0 (compatible; SemrushBot/7~bl; +http://www.semrush.com/bot.html)"
185.191.171.40 - - [09/Mar/2023:09:44:17 +0100] "GET /?Itemid=0&fontstyle=f-larger>ask=archive&lang=en&listid=1&option=com_acymailing HTTP/1.1" 302 570 "-" "Mozilla/5.0 (compatible; SemrushBot/7~bl; +http://www.semrush.com/bot.html)"
185.191.171.21 - - [09/Mar/2023:09:44:33 +0100] "GET /?Itemid=3&fontstyle=f-larger&id=308&lang=en&option=com_content&view=article HTTP/1.1" 302 562 "-" "Mozilla/5.0 (compatible; SemrushBot/7~bl; +http://www.semrush.com/bot.html)"
185.191.171.19 - - [09/Mar/2023:09:44:35 +0100] "GET /?Itemid&fontstyle=f-larger&id=353&lang=fr&option=com_content&view=article HTTP/1.1" 302 559 "-" "Mozilla/5.0 (compatible; SemrushBot/7~bl; +http://www.semrush.com/bot.html)"
185.191.171.34 - - [09/Mar/2023:09:44:44 +0100] "GET /?fontstyle=f-larger&lang=fr&option=com_xmap&sitemap=1 HTTP/1.1" 302 523 "-" "Mozilla/5.0 (compatible; SemrushBot/7~bl; +http://www.semrush.com/bot.html)"
212.129.37.175 - - [09/Mar/2023:09:44:48 +0100] "-" 408 1489 "-" "-"
66.249.75.208 - - [09/Mar/2023:09:44:48 +0100] "GET /robots.txt HTTP/1.1" 302 478 "-" "Mozilla/5.0 (compatible; Googlebot/2.1; +http://www.google.com/bot.html)"
66.249.75.211 - - [09/Mar/2023:09:44:48 +0100] "GET /index.php?option=com_mailto&tmpl=component&link=345977da66107345dfa1c8b7c1f14f716c885adf&lang=en HTTP/1.1" 302 635 "-" "Mozilla/5.0 (Linux; Android 6.0.1; Nexus 5X Build/MMB29P) AppleWebKit/537.36 (KHTML, like Gecko) Chrome/110.0.5481.177 Mobile Safari/537.36 (compatible; Googlebot/2.1; +http://www.google.com/bot.html)"
185.191.171.22 - - [09/Mar/2023:09:45:18 +0100] "GET /?Itemid=53&catid=12&fontstyle=f-larger&id=429%E2%8C%A9%3Dfr&lang=fr&option=com_content&view=article HTTP/1.1" 302 605 "-" "Mozilla/5.0 (compatible; SemrushBot/7~bl; +http://www.semrush.com/bot.html)"
185.191.171.20 - - [09/Mar/2023:09:45:28 +0100] "GET /index.php?Itemid=45&catid=7&id=43&lang=en&option=com_content&view=article HTTP/1.1" 302 556 "-" "Mozilla/5.0 (compatible; SemrushBot/7~bl; +http://www.semrush.com/bot.html)"
185.191.171.8 - - [09/Mar/2023:09:45:35 +0100] "GET /?Itemid=3&fontstyle=f-smaller&id=363&lang=en&option=com_content&view=article HTTP/1.1" 302 562 "-" "Mozilla/5.0 (compatible; SemrushBot/7~bl; +http://www.semrush.com/bot.html)"
185.191.171.7 - - [09/Mar/2023:09:45:48 +0100] "GET /index.php?Itemid&id=300&lang=fr&option=com_content&view=article HTTP/1.1" 302 541 "-" "Mozilla/5.0 (compatible; SemrushBot/7~bl; +http://www.semrush.com/bot.html)"
212.129.37.175 - - [09/Mar/2023:09:46:02 +0100] "-" 408 1489 "-" "-"
185.191.171.6 - - [09/Mar/2023:09:46:06 +0100] "GET /?fontstyle=f-smaller&id=330&lang=fr&option=com_content&view=article HTTP/1.1" 302 548 "-" "Mozilla/5.0 (compatible; SemrushBot/7~bl; +http://www.semrush.com/bot.html)"
185.191.171.26 - - [09/Mar/2023:09:46:18 +0100] "GET /?Itemid=11&catid=7&fontstyle=f-smaller&id=35&lang=en&option=com_content&view=article HTTP/1.1" 302 576 "-" "Mozilla/5.0 (compatible; SemrushBot/7~bl; +http://www.semrush.com/bot.html)"
185.191.171.7 - - [09/Mar/2023:09:46:43 +0100] "GET /?Itemid&fontstyle=f-smaller&id=328&lang=fr&option=com_content&view=article HTTP/1.1" 302 561 "-" "Mozilla/5.0 (compatible; SemrushBot/7~bl; +http://www.semrush.com/bot.html)"
185.191.171.8 - - [09/Mar/2023:09:46:52 +0100] "GET /index.php?Itemid=16&catid=7&id=52&lang=en&option=com_content&view=article HTTP/1.1" 302 558 "-" "Mozilla/5.0 (compatible; SemrushBot/7~bl; +http://www.semrush.com/bot.html)"
185.191.171.11 - - [09/Mar/2023:09:46:58 +0100] "GET /?Itemid=5&catid=7&fontstyle=f-smaller&id=35&lang=en&option=com_content&view=article HTTP/1.1" 302 575 "-" "Mozilla/5.0 (compatible; SemrushBot/7~bl; +http://www.semrush.com/bot.html)"
212.129.37.175 - - [09/Mar/2023:09:47:03 +0100] "-" 408 1489 "-" "-"
185.191.171.45 - - [09/Mar/2023:09:47:04 +0100] "GET /index.php?Itemid=11&catid=7&id=21&lang=fr&option=com_content&view=article HTTP/1.1" 302 556 "-" "Mozilla/5.0 (compatible; SemrushBot/7~bl; +http://www.semrush.com/bot.html)"
185.191.171.2 - - [09/Mar/2023:09:47:09 +0100] "GET /?Itemid=3&fontstyle=f-smaller&id=262&lang=fr&option=com_content&view=article HTTP/1.1" 302 563 "-" "Mozilla/5.0 (compatible; SemrushBot/7~bl; +http://www.semrush.com/bot.html)"
185.191.171.44 - - [09/Mar/2023:09:47:26 +0100] "GET /?Itemid&catid=7&fontstyle=f-smaller&id=6&lang=en&option=com_content&view=article HTTP/1.1" 302 570 "-" "Mozilla/5.0 (compatible; SemrushBot/7~bl; +http://www.semrush.com/bot.html)"
185.191.171.1 - - [09/Mar/2023:09:47:38 +0100] "GET /?Itemid=53&catid=1&fontstyle=f-smaller&id=482&lang=en&option=com_content&view=article HTTP/1.1" 302 578 "-" "Mozilla/5.0 (compatible; SemrushBot/7~bl; +http://www.semrush.com/bot.html)"
185.191.171.18 - - [09/Mar/2023:09:48:10 +0100] "GET /?Itemid=3&fontstyle=f-smaller&id=321&lang=en&option=com_content&view=article HTTP/1.1" 302 561 "-" "Mozilla/5.0 (compatible; SemrushBot/7~bl; +http://www.semrush.com/bot.html)"
185.191.171.10 - - [09/Mar/2023:09:48:18 +0100] "GET /?Itemid=0&fontstyle=f-larger&id=315&lang=fr&option=com_content&view=article HTTP/1.1" 302 562 "-" "Mozilla/5.0 (compatible; SemrushBot/7~bl; +http://www.semrush.com/bot.html)"
185.191.171.14 - - [09/Mar/2023:09:48:21 +0100] "GET /?Itemid=0&fontstyle=f-smaller&id=364&lang=fr&option=com_content&view=article HTTP/1.1" 302 564 "-" "Mozilla/5.0 (compatible; SemrushBot/7~bl; +http://www.semrush.com/bot.html)"
185.191.171.44 - - [09/Mar/2023:09:48:23 +0100] "GET /index.php?Itemid=53&catid=7&id=65%E3%80%88%3Dfr&lang=fr&option=com_content&view=article HTTP/1.1" 302 585 "-" "Mozilla/5.0 (compatible; SemrushBot/7~bl; +http://www.semrush.com/bot.html)"
185.191.171.1 - - [09/Mar/2023:09:48:37 +0100] "GET /index.php?Itemid=46&catid=7&id=64&lang=fr&option=com_content&view=article HTTP/1.1" 302 559 "-" "Mozilla/5.0 (compatible; SemrushBot/7~bl; +http://www.semrush.com/bot.html)"
185.191.171.38 - - [09/Mar/2023:09:48:56 +0100] "GET /index.php?Itemid=3&catid=7&id=11%E2%8C%A9%3Dfr&lang=fr&option=com_content&view=article HTTP/1.1" 302 582 "-" "Mozilla/5.0 (compatible; SemrushBot/7~bl; +http://www.semrush.com/bot.html)"
185.191.171.8 - - [09/Mar/2023:09:48:58 +0100] "GET /index.php?Itemid=0&id=158&lang=fr&option=com_content&view=article HTTP/1.1" 302 546 "-" "Mozilla/5.0 (compatible; SemrushBot/7~bl; +http://www.semrush.com/bot.html)"
185.191.171.17 - - [09/Mar/2023:09:49:12 +0100] "GET /?Itemid=50&catid=7&fontstyle=f-larger&id=6&lang=fr&option=com_content&view=article HTTP/1.1" 302 574 "-" "Mozilla/5.0 (compatible; SemrushBot/7~bl; +http://www.semrush.com/bot.html)"
212.129.37.175 - - [09/Mar/2023:09:49:43 +0100] "-" 408 1489 "-" "-"
185.191.171.14 - - [09/Mar/2023:09:49:50 +0100] "GET /index.php?catid=7&id=63&lang=en&option=com_content&view=article HTTP/1.1" 302 542 "-" "Mozilla/5.0 (compatible; SemrushBot/7~bl; +http://www.semrush.com/bot.html)"
185.191.171.4 - - [09/Mar/2023:09:49:56 +0100] "GET /?Itemid=47&catid=7&fontstyle=f-larger&id=31&lang=fr&option=com_content&view=article HTTP/1.1" 302 575 "-" "Mozilla/5.0 (compatible; SemrushBot/7~bl; +http://www.semrush.com/bot.html)"
185.191.171.45 - - [09/Mar/2023:09:50:14 +0100] "GET /index.php?Itemid=53&id=313&lang=en&option=com_content&view=article HTTP/1.1" 302 546 "-" "Mozilla/5.0 (compatible; SemrushBot/7~bl; +http://www.semrush.com/bot.html)"
185.191.171.23 - - [09/Mar/2023:09:50:54 +0100] "GET /?Itemid=5&catid=7&fontstyle=f-larger&id=21&lang=fr&option=com_content&view=article HTTP/1.1" 302 575 "-" "Mozilla/5.0 (compatible; SemrushBot/7~bl; +http://www.semrush.com/bot.html)"
212.129.37.175 - - [09/Mar/2023:09:50:56 +0100] "-" 408 1489 "-" "-"
185.191.171.40 - - [09/Mar/2023:09:51:09 +0100] "GET /index.php?Itemid=3&catid=1&id=411&lang=fr&option=com_content&view=article HTTP/1.1" 302 557 "-" "Mozilla/5.0 (compatible; SemrushBot/7~bl; +http://www.semrush.com/bot.html)"
185.191.171.6 - - [09/Mar/2023:09:51:15 +0100] "GET /?Itemid=16&catid=7&fontstyle=f-smaller&id=63&lang=fr&option=com_content&view=article HTTP/1.1" 302 576 "-" "Mozilla/5.0 (compatible; SemrushBot/7~bl; +http://www.semrush.com/bot.html)"
185.191.171.19 - - [09/Mar/2023:09:51:31 +0100] "GET /index.php?Itemid&id=124&lang=en&option=com_content&view=article HTTP/1.1" 302 541 "-" "Mozilla/5.0 (compatible; SemrushBot/7~bl; +http://www.semrush.com/bot.html)"
212.129.37.175 - - [09/Mar/2023:09:51:33 +0100] "-" 408 1489 "-" "-"
185.191.171.4 - - [09/Mar/2023:09:52:13 +0100] "GET /index.php?Itemid&catid=7&id=55&lang=fr&option=com_content&view=article HTTP/1.1" 302 554 "-" "Mozilla/5.0 (compatible; SemrushBot/7~bl; +http://www.semrush.com/bot.html)"
185.191.171.34 - - [09/Mar/2023:09:52:37 +0100] "GET /?catid=7&fontstyle=f-smaller&id=11&lang=fr&option=com_content&view=article HTTP/1.1" 302 560 "-" "Mozilla/5.0 (compatible; SemrushBot/7~bl; +http://www.semrush.com/bot.html)"
185.191.171.21 - - [09/Mar/2023:09:53:00 +0100] "GET /index.php?Itemid&catid=7&id=36&lang=fr&option=com_content&view=article HTTP/1.1" 302 554 "-" "Mozilla/5.0 (compatible; SemrushBot/7~bl; +http://www.semrush.com/bot.html)"
185.191.171.11 - - [09/Mar/2023:09:53:02 +0100] "GET /index.php?Itemid=53&catid=1&id=474&lang=fr&option=com_content&view=article HTTP/1.1" 302 561 "-" "Mozilla/5.0 (compatible; SemrushBot/7~bl; +http://www.semrush.com/bot.html)"
185.191.171.20 - - [09/Mar/2023:09:53:07 +0100] "GET /index.php?Itemid=49&catid=7&id=63&lang=en&option=com_content&view=article HTTP/1.1" 302 559 "-" "Mozilla/5.0 (compatible; SemrushBot/7~bl; +http://www.semrush.com/bot.html)"
185.191.171.11 - - [09/Mar/2023:09:53:26 +0100] "GET /?Itemid=16&catid=7&fontstyle=f-smaller&id=18&lang=fr&option=com_content&view=article HTTP/1.1" 302 575 "-" "Mozilla/5.0 (compatible; SemrushBot/7~bl; +http://www.semrush.com/bot.html)"
185.191.171.21 - - [09/Mar/2023:09:53:32 +0100] "GET /index.php?Itemid=53&id=328&lang=en&option=com_content&view=article HTTP/1.1" 302 547 "-" "Mozilla/5.0 (compatible; SemrushBot/7~bl; +http://www.semrush.com/bot.html)"
185.191.171.25 - - [09/Mar/2023:09:53:34 +0100] "GET /?Itemid=53&catid=1&fontstyle=f-larger&id=481&lang=fr&option=com_content&view=article HTTP/1.1" 302 576 "-" "Mozilla/5.0 (compatible; SemrushBot/7~bl; +http://www.semrush.com/bot.html)"
185.191.171.12 - - [09/Mar/2023:09:53:56 +0100] "GET /index.php?Itemid=49&catid=7&id=30&lang=en&option=com_content&view=article HTTP/1.1" 302 558 "-" "Mozilla/5.0 (compatible; SemrushBot/7~bl; +http://www.semrush.com/bot.html)"
194.110.203.45 - - [09/Mar/2023:09:54:18 +0100] "GET /backup_06032022.zip HTTP/1.1" 404 2162 "-" "Firefox"
212.129.37.175 - - [09/Mar/2023:09:54:37 +0100] "-" 408 1489 "-" "-"
185.191.171.11 - - [09/Mar/2023:09:54:50 +0100] "GET /?Itemid=53&catid=1&fontstyle=f-smaller&id=413%3F%3Dfr&lang=fr&option=com_content&view=article HTTP/1.1" 302 592 "-" "Mozilla/5.0 (compatible; SemrushBot/7~bl; +http://www.semrush.com/bot.html)"
185.191.171.5 - - [09/Mar/2023:09:55:15 +0100] "GET /index.php?Itemid=14&catid=7&id=18&lang=en&option=com_content&view=article HTTP/1.1" 302 556 "-" "Mozilla/5.0 (compatible; SemrushBot/7~bl; +http://www.semrush.com/bot.html)"
185.191.171.14 - - [09/Mar/2023:09:55:29 +0100] "GET /index.php?Itemid=53&catid=1&id=461&lang=fr&option=com_content&view=article HTTP/1.1" 302 560 "-" "Mozilla/5.0 (compatible; SemrushBot/7~bl; +http://www.semrush.com/bot.html)"
185.191.171.25 - - [09/Mar/2023:09:55:31 +0100] "GET /index.php?Itemid=53&id=355&lang=fr&option=com_content&view=article HTTP/1.1" 302 547 "-" "Mozilla/5.0 (compatible; SemrushBot/7~bl; +http://www.semrush.com/bot.html)"
185.191.171.20 - - [09/Mar/2023:09:55:42 +0100] "GET /?Itemid&catid=7&fontstyle=f-larger&id=27&lang=fr&option=com_content&view=article HTTP/1.1" 302 570 "-" "Mozilla/5.0 (compatible; SemrushBot/7~bl; +http://www.semrush.com/bot.html)"
212.129.37.175 - - [09/Mar/2023:09:55:49 +0100] "-" 408 1489 "-" "-"
212.129.37.175 - - [09/Mar/2023:09:55:59 +0100] "-" 408 1489 "-" "-"
193.32.162.159 - - [09/Mar/2023:09:56:12 +0100] "GET / HTTP/1.1" 302 461 "-" "Mozilla/5.0 (Windows NT 10.0; Win64; x64) AppleWebKit/537.36 (KHTML, like Gecko) Chrome/90.0.4430.85 Safari/537.36 Edg/90.0.818.46"
185.191.171.4 - - [09/Mar/2023:09:56:19 +0100] "GET /?Itemid=3&fontstyle=f-smaller&id=308&lang=fr&option=com_content&view=article HTTP/1.1" 302 562 "-" "Mozilla/5.0 (compatible; SemrushBot/7~bl; +http://www.semrush.com/bot.html)"
185.191.171.26 - - [09/Mar/2023:09:56:48 +0100] "GET /index.php?Itemid=0&id=318&lang=fr&option=com_content&view=article HTTP/1.1" 302 545 "-" "Mozilla/5.0 (compatible; SemrushBot/7~bl; +http://www.semrush.com/bot.html)"
185.191.171.23 - - [09/Mar/2023:09:56:54 +0100] "GET /index.php?Itemid=0&catid=7&id=58&lang=fr&option=com_content&view=article HTTP/1.1" 302 557 "-" "Mozilla/5.0 (compatible; SemrushBot/7~bl; +http://www.semrush.com/bot.html)"
185.191.171.10 - - [09/Mar/2023:09:57:09 +0100] "GET /index.php?Itemid=11&catid=7&id=51&lang=fr&option=com_content&view=article HTTP/1.1" 302 557 "-" "Mozilla/5.0 (compatible; SemrushBot/7~bl; +http://www.semrush.com/bot.html)"
185.191.171.6 - - [09/Mar/2023:09:57:29 +0100] "GET /?Itemid=53&catid=1&fontstyle=f-larger&id=237&lang=fr&option=com_content&view=article HTTP/1.1" 302 579 "-" "Mozilla/5.0 (compatible; SemrushBot/7~bl; +http://www.semrush.com/bot.html)"
65.108.2.171 - - [09/Mar/2023:09:57:31 +0100] "GET /robots.txt HTTP/1.1" 302 441 "-" "Mozilla/5.0 (compatible; MJ12bot/v1.4.8; http://mj12bot.com/)"
65.108.2.171 - - [09/Mar/2023:09:57:33 +0100] "GET /index.php?option=com_content&Itemid=3&lang=fr&view=article HTTP/1.1" 302 530 "-" "Mozilla/5.0 (compatible; MJ12bot/v1.4.8; http://mj12bot.com/)"
185.191.171.35 - - [09/Mar/2023:09:57:38 +0100] "GET /?Itemid=53&catid=7&fontstyle=f-larger&id=16&lang=fr&option=com_content&view=article HTTP/1.1" 302 576 "-" "Mozilla/5.0 (compatible; SemrushBot/7~bl; +http://www.semrush.com/bot.html)"
65.108.2.171 - - [09/Mar/2023:09:57:38 +0100] "GET /index.php?option=com_content&Itemid=3&lang=fr&view=article. HTTP/1.1" 302 533 "-" "Mozilla/5.0 (compatible; MJ12bot/v1.4.8; http://mj12bot.com/)"
185.191.171.11 - - [09/Mar/2023:09:57:39 +0100] "GET /?Itemid=53&catid=1&fontstyle=f-larger&id=432&lang=fr&option=com_content&view=article HTTP/1.1" 302 578 "-" "Mozilla/5.0 (compatible; SemrushBot/7~bl; +http://www.semrush.com/bot.html)"
65.108.2.171 - - [09/Mar/2023:09:57:40 +0100] "GET /index.php?option=com_content&Itemid=53&lang=en&view=article=141%E3%80%88=fr=0 HTTP/1.1" 302 567 "-" "Mozilla/5.0 (compatible; MJ12bot/v1.4.8; http://mj12bot.com/)"
185.191.171.10 - - [09/Mar/2023:09:57:41 +0100] "GET /index.php?Itemid=53&id=311&lang=fr&option=com_content&view=article HTTP/1.1" 302 547 "-" "Mozilla/5.0 (compatible; SemrushBot/7~bl; +http://www.semrush.com/bot.html)"
65.108.2.171 - - [09/Mar/2023:09:57:42 +0100] "GET /index.php?option=com_content&Itemid=53&lang=fr&view=article HTTP/1.1" 302 534 "-" "Mozilla/5.0 (compatible; MJ12bot/v1.4.8; http://mj12bot.com/)"
65.108.2.171 - - [09/Mar/2023:09:57:44 +0100] "GET /index.php?option=com_content&Itemid=53&lang=fr&view=article=141%E3%80%88=fr=0 HTTP/1.1" 302 566 "-" "Mozilla/5.0 (compatible; MJ12bot/v1.4.8; http://mj12bot.com/)"
65.108.2.171 - - [09/Mar/2023:09:57:46 +0100] "GET /index.php?option=com_content&Itemid=53&lang=fr&view=article. HTTP/1.1" 302 536 "-" "Mozilla/5.0 (compatible; MJ12bot/v1.4.8; http://mj12bot.com/)"
185.191.171.6 - - [09/Mar/2023:09:57:51 +0100] "GET /?Itemid&fontstyle=f-larger&id=247&lang=fr&option=com_content&view=article HTTP/1.1" 302 560 "-" "Mozilla/5.0 (compatible; SemrushBot/7~bl; +http://www.semrush.com/bot.html)"
185.191.171.40 - - [09/Mar/2023:09:57:53 +0100] "GET /index.php?Itemid=11&catid=7&id=21&lang=en&option=com_content&view=article HTTP/1.1" 302 556 "-" "Mozilla/5.0 (compatible; SemrushBot/7~bl; +http://www.semrush.com/bot.html)"
185.191.171.45 - - [09/Mar/2023:09:58:47 +0100] "GET /index.php?Itemid=48&catid=7&id=33&lang=en&option=com_content&view=article HTTP/1.1" 302 558 "-" "Mozilla/5.0 (compatible; SemrushBot/7~bl; +http://www.semrush.com/bot.html)"
185.191.171.19 - - [09/Mar/2023:09:59:05 +0100] "GET /index.php?Itemid=0&catid=7&id=5&lang=fr&option=com_content&view=article HTTP/1.1" 302 555 "-" "Mozilla/5.0 (compatible; SemrushBot/7~bl; +http://www.semrush.com/bot.html)"
185.191.171.18 - - [09/Mar/2023:09:59:14 +0100] "GET /index.php?Itemid&id=491&lang=fr&option=com_content&view=article HTTP/1.1" 302 543 "-" "Mozilla/5.0 (compatible; SemrushBot/7~bl; +http://www.semrush.com/bot.html)"
185.191.171.24 - - [09/Mar/2023:09:59:27 +0100] "GET /?Itemid=0&catid=7&fontstyle=f-smaller&id=9&lang=en&option=com_content&view=article HTTP/1.1" 302 574 "-" "Mozilla/5.0 (compatible; SemrushBot/7~bl; +http://www.semrush.com/bot.html)"
212.129.37.175 - - [09/Mar/2023:09:59:30 +0100] "-" 408 1489 "-" "-"
185.191.171.38 - - [09/Mar/2023:09:59:33 +0100] "GET /?Itemid=3&fontstyle=f-larger&id=297&lang=fr&option=com_content&view=article HTTP/1.1" 302 563 "-" "Mozilla/5.0 (compatible; SemrushBot/7~bl; +http://www.semrush.com/bot.html)"
185.191.171.16 - - [09/Mar/2023:09:59:46 +0100] "GET /index.php?Itemid=11&catid=7&id=27&lang=en&option=com_content&view=article HTTP/1.1" 302 557 "-" "Mozilla/5.0 (compatible; SemrushBot/7~bl; +http://www.semrush.com/bot.html)"
185.191.171.23 - - [09/Mar/2023:09:59:55 +0100] "GET /?Itemid=5&catid=7&fontstyle=f-smaller&id=21&lang=en&option=com_content&view=article HTTP/1.1" 302 577 "-" "Mozilla/5.0 (compatible; SemrushBot/7~bl; +http://www.semrush.com/bot.html)"
185.191.171.44 - - [09/Mar/2023:10:00:00 +0100] "GET /?Itemid=0&fontstyle=f-smaller&id=178&lang=en&option=com_content&view=article HTTP/1.1" 302 564 "-" "Mozilla/5.0 (compatible; SemrushBot/7~bl; +http://www.semrush.com/bot.html)"
185.191.171.19 - - [09/Mar/2023:10:00:03 +0100] "GET /index.php?Itemid=0&id=321&lang=fr&option=com_content&view=article HTTP/1.1" 302 544 "-" "Mozilla/5.0 (compatible; SemrushBot/7~bl; +http://www.semrush.com/bot.html)"
185.191.171.11 - - [09/Mar/2023:10:00:18 +0100] "GET /index.php?Itemid=49&catid=7&id=32&lang=en&option=com_content&view=article HTTP/1.1" 302 558 "-" "Mozilla/5.0 (compatible; SemrushBot/7~bl; +http://www.semrush.com/bot.html)"
185.191.171.43 - - [09/Mar/2023:10:00:23 +0100] "GET /index.php?Itemid=11&catid=7&id=39&lang=en&option=com_content&view=article HTTP/1.1" 302 558 "-" "Mozilla/5.0 (compatible; SemrushBot/7~bl; +http://www.semrush.com/bot.html)"
212.129.37.175 - - [09/Mar/2023:10:00:26 +0100] "-" 408 1489 "-" "-"
212.129.37.175 - - [09/Mar/2023:10:00:43 +0100] "-" 408 1489 "-" "-"
185.191.171.6 - - [09/Mar/2023:10:00:50 +0100] "GET /index.php?Itemid=12&catid=7&id=5&lang=fr&option=com_content&view=article HTTP/1.1" 302 557 "-" "Mozilla/5.0 (compatible; SemrushBot/7~bl; +http://www.semrush.com/bot.html)"
185.191.171.14 - - [09/Mar/2023:10:01:25 +0100] "GET /?Itemid=3&catid=1&fontstyle=f-larger&id=1%E3%80%88%3Dfr&lang=fr&option=com_content&view=article HTTP/1.1" 302 597 "-" "Mozilla/5.0 (compatible; SemrushBot/7~bl; +http://www.semrush.com/bot.html)"
185.191.171.23 - - [09/Mar/2023:10:01:28 +0100] "GET /?Itemid=11&catid=7&fontstyle=f-larger&id=39&lang=en&option=com_content&view=article HTTP/1.1" 302 576 "-" "Mozilla/5.0 (compatible; SemrushBot/7~bl; +http://www.semrush.com/bot.html)"
185.191.171.10 - - [09/Mar/2023:10:01:30 +0100] "GET /?catid=8&fontstyle=f-larger&id=114&lang=fr&option=com_content&view=article HTTP/1.1" 302 561 "-" "Mozilla/5.0 (compatible; SemrushBot/7~bl; +http://www.semrush.com/bot.html)"
185.191.171.5 - - [09/Mar/2023:10:01:31 +0100] "GET /?Itemid=53&catid=1&fontstyle=f-larger&id=414&lang=fr&option=com_content&view=article HTTP/1.1" 302 578 "-" "Mozilla/5.0 (compatible; SemrushBot/7~bl; +http://www.semrush.com/bot.html)"
185.191.171.39 - - [09/Mar/2023:10:01:45 +0100] "GET /?Itemid=53&fontstyle=f-smaller&id=354&lang=fr&option=com_content&view=article HTTP/1.1" 302 565 "-" "Mozilla/5.0 (compatible; SemrushBot/7~bl; +http://www.semrush.com/bot.html)"
185.191.171.35 - - [09/Mar/2023:10:02:37 +0100] "GET /?Itemid=16&catid=7&fontstyle=f-smaller&id=50&lang=en&option=com_content&view=article HTTP/1.1" 302 576 "-" "Mozilla/5.0 (compatible; SemrushBot/7~bl; +http://www.semrush.com/bot.html)"
185.191.171.24 - - [09/Mar/2023:10:03:20 +0100] "GET /?Itemid=49&catid=7&fontstyle=f-larger&id=58&lang=fr&option=com_content&view=article HTTP/1.1" 302 576 "-" "Mozilla/5.0 (compatible; SemrushBot/7~bl; +http://www.semrush.com/bot.html)"
185.191.171.34 - - [09/Mar/2023:10:03:22 +0100] "GET /?Itemid=53&catid=1&fontstyle=f-smaller&id=490&lang=fr&option=com_content&view=article HTTP/1.1" 302 578 "-" "Mozilla/5.0 (compatible; SemrushBot/7~bl; +http://www.semrush.com/bot.html)"
185.191.171.9 - - [09/Mar/2023:10:03:27 +0100] "GET /?catid=7&fontstyle=f-larger&id=28&lang=en&option=com_content&view=article HTTP/1.1" 302 559 "-" "Mozilla/5.0 (compatible; SemrushBot/7~bl; +http://www.semrush.com/bot.html)"
185.191.171.4 - - [09/Mar/2023:10:03:43 +0100] "GET /index.php?Itemid=53&catid=7&id=477&lang=fr&option=com_content&view=article HTTP/1.1" 302 561 "-" "Mozilla/5.0 (compatible; SemrushBot/7~bl; +http://www.semrush.com/bot.html)"
185.191.171.33 - - [09/Mar/2023:10:03:58 +0100] "GET /?Itemid=47&catid=7&fontstyle=f-smaller&id=55&lang=fr&option=com_content&view=article HTTP/1.1" 302 575 "-" "Mozilla/5.0 (compatible; SemrushBot/7~bl; +http://www.semrush.com/bot.html)"
185.191.171.20 - - [09/Mar/2023:10:04:19 +0100] "GET /robots.txt HTTP/1.1" 302 441 "-" "Mozilla/5.0 (compatible; SemrushBot/7~bl; +http://www.semrush.com/bot.html)"
185.191.171.41 - - [09/Mar/2023:10:04:19 +0100] "GET /index.php?Itemid=11&catid=7&id=45&lang=fr&option=com_content&view=article HTTP/1.1" 302 559 "-" "Mozilla/5.0 (compatible; SemrushBot/7~bl; +http://www.semrush.com/bot.html)"
212.129.37.175 - - [09/Mar/2023:10:04:24 +0100] "-" 408 1489 "-" "-"
212.129.37.175 - - [09/Mar/2023:10:04:52 +0100] "-" 408 1489 "-" "-"
185.191.171.7 - - [09/Mar/2023:10:05:00 +0100] "GET /?Itemid=3&catid=7&fontstyle=f-smaller&id=73&lang=fr&option=com_content&view=article HTTP/1.1" 302 573 "-" "Mozilla/5.0 (compatible; SemrushBot/7~bl; +http://www.semrush.com/bot.html)"
185.191.171.43 - - [09/Mar/2023:10:05:02 +0100] "GET /?Itemid=11&catid=7&fontstyle=f-smaller&id=23&lang=en&option=com_content&view=article HTTP/1.1" 302 575 "-" "Mozilla/5.0 (compatible; SemrushBot/7~bl; +http://www.semrush.com/bot.html)"
185.191.171.5 - - [09/Mar/2023:10:05:04 +0100] "GET /index.php?Itemid=50&catid=7&id=64&lang=fr&option=com_content&view=article HTTP/1.1" 302 559 "-" "Mozilla/5.0 (compatible; SemrushBot/7~bl; +http://www.semrush.com/bot.html)"
185.191.171.9 - - [09/Mar/2023:10:05:11 +0100] "GET /index.php?Itemid=0&catid=7&id=56&lang=en&option=com_content&view=article HTTP/1.1" 302 556 "-" "Mozilla/5.0 (compatible; SemrushBot/7~bl; +http://www.semrush.com/bot.html)"
212.129.37.175 - - [09/Mar/2023:10:05:36 +0100] "-" 408 1489 "-" "-"
185.191.171.3 - - [09/Mar/2023:10:05:45 +0100] "GET /index.php?Itemid=3&lang=en&option=com_content&view=article%3D8%3Aactivsms HTTP/1.1" 302 556 "-" "Mozilla/5.0 (compatible; SemrushBot/7~bl; +http://www.semrush.com/bot.html)"
185.191.171.34 - - [09/Mar/2023:10:05:45 +0100] "GET /?Itemid=3&fontstyle=f-smaller&id=353&lang=en&option=com_content&view=article HTTP/1.1" 302 562 "-" "Mozilla/5.0 (compatible; SemrushBot/7~bl; +http://www.semrush.com/bot.html)"
185.191.171.17 - - [09/Mar/2023:10:05:47 +0100] "GET /index.php?Itemid=53&catid=7&id=37&lang=en&option=com_content&view=article HTTP/1.1" 302 558 "-" "Mozilla/5.0 (compatible; SemrushBot/7~bl; +http://www.semrush.com/bot.html)"
185.191.171.11 - - [09/Mar/2023:10:05:56 +0100] "GET /?Itemid&fontstyle=f-larger&lang=en&option=com_acymailing HTTP/1.1" 302 528 "-" "Mozilla/5.0 (compatible; SemrushBot/7~bl; +http://www.semrush.com/bot.html)"
185.191.171.9 - - [09/Mar/2023:10:06:06 +0100] "GET /index.php?Itemid=47&catid=7&id=73&lang=fr&option=com_content&view=article HTTP/1.1" 302 558 "-" "Mozilla/5.0 (compatible; SemrushBot/7~bl; +http://www.semrush.com/bot.html)"
185.191.171.34 - - [09/Mar/2023:10:06:07 +0100] "GET /?Itemid=11&catid=7&fontstyle=f-smaller&id=34&lang=en&option=com_content&view=article HTTP/1.1" 302 576 "-" "Mozilla/5.0 (compatible; SemrushBot/7~bl; +http://www.semrush.com/bot.html)"
130.211.54.158 - - [09/Mar/2023:10:06:29 +0100] "GET / HTTP/1.1" 302 461 "-" "python-requests/2.28.2"
185.191.171.34 - - [09/Mar/2023:10:06:42 +0100] "GET /index.php?Itemid=5&id=47&lang=fr&option=com_content&view=article HTTP/1.1" 302 544 "-" "Mozilla/5.0 (compatible; SemrushBot/7~bl; +http://www.semrush.com/bot.html)"
185.191.171.22 - - [09/Mar/2023:10:06:49 +0100] "GET /index.php?Itemid=53&catid=1&id=436%E2%8C%A9%3Dfr&lang=en&option=com_content&view=article HTTP/1.1" 302 587 "-" "Mozilla/5.0 (compatible; SemrushBot/7~bl; +http://www.semrush.com/bot.html)"
185.191.171.26 - - [09/Mar/2023:10:07:05 +0100] "GET /index.php?Itemid=5&catid=7&id=35&lang=fr&option=com_content&view=article HTTP/1.1" 302 556 "-" "Mozilla/5.0 (compatible; SemrushBot/7~bl; +http://www.semrush.com/bot.html)"
185.191.171.14 - - [09/Mar/2023:10:07:10 +0100] "GET /?Itemid=12&catid=7&fontstyle=f-smaller&id=26&lang=en&option=com_content&view=article HTTP/1.1" 302 576 "-" "Mozilla/5.0 (compatible; SemrushBot/7~bl; +http://www.semrush.com/bot.html)"
185.191.171.36 - - [09/Mar/2023:10:07:12 +0100] "GET /index.php?Itemid=11&catid=7&id=56&lang=fr&option=com_content&view=article HTTP/1.1" 302 559 "-" "Mozilla/5.0 (compatible; SemrushBot/7~bl; +http://www.semrush.com/bot.html)"
179.43.177.242 - - [09/Mar/2023:10:07:31 +0100] "GET / HTTP/1.1" 302 402 "-" "Hello World"
185.191.171.43 - - [09/Mar/2023:10:07:32 +0100] "GET /index.php?Itemid=53&id=235&lang=fr&option=com_content&view=article HTTP/1.1" 302 547 "-" "Mozilla/5.0 (compatible; SemrushBot/7~bl; +http://www.semrush.com/bot.html)"
185.191.171.33 - - [09/Mar/2023:10:08:21 +0100] "GET /?Itemid=11&catid=7&fontstyle=f-smaller&id=30&lang=en&option=com_content&view=article HTTP/1.1" 302 575 "-" "Mozilla/5.0 (compatible; SemrushBot/7~bl; +http://www.semrush.com/bot.html)"
185.191.171.34 - - [09/Mar/2023:10:08:26 +0100] "GET /?Itemid=0&fontstyle=f-larger&id=235&lang=fr&option=com_content&view=article HTTP/1.1" 302 562 "-" "Mozilla/5.0 (compatible; SemrushBot/7~bl; +http://www.semrush.com/bot.html)"
185.191.171.6 - - [09/Mar/2023:10:08:44 +0100] "GET /index.php?Itemid=3&id=355&lang=en&option=com_content&view=article HTTP/1.1" 302 544 "-" "Mozilla/5.0 (compatible; SemrushBot/7~bl; +http://www.semrush.com/bot.html)"
185.191.171.44 - - [09/Mar/2023:10:08:57 +0100] "GET /index.php?Itemid=16&catid=7&id=28&lang=fr&option=com_content&view=article HTTP/1.1" 302 559 "-" "Mozilla/5.0 (compatible; SemrushBot/7~bl; +http://www.semrush.com/bot.html)"
185.191.171.14 - - [09/Mar/2023:10:09:14 +0100] "GET /index.php?Itemid=48&catid=7&id=61&lang=fr&option=com_content&view=article HTTP/1.1" 302 559 "-" "Mozilla/5.0 (compatible; SemrushBot/7~bl; +http://www.semrush.com/bot.html)"
212.129.37.175 - - [09/Mar/2023:10:09:17 +0100] "-" 408 1489 "-" "-"
212.129.37.175 - - [09/Mar/2023:10:09:19 +0100] "-" 408 1489 "-" "-"
185.191.171.7 - - [09/Mar/2023:10:09:30 +0100] "GET /?Itemid&fontstyle=f-larger&id=325&lang=fr&option=com_content&view=article HTTP/1.1" 302 559 "-" "Mozilla/5.0 (compatible; SemrushBot/7~bl; +http://www.semrush.com/bot.html)"
185.191.171.37 - - [09/Mar/2023:10:09:47 +0100] "GET /index.php?Itemid=99999&catid=7%3Aarticles&fontstyle=f-larger&id=23&lang=en&option=com_rsform&view=article HTTP/1.1" 302 612 "-" "Mozilla/5.0 (compatible; SemrushBot/7~bl; +http://www.semrush.com/bot.html)"
185.191.171.9 - - [09/Mar/2023:10:10:28 +0100] "GET /index.php?Itemid=3&catid=7&id=61&lang=en&option=com_content&view=article HTTP/1.1" 302 556 "-" "Mozilla/5.0 (compatible; SemrushBot/7~bl; +http://www.semrush.com/bot.html)"
212.129.37.175 - - [09/Mar/2023:10:10:30 +0100] "-" 408 1489 "-" "-"
185.191.171.26 - - [09/Mar/2023:10:10:48 +0100] "GET /?Itemid=53&catid=1&fontstyle=f-larger&id=417&lang=fr&option=com_content&view=article HTTP/1.1" 302 579 "-" "Mozilla/5.0 (compatible; SemrushBot/7~bl; +http://www.semrush.com/bot.html)"
185.191.171.4 - - [09/Mar/2023:10:11:01 +0100] "GET /index.php?Itemid=48&catid=7&id=33&lang=en&option=com_content&view=article HTTP/1.1" 302 558 "-" "Mozilla/5.0 (compatible; SemrushBot/7~bl; +http://www.semrush.com/bot.html)"
185.191.171.18 - - [09/Mar/2023:10:11:02 +0100] "GET /?Itemid=47&catid=7&fontstyle=f-larger&id=29&lang=fr&option=com_content&view=article HTTP/1.1" 302 574 "-" "Mozilla/5.0 (compatible; SemrushBot/7~bl; +http://www.semrush.com/bot.html)"
185.191.171.38 - - [09/Mar/2023:10:11:28 +0100] "GET /index.php?Itemid=53&lang=fr&option=com_content&view=article%3D141%E3%80%88%3Dfr%3D0 HTTP/1.1" 302 576 "-" "Mozilla/5.0 (compatible; SemrushBot/7~bl; +http://www.semrush.com/bot.html)"
185.191.171.5 - - [09/Mar/2023:10:11:35 +0100] "GET /?Itemid=0&catid=7&fontstyle=f-smaller&id=63&lang=fr&option=com_content&view=article HTTP/1.1" 302 575 "-" "Mozilla/5.0 (compatible; SemrushBot/7~bl; +http://www.semrush.com/bot.html)"
185.191.171.6 - - [09/Mar/2023:10:11:55 +0100] "GET /?Itemid=45&catid=7&fontstyle=f-smaller&id=55&lang=fr&option=com_content&view=article HTTP/1.1" 302 575 "-" "Mozilla/5.0 (compatible; SemrushBot/7~bl; +http://www.semrush.com/bot.html)"
185.191.171.2 - - [09/Mar/2023:10:12:03 +0100] "GET /index.php?Itemid=53&catid=7&id=57&lang=en&option=com_content&view=article HTTP/1.1" 302 555 "-" "Mozilla/5.0 (compatible; SemrushBot/7~bl; +http://www.semrush.com/bot.html)"
183.136.225.32 - - [09/Mar/2023:10:12:15 +0100] "GET / HTTP/1.1" 302 458 "-" "Mozilla/5.0 (Macintosh; Intel Mac OS X 10.11; rv:47.0) Gecko/20100101 Firefox/47.0"
185.191.171.16 - - [09/Mar/2023:10:12:22 +0100] "GET /?Itemid=0&fontstyle=f-larger>ask=archive&lang=fr&listid=1%3Amailing_list&option=com_acymailing HTTP/1.1" 302 595 "-" "Mozilla/5.0 (compatible; SemrushBot/7~bl; +http://www.semrush.com/bot.html)"
185.191.171.7 - - [09/Mar/2023:10:12:35 +0100] "GET /?Itemid=14&catid=7&fontstyle=f-larger&id=21&lang=fr&option=com_content&view=article HTTP/1.1" 302 575 "-" "Mozilla/5.0 (compatible; SemrushBot/7~bl; +http://www.semrush.com/bot.html)"
185.191.171.1 - - [09/Mar/2023:10:12:42 +0100] "GET /index.php?Itemid=0&id=313&lang=fr&option=com_content&view=article HTTP/1.1" 302 545 "-" "Mozilla/5.0 (compatible; SemrushBot/7~bl; +http://www.semrush.com/bot.html)"
185.191.171.21 - - [09/Mar/2023:10:13:13 +0100] "GET /?Itemid=49&catid=7&fontstyle=f-larger&id=6&lang=en&option=com_content&view=article HTTP/1.1" 302 574 "-" "Mozilla/5.0 (compatible; SemrushBot/7~bl; +http://www.semrush.com/bot.html)"
185.191.171.6 - - [09/Mar/2023:10:13:16 +0100] "GET /index.php?Itemid=16&catid=7&id=6&lang=fr&option=com_content&view=article HTTP/1.1" 302 555 "-" "Mozilla/5.0 (compatible; SemrushBot/7~bl; +http://www.semrush.com/bot.html)"
162.243.131.19 - - [09/Mar/2023:10:13:20 +0100] "GET / HTTP/1.1" 404 1959 "-" "Mozilla/5.0 zgrab/0.x"
212.129.37.175 - - [09/Mar/2023:10:13:45 +0100] "-" 408 1489 "-" "-"
185.191.171.10 - - [09/Mar/2023:10:13:49 +0100] "GET /index.php?Itemid=3&catid=7&id=49&lang=fr&option=com_content&view=article HTTP/1.1" 302 557 "-" "Mozilla/5.0 (compatible; SemrushBot/7~bl; +http://www.semrush.com/bot.html)"
185.191.171.7 - - [09/Mar/2023:10:13:52 +0100] "GET /?Itemid&catid=7&fontstyle=f-larger&id=56&lang=fr&option=com_content&view=article HTTP/1.1" 302 572 "-" "Mozilla/5.0 (compatible; SemrushBot/7~bl; +http://www.semrush.com/bot.html)"
212.129.37.175 - - [09/Mar/2023:10:14:10 +0100] "-" 408 1489 "-" "-"
179.43.191.18 - - [09/Mar/2023:10:14:28 +0100] "GET /" 400 458 "-" "-"
185.191.171.18 - - [09/Mar/2023:10:14:41 +0100] "GET /index.php?Itemid=3&catid=1&id=462%E2%8C%A9%3Dfr&lang=fr&option=com_content&view=article HTTP/1.1" 302 585 "-" "Mozilla/5.0 (compatible; SemrushBot/7~bl; +http://www.semrush.com/bot.html)"
185.191.171.6 - - [09/Mar/2023:10:15:14 +0100] "GET /index.php?Itemid=47&catid=7&id=36&lang=fr&option=com_content&view=article HTTP/1.1" 302 559 "-" "Mozilla/5.0 (compatible; SemrushBot/7~bl; +http://www.semrush.com/bot.html)"
212.129.37.175 - - [09/Mar/2023:10:15:23 +0100] "-" 408 1489 "-" "-"
185.191.171.14 - - [09/Mar/2023:10:15:40 +0100] "GET /?Itemid=14&catid=7&fontstyle=f-smaller&id=46&lang=en&option=com_content&view=article HTTP/1.1" 302 576 "-" "Mozilla/5.0 (compatible; SemrushBot/7~bl; +http://www.semrush.com/bot.html)"
185.191.171.10 - - [09/Mar/2023:10:15:44 +0100] "GET /?Itemid=47&catid=7&fontstyle=f-larger&id=28&lang=en&option=com_content&view=article HTTP/1.1" 302 575 "-" "Mozilla/5.0 (compatible; SemrushBot/7~bl; +http://www.semrush.com/bot.html)"
185.191.171.18 - - [09/Mar/2023:10:15:57 +0100] "GET /?Itemid=0&fontstyle=f-smaller&id=161&lang=en&option=com_content&view=article HTTP/1.1" 302 563 "-" "Mozilla/5.0 (compatible; SemrushBot/7~bl; +http://www.semrush.com/bot.html)"
185.191.171.21 - - [09/Mar/2023:10:16:09 +0100] "GET /index.php?Itemid&id=300&lang=en&option=com_content&view=article HTTP/1.1" 302 541 "-" "Mozilla/5.0 (compatible; SemrushBot/7~bl; +http://www.semrush.com/bot.html)"
185.191.171.6 - - [09/Mar/2023:10:16:40 +0100] "GET /index.php?Itemid=46&catid=7&id=62&lang=fr&option=com_content&view=article HTTP/1.1" 302 559 "-" "Mozilla/5.0 (compatible; SemrushBot/7~bl; +http://www.semrush.com/bot.html)"
185.191.171.22 - - [09/Mar/2023:10:16:40 +0100] "GET /?Itemid=48&catid=7&fontstyle=f-smaller&id=63&lang=en&option=com_content&view=article HTTP/1.1" 302 576 "-" "Mozilla/5.0 (compatible; SemrushBot/7~bl; +http://www.semrush.com/bot.html)"
185.191.171.7 - - [09/Mar/2023:10:16:45 +0100] "GET /index.php?Itemid=0&id=191&lang=en&option=com_content&view=article HTTP/1.1" 302 544 "-" "Mozilla/5.0 (compatible; SemrushBot/7~bl; +http://www.semrush.com/bot.html)"
185.191.171.35 - - [09/Mar/2023:10:16:49 +0100] "GET /?Itemid=46&catid=7&fontstyle=f-smaller&id=38&lang=fr&option=com_content&view=article HTTP/1.1" 302 576 "-" "Mozilla/5.0 (compatible; SemrushBot/7~bl; +http://www.semrush.com/bot.html)"
185.191.171.6 - - [09/Mar/2023:10:17:02 +0100] "GET /?Itemid=53&fontstyle=f-smaller&id=299&lang=en&option=com_content&view=article HTTP/1.1" 302 566 "-" "Mozilla/5.0 (compatible; SemrushBot/7~bl; +http://www.semrush.com/bot.html)"
185.191.171.3 - - [09/Mar/2023:10:17:33 +0100] "GET /?Itemid=45&catid=7&fontstyle=f-smaller&id=32&lang=en&option=com_content&view=article HTTP/1.1" 302 576 "-" "Mozilla/5.0 (compatible; SemrushBot/7~bl; +http://www.semrush.com/bot.html)"
185.191.171.3 - - [09/Mar/2023:10:17:38 +0100] "GET /?Itemid=0&fontstyle=f-smaller&id=364&lang=en&option=com_content&view=article HTTP/1.1" 302 564 "-" "Mozilla/5.0 (compatible; SemrushBot/7~bl; +http://www.semrush.com/bot.html)"
185.191.171.11 - - [09/Mar/2023:10:17:45 +0100] "GET /index.php?Itemid=46&catid=7&id=50&lang=en&option=com_content&view=article HTTP/1.1" 302 558 "-" "Mozilla/5.0 (compatible; SemrushBot/7~bl; +http://www.semrush.com/bot.html)"
185.191.171.35 - - [09/Mar/2023:10:17:47 +0100] "GET /index.php?Itemid&id=245&lang=en&option=com_content&view=article HTTP/1.1" 302 542 "-" "Mozilla/5.0 (compatible; SemrushBot/7~bl; +http://www.semrush.com/bot.html)"
185.191.171.12 - - [09/Mar/2023:10:18:00 +0100] "GET /index.php?Itemid=5&catid=7&id=73&lang=fr&option=com_content&view=article HTTP/1.1" 302 556 "-" "Mozilla/5.0 (compatible; SemrushBot/7~bl; +http://www.semrush.com/bot.html)"
185.191.171.18 - - [09/Mar/2023:10:18:03 +0100] "GET /?Itemid&catid=7&fontstyle=f-smaller&id=67&lang=fr&option=com_content&view=article HTTP/1.1" 302 571 "-" "Mozilla/5.0 (compatible; SemrushBot/7~bl; +http://www.semrush.com/bot.html)"
212.129.37.175 - - [09/Mar/2023:10:18:12 +0100] "-" 408 1489 "-" "-"
185.191.171.15 - - [09/Mar/2023:10:18:15 +0100] "GET /index.php?Itemid=16&catid=7&id=73&lang=en&option=com_content&view=article HTTP/1.1" 302 558 "-" "Mozilla/5.0 (compatible; SemrushBot/7~bl; +http://www.semrush.com/bot.html)"
185.191.171.26 - - [09/Mar/2023:10:18:30 +0100] "GET /robots.txt HTTP/1.1" 302 441 "-" "Mozilla/5.0 (compatible; SemrushBot/7~bl; +http://www.semrush.com/bot.html)"
185.191.171.33 - - [09/Mar/2023:10:18:30 +0100] "GET /index.php?id=124&lang=fr&option=com_content&view=article HTTP/1.1" 302 530 "-" "Mozilla/5.0 (compatible; SemrushBot/7~bl; +http://www.semrush.com/bot.html)"
185.191.171.9 - - [09/Mar/2023:10:18:49 +0100] "GET /?Itemid=45&catid=7&fontstyle=f-larger&id=33&lang=en&option=com_content&view=article HTTP/1.1" 302 576 "-" "Mozilla/5.0 (compatible; SemrushBot/7~bl; +http://www.semrush.com/bot.html)"
212.129.37.175 - - [09/Mar/2023:10:19:04 +0100] "-" 408 1489 "-" "-"
185.191.171.2 - - [09/Mar/2023:10:19:17 +0100] "GET /?Itemid=45&catid=7&fontstyle=f-smaller&id=30&lang=en&option=com_content&view=article HTTP/1.1" 302 576 "-" "Mozilla/5.0 (compatible; SemrushBot/7~bl; +http://www.semrush.com/bot.html)"
185.191.171.34 - - [09/Mar/2023:10:19:41 +0100] "GET /?Itemid=53&catid=12&fontstyle=f-smaller&id=429%E2%8C%A9%3Dfr&lang=fr&option=com_content&view=article HTTP/1.1" 302 607 "-" "Mozilla/5.0 (compatible; SemrushBot/7~bl; +http://www.semrush.com/bot.html)"
185.191.171.5 - - [09/Mar/2023:10:19:44 +0100] "GET /index.php?id=350&lang=fr&option=com_content&view=article HTTP/1.1" 302 530 "-" "Mozilla/5.0 (compatible; SemrushBot/7~bl; +http://www.semrush.com/bot.html)"
185.191.171.25 - - [09/Mar/2023:10:20:00 +0100] "GET /index.php?Itemid=48&catid=7&id=31&lang=fr&option=com_content&view=article HTTP/1.1" 302 559 "-" "Mozilla/5.0 (compatible; SemrushBot/7~bl; +http://www.semrush.com/bot.html)"
185.191.171.45 - - [09/Mar/2023:10:20:12 +0100] "GET /index.php?Itemid=53&id=301&lang=fr&option=com_content&view=article HTTP/1.1" 302 547 "-" "Mozilla/5.0 (compatible; SemrushBot/7~bl; +http://www.semrush.com/bot.html)"
212.129.37.175 - - [09/Mar/2023:10:20:16 +0100] "-" 408 1489 "-" "-"
185.191.171.2 - - [09/Mar/2023:10:21:17 +0100] "GET /index.php?Itemid=0&catid=7&id=9&lang=fr&option=com_content&view=article HTTP/1.1" 302 555 "-" "Mozilla/5.0 (compatible; SemrushBot/7~bl; +http://www.semrush.com/bot.html)"
185.191.171.21 - - [09/Mar/2023:10:21:24 +0100] "GET /index.php?Itemid=47&catid=7&id=58&lang=en&option=com_content&view=article HTTP/1.1" 302 558 "-" "Mozilla/5.0 (compatible; SemrushBot/7~bl; +http://www.semrush.com/bot.html)"
185.191.171.16 - - [09/Mar/2023:10:21:36 +0100] "GET /?Itemid=53&catid=1&fontstyle=f-smaller&id=486&lang=fr&option=com_content&view=article HTTP/1.1" 302 578 "-" "Mozilla/5.0 (compatible; SemrushBot/7~bl; +http://www.semrush.com/bot.html)"
185.191.171.8 - - [09/Mar/2023:10:21:40 +0100] "GET /index.php?Itemid=50&id=60&lang=en&option=com_content&view=article HTTP/1.1" 302 544 "-" "Mozilla/5.0 (compatible; SemrushBot/7~bl; +http://www.semrush.com/bot.html)"
185.191.171.35 - - [09/Mar/2023:10:21:49 +0100] "GET /index.php?id=317&lang=fr&option=com_content&view=article HTTP/1.1" 302 530 "-" "Mozilla/5.0 (compatible; SemrushBot/7~bl; +http://www.semrush.com/bot.html)"
185.191.171.15 - - [09/Mar/2023:10:21:51 +0100] "GET /index.php?Itemid=3&catid=7&id=58&lang=fr&option=com_content&view=article HTTP/1.1" 302 557 "-" "Mozilla/5.0 (compatible; SemrushBot/7~bl; +http://www.semrush.com/bot.html)"
185.191.171.35 - - [09/Mar/2023:10:22:01 +0100] "GET /index.php?Itemid=46&catid=7&id=19&lang=fr&option=com_content&view=article HTTP/1.1" 302 559 "-" "Mozilla/5.0 (compatible; SemrushBot/7~bl; +http://www.semrush.com/bot.html)"
66.249.66.6 - - [09/Mar/2023:10:22:19 +0100] "GET /?option=com_content&Itemid=3&catid=1&id=460%E2%8C%A9%3Dfr&lang=en&view=article&fontstyle=f-larger HTTP/1.1" 404 2252 "-" "Mozilla/5.0 (Linux; Android 6.0.1; Nexus 5X Build/MMB29P) AppleWebKit/537.36 (KHTML, like Gecko) Chrome/110.0.5481.177 Mobile Safari/537.36 (compatible; Googlebot/2.1; +http://www.google.com/bot.html)"
185.191.171.11 - - [09/Mar/2023:10:22:20 +0100] "GET /?Itemid=46&catid=7&fontstyle=f-smaller&id=50&lang=en&option=com_content&view=article HTTP/1.1" 302 576 "-" "Mozilla/5.0 (compatible; SemrushBot/7~bl; +http://www.semrush.com/bot.html)"
185.191.171.44 - - [09/Mar/2023:10:22:29 +0100] "GET /?Itemid=50&catid=7&fontstyle=f-larger&id=49&lang=fr&option=com_content&view=article HTTP/1.1" 302 576 "-" "Mozilla/5.0 (compatible; SemrushBot/7~bl; +http://www.semrush.com/bot.html)"
185.191.171.10 - - [09/Mar/2023:10:22:38 +0100] "GET /index.php?Itemid=0&id=194&lang=fr&option=com_content&view=article HTTP/1.1" 302 545 "-" "Mozilla/5.0 (compatible; SemrushBot/7~bl; +http://www.semrush.com/bot.html)"
212.129.37.175 - - [09/Mar/2023:10:22:38 +0100] "-" 408 1489 "-" "-"
103.180.147.213 - - [09/Mar/2023:10:22:50 +0100] "GET /" 400 458 "-" "-"
185.191.171.39 - - [09/Mar/2023:10:23:03 +0100] "GET /index.php?Itemid=53&id=235&lang=en&option=com_content&view=article HTTP/1.1" 302 547 "-" "Mozilla/5.0 (compatible; SemrushBot/7~bl; +http://www.semrush.com/bot.html)"
185.191.171.35 - - [09/Mar/2023:10:23:09 +0100] "GET /?Itemid=53&catid=1&fontstyle=f-larger&id=472&lang=fr&option=com_content&view=article HTTP/1.1" 302 579 "-" "Mozilla/5.0 (compatible; SemrushBot/7~bl; +http://www.semrush.com/bot.html)"
185.191.171.11 - - [09/Mar/2023:10:23:24 +0100] "GET /?Itemid=50&catid=7&fontstyle=f-smaller&id=5&lang=en&option=com_content&view=article HTTP/1.1" 302 573 "-" "Mozilla/5.0 (compatible; SemrushBot/7~bl; +http://www.semrush.com/bot.html)"
185.191.171.10 - - [09/Mar/2023:10:23:26 +0100] "GET /?Itemid&fontstyle=f-smaller&id=309&lang=en&option=com_content&view=article HTTP/1.1" 302 560 "-" "Mozilla/5.0 (compatible; SemrushBot/7~bl; +http://www.semrush.com/bot.html)"
185.191.171.40 - - [09/Mar/2023:10:23:33 +0100] "GET /?Itemid=49&catid=7&fontstyle=f-larger&id=36&lang=fr&option=com_content&view=article HTTP/1.1" 302 576 "-" "Mozilla/5.0 (compatible; SemrushBot/7~bl; +http://www.semrush.com/bot.html)"
185.191.171.25 - - [09/Mar/2023:10:23:40 +0100] "GET /?Itemid=0&catid=7&fontstyle=f-larger&id=35&lang=en&option=com_content&view=article HTTP/1.1" 302 575 "-" "Mozilla/5.0 (compatible; SemrushBot/7~bl; +http://www.semrush.com/bot.html)"
185.191.171.1 - - [09/Mar/2023:10:23:47 +0100] "GET /index.php?Itemid=48&catid=7&id=63&lang=fr&option=com_content&view=article HTTP/1.1" 302 559 "-" "Mozilla/5.0 (compatible; SemrushBot/7~bl; +http://www.semrush.com/bot.html)"
