185.191.171.43 - - [09/Mar/2023:05:42:12 +0100] "GET /index.php?id=133&lang=fr&option=com_content&view=article HTTP/1.1" 302 529 "-" "Mozilla/5.0 (compatible; SemrushBot/7~bl; +http://www.semrush.com/bot.html)"
185.191.171.45 - - [09/Mar/2023:05:42:22 +0100] "GET /?Itemid=48&catid=7&fontstyle=f-smaller&id=45&lang=fr&option=com_content&view=article HTTP/1.1" 302 575 "-" "Mozilla/5.0 (compatible; SemrushBot/7~bl; +http://www.semrush.com/bot.html)"
185.191.171.5 - - [09/Mar/2023:05:42:42 +0100] "GET /index.php?Itemid=11&catid=7&id=28&lang=en&option=com_content&view=article HTTP/1.1" 302 558 "-" "Mozilla/5.0 (compatible; SemrushBot/7~bl; +http://www.semrush.com/bot.html)"
212.129.37.175 - - [09/Mar/2023:05:42:45 +0100] "-" 408 1489 "-" "-"
185.191.171.21 - - [09/Mar/2023:05:42:52 +0100] "GET /?Itemid=5&catid=7&fontstyle=f-smaller&id=28&lang=fr&option=com_content&view=article HTTP/1.1" 302 575 "-" "Mozilla/5.0 (compatible; SemrushBot/7~bl; +http://www.semrush.com/bot.html)"
185.191.171.34 - - [09/Mar/2023:05:43:18 +0100] "GET /?Itemid=3&catid=1&fontstyle=f-larger&id=231&lang=en&option=com_content&view=article HTTP/1.1" 302 574 "-" "Mozilla/5.0 (compatible; SemrushBot/7~bl; +http://www.semrush.com/bot.html)"
185.191.171.22 - - [09/Mar/2023:05:44:22 +0100] "GET /?Itemid&catid=7&fontstyle=f-smaller&id=23&lang=en&option=com_content&view=article HTTP/1.1" 302 571 "-" "Mozilla/5.0 (compatible; SemrushBot/7~bl; +http://www.semrush.com/bot.html)"
212.129.37.175 - - [09/Mar/2023:05:45:10 +0100] "-" 408 1489 "-" "-"
185.191.171.22 - - [09/Mar/2023:05:45:11 +0100] "GET /index.php?Itemid=14&catid=7&id=49&lang=fr&option=com_content&view=article HTTP/1.1" 302 559 "-" "Mozilla/5.0 (compatible; SemrushBot/7~bl; +http://www.semrush.com/bot.html)"
185.191.171.35 - - [09/Mar/2023:05:45:23 +0100] "GET /index.php?Itemid&catid=7&id=8&lang=fr&option=com_content&view=article HTTP/1.1" 302 552 "-" "Mozilla/5.0 (compatible; SemrushBot/7~bl; +http://www.semrush.com/bot.html)"
185.191.171.39 - - [09/Mar/2023:05:45:41 +0100] "GET /?Itemid=0&fontstyle=f-smaller&id=348&lang=en&option=com_content&view=article HTTP/1.1" 302 564 "-" "Mozilla/5.0 (compatible; SemrushBot/7~bl; +http://www.semrush.com/bot.html)"
185.191.171.25 - - [09/Mar/2023:05:45:41 +0100] "GET /?Itemid=45&catid=7&fontstyle=f-larger&id=34&lang=en&option=com_content&view=article HTTP/1.1" 302 576 "-" "Mozilla/5.0 (compatible; SemrushBot/7~bl; +http://www.semrush.com/bot.html)"
185.191.171.23 - - [09/Mar/2023:05:46:12 +0100] "GET /?Itemid=0&catid=7%3Aarticles&fontstyle=f-smaller&id=23&lang=fr&option=com_xmap&view=article HTTP/1.1" 302 589 "-" "Mozilla/5.0 (compatible; SemrushBot/7~bl; +http://www.semrush.com/bot.html)"
185.191.171.23 - - [09/Mar/2023:05:46:21 +0100] "GET /?Itemid=50&catid=7&fontstyle=f-larger&id=37&lang=en&option=com_content&view=article HTTP/1.1" 302 575 "-" "Mozilla/5.0 (compatible; SemrushBot/7~bl; +http://www.semrush.com/bot.html)"
185.191.171.34 - - [09/Mar/2023:05:46:27 +0100] "GET /?Itemid=53&catid=1&fontstyle=f-smaller&id=434&lang=fr&option=com_content&view=article HTTP/1.1" 302 577 "-" "Mozilla/5.0 (compatible; SemrushBot/7~bl; +http://www.semrush.com/bot.html)"
185.191.171.42 - - [09/Mar/2023:05:46:42 +0100] "GET /?Itemid&fontstyle=f-larger&id=256&lang=en&option=com_content&view=article HTTP/1.1" 302 560 "-" "Mozilla/5.0 (compatible; SemrushBot/7~bl; +http://www.semrush.com/bot.html)"
185.191.171.6 - - [09/Mar/2023:05:46:53 +0100] "GET /?Itemid=50&catid=7&fontstyle=f-larger&id=53&lang=fr&option=com_content&view=article HTTP/1.1" 302 574 "-" "Mozilla/5.0 (compatible; SemrushBot/7~bl; +http://www.semrush.com/bot.html)"
185.191.171.19 - - [09/Mar/2023:05:47:04 +0100] "GET /?Itemid=3&catid=7&fontstyle=f-smaller&id=35&lang=fr&option=com_content&view=article HTTP/1.1" 302 574 "-" "Mozilla/5.0 (compatible; SemrushBot/7~bl; +http://www.semrush.com/bot.html)"
185.191.171.5 - - [09/Mar/2023:05:47:05 +0100] "GET /?Itemid=53&catid=1&fontstyle=f-smaller&id=434%3F%3Dfr&lang=en&option=com_content&view=article HTTP/1.1" 302 594 "-" "Mozilla/5.0 (compatible; SemrushBot/7~bl; +http://www.semrush.com/bot.html)"
212.129.37.175 - - [09/Mar/2023:05:47:12 +0100] "-" 408 1489 "-" "-"
185.191.171.34 - - [09/Mar/2023:05:47:27 +0100] "GET /index.php?Itemid=53&id=330&lang=en&option=com_content&view=article HTTP/1.1" 302 546 "-" "Mozilla/5.0 (compatible; SemrushBot/7~bl; +http://www.semrush.com/bot.html)"
185.191.171.20 - - [09/Mar/2023:05:47:43 +0100] "GET /index.php?Itemid&id=261&lang=fr&option=com_content&view=article HTTP/1.1" 302 543 "-" "Mozilla/5.0 (compatible; SemrushBot/7~bl; +http://www.semrush.com/bot.html)"
185.191.171.17 - - [09/Mar/2023:05:47:55 +0100] "GET /index.php?Itemid=53&id=315&lang=fr&option=com_content&view=article HTTP/1.1" 302 548 "-" "Mozilla/5.0 (compatible; SemrushBot/7~bl; +http://www.semrush.com/bot.html)"
185.191.171.22 - - [09/Mar/2023:05:48:29 +0100] "GET /?Itemid=2&fontstyle=f-larger&id=2&lang=fr&option=com_content&view=frontpage HTTP/1.1" 302 559 "-" "Mozilla/5.0 (compatible; SemrushBot/7~bl; +http://www.semrush.com/bot.html)"
185.191.171.41 - - [09/Mar/2023:05:48:57 +0100] "GET /?Itemid=14&catid=7&fontstyle=f-larger&id=6&lang=fr&option=com_content&view=article HTTP/1.1" 302 574 "-" "Mozilla/5.0 (compatible; SemrushBot/7~bl; +http://www.semrush.com/bot.html)"
185.191.171.34 - - [09/Mar/2023:05:49:00 +0100] "GET /index.php?Itemid=0&catid=7&id=35&lang=en&option=com_content&view=article HTTP/1.1" 302 556 "-" "Mozilla/5.0 (compatible; SemrushBot/7~bl; +http://www.semrush.com/bot.html)"
185.191.171.3 - - [09/Mar/2023:05:49:11 +0100] "GET /?Itemid&catid=7&fontstyle=f-larger&id=51&lang=en&option=com_content&view=article HTTP/1.1" 302 571 "-" "Mozilla/5.0 (compatible; SemrushBot/7~bl; +http://www.semrush.com/bot.html)"
185.191.171.23 - - [09/Mar/2023:05:49:13 +0100] "GET /?Itemid=47&catid=7&fontstyle=f-larger&id=59&lang=en&option=com_content&view=article HTTP/1.1" 302 575 "-" "Mozilla/5.0 (compatible; SemrushBot/7~bl; +http://www.semrush.com/bot.html)"
185.191.171.2 - - [09/Mar/2023:05:49:50 +0100] "GET /index.php?Itemid=0&id=310&lang=en&option=com_content&view=article HTTP/1.1" 302 543 "-" "Mozilla/5.0 (compatible; SemrushBot/7~bl; +http://www.semrush.com/bot.html)"
185.191.171.17 - - [09/Mar/2023:05:49:53 +0100] "GET /index.php?Itemid=0&id=322&lang=fr&option=com_content&view=article HTTP/1.1" 302 544 "-" "Mozilla/5.0 (compatible; SemrushBot/7~bl; +http://www.semrush.com/bot.html)"
212.129.37.175 - - [09/Mar/2023:05:50:04 +0100] "-" 408 1489 "-" "-"
185.191.171.13 - - [09/Mar/2023:05:50:09 +0100] "GET /index.php?Itemid&catid=1&id=1&lang=fr&option=com_content&view=article HTTP/1.1" 302 550 "-" "Mozilla/5.0 (compatible; SemrushBot/7~bl; +http://www.semrush.com/bot.html)"
185.191.171.45 - - [09/Mar/2023:05:50:25 +0100] "GET /?Itemid=0&fontstyle=f-larger&id=247&lang=en&option=com_content&view=article HTTP/1.1" 302 563 "-" "Mozilla/5.0 (compatible; SemrushBot/7~bl; +http://www.semrush.com/bot.html)"
185.191.171.21 - - [09/Mar/2023:05:50:28 +0100] "GET /?Itemid=53&catid=1&fontstyle=f-smaller&id=433%3F%3Dfr&lang=fr&option=com_content&view=article HTTP/1.1" 302 592 "-" "Mozilla/5.0 (compatible; SemrushBot/7~bl; +http://www.semrush.com/bot.html)"
185.191.171.24 - - [09/Mar/2023:05:50:33 +0100] "GET /?Itemid&fontstyle=f-smaller&id=316&lang=fr&option=com_content&view=article HTTP/1.1" 302 561 "-" "Mozilla/5.0 (compatible; SemrushBot/7~bl; +http://www.semrush.com/bot.html)"
185.191.171.9 - - [09/Mar/2023:05:50:39 +0100] "GET /index.php?Itemid=46&catid=7&id=62&lang=en&option=com_content&view=article HTTP/1.1" 302 558 "-" "Mozilla/5.0 (compatible; SemrushBot/7~bl; +http://www.semrush.com/bot.html)"
185.191.171.42 - - [09/Mar/2023:05:50:50 +0100] "GET /?Itemid=3&catid=1&fontstyle=f-smaller&id=416&lang=en&option=com_content&view=article HTTP/1.1" 302 578 "-" "Mozilla/5.0 (compatible; SemrushBot/7~bl; +http://www.semrush.com/bot.html)"
185.189.182.234 - - [09/Mar/2023:05:50:55 +0100] "GET /" 400 458 "-" "-"
185.191.171.23 - - [09/Mar/2023:05:51:04 +0100] "GET /?Itemid=53&catid=7&fontstyle=f-smaller&id=11&lang=en&option=com_content&view=article HTTP/1.1" 302 576 "-" "Mozilla/5.0 (compatible; SemrushBot/7~bl; +http://www.semrush.com/bot.html)"
185.191.171.14 - - [09/Mar/2023:05:51:09 +0100] "GET /index.php?Itemid&id=348&lang=en&option=com_content&view=article HTTP/1.1" 302 543 "-" "Mozilla/5.0 (compatible; SemrushBot/7~bl; +http://www.semrush.com/bot.html)"
185.191.171.14 - - [09/Mar/2023:05:51:30 +0100] "GET /?Itemid=50&catid=7&fontstyle=f-larger&id=23&lang=en&option=com_content&view=article HTTP/1.1" 302 576 "-" "Mozilla/5.0 (compatible; SemrushBot/7~bl; +http://www.semrush.com/bot.html)"
212.129.37.175 - - [09/Mar/2023:05:51:38 +0100] "-" 408 1489 "-" "-"
185.191.171.20 - - [09/Mar/2023:05:51:47 +0100] "GET /?Itemid=53&catid=7&fontstyle=f-larger&id=66&lang=en&option=com_content&view=article HTTP/1.1" 302 576 "-" "Mozilla/5.0 (compatible; SemrushBot/7~bl; +http://www.semrush.com/bot.html)"
185.191.171.10 - - [09/Mar/2023:05:52:29 +0100] "GET /?Itemid=5&catid=7&fontstyle=f-larger&id=32&lang=fr&option=com_content&view=article HTTP/1.1" 302 575 "-" "Mozilla/5.0 (compatible; SemrushBot/7~bl; +http://www.semrush.com/bot.html)"
185.191.171.5 - - [09/Mar/2023:05:53:04 +0100] "GET /?Itemid=53&catid=7&fontstyle=f-smaller&id=38&lang=en&option=com_content&view=article HTTP/1.1" 302 576 "-" "Mozilla/5.0 (compatible; SemrushBot/7~bl; +http://www.semrush.com/bot.html)"
185.191.171.8 - - [09/Mar/2023:05:53:05 +0100] "GET /?Itemid&fontstyle=f-larger&id=303&lang=en&option=com_content&view=article HTTP/1.1" 302 558 "-" "Mozilla/5.0 (compatible; SemrushBot/7~bl; +http://www.semrush.com/bot.html)"
185.191.171.12 - - [09/Mar/2023:05:53:13 +0100] "GET /?Itemid&catid=7&fontstyle=f-smaller&id=38&lang=fr&option=com_content&view=article HTTP/1.1" 302 572 "-" "Mozilla/5.0 (compatible; SemrushBot/7~bl; +http://www.semrush.com/bot.html)"
185.191.171.17 - - [09/Mar/2023:05:53:20 +0100] "GET /?Itemid&fontstyle=f-larger&id=247&lang=fr&option=com_content&view=article HTTP/1.1" 302 560 "-" "Mozilla/5.0 (compatible; SemrushBot/7~bl; +http://www.semrush.com/bot.html)"
185.191.171.43 - - [09/Mar/2023:05:53:23 +0100] "GET /index.php?Itemid=99999&fontstyle=f-smaller&formId=2&lang=fr&option=com_rsform HTTP/1.1" 302 560 "-" "Mozilla/5.0 (compatible; SemrushBot/7~bl; +http://www.semrush.com/bot.html)"
185.191.171.23 - - [09/Mar/2023:05:53:45 +0100] "GET /?Itemid=50&catid=7&fontstyle=f-larger&id=26&lang=en&option=com_content&view=article HTTP/1.1" 302 576 "-" "Mozilla/5.0 (compatible; SemrushBot/7~bl; +http://www.semrush.com/bot.html)"
66.249.66.74 - - [09/Mar/2023:05:53:57 +0100] "GET /?option=com_content&Itemid=11&catid=7&id=463&lang=fr&view=article&fontstyle=f-larger HTTP/1.1" 302 615 "-" "Mozilla/5.0 (Linux; Android 6.0.1; Nexus 5X Build/MMB29P) AppleWebKit/537.36 (KHTML, like Gecko) Chrome/110.0.5481.177 Mobile Safari/537.36 (compatible; Googlebot/2.1; +http://www.google.com/bot.html)"
66.249.66.37 - - [09/Mar/2023:05:53:58 +0100] "GET /index.php?option=com_content&Itemid=47&catid=7&id=5&lang=en&view=article HTTP/1.1" 302 593 "-" "Mozilla/5.0 (Linux; Android 6.0.1; Nexus 5X Build/MMB29P) AppleWebKit/537.36 (KHTML, like Gecko) Chrome/110.0.5481.177 Mobile Safari/537.36 (compatible; Googlebot/2.1; +http://www.google.com/bot.html)"
185.191.171.35 - - [09/Mar/2023:05:54:08 +0100] "GET /?Itemid=0&fontstyle=f-smaller&id=370&lang=fr&option=com_content&view=article HTTP/1.1" 302 563 "-" "Mozilla/5.0 (compatible; SemrushBot/7~bl; +http://www.semrush.com/bot.html)"
185.191.171.10 - - [09/Mar/2023:05:54:15 +0100] "GET /?fontstyle=f-larger&id=280&lang=fr&option=com_content&view=article HTTP/1.1" 302 547 "-" "Mozilla/5.0 (compatible; SemrushBot/7~bl; +http://www.semrush.com/bot.html)"
185.191.171.7 - - [09/Mar/2023:05:54:32 +0100] "GET /index.php?Itemid=3&id=317&lang=en&option=com_content&view=article HTTP/1.1" 302 544 "-" "Mozilla/5.0 (compatible; SemrushBot/7~bl; +http://www.semrush.com/bot.html)"
212.129.37.175 - - [09/Mar/2023:05:54:57 +0100] "-" 408 1489 "-" "-"
185.191.171.12 - - [09/Mar/2023:05:55:10 +0100] "GET /?Itemid=11&catid=7&fontstyle=f-smaller&id=33&lang=en&option=com_content&view=article HTTP/1.1" 302 575 "-" "Mozilla/5.0 (compatible; SemrushBot/7~bl; +http://www.semrush.com/bot.html)"
185.191.171.23 - - [09/Mar/2023:05:55:13 +0100] "GET /?Itemid=3&fontstyle=f-larger&id=349&lang=fr&option=com_content&view=article HTTP/1.1" 302 562 "-" "Mozilla/5.0 (compatible; SemrushBot/7~bl; +http://www.semrush.com/bot.html)"
185.191.171.1 - - [09/Mar/2023:05:55:17 +0100] "GET /?fontstyle=f-larger&id=347&lang=fr&option=com_content&view=article HTTP/1.1" 302 548 "-" "Mozilla/5.0 (compatible; SemrushBot/7~bl; +http://www.semrush.com/bot.html)"
185.191.171.33 - - [09/Mar/2023:05:55:21 +0100] "GET /?Itemid&catid=7&fontstyle=f-larger&id=6&lang=fr&option=com_content&view=article HTTP/1.1" 302 570 "-" "Mozilla/5.0 (compatible; SemrushBot/7~bl; +http://www.semrush.com/bot.html)"
185.191.171.5 - - [09/Mar/2023:05:55:38 +0100] "GET /?Itemid=48&catid=7&fontstyle=f-larger&id=55&lang=fr&option=com_content&view=article HTTP/1.1" 302 576 "-" "Mozilla/5.0 (compatible; SemrushBot/7~bl; +http://www.semrush.com/bot.html)"
185.191.171.33 - - [09/Mar/2023:05:55:44 +0100] "GET /?Itemid&catid=8&fontstyle=f-smaller&id=129&lang=en&option=com_content&view=article HTTP/1.1" 302 573 "-" "Mozilla/5.0 (compatible; SemrushBot/7~bl; +http://www.semrush.com/bot.html)"
185.191.171.8 - - [09/Mar/2023:05:55:49 +0100] "GET /?fontstyle=f-larger&lang=en HTTP/1.1" 302 475 "-" "Mozilla/5.0 (compatible; SemrushBot/7~bl; +http://www.semrush.com/bot.html)"
212.129.37.175 - - [09/Mar/2023:05:56:05 +0100] "-" 408 1489 "-" "-"
185.191.171.6 - - [09/Mar/2023:05:56:29 +0100] "GET /index.php?Itemid=49&catid=7&id=62&lang=fr&option=com_content&view=article HTTP/1.1" 302 559 "-" "Mozilla/5.0 (compatible; SemrushBot/7~bl; +http://www.semrush.com/bot.html)"
5.188.210.227 - - [09/Mar/2023:05:56:31 +0100] "GET http://5.188.210.227/echo.php HTTP/1.1" 302 436 "https://www.google.com/" "Mozilla/5.0 (Windows NT 6.1) AppleWebKit/537.36 (KHTML, like Gecko) Chrome/70.0.3538.77 Safari/537.36"
185.191.171.12 - - [09/Mar/2023:05:56:50 +0100] "GET /?Itemid=0&fontstyle=f-larger&id=168&lang=en&option=com_content&view=article HTTP/1.1" 302 563 "-" "Mozilla/5.0 (compatible; SemrushBot/7~bl; +http://www.semrush.com/bot.html)"
185.191.171.5 - - [09/Mar/2023:05:56:52 +0100] "GET /index.php?Itemid=0&catid=7&id=59&lang=fr&option=com_content&view=article HTTP/1.1" 302 557 "-" "Mozilla/5.0 (compatible; SemrushBot/7~bl; +http://www.semrush.com/bot.html)"
185.191.171.3 - - [09/Mar/2023:05:57:13 +0100] "GET /index.php?Itemid=0&id=361&lang=fr&option=com_content&view=article HTTP/1.1" 302 545 "-" "Mozilla/5.0 (compatible; SemrushBot/7~bl; +http://www.semrush.com/bot.html)"
185.191.171.41 - - [09/Mar/2023:05:57:35 +0100] "GET /?fontstyle=f-smaller&lang=fr&option=com_xmap&sitemap=1 HTTP/1.1" 302 524 "-" "Mozilla/5.0 (compatible; SemrushBot/7~bl; +http://www.semrush.com/bot.html)"
185.191.171.8 - - [09/Mar/2023:05:57:39 +0100] "GET /index.php?Itemid&id=360&lang=en&option=com_content&view=article HTTP/1.1" 302 542 "-" "Mozilla/5.0 (compatible; SemrushBot/7~bl; +http://www.semrush.com/bot.html)"
185.191.171.11 - - [09/Mar/2023:05:57:48 +0100] "GET /?Itemid=0&fontstyle=f-larger&id=191&lang=en&option=com_content&view=article HTTP/1.1" 302 562 "-" "Mozilla/5.0 (compatible; SemrushBot/7~bl; +http://www.semrush.com/bot.html)"
185.191.171.2 - - [09/Mar/2023:05:57:51 +0100] "GET /?Itemid=3&fontstyle=f-larger&id=287&lang=en&option=com_content&view=article HTTP/1.1" 302 563 "-" "Mozilla/5.0 (compatible; SemrushBot/7~bl; +http://www.semrush.com/bot.html)"
185.191.171.18 - - [09/Mar/2023:05:58:11 +0100] "GET /index.php?Itemid=16&catid=7&id=61&lang=en&option=com_content&view=article HTTP/1.1" 302 558 "-" "Mozilla/5.0 (compatible; SemrushBot/7~bl; +http://www.semrush.com/bot.html)"
185.191.171.10 - - [09/Mar/2023:05:58:20 +0100] "GET /?Itemid&fontstyle=f-larger&id=310&lang=en&option=com_content&view=article HTTP/1.1" 302 559 "-" "Mozilla/5.0 (compatible; SemrushBot/7~bl; +http://www.semrush.com/bot.html)"
185.191.171.3 - - [09/Mar/2023:05:58:48 +0100] "GET /index.php?Itemid=53&catid=1&id=409&lang=fr&option=com_content&view=article HTTP/1.1" 302 561 "-" "Mozilla/5.0 (compatible; SemrushBot/7~bl; +http://www.semrush.com/bot.html)"
185.191.171.24 - - [09/Mar/2023:05:59:07 +0100] "GET /index.php?Itemid=0&id=144&lang=en&option=com_content&view=article HTTP/1.1" 302 544 "-" "Mozilla/5.0 (compatible; SemrushBot/7~bl; +http://www.semrush.com/bot.html)"
185.191.171.6 - - [09/Mar/2023:05:59:20 +0100] "GET /index.php?Itemid=0&catid=7&id=38&lang=fr&option=com_content&view=article HTTP/1.1" 302 557 "-" "Mozilla/5.0 (compatible; SemrushBot/7~bl; +http://www.semrush.com/bot.html)"
185.191.171.15 - - [09/Mar/2023:05:59:23 +0100] "GET /?Itemid=45&catid=7&fontstyle=f-larger&id=57&lang=fr&option=com_content&view=article HTTP/1.1" 302 575 "-" "Mozilla/5.0 (compatible; SemrushBot/7~bl; +http://www.semrush.com/bot.html)"
185.191.171.35 - - [09/Mar/2023:05:59:38 +0100] "GET /index.php?Itemid=3&catid=1&id=483&lang=fr&option=com_content&view=article HTTP/1.1" 302 558 "-" "Mozilla/5.0 (compatible; SemrushBot/7~bl; +http://www.semrush.com/bot.html)"
212.129.37.175 - - [09/Mar/2023:05:59:50 +0100] "-" 408 1489 "-" "-"
185.191.171.2 - - [09/Mar/2023:06:00:16 +0100] "GET /index.php?Itemid=12&catid=7&id=51&lang=en&option=com_content&view=article HTTP/1.1" 302 558 "-" "Mozilla/5.0 (compatible; SemrushBot/7~bl; +http://www.semrush.com/bot.html)"
185.191.171.6 - - [09/Mar/2023:06:00:25 +0100] "GET /?Itemid=53&fontstyle=f-smaller&id=368&lang=en&option=com_content&view=article HTTP/1.1" 302 566 "-" "Mozilla/5.0 (compatible; SemrushBot/7~bl; +http://www.semrush.com/bot.html)"
185.191.171.7 - - [09/Mar/2023:06:00:27 +0100] "GET /?Itemid=0&fontstyle=f-smaller&lang=en&option=com_acymailing HTTP/1.1" 302 533 "-" "Mozilla/5.0 (compatible; SemrushBot/7~bl; +http://www.semrush.com/bot.html)"
212.129.37.175 - - [09/Mar/2023:06:00:31 +0100] "-" 408 1489 "-" "-"
185.191.171.17 - - [09/Mar/2023:06:00:59 +0100] "GET /?Itemid=3&catid=1&fontstyle=f-larger&id=443%E2%8C%A9%3Dfr&lang=en&option=com_content&view=article HTTP/1.1" 302 604 "-" "Mozilla/5.0 (compatible; SemrushBot/7~bl; +http://www.semrush.com/bot.html)"
185.191.171.41 - - [09/Mar/2023:06:01:25 +0100] "GET /?Itemid=3&fontstyle=f-larger&id=369&lang=fr&option=com_content&view=article HTTP/1.1" 302 562 "-" "Mozilla/5.0 (compatible; SemrushBot/7~bl; +http://www.semrush.com/bot.html)"
185.191.171.38 - - [09/Mar/2023:06:01:26 +0100] "GET /?Itemid=53&catid=7&fontstyle=f-smaller&id=46&lang=en&option=com_content&view=article HTTP/1.1" 302 576 "-" "Mozilla/5.0 (compatible; SemrushBot/7~bl; +http://www.semrush.com/bot.html)"
185.191.171.23 - - [09/Mar/2023:06:01:27 +0100] "GET /?Itemid=48&catid=7&fontstyle=f-larger&id=43&lang=en&option=com_content&view=article HTTP/1.1" 302 575 "-" "Mozilla/5.0 (compatible; SemrushBot/7~bl; +http://www.semrush.com/bot.html)"
185.191.171.24 - - [09/Mar/2023:06:01:31 +0100] "GET /index.php?Itemid&id=71&lang=fr&option=com_content&view=article HTTP/1.1" 302 541 "-" "Mozilla/5.0 (compatible; SemrushBot/7~bl; +http://www.semrush.com/bot.html)"
185.191.171.5 - - [09/Mar/2023:06:01:37 +0100] "GET /index.php?Itemid=53&catid=7&id=34&lang=fr&option=com_content&view=article HTTP/1.1" 302 559 "-" "Mozilla/5.0 (compatible; SemrushBot/7~bl; +http://www.semrush.com/bot.html)"
185.191.171.4 - - [09/Mar/2023:06:01:41 +0100] "GET /?Itemid=3&fontstyle=f-larger&id=348&lang=en&option=com_content&view=article HTTP/1.1" 302 562 "-" "Mozilla/5.0 (compatible; SemrushBot/7~bl; +http://www.semrush.com/bot.html)"
185.191.171.19 - - [09/Mar/2023:06:02:26 +0100] "GET /?catid=1&fontstyle=f-smaller&id=229&lang=fr&option=com_content&view=article HTTP/1.1" 302 561 "-" "Mozilla/5.0 (compatible; SemrushBot/7~bl; +http://www.semrush.com/bot.html)"
185.191.171.19 - - [09/Mar/2023:06:02:52 +0100] "GET /?Itemid=46&catid=7&fontstyle=f-smaller&id=28&lang=fr&option=com_content&view=article HTTP/1.1" 302 576 "-" "Mozilla/5.0 (compatible; SemrushBot/7~bl; +http://www.semrush.com/bot.html)"
185.191.171.40 - - [09/Mar/2023:06:03:05 +0100] "GET /?Itemid&catid=7&fontstyle=f-larger&id=29&lang=fr&option=com_content&view=article HTTP/1.1" 302 571 "-" "Mozilla/5.0 (compatible; SemrushBot/7~bl; +http://www.semrush.com/bot.html)"
185.191.171.6 - - [09/Mar/2023:06:03:10 +0100] "GET /?fontstyle=f-smaller&id=368&lang=fr&option=com_content&view=article HTTP/1.1" 302 550 "-" "Mozilla/5.0 (compatible; SemrushBot/7~bl; +http://www.semrush.com/bot.html)"
185.191.171.15 - - [09/Mar/2023:06:03:25 +0100] "GET /index.php?Itemid=0&id=328&lang=en&option=com_content&view=article HTTP/1.1" 302 544 "-" "Mozilla/5.0 (compatible; SemrushBot/7~bl; +http://www.semrush.com/bot.html)"
185.191.171.3 - - [09/Mar/2023:06:03:56 +0100] "GET /index.php?Itemid=53&id=305&lang=fr&option=com_content&view=article HTTP/1.1" 302 547 "-" "Mozilla/5.0 (compatible; SemrushBot/7~bl; +http://www.semrush.com/bot.html)"
185.191.171.13 - - [09/Mar/2023:06:04:01 +0100] "GET /?Itemid=53&fontstyle=f-smaller&id=245&lang=en&option=com_content&view=article HTTP/1.1" 302 565 "-" "Mozilla/5.0 (compatible; SemrushBot/7~bl; +http://www.semrush.com/bot.html)"
185.191.171.19 - - [09/Mar/2023:06:04:02 +0100] "GET /?Itemid=53&fontstyle=f-smaller&id=364&lang=en&option=com_content&view=article HTTP/1.1" 302 566 "-" "Mozilla/5.0 (compatible; SemrushBot/7~bl; +http://www.semrush.com/bot.html)"
185.191.171.7 - - [09/Mar/2023:06:04:20 +0100] "GET /?Itemid=14&catid=7&fontstyle=f-smaller&id=59&lang=fr&option=com_content&view=article HTTP/1.1" 302 576 "-" "Mozilla/5.0 (compatible; SemrushBot/7~bl; +http://www.semrush.com/bot.html)"
212.129.37.175 - - [09/Mar/2023:06:04:44 +0100] "-" 408 1489 "-" "-"
212.129.37.175 - - [09/Mar/2023:06:04:58 +0100] "-" 408 1489 "-" "-"
162.241.194.29 - - [09/Mar/2023:06:04:58 +0100] "-" 408 0 "-" "-"
185.191.171.44 - - [09/Mar/2023:06:05:12 +0100] "GET /?Itemid=3&fontstyle=f-larger&id=299&lang=fr&option=com_content&view=article HTTP/1.1" 302 562 "-" "Mozilla/5.0 (compatible; SemrushBot/7~bl; +http://www.semrush.com/bot.html)"
185.191.171.44 - - [09/Mar/2023:06:05:24 +0100] "GET /index.php?Itemid=45&catid=7&id=28&lang=fr&option=com_content&view=article HTTP/1.1" 302 559 "-" "Mozilla/5.0 (compatible; SemrushBot/7~bl; +http://www.semrush.com/bot.html)"
185.191.171.6 - - [09/Mar/2023:06:05:26 +0100] "GET /index.php?Itemid&id=320&lang=en&option=com_content&view=article HTTP/1.1" 302 540 "-" "Mozilla/5.0 (compatible; SemrushBot/7~bl; +http://www.semrush.com/bot.html)"
152.89.196.211 - - [09/Mar/2023:06:05:43 +0100] "GET /?XDEBUG_SESSION_START=phpstorm HTTP/1.1" 302 479 "-" "Mozilla/5.0 (Windows NT 10.0; Win64; x64) AppleWebKit/537.36 (KHTML, like Gecko) Chrome/78.0.3904.108 Safari/537.36"
185.191.171.40 - - [09/Mar/2023:06:05:49 +0100] "GET /index.php?Itemid=3&lang=fr&option=com_content&view=article.%2B HTTP/1.1" 302 539 "-" "Mozilla/5.0 (compatible; SemrushBot/7~bl; +http://www.semrush.com/bot.html)"
185.191.171.15 - - [09/Mar/2023:06:06:01 +0100] "GET /index.php?Itemid=3&catid=1&id=417%3F%3Dfr&lang=en&option=com_content&view=article HTTP/1.1" 302 573 "-" "Mozilla/5.0 (compatible; SemrushBot/7~bl; +http://www.semrush.com/bot.html)"
185.191.171.38 - - [09/Mar/2023:06:06:25 +0100] "GET /?Itemid=53&catid=1&fontstyle=f-larger&id=450%E2%8C%A9%3Dfr&lang=fr&option=com_content&view=article HTTP/1.1" 302 603 "-" "Mozilla/5.0 (compatible; SemrushBot/7~bl; +http://www.semrush.com/bot.html)"
185.191.171.1 - - [09/Mar/2023:06:06:27 +0100] "GET /index.php?catid=7&id=56&lang=en&option=com_content&view=article HTTP/1.1" 302 541 "-" "Mozilla/5.0 (compatible; SemrushBot/7~bl; +http://www.semrush.com/bot.html)"
185.191.171.7 - - [09/Mar/2023:06:06:33 +0100] "GET /?Itemid=16&catid=7&fontstyle=f-smaller&id=59&lang=fr&option=com_content&view=article HTTP/1.1" 302 576 "-" "Mozilla/5.0 (compatible; SemrushBot/7~bl; +http://www.semrush.com/bot.html)"
137.226.113.44 - - [09/Mar/2023:06:06:34 +0100] "GET / HTTP/1.1" 404 1963 "-" "Mozilla/5.0 zgrab/0.x (compatible; Researchscan/http; +http://researchscan.comsys.rwth-aachen.de)"
185.191.171.23 - - [09/Mar/2023:06:06:51 +0100] "GET /?Itemid=53&fontstyle=f-smaller&id=300&lang=fr&option=com_content&view=article HTTP/1.1" 302 564 "-" "Mozilla/5.0 (compatible; SemrushBot/7~bl; +http://www.semrush.com/bot.html)"
185.191.171.22 - - [09/Mar/2023:06:06:55 +0100] "GET /index.php?Itemid=53&id=365&lang=fr&option=com_content&view=article HTTP/1.1" 302 548 "-" "Mozilla/5.0 (compatible; SemrushBot/7~bl; +http://www.semrush.com/bot.html)"
185.191.171.2 - - [09/Mar/2023:06:06:56 +0100] "GET /index.php?Itemid=3&catid=1&id=413%3F%3Dfr&lang=en&option=com_content&view=article HTTP/1.1" 302 572 "-" "Mozilla/5.0 (compatible; SemrushBot/7~bl; +http://www.semrush.com/bot.html)"
185.191.171.10 - - [09/Mar/2023:06:06:58 +0100] "GET /index.php?Itemid&catid=7&id=31&lang=fr&option=com_content&view=article HTTP/1.1" 302 554 "-" "Mozilla/5.0 (compatible; SemrushBot/7~bl; +http://www.semrush.com/bot.html)"
185.191.171.2 - - [09/Mar/2023:06:06:59 +0100] "GET /?Itemid=53&catid=7&fontstyle=f-smaller&id=55&lang=fr&option=com_content&view=article HTTP/1.1" 302 575 "-" "Mozilla/5.0 (compatible; SemrushBot/7~bl; +http://www.semrush.com/bot.html)"
185.191.171.14 - - [09/Mar/2023:06:07:09 +0100] "GET /index.php?Itemid=3&catid=1&id=442%E2%8C%A9%3Dfr&lang=en&option=com_content&view=article HTTP/1.1" 302 585 "-" "Mozilla/5.0 (compatible; SemrushBot/7~bl; +http://www.semrush.com/bot.html)"
185.191.171.16 - - [09/Mar/2023:06:07:14 +0100] "GET /robots.txt HTTP/1.1" 302 441 "-" "Mozilla/5.0 (compatible; SemrushBot/7~bl; +http://www.semrush.com/bot.html)"
185.191.171.10 - - [09/Mar/2023:06:07:15 +0100] "GET /index.php?Itemid=53&catid=7&id=59&lang=fr&option=com_content&view=article HTTP/1.1" 302 557 "-" "Mozilla/5.0 (compatible; SemrushBot/7~bl; +http://www.semrush.com/bot.html)"
185.191.171.17 - - [09/Mar/2023:06:07:47 +0100] "GET /index.php?Itemid&id=318&lang=fr&option=com_content&view=article HTTP/1.1" 302 542 "-" "Mozilla/5.0 (compatible; SemrushBot/7~bl; +http://www.semrush.com/bot.html)"
185.191.171.9 - - [09/Mar/2023:06:08:20 +0100] "GET /?Itemid=53&fontstyle=f-larger&id=351&lang=en&option=com_content&view=article HTTP/1.1" 302 564 "-" "Mozilla/5.0 (compatible; SemrushBot/7~bl; +http://www.semrush.com/bot.html)"
185.191.171.7 - - [09/Mar/2023:06:08:38 +0100] "GET /?Itemid=0&catid=7&fontstyle=f-larger&id=62&lang=en&option=com_content&view=article HTTP/1.1" 302 575 "-" "Mozilla/5.0 (compatible; SemrushBot/7~bl; +http://www.semrush.com/bot.html)"
185.191.171.40 - - [09/Mar/2023:06:08:41 +0100] "GET /index.php?Itemid=48&catid=7&id=24&lang=fr&option=com_content&view=article HTTP/1.1" 302 559 "-" "Mozilla/5.0 (compatible; SemrushBot/7~bl; +http://www.semrush.com/bot.html)"
212.129.37.175 - - [09/Mar/2023:06:09:24 +0100] "-" 408 1489 "-" "-"
185.191.171.17 - - [09/Mar/2023:06:09:32 +0100] "GET /index.php?Itemid=0&id=330&lang=fr&option=com_content&view=article HTTP/1.1" 302 543 "-" "Mozilla/5.0 (compatible; SemrushBot/7~bl; +http://www.semrush.com/bot.html)"
185.191.171.10 - - [09/Mar/2023:06:09:36 +0100] "GET /?Itemid=50&catid=7&fontstyle=f-smaller&id=56&lang=fr&option=com_content&view=article HTTP/1.1" 302 575 "-" "Mozilla/5.0 (compatible; SemrushBot/7~bl; +http://www.semrush.com/bot.html)"
212.129.37.175 - - [09/Mar/2023:06:09:37 +0100] "-" 408 1489 "-" "-"
185.191.171.19 - - [09/Mar/2023:06:10:07 +0100] "GET /?Itemid=47&catid=7&fontstyle=f-smaller&id=51&lang=en&option=com_content&view=article HTTP/1.1" 302 575 "-" "Mozilla/5.0 (compatible; SemrushBot/7~bl; +http://www.semrush.com/bot.html)"
185.191.171.21 - - [09/Mar/2023:06:10:26 +0100] "GET /index.php?Itemid=47&catid=7&id=52&lang=en&option=com_content&view=article HTTP/1.1" 302 558 "-" "Mozilla/5.0 (compatible; SemrushBot/7~bl; +http://www.semrush.com/bot.html)"
185.191.171.10 - - [09/Mar/2023:06:10:30 +0100] "GET /?Itemid=50&catid=7&fontstyle=f-smaller&id=31&lang=en&option=com_content&view=article HTTP/1.1" 302 576 "-" "Mozilla/5.0 (compatible; SemrushBot/7~bl; +http://www.semrush.com/bot.html)"
185.191.171.39 - - [09/Mar/2023:06:10:36 +0100] "GET /?Itemid=0&fontstyle=f-larger&id=169&lang=en&option=com_content&view=article HTTP/1.1" 302 563 "-" "Mozilla/5.0 (compatible; SemrushBot/7~bl; +http://www.semrush.com/bot.html)"
185.191.171.43 - - [09/Mar/2023:06:10:36 +0100] "GET /index.php?Itemid=3&catid=7&id=471&lang=fr&option=com_content&view=article HTTP/1.1" 302 559 "-" "Mozilla/5.0 (compatible; SemrushBot/7~bl; +http://www.semrush.com/bot.html)"
185.191.171.25 - - [09/Mar/2023:06:10:38 +0100] "GET /?Itemid=3&fontstyle=f-larger&id=370&lang=fr&option=com_content&view=article HTTP/1.1" 302 562 "-" "Mozilla/5.0 (compatible; SemrushBot/7~bl; +http://www.semrush.com/bot.html)"
185.191.171.7 - - [09/Mar/2023:06:11:07 +0100] "GET /?Itemid=47&catid=7&fontstyle=f-larger&id=52&lang=fr&option=com_content&view=article HTTP/1.1" 302 574 "-" "Mozilla/5.0 (compatible; SemrushBot/7~bl; +http://www.semrush.com/bot.html)"
185.191.171.42 - - [09/Mar/2023:06:11:08 +0100] "GET /?Itemid=48&catid=7&fontstyle=f-smaller&id=34&lang=en&option=com_content&view=article HTTP/1.1" 302 576 "-" "Mozilla/5.0 (compatible; SemrushBot/7~bl; +http://www.semrush.com/bot.html)"
185.191.171.42 - - [09/Mar/2023:06:11:12 +0100] "GET /index.php?Itemid=3&catid=7&id=62&lang=en&option=com_content&view=article HTTP/1.1" 302 556 "-" "Mozilla/5.0 (compatible; SemrushBot/7~bl; +http://www.semrush.com/bot.html)"
185.191.171.14 - - [09/Mar/2023:06:11:15 +0100] "GET /index.php?Itemid=53&id=346&lang=en&option=com_content&view=article HTTP/1.1" 302 547 "-" "Mozilla/5.0 (compatible; SemrushBot/7~bl; +http://www.semrush.com/bot.html)"
185.191.171.10 - - [09/Mar/2023:06:11:15 +0100] "GET /?Itemid=0&fontstyle=f-smaller&id=153&lang=fr&option=com_content&view=article HTTP/1.1" 302 563 "-" "Mozilla/5.0 (compatible; SemrushBot/7~bl; +http://www.semrush.com/bot.html)"
185.191.171.44 - - [09/Mar/2023:06:11:22 +0100] "GET /index.php?Itemid=45&catid=7&id=64&lang=fr&option=com_content&view=article HTTP/1.1" 302 559 "-" "Mozilla/5.0 (compatible; SemrushBot/7~bl; +http://www.semrush.com/bot.html)"
185.191.171.7 - - [09/Mar/2023:06:11:42 +0100] "GET /?Itemid=3&catid=1&fontstyle=f-smaller&id=452%E2%8C%A9%3Dfr&lang=fr&option=com_content&view=article HTTP/1.1" 302 603 "-" "Mozilla/5.0 (compatible; SemrushBot/7~bl; +http://www.semrush.com/bot.html)"
185.191.171.45 - - [09/Mar/2023:06:11:54 +0100] "GET /?Itemid=50&catid=7&fontstyle=f-smaller&id=64&lang=fr&option=com_content&view=article HTTP/1.1" 302 576 "-" "Mozilla/5.0 (compatible; SemrushBot/7~bl; +http://www.semrush.com/bot.html)"
185.191.171.33 - - [09/Mar/2023:06:11:59 +0100] "GET /?Itemid=3&catid=7&fontstyle=f-smaller&id=59&lang=en&option=com_content&view=article HTTP/1.1" 302 577 "-" "Mozilla/5.0 (compatible; SemrushBot/7~bl; +http://www.semrush.com/bot.html)"
185.191.171.40 - - [09/Mar/2023:06:12:01 +0100] "GET /index.php?Itemid=46&catid=7&id=29&lang=en&option=com_content&view=article HTTP/1.1" 302 558 "-" "Mozilla/5.0 (compatible; SemrushBot/7~bl; +http://www.semrush.com/bot.html)"
185.191.171.41 - - [09/Mar/2023:06:12:16 +0100] "GET /?Itemid=49&catid=7&fontstyle=f-larger&id=50&lang=en&option=com_content&view=article HTTP/1.1" 302 576 "-" "Mozilla/5.0 (compatible; SemrushBot/7~bl; +http://www.semrush.com/bot.html)"
185.191.171.24 - - [09/Mar/2023:06:12:24 +0100] "GET /?Itemid=3&fontstyle=f-smaller&id=321&lang=fr&option=com_content&view=article HTTP/1.1" 302 561 "-" "Mozilla/5.0 (compatible; SemrushBot/7~bl; +http://www.semrush.com/bot.html)"
185.191.171.23 - - [09/Mar/2023:06:12:36 +0100] "GET /?Itemid=0&fontstyle=f-larger&id=346&lang=en&option=com_content&view=article HTTP/1.1" 302 563 "-" "Mozilla/5.0 (compatible; SemrushBot/7~bl; +http://www.semrush.com/bot.html)"
185.191.171.18 - - [09/Mar/2023:06:12:38 +0100] "GET /?Itemid&catid=8&fontstyle=f-smaller&id=121&lang=fr&option=com_content&view=article HTTP/1.1" 302 573 "-" "Mozilla/5.0 (compatible; SemrushBot/7~bl; +http://www.semrush.com/bot.html)"
212.129.37.175 - - [09/Mar/2023:06:13:51 +0100] "-" 408 1489 "-" "-"
185.191.171.21 - - [09/Mar/2023:06:14:04 +0100] "GET /index.php?Itemid=12&catid=7&id=62&lang=en&option=com_content&view=article HTTP/1.1" 302 556 "-" "Mozilla/5.0 (compatible; SemrushBot/7~bl; +http://www.semrush.com/bot.html)"
185.191.171.8 - - [09/Mar/2023:06:14:29 +0100] "GET /?Itemid=0&catid=1&fontstyle=f-smaller&id=229&lang=en&option=com_content&view=article HTTP/1.1" 302 577 "-" "Mozilla/5.0 (compatible; SemrushBot/7~bl; +http://www.semrush.com/bot.html)"
212.129.37.175 - - [09/Mar/2023:06:14:30 +0100] "-" 408 1489 "-" "-"
185.191.171.26 - - [09/Mar/2023:06:14:42 +0100] "GET /?Itemid=50&catid=7&fontstyle=f-smaller&id=63&lang=en&option=com_content&view=article HTTP/1.1" 302 576 "-" "Mozilla/5.0 (compatible; SemrushBot/7~bl; +http://www.semrush.com/bot.html)"
185.191.171.16 - - [09/Mar/2023:06:14:58 +0100] "GET /index.php?Itemid=0&id=169&lang=en&option=com_content&view=article HTTP/1.1" 302 545 "-" "Mozilla/5.0 (compatible; SemrushBot/7~bl; +http://www.semrush.com/bot.html)"
185.191.171.45 - - [09/Mar/2023:06:15:01 +0100] "GET /index.php?Itemid=16&catid=7&id=24&lang=fr&option=com_content&view=article HTTP/1.1" 302 559 "-" "Mozilla/5.0 (compatible; SemrushBot/7~bl; +http://www.semrush.com/bot.html)"
185.191.171.38 - - [09/Mar/2023:06:15:01 +0100] "GET /?Itemid=0&catid=7&fontstyle=f-larger&id=141%E2%8C%A9%3Dfr&lang=fr&option=com_content&view=article HTTP/1.1" 302 603 "-" "Mozilla/5.0 (compatible; SemrushBot/7~bl; +http://www.semrush.com/bot.html)"
185.191.171.8 - - [09/Mar/2023:06:15:18 +0100] "GET /?Itemid=47&catid=7&fontstyle=f-smaller&id=64&lang=en&option=com_content&view=article HTTP/1.1" 302 575 "-" "Mozilla/5.0 (compatible; SemrushBot/7~bl; +http://www.semrush.com/bot.html)"
185.191.171.17 - - [09/Mar/2023:06:15:42 +0100] "GET /?Itemid&fontstyle=f-larger&id=326&lang=fr&option=com_content&view=article HTTP/1.1" 302 560 "-" "Mozilla/5.0 (compatible; SemrushBot/7~bl; +http://www.semrush.com/bot.html)"
185.191.171.9 - - [09/Mar/2023:06:16:03 +0100] "GET /?Itemid=53&catid=1&fontstyle=f-larger&id=432&lang=en&option=com_content&view=article HTTP/1.1" 302 578 "-" "Mozilla/5.0 (compatible; SemrushBot/7~bl; +http://www.semrush.com/bot.html)"
185.191.171.45 - - [09/Mar/2023:06:16:22 +0100] "GET /?Itemid=47&catid=7&fontstyle=f-smaller&id=58&lang=fr&option=com_content&view=article HTTP/1.1" 302 575 "-" "Mozilla/5.0 (compatible; SemrushBot/7~bl; +http://www.semrush.com/bot.html)"
185.191.171.8 - - [09/Mar/2023:06:16:37 +0100] "GET /index.php?Itemid=99999&fontstyle=f-smaller&formId=2&lang=en&option=com_rsform HTTP/1.1" 302 560 "-" "Mozilla/5.0 (compatible; SemrushBot/7~bl; +http://www.semrush.com/bot.html)"
185.191.171.23 - - [09/Mar/2023:06:16:50 +0100] "GET /?Itemid=3&fontstyle=f-smaller&id=331&lang=fr&option=com_content&view=article HTTP/1.1" 302 561 "-" "Mozilla/5.0 (compatible; SemrushBot/7~bl; +http://www.semrush.com/bot.html)"
185.191.171.18 - - [09/Mar/2023:06:17:30 +0100] "GET /index.php?Itemid=0&id=261&lang=fr&option=com_content&view=article HTTP/1.1" 302 546 "-" "Mozilla/5.0 (compatible; SemrushBot/7~bl; +http://www.semrush.com/bot.html)"
185.191.171.33 - - [09/Mar/2023:06:17:33 +0100] "GET /index.php?Itemid=53&id=298&lang=en&option=com_content&view=article HTTP/1.1" 302 547 "-" "Mozilla/5.0 (compatible; SemrushBot/7~bl; +http://www.semrush.com/bot.html)"
185.191.171.40 - - [09/Mar/2023:06:17:34 +0100] "GET /?Itemid=0&fontstyle=f-larger&lang=en&option=com_acymailing HTTP/1.1" 302 531 "-" "Mozilla/5.0 (compatible; SemrushBot/7~bl; +http://www.semrush.com/bot.html)"
185.191.171.8 - - [09/Mar/2023:06:17:39 +0100] "GET /index.php?Itemid=53&catid=1&id=482&lang=fr&option=com_content&view=article HTTP/1.1" 302 561 "-" "Mozilla/5.0 (compatible; SemrushBot/7~bl; +http://www.semrush.com/bot.html)"
185.191.171.19 - - [09/Mar/2023:06:17:42 +0100] "GET /?Itemid=53&catid=7&fontstyle=f-smaller&id=27&lang=fr&option=com_content&view=article HTTP/1.1" 302 575 "-" "Mozilla/5.0 (compatible; SemrushBot/7~bl; +http://www.semrush.com/bot.html)"
74.220.219.183 - - [09/Mar/2023:06:17:44 +0100] "-" 408 0 "-" "-"
212.129.37.175 - - [09/Mar/2023:06:18:17 +0100] "-" 408 1489 "-" "-"
185.191.171.10 - - [09/Mar/2023:06:18:40 +0100] "GET /?Itemid=3&fontstyle=f-smaller&id=346&lang=en&option=com_content&view=article HTTP/1.1" 302 563 "-" "Mozilla/5.0 (compatible; SemrushBot/7~bl; +http://www.semrush.com/bot.html)"
185.191.171.4 - - [09/Mar/2023:06:18:47 +0100] "GET /?Itemid=3&catid=1&fontstyle=f-larger&id=472&lang=fr&option=com_content&view=article HTTP/1.1" 302 577 "-" "Mozilla/5.0 (compatible; SemrushBot/7~bl; +http://www.semrush.com/bot.html)"
185.191.171.5 - - [09/Mar/2023:06:18:57 +0100] "GET /?Itemid=53&fontstyle=f-smaller&id=369&lang=en&option=com_content&view=article HTTP/1.1" 302 566 "-" "Mozilla/5.0 (compatible; SemrushBot/7~bl; +http://www.semrush.com/bot.html)"
212.129.37.175 - - [09/Mar/2023:06:19:24 +0100] "-" 408 1489 "-" "-"
185.191.171.26 - - [09/Mar/2023:06:19:53 +0100] "GET /index.php?Itemid=0&id=204&lang=en&option=com_content&view=article HTTP/1.1" 302 544 "-" "Mozilla/5.0 (compatible; SemrushBot/7~bl; +http://www.semrush.com/bot.html)"
185.191.171.6 - - [09/Mar/2023:06:19:57 +0100] "GET /robots.txt HTTP/1.1" 302 441 "-" "Mozilla/5.0 (compatible; SemrushBot/7~bl; +http://www.semrush.com/bot.html)"
185.191.171.43 - - [09/Mar/2023:06:19:57 +0100] "GET /index.php?Itemid=5&catid=7&id=57&lang=fr&option=com_content&view=article HTTP/1.1" 302 556 "-" "Mozilla/5.0 (compatible; SemrushBot/7~bl; +http://www.semrush.com/bot.html)"
185.191.171.34 - - [09/Mar/2023:06:19:59 +0100] "GET /sitemap.xml HTTP/1.1" 302 442 "-" "Mozilla/5.0 (compatible; SemrushBot/7~bl; +http://www.semrush.com/bot.html)"
185.191.171.15 - - [09/Mar/2023:06:20:00 +0100] "GET /index.php?Itemid=53&id=247&lang=fr&option=com_content&view=article HTTP/1.1" 302 548 "-" "Mozilla/5.0 (compatible; SemrushBot/7~bl; +http://www.semrush.com/bot.html)"
185.191.171.15 - - [09/Mar/2023:06:20:18 +0100] "GET /?Itemid&fontstyle=f-smaller&id=362&lang=en&option=com_content&view=article HTTP/1.1" 302 561 "-" "Mozilla/5.0 (compatible; SemrushBot/7~bl; +http://www.semrush.com/bot.html)"
185.191.171.5 - - [09/Mar/2023:06:20:31 +0100] "GET /index.php?Itemid=3&id=319&lang=fr&option=com_content&view=article HTTP/1.1" 302 544 "-" "Mozilla/5.0 (compatible; SemrushBot/7~bl; +http://www.semrush.com/bot.html)"
185.191.171.39 - - [09/Mar/2023:06:20:37 +0100] "GET /?fontstyle=f-larger&id=311&lang=fr&option=com_content&view=article HTTP/1.1" 302 547 "-" "Mozilla/5.0 (compatible; SemrushBot/7~bl; +http://www.semrush.com/bot.html)"
185.191.171.17 - - [09/Mar/2023:06:20:42 +0100] "GET /index.php?Itemid=0&id=166&lang=en&option=com_content&view=article HTTP/1.1" 302 545 "-" "Mozilla/5.0 (compatible; SemrushBot/7~bl; +http://www.semrush.com/bot.html)"
185.191.171.12 - - [09/Mar/2023:06:21:06 +0100] "GET /index.php?Itemid=0&id=316&lang=en&option=com_content&view=article HTTP/1.1" 302 545 "-" "Mozilla/5.0 (compatible; SemrushBot/7~bl; +http://www.semrush.com/bot.html)"
167.94.146.57 - - [09/Mar/2023:06:21:09 +0100] "GET / HTTP/1.1" 302 402 "-" "-"
167.94.146.57 - - [09/Mar/2023:06:21:09 +0100] "GET / HTTP/1.1" 302 405 "-" "Mozilla/5.0 (compatible; CensysInspect/1.1; +https://about.censys.io/)"
167.94.146.57 - - [09/Mar/2023:06:21:09 +0100] "PRI * HTTP/2.0" 400 415 "-" "-"
185.191.171.1 - - [09/Mar/2023:06:21:15 +0100] "GET /?fontstyle=f-smaller&id=352&lang=fr&option=com_content&view=article HTTP/1.1" 302 548 "-" "Mozilla/5.0 (compatible; SemrushBot/7~bl; +http://www.semrush.com/bot.html)"
185.191.171.10 - - [09/Mar/2023:06:21:40 +0100] "GET /index.php?catid=7&id=38&lang=fr&option=com_content&view=article HTTP/1.1" 302 542 "-" "Mozilla/5.0 (compatible; SemrushBot/7~bl; +http://www.semrush.com/bot.html)"
185.191.171.36 - - [09/Mar/2023:06:21:41 +0100] "GET /index.php?Itemid=16&catid=7&id=62&lang=fr&option=com_content&view=article HTTP/1.1" 302 559 "-" "Mozilla/5.0 (compatible; SemrushBot/7~bl; +http://www.semrush.com/bot.html)"
185.191.171.13 - - [09/Mar/2023:06:21:46 +0100] "GET /index.php?Itemid=0&id=235&lang=fr&option=com_content&view=article HTTP/1.1" 302 545 "-" "Mozilla/5.0 (compatible; SemrushBot/7~bl; +http://www.semrush.com/bot.html)"
185.191.171.13 - - [09/Mar/2023:06:21:55 +0100] "GET /index.php?Itemid=48&catid=7&id=31&lang=en&option=com_content&view=article HTTP/1.1" 302 559 "-" "Mozilla/5.0 (compatible; SemrushBot/7~bl; +http://www.semrush.com/bot.html)"
185.191.171.42 - - [09/Mar/2023:06:22:13 +0100] "GET /index.php?Itemid=3&catid=7&id=12&lang=en&option=com_content&view=article HTTP/1.1" 302 556 "-" "Mozilla/5.0 (compatible; SemrushBot/7~bl; +http://www.semrush.com/bot.html)"
185.191.171.7 - - [09/Mar/2023:06:22:14 +0100] "GET /index.php?id=158&lang=fr&option=com_content&view=article HTTP/1.1" 302 531 "-" "Mozilla/5.0 (compatible; SemrushBot/7~bl; +http://www.semrush.com/bot.html)"
185.191.171.44 - - [09/Mar/2023:06:22:32 +0100] "GET /?Itemid=3&catid=1&fontstyle=f-smaller&id=475&lang=fr&option=com_content&view=article HTTP/1.1" 302 579 "-" "Mozilla/5.0 (compatible; SemrushBot/7~bl; +http://www.semrush.com/bot.html)"
212.129.37.175 - - [09/Mar/2023:06:22:44 +0100] "-" 408 1489 "-" "-"
152.89.196.211 - - [09/Mar/2023:06:22:49 +0100] "GET /console/ HTTP/1.1" 302 437 "-" "Mozilla/5.0 (Windows NT 10.0; Win64; x64) AppleWebKit/537.36 (KHTML, like Gecko) Chrome/78.0.3904.108 Safari/537.36"
114.119.137.217 - - [09/Mar/2023:06:22:56 +0100] "GET /robots.txt HTTP/1.1" 302 478 "-" "Mozilla/5.0 (compatible;PetalBot;+https://webmaster.petalsearch.com/site/petalbot)"
185.191.171.18 - - [09/Mar/2023:06:23:02 +0100] "GET /?Itemid=0&fontstyle=f-smaller&id=261&lang=en&option=com_content&view=article HTTP/1.1" 302 563 "-" "Mozilla/5.0 (compatible; SemrushBot/7~bl; +http://www.semrush.com/bot.html)"
185.191.171.25 - - [09/Mar/2023:06:23:46 +0100] "GET /index.php?Itemid=16&catid=7&id=19&lang=fr&option=com_content&view=article HTTP/1.1" 302 557 "-" "Mozilla/5.0 (compatible; SemrushBot/7~bl; +http://www.semrush.com/bot.html)"
185.191.171.38 - - [09/Mar/2023:06:23:50 +0100] "GET /?Itemid=47&catid=7&fontstyle=f-smaller&id=21&lang=fr&option=com_content&view=article HTTP/1.1" 302 575 "-" "Mozilla/5.0 (compatible; SemrushBot/7~bl; +http://www.semrush.com/bot.html)"
185.191.171.35 - - [09/Mar/2023:06:23:51 +0100] "GET /index.php?Itemid=0&id=326&lang=fr&option=com_content&view=article HTTP/1.1" 302 546 "-" "Mozilla/5.0 (compatible; SemrushBot/7~bl; +http://www.semrush.com/bot.html)"
185.191.171.4 - - [09/Mar/2023:06:23:56 +0100] "GET /?Itemid=0&fontstyle=f-larger&id=330&lang=en&option=com_content&view=article HTTP/1.1" 302 560 "-" "Mozilla/5.0 (compatible; SemrushBot/7~bl; +http://www.semrush.com/bot.html)"
185.191.171.11 - - [09/Mar/2023:06:24:03 +0100] "GET /?Itemid=48&catid=7&fontstyle=f-larger&id=19&lang=fr&option=com_content&view=article HTTP/1.1" 302 576 "-" "Mozilla/5.0 (compatible; SemrushBot/7~bl; +http://www.semrush.com/bot.html)"
185.191.171.8 - - [09/Mar/2023:06:24:05 +0100] "GET /?Itemid=53&catid=1&fontstyle=f-smaller&id=431%E2%8C%A9%3Dfr&lang=en&option=com_content&view=article HTTP/1.1" 302 605 "-" "Mozilla/5.0 (compatible; SemrushBot/7~bl; +http://www.semrush.com/bot.html)"
185.191.171.6 - - [09/Mar/2023:06:24:08 +0100] "GET /?catid=7&fontstyle=f-smaller&id=36&lang=fr&option=com_content&view=article HTTP/1.1" 302 560 "-" "Mozilla/5.0 (compatible; SemrushBot/7~bl; +http://www.semrush.com/bot.html)"
212.129.37.175 - - [09/Mar/2023:06:24:17 +0100] "-" 408 1489 "-" "-"
185.191.171.9 - - [09/Mar/2023:06:25:43 +0100] "GET /index.php?Itemid=99999&fontstyle=f-smaller&formId=5&lang=fr&option=com_rsform HTTP/1.1" 302 561 "-" "Mozilla/5.0 (compatible; SemrushBot/7~bl; +http://www.semrush.com/bot.html)"
185.191.171.6 - - [09/Mar/2023:06:25:46 +0100] "GET /index.php?Itemid&id=352&lang=en&option=com_content&view=article HTTP/1.1" 302 542 "-" "Mozilla/5.0 (compatible; SemrushBot/7~bl; +http://www.semrush.com/bot.html)"
185.191.171.22 - - [09/Mar/2023:06:25:50 +0100] "GET /?Itemid&fontstyle=f-larger&id=352&lang=fr&option=com_content&view=article HTTP/1.1" 302 559 "-" "Mozilla/5.0 (compatible; SemrushBot/7~bl; +http://www.semrush.com/bot.html)"
185.191.171.14 - - [09/Mar/2023:06:25:55 +0100] "GET /?Itemid=3&fontstyle=f-larger&id=299&lang=en&option=com_content&view=article HTTP/1.1" 302 562 "-" "Mozilla/5.0 (compatible; SemrushBot/7~bl; +http://www.semrush.com/bot.html)"
185.191.171.42 - - [09/Mar/2023:06:26:10 +0100] "GET /index.php?Itemid&catid=7&id=49&lang=en&option=com_content&view=article HTTP/1.1" 302 554 "-" "Mozilla/5.0 (compatible; SemrushBot/7~bl; +http://www.semrush.com/bot.html)"
185.191.171.38 - - [09/Mar/2023:06:26:33 +0100] "GET /index.php?Itemid=53&catid=7&id=20&lang=fr&option=com_content&view=article HTTP/1.1" 302 559 "-" "Mozilla/5.0 (compatible; SemrushBot/7~bl; +http://www.semrush.com/bot.html)"
185.191.171.37 - - [09/Mar/2023:06:26:35 +0100] "GET /?Itemid=14&catid=7&fontstyle=f-smaller&id=6&lang=en&option=com_content&view=article HTTP/1.1" 302 575 "-" "Mozilla/5.0 (compatible; SemrushBot/7~bl; +http://www.semrush.com/bot.html)"
185.191.171.18 - - [09/Mar/2023:06:26:43 +0100] "GET /index.php?Itemid=50&catid=7&id=36&lang=en&option=com_content&view=article HTTP/1.1" 302 558 "-" "Mozilla/5.0 (compatible; SemrushBot/7~bl; +http://www.semrush.com/bot.html)"
185.191.171.10 - - [09/Mar/2023:06:26:46 +0100] "GET /index.php?Itemid=46&catid=7&id=27&lang=en&option=com_content&view=article HTTP/1.1" 302 558 "-" "Mozilla/5.0 (compatible; SemrushBot/7~bl; +http://www.semrush.com/bot.html)"
185.191.171.40 - - [09/Mar/2023:06:26:48 +0100] "GET /?catid=8&fontstyle=f-larger&id=180&lang=fr&option=com_content&view=article HTTP/1.1" 302 561 "-" "Mozilla/5.0 (compatible; SemrushBot/7~bl; +http://www.semrush.com/bot.html)"
185.191.171.4 - - [09/Mar/2023:06:26:50 +0100] "GET /index.php?Itemid=0&catid=7&id=55&lang=en&option=com_content&view=article HTTP/1.1" 302 556 "-" "Mozilla/5.0 (compatible; SemrushBot/7~bl; +http://www.semrush.com/bot.html)"
212.129.37.175 - - [09/Mar/2023:06:27:10 +0100] "-" 408 1489 "-" "-"
185.191.171.35 - - [09/Mar/2023:06:27:12 +0100] "GET /?Itemid=48&catid=7&fontstyle=f-larger&id=37&lang=fr&option=com_content&view=article HTTP/1.1" 302 575 "-" "Mozilla/5.0 (compatible; SemrushBot/7~bl; +http://www.semrush.com/bot.html)"
185.191.171.19 - - [09/Mar/2023:06:27:27 +0100] "GET /?Itemid=12&catid=7&fontstyle=f-smaller&id=49&lang=fr&option=com_content&view=article HTTP/1.1" 302 576 "-" "Mozilla/5.0 (compatible; SemrushBot/7~bl; +http://www.semrush.com/bot.html)"
185.191.171.40 - - [09/Mar/2023:06:27:51 +0100] "GET /?Itemid=48&catid=7&fontstyle=f-smaller&id=44&lang=en&option=com_content&view=article HTTP/1.1" 302 575 "-" "Mozilla/5.0 (compatible; SemrushBot/7~bl; +http://www.semrush.com/bot.html)"
185.191.171.4 - - [09/Mar/2023:06:27:58 +0100] "GET /index.php?Itemid&id=284&lang=en&option=com_content&view=article HTTP/1.1" 302 542 "-" "Mozilla/5.0 (compatible; SemrushBot/7~bl; +http://www.semrush.com/bot.html)"
185.191.171.40 - - [09/Mar/2023:06:28:21 +0100] "GET /index.php?Itemid=48&catid=7&id=32&lang=en&option=com_content&view=article HTTP/1.1" 302 558 "-" "Mozilla/5.0 (compatible; SemrushBot/7~bl; +http://www.semrush.com/bot.html)"
162.241.218.121 - - [09/Mar/2023:06:28:59 +0100] "-" 408 0 "-" "-"
212.129.37.175 - - [09/Mar/2023:06:29:11 +0100] "-" 408 1489 "-" "-"
185.191.171.6 - - [09/Mar/2023:06:29:19 +0100] "GET /?Itemid=48&catid=7&fontstyle=f-smaller&id=26&lang=fr&option=com_content&view=article HTTP/1.1" 302 576 "-" "Mozilla/5.0 (compatible; SemrushBot/7~bl; +http://www.semrush.com/bot.html)"
185.191.171.35 - - [09/Mar/2023:06:29:55 +0100] "GET /?catid=8&fontstyle=f-larger&id=115&lang=en&option=com_content&view=article HTTP/1.1" 302 561 "-" "Mozilla/5.0 (compatible; SemrushBot/7~bl; +http://www.semrush.com/bot.html)"
185.191.171.23 - - [09/Mar/2023:06:30:40 +0100] "GET /index.php?Itemid&id=351&lang=en&option=com_content&view=article HTTP/1.1" 302 542 "-" "Mozilla/5.0 (compatible; SemrushBot/7~bl; +http://www.semrush.com/bot.html)"
185.191.171.8 - - [09/Mar/2023:06:30:44 +0100] "GET /?Itemid=50&catid=7&fontstyle=f-larger&id=28&lang=fr&option=com_content&view=article HTTP/1.1" 302 575 "-" "Mozilla/5.0 (compatible; SemrushBot/7~bl; +http://www.semrush.com/bot.html)"
185.191.171.18 - - [09/Mar/2023:06:30:48 +0100] "GET /?Itemid=14&catid=7&fontstyle=f-smaller&id=5&lang=fr&option=com_content&view=article HTTP/1.1" 302 575 "-" "Mozilla/5.0 (compatible; SemrushBot/7~bl; +http://www.semrush.com/bot.html)"
185.191.171.12 - - [09/Mar/2023:06:30:57 +0100] "GET /index.php?catid=8&id=129&lang=fr&option=com_content&view=article HTTP/1.1" 302 544 "-" "Mozilla/5.0 (compatible; SemrushBot/7~bl; +http://www.semrush.com/bot.html)"
185.191.171.45 - - [09/Mar/2023:06:31:00 +0100] "GET /index.php?Itemid=49&catid=7&id=49&lang=en&option=com_content&view=article HTTP/1.1" 302 556 "-" "Mozilla/5.0 (compatible; SemrushBot/7~bl; +http://www.semrush.com/bot.html)"
185.191.171.38 - - [09/Mar/2023:06:31:24 +0100] "GET /?Itemid=06&fontstyle=f-larger&id=176&lang=en&option=com_content&view=article HTTP/1.1" 302 564 "-" "Mozilla/5.0 (compatible; SemrushBot/7~bl; +http://www.semrush.com/bot.html)"
212.129.37.175 - - [09/Mar/2023:06:31:37 +0100] "-" 408 1489 "-" "-"
185.191.171.12 - - [09/Mar/2023:06:31:40 +0100] "GET /index.php?Itemid=53&catid=7&id=35&lang=fr&option=com_content&view=article HTTP/1.1" 302 559 "-" "Mozilla/5.0 (compatible; SemrushBot/7~bl; +http://www.semrush.com/bot.html)"
