185.191.171.21 - - [09/Mar/2023:02:03:37 +0100] "GET /?Itemid=48&catid=7&fontstyle=f-larger&id=58&lang=fr&option=com_content&view=article HTTP/1.1" 302 575 "-" "Mozilla/5.0 (compatible; SemrushBot/7~bl; +http://www.semrush.com/bot.html)"
185.191.171.33 - - [09/Mar/2023:02:04:15 +0100] "GET /index.php?Itemid=3&catid=7&id=73&lang=en&option=com_content&view=article HTTP/1.1" 302 555 "-" "Mozilla/5.0 (compatible; SemrushBot/7~bl; +http://www.semrush.com/bot.html)"
185.191.171.38 - - [09/Mar/2023:02:04:57 +0100] "GET /?Itemid&fontstyle=f-larger&id=313&lang=en&option=com_content&view=article HTTP/1.1" 302 559 "-" "Mozilla/5.0 (compatible; SemrushBot/7~bl; +http://www.semrush.com/bot.html)"
185.191.171.17 - - [09/Mar/2023:02:04:57 +0100] "GET /?Itemid=53&fontstyle=f-larger&id=349&lang=fr&option=com_content&view=article HTTP/1.1" 302 564 "-" "Mozilla/5.0 (compatible; SemrushBot/7~bl; +http://www.semrush.com/bot.html)"
185.191.171.45 - - [09/Mar/2023:02:05:00 +0100] "GET /index.php?id=285&lang=fr&option=com_content&view=article HTTP/1.1" 302 531 "-" "Mozilla/5.0 (compatible; SemrushBot/7~bl; +http://www.semrush.com/bot.html)"
185.191.171.39 - - [09/Mar/2023:02:05:04 +0100] "GET /?catid=7&fontstyle=f-larger&id=55&lang=en&option=com_content&view=article HTTP/1.1" 302 560 "-" "Mozilla/5.0 (compatible; SemrushBot/7~bl; +http://www.semrush.com/bot.html)"
185.191.171.15 - - [09/Mar/2023:02:05:07 +0100] "GET /?Itemid=48&catid=7&fontstyle=f-smaller&id=57&lang=fr&option=com_content&view=article HTTP/1.1" 302 575 "-" "Mozilla/5.0 (compatible; SemrushBot/7~bl; +http://www.semrush.com/bot.html)"
185.191.171.33 - - [09/Mar/2023:02:05:18 +0100] "GET /index.php?Itemid&catid=7&id=24&lang=fr&option=com_content&view=article HTTP/1.1" 302 554 "-" "Mozilla/5.0 (compatible; SemrushBot/7~bl; +http://www.semrush.com/bot.html)"
185.191.171.42 - - [09/Mar/2023:02:05:28 +0100] "GET /?Itemid=53&catid=1&fontstyle=f-smaller&id=452%E2%8C%A9%3Dfr&lang=en&option=com_content&view=article HTTP/1.1" 302 605 "-" "Mozilla/5.0 (compatible; SemrushBot/7~bl; +http://www.semrush.com/bot.html)"
185.191.171.38 - - [09/Mar/2023:02:05:30 +0100] "GET /?Itemid&fontstyle=f-smaller&id=350&lang=fr&option=com_content&view=article HTTP/1.1" 302 561 "-" "Mozilla/5.0 (compatible; SemrushBot/7~bl; +http://www.semrush.com/bot.html)"
185.191.171.44 - - [09/Mar/2023:02:05:45 +0100] "GET /index.php?Itemid=0&id=170&lang=en&option=com_content&view=article HTTP/1.1" 302 543 "-" "Mozilla/5.0 (compatible; SemrushBot/7~bl; +http://www.semrush.com/bot.html)"
185.191.171.21 - - [09/Mar/2023:02:05:56 +0100] "GET /index.php?Itemid=3&id=1&lang=fr&layout=blog&option=com_content&view=category HTTP/1.1" 302 561 "-" "Mozilla/5.0 (compatible; SemrushBot/7~bl; +http://www.semrush.com/bot.html)"
212.129.37.175 - - [09/Mar/2023:02:06:32 +0100] "-" 408 1489 "-" "-"
185.191.171.6 - - [09/Mar/2023:02:06:37 +0100] "GET /?Itemid=50&catid=7&fontstyle=f-larger&id=21&lang=en&option=com_content&view=article HTTP/1.1" 302 576 "-" "Mozilla/5.0 (compatible; SemrushBot/7~bl; +http://www.semrush.com/bot.html)"
212.129.37.175 - - [09/Mar/2023:02:07:03 +0100] "-" 408 1489 "-" "-"
185.191.171.13 - - [09/Mar/2023:02:07:12 +0100] "GET /index.php?Itemid=0&catid=7&id=30&lang=fr&option=com_content&view=article HTTP/1.1" 302 556 "-" "Mozilla/5.0 (compatible; SemrushBot/7~bl; +http://www.semrush.com/bot.html)"
185.191.171.19 - - [09/Mar/2023:02:07:26 +0100] "GET /?Itemid=3&catid=1&fontstyle=f-larger&id=481&lang=fr&option=com_content&view=article HTTP/1.1" 302 575 "-" "Mozilla/5.0 (compatible; SemrushBot/7~bl; +http://www.semrush.com/bot.html)"
185.191.171.16 - - [09/Mar/2023:02:07:42 +0100] "GET /index.php?Itemid=47&catid=7&id=44&lang=en&option=com_content&view=article HTTP/1.1" 302 555 "-" "Mozilla/5.0 (compatible; SemrushBot/7~bl; +http://www.semrush.com/bot.html)"
185.191.171.18 - - [09/Mar/2023:02:07:57 +0100] "GET /?Itemid=45&catid=7&fontstyle=f-larger&id=5&lang=en&option=com_content&view=article HTTP/1.1" 302 573 "-" "Mozilla/5.0 (compatible; SemrushBot/7~bl; +http://www.semrush.com/bot.html)"
185.191.171.33 - - [09/Mar/2023:02:08:07 +0100] "GET /?Itemid=49&catid=7&fontstyle=f-larger&id=62&lang=en&option=com_content&view=article HTTP/1.1" 302 576 "-" "Mozilla/5.0 (compatible; SemrushBot/7~bl; +http://www.semrush.com/bot.html)"
185.191.171.20 - - [09/Mar/2023:02:08:24 +0100] "GET /?Itemid&fontstyle=f-smaller&id=349&lang=en&option=com_content&view=article HTTP/1.1" 302 561 "-" "Mozilla/5.0 (compatible; SemrushBot/7~bl; +http://www.semrush.com/bot.html)"
185.191.171.2 - - [09/Mar/2023:02:08:26 +0100] "GET /?Itemid=3&fontstyle=f-larger&id=252&lang=fr&option=com_content&view=article HTTP/1.1" 302 562 "-" "Mozilla/5.0 (compatible; SemrushBot/7~bl; +http://www.semrush.com/bot.html)"
185.191.171.7 - - [09/Mar/2023:02:08:28 +0100] "GET /index.php?Itemid&id=256&lang=fr&option=com_content&view=article HTTP/1.1" 302 542 "-" "Mozilla/5.0 (compatible; SemrushBot/7~bl; +http://www.semrush.com/bot.html)"
185.191.171.21 - - [09/Mar/2023:02:08:31 +0100] "GET /index.php?Itemid=0&id=368&lang=fr&option=com_content&view=article HTTP/1.1" 302 546 "-" "Mozilla/5.0 (compatible; SemrushBot/7~bl; +http://www.semrush.com/bot.html)"
185.191.171.34 - - [09/Mar/2023:02:08:33 +0100] "GET /index.php?Itemid=53&catid=1&id=434%3F%3Dfr&lang=fr&option=com_content&view=article HTTP/1.1" 302 574 "-" "Mozilla/5.0 (compatible; SemrushBot/7~bl; +http://www.semrush.com/bot.html)"
185.191.171.24 - - [09/Mar/2023:02:08:54 +0100] "GET /?Itemid=53&catid=7&fontstyle=f-smaller&id=56&lang=fr&option=com_content&view=article HTTP/1.1" 302 575 "-" "Mozilla/5.0 (compatible; SemrushBot/7~bl; +http://www.semrush.com/bot.html)"
185.191.171.45 - - [09/Mar/2023:02:09:20 +0100] "GET /?catid=7&fontstyle=f-smaller&id=59&lang=fr&option=com_content&view=article HTTP/1.1" 302 560 "-" "Mozilla/5.0 (compatible; SemrushBot/7~bl; +http://www.semrush.com/bot.html)"
185.191.171.42 - - [09/Mar/2023:02:09:25 +0100] "GET /index.php?gtask=archive&lang=en&listid=1&option=com_acymailing HTTP/1.1" 302 538 "-" "Mozilla/5.0 (compatible; SemrushBot/7~bl; +http://www.semrush.com/bot.html)"
185.191.171.10 - - [09/Mar/2023:02:09:27 +0100] "GET /?Itemid=3&catid=7&fontstyle=f-larger&id=56&lang=fr&option=com_content&view=article HTTP/1.1" 302 575 "-" "Mozilla/5.0 (compatible; SemrushBot/7~bl; +http://www.semrush.com/bot.html)"
185.191.171.10 - - [09/Mar/2023:02:09:34 +0100] "GET /?Itemid=0&fontstyle=f-smaller&id=360&lang=fr&option=com_content&view=article HTTP/1.1" 302 563 "-" "Mozilla/5.0 (compatible; SemrushBot/7~bl; +http://www.semrush.com/bot.html)"
185.191.171.33 - - [09/Mar/2023:02:09:36 +0100] "GET /index.php?Itemid=53&id=307&lang=en&option=com_content&view=article HTTP/1.1" 302 547 "-" "Mozilla/5.0 (compatible; SemrushBot/7~bl; +http://www.semrush.com/bot.html)"
185.191.171.25 - - [09/Mar/2023:02:09:44 +0100] "GET /index.php?Itemid=3&id=280&lang=en&option=com_content&view=article HTTP/1.1" 302 544 "-" "Mozilla/5.0 (compatible; SemrushBot/7~bl; +http://www.semrush.com/bot.html)"
185.191.171.15 - - [09/Mar/2023:02:09:50 +0100] "GET /?Itemid&fontstyle=f-smaller&id=491&lang=fr&option=com_content&view=article HTTP/1.1" 302 561 "-" "Mozilla/5.0 (compatible; SemrushBot/7~bl; +http://www.semrush.com/bot.html)"
185.191.171.9 - - [09/Mar/2023:02:09:59 +0100] "GET /index.php?Itemid=48&catid=7&id=35&lang=fr&option=com_content&view=article HTTP/1.1" 302 559 "-" "Mozilla/5.0 (compatible; SemrushBot/7~bl; +http://www.semrush.com/bot.html)"
212.129.37.175 - - [09/Mar/2023:02:10:58 +0100] "-" 408 1489 "-" "-"
185.191.171.5 - - [09/Mar/2023:02:11:09 +0100] "GET /?Itemid=53&catid=1&fontstyle=f-smaller&id=433%E2%8C%A9%3Dfr&lang=en&option=com_content&view=article HTTP/1.1" 302 605 "-" "Mozilla/5.0 (compatible; SemrushBot/7~bl; +http://www.semrush.com/bot.html)"
185.191.171.34 - - [09/Mar/2023:02:11:36 +0100] "GET /index.php?Itemid&id=75&lang=en&option=com_content&view=article HTTP/1.1" 302 540 "-" "Mozilla/5.0 (compatible; SemrushBot/7~bl; +http://www.semrush.com/bot.html)"
185.191.171.5 - - [09/Mar/2023:02:11:43 +0100] "GET /?Itemid=11&catid=7&fontstyle=f-smaller&id=6&lang=fr&option=com_content&view=article HTTP/1.1" 302 575 "-" "Mozilla/5.0 (compatible; SemrushBot/7~bl; +http://www.semrush.com/bot.html)"
212.129.37.175 - - [09/Mar/2023:02:11:56 +0100] "-" 408 1489 "-" "-"
185.191.171.18 - - [09/Mar/2023:02:12:02 +0100] "GET /?Itemid=46&catid=7&fontstyle=f-larger&id=53&lang=fr&option=com_content&view=article HTTP/1.1" 302 576 "-" "Mozilla/5.0 (compatible; SemrushBot/7~bl; +http://www.semrush.com/bot.html)"
185.191.171.33 - - [09/Mar/2023:02:12:24 +0100] "GET /?Itemid&fontstyle=f-smaller&id=356&lang=fr&option=com_content&view=article HTTP/1.1" 302 561 "-" "Mozilla/5.0 (compatible; SemrushBot/7~bl; +http://www.semrush.com/bot.html)"
185.191.171.34 - - [09/Mar/2023:02:12:28 +0100] "GET /?Itemid=46&catid=7&fontstyle=f-smaller&id=62&lang=fr&option=com_content&view=article HTTP/1.1" 302 576 "-" "Mozilla/5.0 (compatible; SemrushBot/7~bl; +http://www.semrush.com/bot.html)"
185.191.171.34 - - [09/Mar/2023:02:12:30 +0100] "GET /index.php?Itemid=53&catid=7&id=29&lang=fr&option=com_content&view=article HTTP/1.1" 302 559 "-" "Mozilla/5.0 (compatible; SemrushBot/7~bl; +http://www.semrush.com/bot.html)"
185.191.171.18 - - [09/Mar/2023:02:12:35 +0100] "GET /?Itemid=50&catid=7&fontstyle=f-larger&id=5&lang=en&option=com_content&view=article HTTP/1.1" 302 572 "-" "Mozilla/5.0 (compatible; SemrushBot/7~bl; +http://www.semrush.com/bot.html)"
185.191.171.45 - - [09/Mar/2023:02:12:40 +0100] "GET /?Itemid=45&catid=7&fontstyle=f-smaller&id=23&lang=fr&option=com_content&view=article HTTP/1.1" 302 576 "-" "Mozilla/5.0 (compatible; SemrushBot/7~bl; +http://www.semrush.com/bot.html)"
185.191.171.45 - - [09/Mar/2023:02:12:50 +0100] "GET /?Itemid=3&fontstyle=f-larger&id=238&lang=fr&option=com_content&view=article HTTP/1.1" 302 562 "-" "Mozilla/5.0 (compatible; SemrushBot/7~bl; +http://www.semrush.com/bot.html)"
185.191.171.7 - - [09/Mar/2023:02:13:13 +0100] "GET /?Itemid=16&catid=7&fontstyle=f-smaller&id=28&lang=en&option=com_content&view=article HTTP/1.1" 302 576 "-" "Mozilla/5.0 (compatible; SemrushBot/7~bl; +http://www.semrush.com/bot.html)"
185.191.171.44 - - [09/Mar/2023:02:13:33 +0100] "GET /?Itemid=46&catid=7&fontstyle=f-smaller&id=21&lang=fr&option=com_content&view=article HTTP/1.1" 302 576 "-" "Mozilla/5.0 (compatible; SemrushBot/7~bl; +http://www.semrush.com/bot.html)"
185.191.171.26 - - [09/Mar/2023:02:13:44 +0100] "GET /index.php?catid=7&id=12&lang=en&option=com_content&view=article HTTP/1.1" 302 541 "-" "Mozilla/5.0 (compatible; SemrushBot/7~bl; +http://www.semrush.com/bot.html)"
185.191.171.17 - - [09/Mar/2023:02:14:02 +0100] "GET /?Itemid=11&catid=7&fontstyle=f-larger&id=32&lang=en&option=com_content&view=article HTTP/1.1" 302 575 "-" "Mozilla/5.0 (compatible; SemrushBot/7~bl; +http://www.semrush.com/bot.html)"
185.191.171.5 - - [09/Mar/2023:02:14:03 +0100] "GET /index.php?Itemid=53&catid=7&id=58&lang=fr&option=com_content&view=article HTTP/1.1" 302 557 "-" "Mozilla/5.0 (compatible; SemrushBot/7~bl; +http://www.semrush.com/bot.html)"
185.191.171.43 - - [09/Mar/2023:02:14:05 +0100] "GET /?Itemid=11&catid=7&fontstyle=f-larger&id=25&lang=en&option=com_content&view=article HTTP/1.1" 302 576 "-" "Mozilla/5.0 (compatible; SemrushBot/7~bl; +http://www.semrush.com/bot.html)"
185.191.171.19 - - [09/Mar/2023:02:14:22 +0100] "GET /index.php?Itemid=12&catid=7&id=18&lang=en&option=com_content&view=article HTTP/1.1" 302 556 "-" "Mozilla/5.0 (compatible; SemrushBot/7~bl; +http://www.semrush.com/bot.html)"
185.191.171.22 - - [09/Mar/2023:02:14:45 +0100] "GET /index.php?Itemid=3&id=322&lang=fr&option=com_content&view=article HTTP/1.1" 302 543 "-" "Mozilla/5.0 (compatible; SemrushBot/7~bl; +http://www.semrush.com/bot.html)"
185.191.171.17 - - [09/Mar/2023:02:15:14 +0100] "GET /?Itemid=0&fontstyle=f-larger&id=324&lang=en&option=com_content&view=article HTTP/1.1" 302 562 "-" "Mozilla/5.0 (compatible; SemrushBot/7~bl; +http://www.semrush.com/bot.html)"
212.129.37.175 - - [09/Mar/2023:02:15:25 +0100] "-" 408 1489 "-" "-"
121.40.62.56 - - [09/Mar/2023:02:15:31 +0100] "GET /" 400 458 "-" "-"
185.191.171.21 - - [09/Mar/2023:02:15:43 +0100] "GET /index.php?catid=7&id=9&lang=en&option=com_content&view=article HTTP/1.1" 302 539 "-" "Mozilla/5.0 (compatible; SemrushBot/7~bl; +http://www.semrush.com/bot.html)"
185.191.171.45 - - [09/Mar/2023:02:15:49 +0100] "GET /?Itemid=3&catid=1&fontstyle=f-smaller&id=437%E2%8C%A9%3Dfr&lang=en&option=com_content&view=article HTTP/1.1" 302 604 "-" "Mozilla/5.0 (compatible; SemrushBot/7~bl; +http://www.semrush.com/bot.html)"
185.191.171.41 - - [09/Mar/2023:02:16:14 +0100] "GET /index.php?Itemid=5&catid=7&id=58&lang=fr&option=com_content&view=article HTTP/1.1" 302 557 "-" "Mozilla/5.0 (compatible; SemrushBot/7~bl; +http://www.semrush.com/bot.html)"
185.191.171.18 - - [09/Mar/2023:02:16:30 +0100] "GET /robots.txt HTTP/1.1" 302 441 "-" "Mozilla/5.0 (compatible; SemrushBot/7~bl; +http://www.semrush.com/bot.html)"
185.191.171.21 - - [09/Mar/2023:02:16:31 +0100] "GET /index.php?Itemid&id=256&lang=fr&option=com_content&view=article HTTP/1.1" 302 542 "-" "Mozilla/5.0 (compatible; SemrushBot/7~bl; +http://www.semrush.com/bot.html)"
185.191.171.44 - - [09/Mar/2023:02:16:33 +0100] "GET /?Itemid=12&catid=7&fontstyle=f-smaller&id=64&lang=fr&option=com_content&view=article HTTP/1.1" 302 576 "-" "Mozilla/5.0 (compatible; SemrushBot/7~bl; +http://www.semrush.com/bot.html)"
212.129.37.175 - - [09/Mar/2023:02:16:49 +0100] "-" 408 1489 "-" "-"
185.191.171.15 - - [09/Mar/2023:02:17:00 +0100] "GET /?Itemid=16&catid=7&fontstyle=f-larger&id=19&lang=en&option=com_content&view=article HTTP/1.1" 302 575 "-" "Mozilla/5.0 (compatible; SemrushBot/7~bl; +http://www.semrush.com/bot.html)"
185.191.171.43 - - [09/Mar/2023:02:17:01 +0100] "GET /?Itemid=0&fontstyle=f-smaller&id=154&lang=fr&option=com_content&view=article HTTP/1.1" 302 563 "-" "Mozilla/5.0 (compatible; SemrushBot/7~bl; +http://www.semrush.com/bot.html)"
185.191.171.7 - - [09/Mar/2023:02:17:04 +0100] "GET /?Itemid&catid=7&fontstyle=f-smaller&id=24&lang=en&option=com_content&view=article HTTP/1.1" 302 572 "-" "Mozilla/5.0 (compatible; SemrushBot/7~bl; +http://www.semrush.com/bot.html)"
185.191.171.43 - - [09/Mar/2023:02:17:07 +0100] "GET /index.php?Itemid=0&fontstyle=f-larger>ask=archive&lang=en&listid=1%3Amailing_list&option=com_acymailing HTTP/1.1" 302 610 "-" "Mozilla/5.0 (compatible; SemrushBot/7~bl; +http://www.semrush.com/bot.html)"
185.191.171.5 - - [09/Mar/2023:02:17:34 +0100] "GET /?Itemid=50&catid=7&fontstyle=f-smaller&id=43&lang=en&option=com_content&view=article HTTP/1.1" 302 576 "-" "Mozilla/5.0 (compatible; SemrushBot/7~bl; +http://www.semrush.com/bot.html)"
185.191.171.43 - - [09/Mar/2023:02:17:37 +0100] "GET /?catid=8&fontstyle=f-smaller&id=121&lang=en&option=com_content&view=article HTTP/1.1" 302 561 "-" "Mozilla/5.0 (compatible; SemrushBot/7~bl; +http://www.semrush.com/bot.html)"
185.191.171.40 - - [09/Mar/2023:02:17:37 +0100] "GET /?Itemid=46&catid=7&fontstyle=f-larger&id=61&lang=en&option=com_content&view=article HTTP/1.1" 302 576 "-" "Mozilla/5.0 (compatible; SemrushBot/7~bl; +http://www.semrush.com/bot.html)"
185.191.171.13 - - [09/Mar/2023:02:17:58 +0100] "GET /index.php?Itemid=0&id=328&lang=en&option=com_content&view=article HTTP/1.1" 302 544 "-" "Mozilla/5.0 (compatible; SemrushBot/7~bl; +http://www.semrush.com/bot.html)"
185.191.171.37 - - [09/Mar/2023:02:18:12 +0100] "GET /index.php?Itemid=3&id=144&lang=en&option=com_content&view=article HTTP/1.1" 302 544 "-" "Mozilla/5.0 (compatible; SemrushBot/7~bl; +http://www.semrush.com/bot.html)"
185.191.171.9 - - [09/Mar/2023:02:18:21 +0100] "GET /index.php?Itemid=0&id=315&lang=en&option=com_content&view=article HTTP/1.1" 302 545 "-" "Mozilla/5.0 (compatible; SemrushBot/7~bl; +http://www.semrush.com/bot.html)"
185.191.171.1 - - [09/Mar/2023:02:18:43 +0100] "GET /index.php?catid=7&id=44&lang=en&option=com_content&view=article HTTP/1.1" 302 542 "-" "Mozilla/5.0 (compatible; SemrushBot/7~bl; +http://www.semrush.com/bot.html)"
185.191.171.13 - - [09/Mar/2023:02:19:01 +0100] "GET /?Itemid=5&fontstyle=f-smaller&id=256&lang=fr&option=com_content&view=article HTTP/1.1" 302 564 "-" "Mozilla/5.0 (compatible; SemrushBot/7~bl; +http://www.semrush.com/bot.html)"
185.191.171.25 - - [09/Mar/2023:02:19:10 +0100] "GET /index.php?catid=1&id=231&lang=fr&option=com_content&view=article HTTP/1.1" 302 542 "-" "Mozilla/5.0 (compatible; SemrushBot/7~bl; +http://www.semrush.com/bot.html)"
185.191.171.37 - - [09/Mar/2023:02:19:39 +0100] "GET /?Itemid=0&fontstyle=f-larger&id=71&lang=fr&option=com_content&view=article HTTP/1.1" 302 561 "-" "Mozilla/5.0 (compatible; SemrushBot/7~bl; +http://www.semrush.com/bot.html)"
212.129.37.175 - - [09/Mar/2023:02:19:51 +0100] "-" 408 1489 "-" "-"
185.191.171.4 - - [09/Mar/2023:02:19:55 +0100] "GET /?Itemid=12&catid=7&fontstyle=f-smaller&id=37&lang=en&option=com_content&view=article HTTP/1.1" 302 575 "-" "Mozilla/5.0 (compatible; SemrushBot/7~bl; +http://www.semrush.com/bot.html)"
185.191.171.6 - - [09/Mar/2023:02:19:56 +0100] "GET /?Itemid=45&catid=7&fontstyle=f-smaller&id=43&lang=en&option=com_content&view=article HTTP/1.1" 302 575 "-" "Mozilla/5.0 (compatible; SemrushBot/7~bl; +http://www.semrush.com/bot.html)"
185.191.171.4 - - [09/Mar/2023:02:20:50 +0100] "GET /index.php?Itemid=0&id=190&lang=en&option=com_content&view=article HTTP/1.1" 302 543 "-" "Mozilla/5.0 (compatible; SemrushBot/7~bl; +http://www.semrush.com/bot.html)"
185.191.171.10 - - [09/Mar/2023:02:20:51 +0100] "GET /index.php?Itemid=3&id=1&lang=fr&layout=blog&limitstart=55&option=com_content&view=category HTTP/1.1" 302 589 "-" "Mozilla/5.0 (compatible; SemrushBot/7~bl; +http://www.semrush.com/bot.html)"
185.191.171.38 - - [09/Mar/2023:02:21:23 +0100] "GET /index.php?Itemid=47&catid=7&id=37&lang=fr&option=com_content&view=article HTTP/1.1" 302 557 "-" "Mozilla/5.0 (compatible; SemrushBot/7~bl; +http://www.semrush.com/bot.html)"
185.191.171.13 - - [09/Mar/2023:02:21:27 +0100] "GET /?Itemid=50&catid=7&fontstyle=f-larger&id=27&lang=en&option=com_content&view=article HTTP/1.1" 302 575 "-" "Mozilla/5.0 (compatible; SemrushBot/7~bl; +http://www.semrush.com/bot.html)"
212.129.37.175 - - [09/Mar/2023:02:21:43 +0100] "-" 408 1489 "-" "-"
185.191.171.19 - - [09/Mar/2023:02:22:11 +0100] "GET /index.php?Itemid=47&catid=7&id=55&lang=en&option=com_content&view=article HTTP/1.1" 302 558 "-" "Mozilla/5.0 (compatible; SemrushBot/7~bl; +http://www.semrush.com/bot.html)"
185.191.171.2 - - [09/Mar/2023:02:22:16 +0100] "GET /?Itemid=46&catid=7&fontstyle=f-larger&id=49&lang=fr&option=com_content&view=article HTTP/1.1" 302 575 "-" "Mozilla/5.0 (compatible; SemrushBot/7~bl; +http://www.semrush.com/bot.html)"
185.191.171.6 - - [09/Mar/2023:02:22:30 +0100] "GET /?Itemid=48&catid=7&fontstyle=f-larger&id=38&lang=en&option=com_content&view=article HTTP/1.1" 302 575 "-" "Mozilla/5.0 (compatible; SemrushBot/7~bl; +http://www.semrush.com/bot.html)"
185.191.171.5 - - [09/Mar/2023:02:23:07 +0100] "GET /index.php?Itemid=0&id=167&lang=fr&option=com_content&view=article HTTP/1.1" 302 546 "-" "Mozilla/5.0 (compatible; SemrushBot/7~bl; +http://www.semrush.com/bot.html)"
185.191.171.21 - - [09/Mar/2023:02:23:21 +0100] "GET /index.php?Itemid=49&catid=7&id=73&lang=en&option=com_content&view=article HTTP/1.1" 302 558 "-" "Mozilla/5.0 (compatible; SemrushBot/7~bl; +http://www.semrush.com/bot.html)"
185.191.171.37 - - [09/Mar/2023:02:23:26 +0100] "GET /index.php?Itemid=53&catid=7&id=32&lang=en&option=com_content&view=article HTTP/1.1" 302 558 "-" "Mozilla/5.0 (compatible; SemrushBot/7~bl; +http://www.semrush.com/bot.html)"
185.191.171.41 - - [09/Mar/2023:02:23:54 +0100] "GET /index.php HTTP/1.1" 302 439 "-" "Mozilla/5.0 (compatible; SemrushBot/7~bl; +http://www.semrush.com/bot.html)"
185.191.171.14 - - [09/Mar/2023:02:23:59 +0100] "GET /?Itemid=49&catid=7&fontstyle=f-smaller&id=39&lang=fr&option=com_content&view=article HTTP/1.1" 302 575 "-" "Mozilla/5.0 (compatible; SemrushBot/7~bl; +http://www.semrush.com/bot.html)"
212.129.37.175 - - [09/Mar/2023:02:24:18 +0100] "-" 408 1489 "-" "-"
185.191.171.15 - - [09/Mar/2023:02:24:45 +0100] "GET /?Itemid=46&catid=7&fontstyle=f-smaller&id=56&lang=en&option=com_content&view=article HTTP/1.1" 302 575 "-" "Mozilla/5.0 (compatible; SemrushBot/7~bl; +http://www.semrush.com/bot.html)"
185.191.171.26 - - [09/Mar/2023:02:24:53 +0100] "GET /?Itemid=11&catid=7&fontstyle=f-larger&id=22&lang=en&option=com_content&view=article HTTP/1.1" 302 575 "-" "Mozilla/5.0 (compatible; SemrushBot/7~bl; +http://www.semrush.com/bot.html)"
185.191.171.9 - - [09/Mar/2023:02:25:00 +0100] "GET /index.php?Itemid=0&catid=1&id=229&lang=en&option=com_content&view=article HTTP/1.1" 302 557 "-" "Mozilla/5.0 (compatible; SemrushBot/7~bl; +http://www.semrush.com/bot.html)"
185.191.171.21 - - [09/Mar/2023:02:25:06 +0100] "GET /?Itemid=3&catid=7&fontstyle=f-larger&id=73&lang=fr&option=com_content&view=article HTTP/1.1" 302 572 "-" "Mozilla/5.0 (compatible; SemrushBot/7~bl; +http://www.semrush.com/bot.html)"
185.191.171.25 - - [09/Mar/2023:02:25:12 +0100] "GET /?Itemid=11&catid=7&fontstyle=f-smaller&id=53&lang=en&option=com_content&view=article HTTP/1.1" 302 576 "-" "Mozilla/5.0 (compatible; SemrushBot/7~bl; +http://www.semrush.com/bot.html)"
185.191.171.2 - - [09/Mar/2023:02:25:32 +0100] "GET /?Itemid=0&fontstyle=f-larger&id=200&lang=en&option=com_content&view=article HTTP/1.1" 302 560 "-" "Mozilla/5.0 (compatible; SemrushBot/7~bl; +http://www.semrush.com/bot.html)"
185.191.171.5 - - [09/Mar/2023:02:25:39 +0100] "GET /index.php?Itemid=0&id=196&lang=en&option=com_content&view=article HTTP/1.1" 302 545 "-" "Mozilla/5.0 (compatible; SemrushBot/7~bl; +http://www.semrush.com/bot.html)"
185.191.171.44 - - [09/Mar/2023:02:26:22 +0100] "GET /?Itemid=11&catid=7&fontstyle=f-smaller&id=62&lang=en&option=com_content&view=article HTTP/1.1" 302 576 "-" "Mozilla/5.0 (compatible; SemrushBot/7~bl; +http://www.semrush.com/bot.html)"
212.129.37.175 - - [09/Mar/2023:02:26:36 +0100] "-" 408 1489 "-" "-"
185.191.171.22 - - [09/Mar/2023:02:26:39 +0100] "GET /?Itemid=11&catid=7&fontstyle=f-larger&id=5&lang=en&option=com_content&view=article HTTP/1.1" 302 573 "-" "Mozilla/5.0 (compatible; SemrushBot/7~bl; +http://www.semrush.com/bot.html)"
185.191.171.33 - - [09/Mar/2023:02:26:50 +0100] "GET /index.php?Itemid&catid=7&id=33&lang=fr&option=com_content&view=article HTTP/1.1" 302 554 "-" "Mozilla/5.0 (compatible; SemrushBot/7~bl; +http://www.semrush.com/bot.html)"
185.191.171.18 - - [09/Mar/2023:02:26:59 +0100] "GET /index.php?Itemid=3&catid=1&id=441&lang=en&option=com_content&view=article HTTP/1.1" 302 556 "-" "Mozilla/5.0 (compatible; SemrushBot/7~bl; +http://www.semrush.com/bot.html)"
185.191.171.41 - - [09/Mar/2023:02:28:04 +0100] "GET /?Itemid=3&catid=1&fontstyle=f-smaller&id=416&lang=fr&option=com_content&view=article HTTP/1.1" 302 578 "-" "Mozilla/5.0 (compatible; SemrushBot/7~bl; +http://www.semrush.com/bot.html)"
185.191.171.9 - - [09/Mar/2023:02:28:21 +0100] "GET /?Itemid=53&fontstyle=f-larger&id=347&lang=fr&option=com_content&view=article HTTP/1.1" 302 565 "-" "Mozilla/5.0 (compatible; SemrushBot/7~bl; +http://www.semrush.com/bot.html)"
212.129.37.175 - - [09/Mar/2023:02:28:44 +0100] "-" 408 1489 "-" "-"
185.191.171.17 - - [09/Mar/2023:02:28:53 +0100] "GET /?Itemid&catid=7&fontstyle=f-smaller&id=66&lang=en&option=com_content&view=article HTTP/1.1" 302 572 "-" "Mozilla/5.0 (compatible; SemrushBot/7~bl; +http://www.semrush.com/bot.html)"
185.191.171.34 - - [09/Mar/2023:02:29:05 +0100] "GET /index.php?Itemid=47&catid=7&id=36&lang=fr&option=com_content&view=article HTTP/1.1" 302 559 "-" "Mozilla/5.0 (compatible; SemrushBot/7~bl; +http://www.semrush.com/bot.html)"
185.191.171.14 - - [09/Mar/2023:02:29:08 +0100] "GET /?Itemid&fontstyle=f-smaller&id=367&lang=fr&option=com_content&view=article HTTP/1.1" 302 562 "-" "Mozilla/5.0 (compatible; SemrushBot/7~bl; +http://www.semrush.com/bot.html)"
185.191.171.21 - - [09/Mar/2023:02:29:26 +0100] "GET /index.php?Itemid=11&catid=7&id=32&lang=fr&option=com_content&view=article HTTP/1.1" 302 559 "-" "Mozilla/5.0 (compatible; SemrushBot/7~bl; +http://www.semrush.com/bot.html)"
185.191.171.44 - - [09/Mar/2023:02:29:31 +0100] "GET /index.php?Itemid=0&id=359&lang=en&option=com_content&view=article HTTP/1.1" 302 545 "-" "Mozilla/5.0 (compatible; SemrushBot/7~bl; +http://www.semrush.com/bot.html)"
185.191.171.1 - - [09/Mar/2023:02:29:50 +0100] "GET /?Itemid=12&catid=7&fontstyle=f-smaller&id=49&lang=fr&option=com_content&view=article HTTP/1.1" 302 576 "-" "Mozilla/5.0 (compatible; SemrushBot/7~bl; +http://www.semrush.com/bot.html)"
185.191.171.43 - - [09/Mar/2023:02:29:58 +0100] "GET /?Itemid=5&catid=7&fontstyle=f-smaller&id=5&lang=fr&option=com_content&view=article HTTP/1.1" 302 572 "-" "Mozilla/5.0 (compatible; SemrushBot/7~bl; +http://www.semrush.com/bot.html)"
185.191.171.5 - - [09/Mar/2023:02:30:12 +0100] "GET /?catid=7&fontstyle=f-smaller&id=49&lang=en&option=com_content&view=article HTTP/1.1" 302 561 "-" "Mozilla/5.0 (compatible; SemrushBot/7~bl; +http://www.semrush.com/bot.html)"
185.191.171.24 - - [09/Mar/2023:02:30:38 +0100] "GET /index.php?Itemid=45&catid=7&id=53&lang=fr&option=com_content&view=article HTTP/1.1" 302 559 "-" "Mozilla/5.0 (compatible; SemrushBot/7~bl; +http://www.semrush.com/bot.html)"
185.191.171.4 - - [09/Mar/2023:02:30:57 +0100] "GET /index.php?Itemid=47&catid=7&id=29&lang=en&option=com_content&view=article HTTP/1.1" 302 558 "-" "Mozilla/5.0 (compatible; SemrushBot/7~bl; +http://www.semrush.com/bot.html)"
212.129.37.175 - - [09/Mar/2023:02:31:29 +0100] "-" 408 1489 "-" "-"
185.191.171.9 - - [09/Mar/2023:02:32:05 +0100] "GET /?Itemid=53&fontstyle=f-larger&id=285&lang=fr&option=com_content&view=article HTTP/1.1" 302 565 "-" "Mozilla/5.0 (compatible; SemrushBot/7~bl; +http://www.semrush.com/bot.html)"
185.191.171.35 - - [09/Mar/2023:02:32:31 +0100] "GET /?Itemid=5&catid=7&fontstyle=f-larger&id=46&lang=en&option=com_content&view=article HTTP/1.1" 302 575 "-" "Mozilla/5.0 (compatible; SemrushBot/7~bl; +http://www.semrush.com/bot.html)"
185.191.171.45 - - [09/Mar/2023:02:33:10 +0100] "GET /index.php?Itemid=3&catid=7&id=43&lang=en&option=com_content&view=article HTTP/1.1" 302 556 "-" "Mozilla/5.0 (compatible; SemrushBot/7~bl; +http://www.semrush.com/bot.html)"
212.129.37.175 - - [09/Mar/2023:02:33:11 +0100] "-" 408 1489 "-" "-"
185.191.171.14 - - [09/Mar/2023:02:33:12 +0100] "GET /index.php?Itemid=16&catid=7&id=55&lang=en&option=com_content&view=article HTTP/1.1" 302 559 "-" "Mozilla/5.0 (compatible; SemrushBot/7~bl; +http://www.semrush.com/bot.html)"
185.191.171.2 - - [09/Mar/2023:02:33:18 +0100] "GET /?Itemid=0&fontstyle=f-smaller&id=164&lang=en&option=com_content&view=article HTTP/1.1" 302 564 "-" "Mozilla/5.0 (compatible; SemrushBot/7~bl; +http://www.semrush.com/bot.html)"
185.191.171.26 - - [09/Mar/2023:02:33:53 +0100] "GET /?Itemid=53&catid=1&fontstyle=f-larger&id=432%E2%8C%A9%3Dfr&lang=fr&option=com_content&view=article HTTP/1.1" 302 603 "-" "Mozilla/5.0 (compatible; SemrushBot/7~bl; +http://www.semrush.com/bot.html)"
185.191.171.7 - - [09/Mar/2023:02:34:10 +0100] "GET /index.php?Itemid=53&catid=1&id=481&lang=en&option=com_content&view=article HTTP/1.1" 302 560 "-" "Mozilla/5.0 (compatible; SemrushBot/7~bl; +http://www.semrush.com/bot.html)"
185.191.171.19 - - [09/Mar/2023:02:34:14 +0100] "GET /index.php?Itemid=0&catid=7&id=53&lang=fr&option=com_content&view=article HTTP/1.1" 302 557 "-" "Mozilla/5.0 (compatible; SemrushBot/7~bl; +http://www.semrush.com/bot.html)"
185.191.171.42 - - [09/Mar/2023:02:34:21 +0100] "GET /?Itemid=0&catid=7&fontstyle=f-smaller&id=24&lang=en&option=com_content&view=article HTTP/1.1" 302 576 "-" "Mozilla/5.0 (compatible; SemrushBot/7~bl; +http://www.semrush.com/bot.html)"
185.191.171.34 - - [09/Mar/2023:02:34:55 +0100] "GET /index.php?Itemid=53&id=285&lang=fr&option=com_content&view=article HTTP/1.1" 302 548 "-" "Mozilla/5.0 (compatible; SemrushBot/7~bl; +http://www.semrush.com/bot.html)"
185.191.171.17 - - [09/Mar/2023:02:34:55 +0100] "GET /?Itemid=16&catid=7&fontstyle=f-larger&id=37&lang=en&option=com_content&view=article HTTP/1.1" 302 575 "-" "Mozilla/5.0 (compatible; SemrushBot/7~bl; +http://www.semrush.com/bot.html)"
185.191.171.9 - - [09/Mar/2023:02:34:57 +0100] "GET /?Itemid=53&fontstyle=f-larger&id=311&lang=en&option=com_content&view=article HTTP/1.1" 302 564 "-" "Mozilla/5.0 (compatible; SemrushBot/7~bl; +http://www.semrush.com/bot.html)"
185.191.171.37 - - [09/Mar/2023:02:35:12 +0100] "GET /?Itemid=3&fontstyle=f-smaller&id=1&lang=fr&layout=blog&limitstart=25&option=com_content&view=category HTTP/1.1" 302 607 "-" "Mozilla/5.0 (compatible; SemrushBot/7~bl; +http://www.semrush.com/bot.html)"
185.191.171.34 - - [09/Mar/2023:02:35:28 +0100] "GET /?Itemid=3&catid=7&fontstyle=f-larger&id=38&lang=fr&option=com_content&view=article HTTP/1.1" 302 573 "-" "Mozilla/5.0 (compatible; SemrushBot/7~bl; +http://www.semrush.com/bot.html)"
185.191.171.20 - - [09/Mar/2023:02:36:03 +0100] "GET /index.php?catid=7&id=33&lang=fr&option=com_content&view=article HTTP/1.1" 302 542 "-" "Mozilla/5.0 (compatible; SemrushBot/7~bl; +http://www.semrush.com/bot.html)"
185.191.171.42 - - [09/Mar/2023:02:36:05 +0100] "GET /?Itemid=11&catid=7&fontstyle=f-larger&id=63&lang=en&option=com_content&view=article HTTP/1.1" 302 576 "-" "Mozilla/5.0 (compatible; SemrushBot/7~bl; +http://www.semrush.com/bot.html)"
212.129.37.175 - - [09/Mar/2023:02:36:23 +0100] "-" 408 1489 "-" "-"
185.191.171.7 - - [09/Mar/2023:02:36:53 +0100] "GET /index.php?Itemid&id=238&lang=en&option=com_content&view=article HTTP/1.1" 302 542 "-" "Mozilla/5.0 (compatible; SemrushBot/7~bl; +http://www.semrush.com/bot.html)"
64.227.90.185 - - [09/Mar/2023:02:37:04 +0100] "GET / HTTP/1.1" 404 2130 "-" "Mozilla/5.0 (X11; Linux x86_64) AppleWebKit/537.36 (KHTML, like Gecko) Chrome/98.0.4758.102 Safari/537.36"
185.191.171.12 - - [09/Mar/2023:02:37:09 +0100] "GET /?Itemid&fontstyle=f-larger&id=235&lang=fr&option=com_content&view=article HTTP/1.1" 302 559 "-" "Mozilla/5.0 (compatible; SemrushBot/7~bl; +http://www.semrush.com/bot.html)"
185.191.171.43 - - [09/Mar/2023:02:37:26 +0100] "GET /index.php?Itemid=11&catid=7&id=37&lang=fr&option=com_content&view=article HTTP/1.1" 302 558 "-" "Mozilla/5.0 (compatible; SemrushBot/7~bl; +http://www.semrush.com/bot.html)"
185.191.171.23 - - [09/Mar/2023:02:37:31 +0100] "GET /?Itemid=16&catid=7&fontstyle=f-larger&id=30&lang=fr&option=com_content&view=article HTTP/1.1" 302 576 "-" "Mozilla/5.0 (compatible; SemrushBot/7~bl; +http://www.semrush.com/bot.html)"
185.191.171.19 - - [09/Mar/2023:02:37:31 +0100] "GET /index.php?Itemid=3&catid=7&id=31&lang=en&option=com_content&view=article HTTP/1.1" 302 556 "-" "Mozilla/5.0 (compatible; SemrushBot/7~bl; +http://www.semrush.com/bot.html)"
64.227.90.185 - - [09/Mar/2023:02:37:34 +0100] "quit" 501 1724 "-" "-"
212.129.37.175 - - [09/Mar/2023:02:37:37 +0100] "-" 408 1489 "-" "-"
185.191.171.43 - - [09/Mar/2023:02:37:41 +0100] "GET /index.php?Itemid=14&catid=7&id=32&lang=fr&option=com_content&view=article HTTP/1.1" 302 559 "-" "Mozilla/5.0 (compatible; SemrushBot/7~bl; +http://www.semrush.com/bot.html)"
64.227.90.185 - - [09/Mar/2023:02:37:52 +0100] "GET /robots.txt HTTP/1.1" 404 2126 "-" "-"
64.227.90.185 - - [09/Mar/2023:02:37:57 +0100] "GET /sitemap.xml HTTP/1.1" 404 2126 "-" "-"
64.227.90.185 - - [09/Mar/2023:02:38:00 +0100] "GET /.well-known/security.txt HTTP/1.1" 404 2142 "-" "-"
185.191.171.14 - - [09/Mar/2023:02:38:01 +0100] "GET /index.php?Itemid=53&id=313&lang=fr&option=com_content&view=article HTTP/1.1" 302 546 "-" "Mozilla/5.0 (compatible; SemrushBot/7~bl; +http://www.semrush.com/bot.html)"
64.227.90.185 - - [09/Mar/2023:02:38:08 +0100] "GET /favicon.ico HTTP/1.1" 404 2587 "-" "Mozilla/5.0 (Macintosh; Intel Mac OS X 10.15; rv:80.0) Gecko/20100101 Firefox/80.0"
185.191.171.14 - - [09/Mar/2023:02:38:20 +0100] "GET /?Itemid=3&catid=7&fontstyle=f-larger&id=66&lang=en&option=com_content&view=article HTTP/1.1" 302 575 "-" "Mozilla/5.0 (compatible; SemrushBot/7~bl; +http://www.semrush.com/bot.html)"
185.191.171.37 - - [09/Mar/2023:02:38:40 +0100] "GET /?catid=7&fontstyle=f-smaller&id=39&lang=fr&option=com_content&view=article HTTP/1.1" 302 560 "-" "Mozilla/5.0 (compatible; SemrushBot/7~bl; +http://www.semrush.com/bot.html)"
185.191.171.37 - - [09/Mar/2023:02:38:45 +0100] "GET /?Itemid=50&catid=7&fontstyle=f-larger&id=23&lang=fr&option=com_content&view=article HTTP/1.1" 302 575 "-" "Mozilla/5.0 (compatible; SemrushBot/7~bl; +http://www.semrush.com/bot.html)"
134.122.184.29 - - [09/Mar/2023:02:39:27 +0100] "GET /a/73039.html HTTP/1.1" 404 2190 "/a/73039.html" "Mozilla/5.0 (iPhone; CPU iPhone OS 13_2_3 like Mac OS X) AppleWebKit/605.1.15 (KHTML, like Gecko) Version/13.0.3 Mobile/15E148 Safari/604.1"
185.191.171.9 - - [09/Mar/2023:02:39:58 +0100] "GET /?Itemid=53&catid=1&fontstyle=f-smaller&id=472&lang=en&option=com_content&view=article HTTP/1.1" 302 578 "-" "Mozilla/5.0 (compatible; SemrushBot/7~bl; +http://www.semrush.com/bot.html)"
185.191.171.17 - - [09/Mar/2023:02:40:34 +0100] "GET /index.php?Itemid=3&catid=7&id=24&lang=fr&option=com_content&view=article HTTP/1.1" 302 557 "-" "Mozilla/5.0 (compatible; SemrushBot/7~bl; +http://www.semrush.com/bot.html)"
185.191.171.5 - - [09/Mar/2023:02:40:40 +0100] "GET /?Itemid=3&catid=7&fontstyle=f-larger&id=62&lang=fr&option=com_content&view=article HTTP/1.1" 302 575 "-" "Mozilla/5.0 (compatible; SemrushBot/7~bl; +http://www.semrush.com/bot.html)"
212.129.37.175 - - [09/Mar/2023:02:41:16 +0100] "-" 408 1489 "-" "-"
185.191.171.19 - - [09/Mar/2023:02:41:29 +0100] "GET /index.php?Itemid=0&id=71&lang=en&option=com_content&view=article HTTP/1.1" 302 543 "-" "Mozilla/5.0 (compatible; SemrushBot/7~bl; +http://www.semrush.com/bot.html)"
185.191.171.8 - - [09/Mar/2023:02:41:34 +0100] "GET /?Itemid=12&catid=7&fontstyle=f-larger&id=50&lang=en&option=com_content&view=article HTTP/1.1" 302 576 "-" "Mozilla/5.0 (compatible; SemrushBot/7~bl; +http://www.semrush.com/bot.html)"
185.191.171.9 - - [09/Mar/2023:02:41:40 +0100] "GET /index.php?Itemid=0&catid=8&id=121&lang=fr&option=com_content&view=article HTTP/1.1" 302 558 "-" "Mozilla/5.0 (compatible; SemrushBot/7~bl; +http://www.semrush.com/bot.html)"
185.191.171.19 - - [09/Mar/2023:02:41:48 +0100] "GET /index.php?Itemid=14&catid=7&id=51&lang=fr&option=com_content&view=article HTTP/1.1" 302 559 "-" "Mozilla/5.0 (compatible; SemrushBot/7~bl; +http://www.semrush.com/bot.html)"
212.129.37.175 - - [09/Mar/2023:02:42:04 +0100] "-" 408 1489 "-" "-"
185.191.171.15 - - [09/Mar/2023:02:42:43 +0100] "GET /?Itemid=3&catid=7&fontstyle=f-larger&id=14&lang=fr&option=com_content&view=article HTTP/1.1" 302 575 "-" "Mozilla/5.0 (compatible; SemrushBot/7~bl; +http://www.semrush.com/bot.html)"
185.191.171.11 - - [09/Mar/2023:02:43:07 +0100] "GET /index.php?Itemid=46&catid=7&id=28&lang=fr&option=com_content&view=article HTTP/1.1" 302 559 "-" "Mozilla/5.0 (compatible; SemrushBot/7~bl; +http://www.semrush.com/bot.html)"
185.191.171.33 - - [09/Mar/2023:02:43:10 +0100] "GET /?Itemid=0&fontstyle=f-smaller&id=287&lang=fr&option=com_content&view=article HTTP/1.1" 302 563 "-" "Mozilla/5.0 (compatible; SemrushBot/7~bl; +http://www.semrush.com/bot.html)"
185.191.171.13 - - [09/Mar/2023:02:43:23 +0100] "GET /robots.txt HTTP/1.1" 302 441 "-" "Mozilla/5.0 (compatible; SemrushBot/7~bl; +http://www.semrush.com/bot.html)"
185.191.171.19 - - [09/Mar/2023:02:43:23 +0100] "GET /?Itemid=0&catid=7&fontstyle=f-smaller&id=38&lang=en&option=com_content&view=article HTTP/1.1" 302 576 "-" "Mozilla/5.0 (compatible; SemrushBot/7~bl; +http://www.semrush.com/bot.html)"
185.191.171.2 - - [09/Mar/2023:02:43:37 +0100] "GET /index.php?Itemid=53&catid=1&id=232&lang=fr&option=com_content&view=article HTTP/1.1" 302 560 "-" "Mozilla/5.0 (compatible; SemrushBot/7~bl; +http://www.semrush.com/bot.html)"
185.191.171.2 - - [09/Mar/2023:02:43:43 +0100] "GET /?Itemid=3&fontstyle=f-larger&id=353&lang=fr&option=com_content&view=article HTTP/1.1" 302 560 "-" "Mozilla/5.0 (compatible; SemrushBot/7~bl; +http://www.semrush.com/bot.html)"
185.191.171.21 - - [09/Mar/2023:02:43:58 +0100] "GET /index.php?Itemid=53&catid=7&id=8&lang=fr&option=com_content&view=article HTTP/1.1" 302 557 "-" "Mozilla/5.0 (compatible; SemrushBot/7~bl; +http://www.semrush.com/bot.html)"
185.191.171.41 - - [09/Mar/2023:02:44:08 +0100] "GET /?Itemid=53&catid=1&fontstyle=f-smaller&id=442%E2%8C%A9%3Dfr&lang=en&option=com_content&view=article HTTP/1.1" 302 605 "-" "Mozilla/5.0 (compatible; SemrushBot/7~bl; +http://www.semrush.com/bot.html)"
185.191.171.11 - - [09/Mar/2023:02:44:15 +0100] "GET /?Itemid=14&catid=7&fontstyle=f-larger&id=46&lang=fr&option=com_content&view=article HTTP/1.1" 302 576 "-" "Mozilla/5.0 (compatible; SemrushBot/7~bl; +http://www.semrush.com/bot.html)"
185.191.171.33 - - [09/Mar/2023:02:44:26 +0100] "GET /index.php?Itemid=3&catid=7&id=14&lang=en&option=com_content&view=article HTTP/1.1" 302 556 "-" "Mozilla/5.0 (compatible; SemrushBot/7~bl; +http://www.semrush.com/bot.html)"
185.191.171.9 - - [09/Mar/2023:02:44:42 +0100] "GET /?Itemid=3&catid=1&fontstyle=f-larger&id=437%E2%8C%A9%3Dfr&lang=en&option=com_content&view=article HTTP/1.1" 302 604 "-" "Mozilla/5.0 (compatible; SemrushBot/7~bl; +http://www.semrush.com/bot.html)"
185.191.171.19 - - [09/Mar/2023:02:44:51 +0100] "GET /index.php?Itemid&id=346&lang=en&option=com_content&view=article HTTP/1.1" 302 543 "-" "Mozilla/5.0 (compatible; SemrushBot/7~bl; +http://www.semrush.com/bot.html)"
185.191.171.22 - - [09/Mar/2023:02:45:19 +0100] "GET /?Itemid=0&catid=8&fontstyle=f-larger&id=129&lang=en&option=com_content&view=article HTTP/1.1" 302 577 "-" "Mozilla/5.0 (compatible; SemrushBot/7~bl; +http://www.semrush.com/bot.html)"
185.191.171.9 - - [09/Mar/2023:02:45:25 +0100] "GET /index.php?Itemid=0&catid=7&id=55&lang=fr&option=com_content&view=article HTTP/1.1" 302 557 "-" "Mozilla/5.0 (compatible; SemrushBot/7~bl; +http://www.semrush.com/bot.html)"
185.191.171.25 - - [09/Mar/2023:02:45:33 +0100] "GET /?Itemid=0&fontstyle=f-larger&id=280&lang=fr&option=com_content&view=article HTTP/1.1" 302 560 "-" "Mozilla/5.0 (compatible; SemrushBot/7~bl; +http://www.semrush.com/bot.html)"
185.191.171.43 - - [09/Mar/2023:02:45:45 +0100] "GET /?Itemid=49&catid=7&fontstyle=f-smaller&id=63&lang=en&option=com_content&view=article HTTP/1.1" 302 576 "-" "Mozilla/5.0 (compatible; SemrushBot/7~bl; +http://www.semrush.com/bot.html)"
212.129.37.175 - - [09/Mar/2023:02:46:10 +0100] "-" 408 1489 "-" "-"
185.191.171.33 - - [09/Mar/2023:02:46:29 +0100] "GET /index.php?Itemid=3&id=315&lang=en&option=com_content&view=article HTTP/1.1" 302 544 "-" "Mozilla/5.0 (compatible; SemrushBot/7~bl; +http://www.semrush.com/bot.html)"
212.129.37.175 - - [09/Mar/2023:02:46:30 +0100] "-" 408 1489 "-" "-"
185.191.171.21 - - [09/Mar/2023:02:46:53 +0100] "GET /index.php?Itemid=11&catid=7&id=50&lang=fr&option=com_content&view=article HTTP/1.1" 302 559 "-" "Mozilla/5.0 (compatible; SemrushBot/7~bl; +http://www.semrush.com/bot.html)"
185.191.171.14 - - [09/Mar/2023:02:47:11 +0100] "GET /?Itemid=3&catid=7&fontstyle=f-smaller&id=61&lang=en&option=com_content&view=article HTTP/1.1" 302 576 "-" "Mozilla/5.0 (compatible; SemrushBot/7~bl; +http://www.semrush.com/bot.html)"
185.191.171.44 - - [09/Mar/2023:02:47:14 +0100] "GET /?Itemid=11&catid=7&fontstyle=f-smaller&id=45&lang=en&option=com_content&view=article HTTP/1.1" 302 576 "-" "Mozilla/5.0 (compatible; SemrushBot/7~bl; +http://www.semrush.com/bot.html)"
185.191.171.17 - - [09/Mar/2023:02:47:35 +0100] "GET /index.php?Itemid=49&catid=7&id=52&lang=en&option=com_content&view=article HTTP/1.1" 302 558 "-" "Mozilla/5.0 (compatible; SemrushBot/7~bl; +http://www.semrush.com/bot.html)"
185.191.171.39 - - [09/Mar/2023:02:47:40 +0100] "GET /?Itemid&fontstyle=f-smaller&lang=fr&option=com_content&view=frontpage HTTP/1.1" 302 549 "-" "Mozilla/5.0 (compatible; SemrushBot/7~bl; +http://www.semrush.com/bot.html)"
185.191.171.19 - - [09/Mar/2023:02:48:15 +0100] "GET /index.php?Itemid=3&catid=7&id=18&lang=en&option=com_content&view=article HTTP/1.1" 302 556 "-" "Mozilla/5.0 (compatible; SemrushBot/7~bl; +http://www.semrush.com/bot.html)"
185.191.171.9 - - [09/Mar/2023:02:48:15 +0100] "GET /index.php?Itemid=45&id=60&lang=en&option=com_content&view=article HTTP/1.1" 302 545 "-" "Mozilla/5.0 (compatible; SemrushBot/7~bl; +http://www.semrush.com/bot.html)"
185.191.171.9 - - [09/Mar/2023:02:48:36 +0100] "GET /?Itemid=5&catid=7&fontstyle=f-larger&id=64&lang=fr&option=com_content&view=article HTTP/1.1" 302 575 "-" "Mozilla/5.0 (compatible; SemrushBot/7~bl; +http://www.semrush.com/bot.html)"
185.191.171.34 - - [09/Mar/2023:02:48:41 +0100] "GET /?Itemid=50&catid=7&fontstyle=f-smaller&id=51&lang=en&option=com_content&view=article HTTP/1.1" 302 575 "-" "Mozilla/5.0 (compatible; SemrushBot/7~bl; +http://www.semrush.com/bot.html)"
66.175.44.31 - - [09/Mar/2023:02:48:43 +0100] "-" 408 0 "-" "-"
67.55.187.105 - - [09/Mar/2023:02:48:57 +0100] "-" 408 0 "-" "-"
185.191.171.22 - - [09/Mar/2023:02:49:09 +0100] "GET /index.php?Itemid=3&catid=7&id=64&lang=en&option=com_content&view=article HTTP/1.1" 302 557 "-" "Mozilla/5.0 (compatible; SemrushBot/7~bl; +http://www.semrush.com/bot.html)"
185.191.171.17 - - [09/Mar/2023:02:49:32 +0100] "GET /index.php?Itemid=0&id=184&lang=fr&option=com_content&view=article HTTP/1.1" 302 545 "-" "Mozilla/5.0 (compatible; SemrushBot/7~bl; +http://www.semrush.com/bot.html)"
114.119.158.165 - - [09/Mar/2023:02:49:37 +0100] "GET /robots.txt HTTP/1.1" 302 478 "-" "Mozilla/5.0 (compatible;PetalBot;+https://webmaster.petalsearch.com/site/petalbot)"
185.191.171.42 - - [09/Mar/2023:02:49:48 +0100] "GET /index.php?Itemid=47&catid=7&id=52&lang=fr&option=com_content&view=article HTTP/1.1" 302 559 "-" "Mozilla/5.0 (compatible; SemrushBot/7~bl; +http://www.semrush.com/bot.html)"
185.191.171.42 - - [09/Mar/2023:02:49:52 +0100] "GET /index.php?Itemid=5&catid=7&id=43&lang=fr&option=com_content&view=article HTTP/1.1" 302 557 "-" "Mozilla/5.0 (compatible; SemrushBot/7~bl; +http://www.semrush.com/bot.html)"
67.55.187.105 - - [09/Mar/2023:02:49:57 +0100] "-" 408 0 "-" "-"
67.55.187.105 - - [09/Mar/2023:02:49:58 +0100] "-" 408 0 "-" "-"
185.191.171.40 - - [09/Mar/2023:02:50:12 +0100] "GET /?Itemid=53&catid=1&fontstyle=f-smaller&id=432&lang=fr&option=com_content&view=article HTTP/1.1" 302 577 "-" "Mozilla/5.0 (compatible; SemrushBot/7~bl; +http://www.semrush.com/bot.html)"
185.191.171.25 - - [09/Mar/2023:02:50:26 +0100] "GET /index.php?Itemid=53&id=330&lang=en&option=com_content&view=article HTTP/1.1" 302 546 "-" "Mozilla/5.0 (compatible; SemrushBot/7~bl; +http://www.semrush.com/bot.html)"
212.129.37.175 - - [09/Mar/2023:02:50:57 +0100] "-" 408 1489 "-" "-"
212.129.37.175 - - [09/Mar/2023:02:51:03 +0100] "-" 408 1489 "-" "-"
185.191.171.38 - - [09/Mar/2023:02:51:33 +0100] "GET /?Itemid=53&catid=1&fontstyle=f-smaller&id=413%3F%3Dfr&lang=fr&option=com_content&view=article HTTP/1.1" 302 592 "-" "Mozilla/5.0 (compatible; SemrushBot/7~bl; +http://www.semrush.com/bot.html)"
185.191.171.11 - - [09/Mar/2023:02:51:39 +0100] "GET /?Itemid=0&catid=7&fontstyle=f-smaller&id=8&lang=en&option=com_content&view=article HTTP/1.1" 302 574 "-" "Mozilla/5.0 (compatible; SemrushBot/7~bl; +http://www.semrush.com/bot.html)"
66.249.66.37 - - [09/Mar/2023:02:51:51 +0100] "GET /robots.txt HTTP/1.1" 302 478 "-" "Mozilla/5.0 (compatible; Googlebot/2.1; +http://www.google.com/bot.html)"
66.249.66.36 - - [09/Mar/2023:02:51:51 +0100] "GET /?option=com_content&Itemid=0&id=139&lang=en&view=article&fontstyle=f-smaller HTTP/1.1" 302 600 "-" "Mozilla/5.0 (Linux; Android 6.0.1; Nexus 5X Build/MMB29P) AppleWebKit/537.36 (KHTML, like Gecko) Chrome/110.0.5481.177 Mobile Safari/537.36 (compatible; Googlebot/2.1; +http://www.google.com/bot.html)"
185.191.171.7 - - [09/Mar/2023:02:51:56 +0100] "GET /index.php?Itemid=53&id=346&lang=fr&option=com_content&view=article HTTP/1.1" 302 548 "-" "Mozilla/5.0 (compatible; SemrushBot/7~bl; +http://www.semrush.com/bot.html)"
185.191.171.19 - - [09/Mar/2023:02:52:01 +0100] "GET /index.php?Itemid&catid=7&id=64&lang=fr&option=com_content&view=article HTTP/1.1" 302 554 "-" "Mozilla/5.0 (compatible; SemrushBot/7~bl; +http://www.semrush.com/bot.html)"
185.191.171.35 - - [09/Mar/2023:02:52:39 +0100] "GET /?Itemid=0&fontstyle=f-smaller&id=351&lang=fr&option=com_content&view=article HTTP/1.1" 302 563 "-" "Mozilla/5.0 (compatible; SemrushBot/7~bl; +http://www.semrush.com/bot.html)"
185.191.171.38 - - [09/Mar/2023:02:52:53 +0100] "GET /?Itemid=53&catid=7&fontstyle=f-smaller&id=25&lang=fr&option=com_content&view=article HTTP/1.1" 302 576 "-" "Mozilla/5.0 (compatible; SemrushBot/7~bl; +http://www.semrush.com/bot.html)"
185.191.171.6 - - [09/Mar/2023:02:53:03 +0100] "GET /index.php?Itemid=0&id=192&lang=en&option=com_content&view=article HTTP/1.1" 302 544 "-" "Mozilla/5.0 (compatible; SemrushBot/7~bl; +http://www.semrush.com/bot.html)"
185.191.171.9 - - [09/Mar/2023:02:53:20 +0100] "GET /?Itemid=3&fontstyle=f-smaller&id=330&lang=fr&option=com_content&view=article HTTP/1.1" 302 561 "-" "Mozilla/5.0 (compatible; SemrushBot/7~bl; +http://www.semrush.com/bot.html)"
185.191.171.13 - - [09/Mar/2023:02:53:30 +0100] "GET /?Itemid=50&catid=7&fontstyle=f-smaller&id=49&lang=fr&option=com_content&view=article HTTP/1.1" 302 576 "-" "Mozilla/5.0 (compatible; SemrushBot/7~bl; +http://www.semrush.com/bot.html)"
185.191.171.41 - - [09/Mar/2023:02:53:36 +0100] "GET /?Itemid=3&catid=7&fontstyle=f-smaller&id=64&lang=fr&option=com_content&view=article HTTP/1.1" 302 575 "-" "Mozilla/5.0 (compatible; SemrushBot/7~bl; +http://www.semrush.com/bot.html)"
185.191.171.14 - - [09/Mar/2023:02:53:51 +0100] "GET /?Itemid=12&catid=7&fontstyle=f-smaller&id=35&lang=fr&option=com_content&view=article HTTP/1.1" 302 576 "-" "Mozilla/5.0 (compatible; SemrushBot/7~bl; +http://www.semrush.com/bot.html)"
185.191.171.4 - - [09/Mar/2023:02:54:01 +0100] "GET /?Itemid=3&fontstyle=f-larger&id=301&lang=fr&option=com_content&view=article HTTP/1.1" 302 560 "-" "Mozilla/5.0 (compatible; SemrushBot/7~bl; +http://www.semrush.com/bot.html)"
185.191.171.15 - - [09/Mar/2023:02:54:18 +0100] "GET /?Itemid=53&catid=7&fontstyle=f-larger&id=471&lang=en&option=com_content&view=article HTTP/1.1" 302 578 "-" "Mozilla/5.0 (compatible; SemrushBot/7~bl; +http://www.semrush.com/bot.html)"
185.191.171.9 - - [09/Mar/2023:02:55:19 +0100] "GET /index.php?Itemid=11&catid=7&id=24&lang=fr&option=com_content&view=article HTTP/1.1" 302 559 "-" "Mozilla/5.0 (compatible; SemrushBot/7~bl; +http://www.semrush.com/bot.html)"
212.129.37.175 - - [09/Mar/2023:02:55:23 +0100] "-" 408 1489 "-" "-"
185.191.171.36 - - [09/Mar/2023:02:55:29 +0100] "GET /?Itemid&fontstyle=f-larger&id=311&lang=en&option=com_content&view=article HTTP/1.1" 302 559 "-" "Mozilla/5.0 (compatible; SemrushBot/7~bl; +http://www.semrush.com/bot.html)"
212.129.37.175 - - [09/Mar/2023:02:55:56 +0100] "-" 408 1489 "-" "-"
185.191.171.14 - - [09/Mar/2023:02:55:59 +0100] "GET /?fontstyle=f-smaller&id=308&lang=fr&option=com_content&view=article HTTP/1.1" 302 548 "-" "Mozilla/5.0 (compatible; SemrushBot/7~bl; +http://www.semrush.com/bot.html)"
185.191.171.3 - - [09/Mar/2023:02:56:08 +0100] "GET /?Itemid=47&catid=7&fontstyle=f-smaller&id=52&lang=en&option=com_content&view=article HTTP/1.1" 302 575 "-" "Mozilla/5.0 (compatible; SemrushBot/7~bl; +http://www.semrush.com/bot.html)"
185.191.171.41 - - [09/Mar/2023:02:56:26 +0100] "GET /index.php?Itemid=3&catid=1&id=413%3F%3Dfr&lang=fr&option=com_content&view=article HTTP/1.1" 302 571 "-" "Mozilla/5.0 (compatible; SemrushBot/7~bl; +http://www.semrush.com/bot.html)"
185.191.171.38 - - [09/Mar/2023:02:56:29 +0100] "GET /?Itemid=0&fontstyle=f-larger&id=278&lang=fr&option=com_content&view=article HTTP/1.1" 302 563 "-" "Mozilla/5.0 (compatible; SemrushBot/7~bl; +http://www.semrush.com/bot.html)"
185.191.171.6 - - [09/Mar/2023:02:57:18 +0100] "GET /index.php?Itemid=12&catid=7&id=22&lang=fr&option=com_content&view=article HTTP/1.1" 302 556 "-" "Mozilla/5.0 (compatible; SemrushBot/7~bl; +http://www.semrush.com/bot.html)"
185.191.171.6 - - [09/Mar/2023:02:57:20 +0100] "GET /index.php?Itemid=49&catid=7&id=37&lang=en&option=com_content&view=article HTTP/1.1" 302 558 "-" "Mozilla/5.0 (compatible; SemrushBot/7~bl; +http://www.semrush.com/bot.html)"
185.191.171.41 - - [09/Mar/2023:02:57:24 +0100] "GET /index.php?catid=7&id=43&lang=en&option=com_content&view=article HTTP/1.1" 302 542 "-" "Mozilla/5.0 (compatible; SemrushBot/7~bl; +http://www.semrush.com/bot.html)"
185.191.171.21 - - [09/Mar/2023:02:57:33 +0100] "GET /?Itemid&fontstyle=f-larger&id=280&lang=fr&option=com_content&view=article HTTP/1.1" 302 558 "-" "Mozilla/5.0 (compatible; SemrushBot/7~bl; +http://www.semrush.com/bot.html)"
185.191.171.42 - - [09/Mar/2023:02:57:48 +0100] "GET /index.php?Itemid=3&id=277&lang=fr&option=com_content&view=article HTTP/1.1" 302 545 "-" "Mozilla/5.0 (compatible; SemrushBot/7~bl; +http://www.semrush.com/bot.html)"
185.191.171.12 - - [09/Mar/2023:02:57:50 +0100] "GET /?Itemid&catid=7&fontstyle=f-smaller&id=44&lang=en&option=com_content&view=article HTTP/1.1" 302 572 "-" "Mozilla/5.0 (compatible; SemrushBot/7~bl; +http://www.semrush.com/bot.html)"
113.125.51.198 - - [09/Mar/2023:02:57:51 +0100] "GET / HTTP/1.1" 302 424 "-" "Mozilla/5.0 (iPhone; CPU iPhone OS 13_2_3 like Mac OS X) AppleWebKit/605.1.15 (KHTML, like Gecko) Version/13.0.3 Mobile/15E148 Safari/604.1"
185.191.171.41 - - [09/Mar/2023:02:59:03 +0100] "GET /?Itemid=3&catid=7&fontstyle=f-smaller&id=12&lang=en&option=com_content&view=article HTTP/1.1" 302 576 "-" "Mozilla/5.0 (compatible; SemrushBot/7~bl; +http://www.semrush.com/bot.html)"
