185.191.171.12 - - [09/Mar/2023:01:10:25 +0100] "GET /index.php?Itemid=3&id=331&lang=en&option=com_content&view=article HTTP/1.1" 302 543 "-" "Mozilla/5.0 (compatible; SemrushBot/7~bl; +http://www.semrush.com/bot.html)"
185.191.171.3 - - [09/Mar/2023:01:10:28 +0100] "GET /?Itemid=48&catid=7&fontstyle=f-smaller&id=39&lang=fr&option=com_content&view=article HTTP/1.1" 302 576 "-" "Mozilla/5.0 (compatible; SemrushBot/7~bl; +http://www.semrush.com/bot.html)"
185.191.171.42 - - [09/Mar/2023:01:10:40 +0100] "GET /?Itemid=45&catid=7&fontstyle=f-smaller&id=18&lang=en&option=com_content&view=article HTTP/1.1" 302 576 "-" "Mozilla/5.0 (compatible; SemrushBot/7~bl; +http://www.semrush.com/bot.html)"
185.191.171.7 - - [09/Mar/2023:01:11:29 +0100] "GET /?Itemid=0&catid=8&fontstyle=f-larger&id=114&lang=fr&option=com_content&view=article HTTP/1.1" 302 576 "-" "Mozilla/5.0 (compatible; SemrushBot/7~bl; +http://www.semrush.com/bot.html)"
185.191.171.24 - - [09/Mar/2023:01:11:29 +0100] "GET /?Itemid&fontstyle=f-larger&id=362&lang=fr&option=com_content&view=article HTTP/1.1" 302 560 "-" "Mozilla/5.0 (compatible; SemrushBot/7~bl; +http://www.semrush.com/bot.html)"
185.191.171.25 - - [09/Mar/2023:01:11:43 +0100] "GET /?Itemid=16&catid=7&fontstyle=f-smaller&id=56&lang=fr&option=com_content&view=article HTTP/1.1" 302 575 "-" "Mozilla/5.0 (compatible; SemrushBot/7~bl; +http://www.semrush.com/bot.html)"
185.191.171.25 - - [09/Mar/2023:01:12:10 +0100] "GET /index.php?Itemid=99999&fontstyle=f-larger&formId=5&lang=en&option=com_rsform HTTP/1.1" 302 560 "-" "Mozilla/5.0 (compatible; SemrushBot/7~bl; +http://www.semrush.com/bot.html)"
185.191.171.24 - - [09/Mar/2023:01:12:26 +0100] "GET /index.php?Itemid=0&id=358&lang=fr&option=com_content&view=article HTTP/1.1" 302 546 "-" "Mozilla/5.0 (compatible; SemrushBot/7~bl; +http://www.semrush.com/bot.html)"
185.191.171.20 - - [09/Mar/2023:01:12:56 +0100] "GET /?Itemid=53&fontstyle=f-larger&id=238&lang=fr&option=com_content&view=article HTTP/1.1" 302 564 "-" "Mozilla/5.0 (compatible; SemrushBot/7~bl; +http://www.semrush.com/bot.html)"
185.191.171.22 - - [09/Mar/2023:01:13:02 +0100] "GET /index.php?Itemid=3&catid=7&id=11&lang=en&option=com_content&view=article HTTP/1.1" 302 556 "-" "Mozilla/5.0 (compatible; SemrushBot/7~bl; +http://www.semrush.com/bot.html)"
212.129.37.175 - - [09/Mar/2023:01:13:14 +0100] "-" 408 1489 "-" "-"
185.191.171.15 - - [09/Mar/2023:01:13:15 +0100] "GET /index.php?Itemid&id=278&lang=en&option=com_content&view=article HTTP/1.1" 302 542 "-" "Mozilla/5.0 (compatible; SemrushBot/7~bl; +http://www.semrush.com/bot.html)"
212.129.37.175 - - [09/Mar/2023:01:13:16 +0100] "-" 408 1489 "-" "-"
185.191.171.20 - - [09/Mar/2023:01:13:42 +0100] "GET /?Itemid=48&catid=7&fontstyle=f-smaller&id=52&lang=en&option=com_content&view=article HTTP/1.1" 302 576 "-" "Mozilla/5.0 (compatible; SemrushBot/7~bl; +http://www.semrush.com/bot.html)"
185.191.171.4 - - [09/Mar/2023:01:14:45 +0100] "GET /?Itemid=14&catid=7&fontstyle=f-smaller&id=28&lang=en&option=com_content&view=article HTTP/1.1" 302 576 "-" "Mozilla/5.0 (compatible; SemrushBot/7~bl; +http://www.semrush.com/bot.html)"
185.191.171.24 - - [09/Mar/2023:01:15:16 +0100] "GET /?Itemid=16&catid=7&fontstyle=f-smaller&id=33&lang=en&option=com_content&view=article HTTP/1.1" 302 576 "-" "Mozilla/5.0 (compatible; SemrushBot/7~bl; +http://www.semrush.com/bot.html)"
185.191.171.33 - - [09/Mar/2023:01:15:20 +0100] "GET /?Itemid=46&catid=7&fontstyle=f-smaller&id=14&lang=fr&option=com_content&view=article HTTP/1.1" 302 576 "-" "Mozilla/5.0 (compatible; SemrushBot/7~bl; +http://www.semrush.com/bot.html)"
185.191.171.3 - - [09/Mar/2023:01:15:25 +0100] "GET /index.php?Itemid=50&catid=7&id=21&lang=fr&option=com_content&view=article HTTP/1.1" 302 559 "-" "Mozilla/5.0 (compatible; SemrushBot/7~bl; +http://www.semrush.com/bot.html)"
185.191.171.33 - - [09/Mar/2023:01:15:33 +0100] "GET /?Itemid=49&catid=7&fontstyle=f-larger&id=35&lang=en&option=com_content&view=article HTTP/1.1" 302 576 "-" "Mozilla/5.0 (compatible; SemrushBot/7~bl; +http://www.semrush.com/bot.html)"
185.191.171.6 - - [09/Mar/2023:01:15:50 +0100] "GET /index.php?Itemid=3&catid=7&id=29&lang=fr&option=com_content&view=article HTTP/1.1" 302 557 "-" "Mozilla/5.0 (compatible; SemrushBot/7~bl; +http://www.semrush.com/bot.html)"
185.191.171.33 - - [09/Mar/2023:01:16:41 +0100] "GET /index.php?Itemid=49&catid=7&id=23&lang=fr&option=com_content&view=article HTTP/1.1" 302 559 "-" "Mozilla/5.0 (compatible; SemrushBot/7~bl; +http://www.semrush.com/bot.html)"
185.191.171.37 - - [09/Mar/2023:01:17:27 +0100] "GET /index.php?Itemid=53&catid=7&id=50&lang=fr&option=com_content&view=article HTTP/1.1" 302 557 "-" "Mozilla/5.0 (compatible; SemrushBot/7~bl; +http://www.semrush.com/bot.html)"
185.191.171.6 - - [09/Mar/2023:01:17:35 +0100] "GET /?Itemid=53&catid=7&fontstyle=f-larger&id=28&lang=fr&option=com_content&view=article HTTP/1.1" 302 576 "-" "Mozilla/5.0 (compatible; SemrushBot/7~bl; +http://www.semrush.com/bot.html)"
212.129.37.175 - - [09/Mar/2023:01:17:40 +0100] "-" 408 1489 "-" "-"
185.191.171.7 - - [09/Mar/2023:01:17:44 +0100] "GET /robots.txt HTTP/1.1" 302 441 "-" "Mozilla/5.0 (compatible; SemrushBot/7~bl; +http://www.semrush.com/bot.html)"
185.191.171.33 - - [09/Mar/2023:01:17:45 +0100] "GET /?Itemid=3&fontstyle=f-larger&id=308&lang=en&option=com_content&view=article HTTP/1.1" 302 562 "-" "Mozilla/5.0 (compatible; SemrushBot/7~bl; +http://www.semrush.com/bot.html)"
185.191.171.35 - - [09/Mar/2023:01:17:46 +0100] "GET /?Itemid=16&catid=7&fontstyle=f-larger&id=38&lang=en&option=com_content&view=article HTTP/1.1" 302 575 "-" "Mozilla/5.0 (compatible; SemrushBot/7~bl; +http://www.semrush.com/bot.html)"
212.129.37.175 - - [09/Mar/2023:01:18:09 +0100] "-" 408 1489 "-" "-"
185.191.171.14 - - [09/Mar/2023:01:18:38 +0100] "GET /?Itemid=48&catid=7&fontstyle=f-smaller&id=6&lang=en&option=com_content&view=article HTTP/1.1" 302 575 "-" "Mozilla/5.0 (compatible; SemrushBot/7~bl; +http://www.semrush.com/bot.html)"
185.191.171.19 - - [09/Mar/2023:01:18:44 +0100] "GET /?Itemid&fontstyle=f-smaller&id=124&lang=en&option=com_content&view=article HTTP/1.1" 302 560 "-" "Mozilla/5.0 (compatible; SemrushBot/7~bl; +http://www.semrush.com/bot.html)"
185.191.171.6 - - [09/Mar/2023:01:19:09 +0100] "GET /index.php?Itemid=0&id=182&lang=en&option=com_content&view=article HTTP/1.1" 302 544 "-" "Mozilla/5.0 (compatible; SemrushBot/7~bl; +http://www.semrush.com/bot.html)"
185.191.171.41 - - [09/Mar/2023:01:19:15 +0100] "GET /index.php?Itemid&catid=7%3Aarticles&fontstyle=f-smaller&id=23&lang=en&option=com_xmap&view=article HTTP/1.1" 302 601 "-" "Mozilla/5.0 (compatible; SemrushBot/7~bl; +http://www.semrush.com/bot.html)"
185.191.171.20 - - [09/Mar/2023:01:19:23 +0100] "GET /index.php?Itemid=0&catid=7&id=141&lang=fr&option=com_content&view=article HTTP/1.1" 302 559 "-" "Mozilla/5.0 (compatible; SemrushBot/7~bl; +http://www.semrush.com/bot.html)"
185.191.171.3 - - [09/Mar/2023:01:19:44 +0100] "GET /index.php?Itemid=5&catid=7&id=53&lang=fr&option=com_content&view=article HTTP/1.1" 302 557 "-" "Mozilla/5.0 (compatible; SemrushBot/7~bl; +http://www.semrush.com/bot.html)"
185.191.171.40 - - [09/Mar/2023:01:20:06 +0100] "GET /?Itemid=47&catid=7&fontstyle=f-larger&id=50&lang=fr&option=com_content&view=article HTTP/1.1" 302 574 "-" "Mozilla/5.0 (compatible; SemrushBot/7~bl; +http://www.semrush.com/bot.html)"
185.191.171.22 - - [09/Mar/2023:01:20:49 +0100] "GET /index.php?Itemid=53&catid=7&id=8&lang=en&option=com_content&view=article HTTP/1.1" 302 557 "-" "Mozilla/5.0 (compatible; SemrushBot/7~bl; +http://www.semrush.com/bot.html)"
185.191.171.14 - - [09/Mar/2023:01:21:14 +0100] "GET /?Itemid=12&catid=7&fontstyle=f-larger&id=63&lang=fr&option=com_content&view=article HTTP/1.1" 302 576 "-" "Mozilla/5.0 (compatible; SemrushBot/7~bl; +http://www.semrush.com/bot.html)"
185.191.171.38 - - [09/Mar/2023:01:21:22 +0100] "GET /index.php?Itemid=12&catid=7&id=19&lang=fr&option=com_content&view=article HTTP/1.1" 302 556 "-" "Mozilla/5.0 (compatible; SemrushBot/7~bl; +http://www.semrush.com/bot.html)"
185.191.171.8 - - [09/Mar/2023:01:21:31 +0100] "GET /?Itemid=3&fontstyle=f-smaller&id=358&lang=en&option=com_content&view=article HTTP/1.1" 302 563 "-" "Mozilla/5.0 (compatible; SemrushBot/7~bl; +http://www.semrush.com/bot.html)"
185.191.171.19 - - [09/Mar/2023:01:21:33 +0100] "GET /?Itemid=50&catid=7&fontstyle=f-larger&id=56&lang=fr&option=com_content&view=article HTTP/1.1" 302 574 "-" "Mozilla/5.0 (compatible; SemrushBot/7~bl; +http://www.semrush.com/bot.html)"
185.191.171.23 - - [09/Mar/2023:01:21:39 +0100] "GET /index.php?Itemid=3&id=297&lang=en&option=com_content&view=article HTTP/1.1" 302 545 "-" "Mozilla/5.0 (compatible; SemrushBot/7~bl; +http://www.semrush.com/bot.html)"
185.191.171.20 - - [09/Mar/2023:01:21:39 +0100] "GET /?Itemid&fontstyle=f-larger&id=261&lang=en&option=com_content&view=article HTTP/1.1" 302 560 "-" "Mozilla/5.0 (compatible; SemrushBot/7~bl; +http://www.semrush.com/bot.html)"
185.191.171.20 - - [09/Mar/2023:01:21:45 +0100] "GET /index.php?Itemid&id=247&lang=fr&option=com_content&view=article HTTP/1.1" 302 543 "-" "Mozilla/5.0 (compatible; SemrushBot/7~bl; +http://www.semrush.com/bot.html)"
212.129.37.175 - - [09/Mar/2023:01:22:07 +0100] "-" 408 1489 "-" "-"
185.191.171.23 - - [09/Mar/2023:01:22:08 +0100] "GET /index.php?Itemid=7&catid=7&id=5&lang=en&option=com_content&view=article HTTP/1.1" 302 554 "-" "Mozilla/5.0 (compatible; SemrushBot/7~bl; +http://www.semrush.com/bot.html)"
185.191.171.23 - - [09/Mar/2023:01:22:08 +0100] "GET /index.php?Itemid=0&id=278&lang=fr&option=com_content&view=article HTTP/1.1" 302 546 "-" "Mozilla/5.0 (compatible; SemrushBot/7~bl; +http://www.semrush.com/bot.html)"
185.191.171.7 - - [09/Mar/2023:01:22:11 +0100] "GET /?Itemid&fontstyle=f-larger&id=361&lang=en&option=com_content&view=article HTTP/1.1" 302 560 "-" "Mozilla/5.0 (compatible; SemrushBot/7~bl; +http://www.semrush.com/bot.html)"
185.191.171.45 - - [09/Mar/2023:01:22:51 +0100] "GET /?catid=7&fontstyle=f-smaller&id=73&lang=fr&option=com_content&view=article HTTP/1.1" 302 559 "-" "Mozilla/5.0 (compatible; SemrushBot/7~bl; +http://www.semrush.com/bot.html)"
185.191.171.37 - - [09/Mar/2023:01:23:02 +0100] "GET /?Itemid=53&catid=1&fontstyle=f-smaller&id=1&lang=en&option=com_content&view=article HTTP/1.1" 302 572 "-" "Mozilla/5.0 (compatible; SemrushBot/7~bl; +http://www.semrush.com/bot.html)"
212.129.37.175 - - [09/Mar/2023:01:23:02 +0100] "-" 408 1489 "-" "-"
185.191.171.4 - - [09/Mar/2023:01:23:17 +0100] "GET /?Itemid=45&catid=7&fontstyle=f-larger&id=50&lang=en&option=com_content&view=article HTTP/1.1" 302 576 "-" "Mozilla/5.0 (compatible; SemrushBot/7~bl; +http://www.semrush.com/bot.html)"
185.191.171.37 - - [09/Mar/2023:01:23:30 +0100] "GET /index.php?Itemid=0&id=163&lang=fr&option=com_content&view=article HTTP/1.1" 302 545 "-" "Mozilla/5.0 (compatible; SemrushBot/7~bl; +http://www.semrush.com/bot.html)"
185.191.171.10 - - [09/Mar/2023:01:23:40 +0100] "GET /?Itemid=3&catid=1&fontstyle=f-larger&id=417&lang=fr&option=com_content&view=article HTTP/1.1" 302 577 "-" "Mozilla/5.0 (compatible; SemrushBot/7~bl; +http://www.semrush.com/bot.html)"
185.191.171.5 - - [09/Mar/2023:01:24:11 +0100] "GET /index.php?Itemid=3&id=354&lang=en&option=com_content&view=article HTTP/1.1" 302 544 "-" "Mozilla/5.0 (compatible; SemrushBot/7~bl; +http://www.semrush.com/bot.html)"
185.191.171.1 - - [09/Mar/2023:01:24:13 +0100] "GET /?Itemid=46&catid=7&fontstyle=f-smaller&id=59&lang=en&option=com_content&view=article HTTP/1.1" 302 576 "-" "Mozilla/5.0 (compatible; SemrushBot/7~bl; +http://www.semrush.com/bot.html)"
185.191.171.4 - - [09/Mar/2023:01:24:17 +0100] "GET /?Itemid=11&catid=7&fontstyle=f-smaller&id=23&lang=fr&option=com_content&view=article HTTP/1.1" 302 575 "-" "Mozilla/5.0 (compatible; SemrushBot/7~bl; +http://www.semrush.com/bot.html)"
185.191.171.11 - - [09/Mar/2023:01:24:48 +0100] "GET /?Itemid=14&catid=7&fontstyle=f-smaller&id=19&lang=en&option=com_content&view=article HTTP/1.1" 302 575 "-" "Mozilla/5.0 (compatible; SemrushBot/7~bl; +http://www.semrush.com/bot.html)"
193.142.146.214 - - [09/Mar/2023:01:24:55 +0100] "GET / HTTP/1.1" 302 424 "-" "Linux Gnu (cow)"
185.191.171.19 - - [09/Mar/2023:01:24:59 +0100] "GET /?Itemid=53&catid=1&fontstyle=f-larger&id=459&lang=en&option=com_content&view=article HTTP/1.1" 302 578 "-" "Mozilla/5.0 (compatible; SemrushBot/7~bl; +http://www.semrush.com/bot.html)"
185.191.171.26 - - [09/Mar/2023:01:25:03 +0100] "GET /index.php?Itemid=16&catid=7&id=35&lang=fr&option=com_content&view=article HTTP/1.1" 302 559 "-" "Mozilla/5.0 (compatible; SemrushBot/7~bl; +http://www.semrush.com/bot.html)"
185.191.171.19 - - [09/Mar/2023:01:25:16 +0100] "GET /index.php?Itemid=14&catid=7&id=23&lang=en&option=com_content&view=article HTTP/1.1" 302 558 "-" "Mozilla/5.0 (compatible; SemrushBot/7~bl; +http://www.semrush.com/bot.html)"
185.191.171.2 - - [09/Mar/2023:01:25:16 +0100] "GET /index.php?Itemid=3&id=351&lang=en&option=com_content&view=article HTTP/1.1" 302 544 "-" "Mozilla/5.0 (compatible; SemrushBot/7~bl; +http://www.semrush.com/bot.html)"
185.191.171.23 - - [09/Mar/2023:01:25:23 +0100] "GET /?Itemid=0&fontstyle=f-larger&id=249&lang=fr&option=com_content&view=article HTTP/1.1" 302 562 "-" "Mozilla/5.0 (compatible; SemrushBot/7~bl; +http://www.semrush.com/bot.html)"
185.191.171.8 - - [09/Mar/2023:01:25:27 +0100] "GET /?Itemid=0&fontstyle=f-smaller&id=190&lang=en&option=com_content&view=article HTTP/1.1" 302 562 "-" "Mozilla/5.0 (compatible; SemrushBot/7~bl; +http://www.semrush.com/bot.html)"
185.191.171.44 - - [09/Mar/2023:01:25:55 +0100] "GET /?Itemid&catid=7&fontstyle=f-larger&id=67&lang=en&option=com_content&view=article HTTP/1.1" 302 570 "-" "Mozilla/5.0 (compatible; SemrushBot/7~bl; +http://www.semrush.com/bot.html)"
185.191.171.17 - - [09/Mar/2023:01:26:06 +0100] "GET /index.php?Itemid=3&catid=1&id=479&lang=en&option=com_content&view=article HTTP/1.1" 302 558 "-" "Mozilla/5.0 (compatible; SemrushBot/7~bl; +http://www.semrush.com/bot.html)"
185.191.171.23 - - [09/Mar/2023:01:26:27 +0100] "GET /index.php?Itemid=47&catid=7&id=19&lang=fr&option=com_content&view=article HTTP/1.1" 302 559 "-" "Mozilla/5.0 (compatible; SemrushBot/7~bl; +http://www.semrush.com/bot.html)"
185.191.171.4 - - [09/Mar/2023:01:26:30 +0100] "GET /?fontstyle=f-smaller&id=278&lang=fr&option=com_content&view=article HTTP/1.1" 302 549 "-" "Mozilla/5.0 (compatible; SemrushBot/7~bl; +http://www.semrush.com/bot.html)"
212.129.37.175 - - [09/Mar/2023:01:26:33 +0100] "-" 408 1489 "-" "-"
185.191.171.9 - - [09/Mar/2023:01:26:35 +0100] "GET /?Itemid=53&catid=1&fontstyle=f-smaller&id=441%E2%8C%A9%3Dfr&lang=en&option=com_content&view=article HTTP/1.1" 302 605 "-" "Mozilla/5.0 (compatible; SemrushBot/7~bl; +http://www.semrush.com/bot.html)"
185.191.171.10 - - [09/Mar/2023:01:26:37 +0100] "GET /index.php?Itemid=3&catid=1&id=415&lang=en&option=com_content&view=article HTTP/1.1" 302 558 "-" "Mozilla/5.0 (compatible; SemrushBot/7~bl; +http://www.semrush.com/bot.html)"
185.191.171.23 - - [09/Mar/2023:01:27:06 +0100] "GET /index.php?Itemid=0&catid=8&id=111&lang=fr&option=com_content&view=article HTTP/1.1" 302 558 "-" "Mozilla/5.0 (compatible; SemrushBot/7~bl; +http://www.semrush.com/bot.html)"
185.191.171.14 - - [09/Mar/2023:01:27:24 +0100] "GET /index.php?Itemid=3&id=357&lang=fr&option=com_content&view=article HTTP/1.1" 302 545 "-" "Mozilla/5.0 (compatible; SemrushBot/7~bl; +http://www.semrush.com/bot.html)"
185.191.171.1 - - [09/Mar/2023:01:27:37 +0100] "GET /?Itemid=3&catid=7&fontstyle=f-smaller&id=64&lang=en&option=com_content&view=article HTTP/1.1" 302 577 "-" "Mozilla/5.0 (compatible; SemrushBot/7~bl; +http://www.semrush.com/bot.html)"
212.129.37.175 - - [09/Mar/2023:01:27:56 +0100] "-" 408 1489 "-" "-"
185.191.171.42 - - [09/Mar/2023:01:28:05 +0100] "GET /?Itemid=3&catid=7&fontstyle=f-larger&id=29&lang=fr&option=com_content&view=article HTTP/1.1" 302 575 "-" "Mozilla/5.0 (compatible; SemrushBot/7~bl; +http://www.semrush.com/bot.html)"
185.191.171.37 - - [09/Mar/2023:01:28:07 +0100] "GET /?Itemid=3&fontstyle=f-larger&id=324&lang=fr&option=com_content&view=article HTTP/1.1" 302 561 "-" "Mozilla/5.0 (compatible; SemrushBot/7~bl; +http://www.semrush.com/bot.html)"
185.191.171.35 - - [09/Mar/2023:01:29:05 +0100] "GET /index.php?Itemid=3&catid=7&id=19&lang=fr&option=com_content&view=article HTTP/1.1" 302 557 "-" "Mozilla/5.0 (compatible; SemrushBot/7~bl; +http://www.semrush.com/bot.html)"
185.191.171.25 - - [09/Mar/2023:01:29:06 +0100] "GET /?Itemid=49&catid=7&fontstyle=f-larger&id=53&lang=en&option=com_content&view=article HTTP/1.1" 302 576 "-" "Mozilla/5.0 (compatible; SemrushBot/7~bl; +http://www.semrush.com/bot.html)"
185.191.171.7 - - [09/Mar/2023:01:29:10 +0100] "GET /index.php?Itemid=45&catid=7&id=21&lang=en&option=com_content&view=article HTTP/1.1" 302 558 "-" "Mozilla/5.0 (compatible; SemrushBot/7~bl; +http://www.semrush.com/bot.html)"
185.191.171.14 - - [09/Mar/2023:01:29:39 +0100] "GET /index.php?Itemid=53&catid=1&id=435&lang=fr&option=com_content&view=article HTTP/1.1" 302 561 "-" "Mozilla/5.0 (compatible; SemrushBot/7~bl; +http://www.semrush.com/bot.html)"
185.191.171.38 - - [09/Mar/2023:01:29:41 +0100] "GET /?Itemid=45&catid=7&fontstyle=f-larger&id=26&lang=en&option=com_content&view=article HTTP/1.1" 302 576 "-" "Mozilla/5.0 (compatible; SemrushBot/7~bl; +http://www.semrush.com/bot.html)"
185.191.171.40 - - [09/Mar/2023:01:29:45 +0100] "GET /?Itemid=0&fontstyle=f-smaller&id=310&lang=fr&option=com_content&view=article HTTP/1.1" 302 561 "-" "Mozilla/5.0 (compatible; SemrushBot/7~bl; +http://www.semrush.com/bot.html)"
185.191.171.3 - - [09/Mar/2023:01:30:09 +0100] "GET /index.php?Itemid=11&catid=7&id=18&lang=fr&option=com_content&view=article HTTP/1.1" 302 556 "-" "Mozilla/5.0 (compatible; SemrushBot/7~bl; +http://www.semrush.com/bot.html)"
185.191.171.8 - - [09/Mar/2023:01:30:32 +0100] "GET /index.php?Itemid=53&catid=1&id=450&lang=fr&option=com_content&view=article HTTP/1.1" 302 561 "-" "Mozilla/5.0 (compatible; SemrushBot/7~bl; +http://www.semrush.com/bot.html)"
185.191.171.45 - - [09/Mar/2023:01:30:35 +0100] "GET /index.php?Itemid=3&catid=7&id=52&lang=fr&option=com_content&view=article HTTP/1.1" 302 557 "-" "Mozilla/5.0 (compatible; SemrushBot/7~bl; +http://www.semrush.com/bot.html)"
185.191.171.10 - - [09/Mar/2023:01:30:46 +0100] "GET /?Itemid=45&catid=7&fontstyle=f-smaller&id=44&lang=fr&option=com_content&view=article HTTP/1.1" 302 575 "-" "Mozilla/5.0 (compatible; SemrushBot/7~bl; +http://www.semrush.com/bot.html)"
185.191.171.17 - - [09/Mar/2023:01:30:58 +0100] "GET /?Itemid&fontstyle=f-smaller&id=369&lang=fr&option=com_content&view=article HTTP/1.1" 302 562 "-" "Mozilla/5.0 (compatible; SemrushBot/7~bl; +http://www.semrush.com/bot.html)"
212.129.37.175 - - [09/Mar/2023:01:31:00 +0100] "-" 408 1489 "-" "-"
185.191.171.43 - - [09/Mar/2023:01:31:40 +0100] "GET /index.php?Itemid=47&id=47&lang=en&option=com_content&view=article HTTP/1.1" 302 544 "-" "Mozilla/5.0 (compatible; SemrushBot/7~bl; +http://www.semrush.com/bot.html)"
185.191.171.44 - - [09/Mar/2023:01:31:51 +0100] "GET /?Itemid=0&fontstyle=f-larger&id=182&lang=fr&option=com_content&view=article HTTP/1.1" 302 562 "-" "Mozilla/5.0 (compatible; SemrushBot/7~bl; +http://www.semrush.com/bot.html)"
185.191.171.10 - - [09/Mar/2023:01:32:04 +0100] "GET /index.php?Itemid=48&catid=7&id=23&lang=fr&option=com_content&view=article HTTP/1.1" 302 559 "-" "Mozilla/5.0 (compatible; SemrushBot/7~bl; +http://www.semrush.com/bot.html)"
185.191.171.25 - - [09/Mar/2023:01:32:09 +0100] "GET /?Itemid=3&catid=7&fontstyle=f-smaller&id=24&lang=fr&option=com_content&view=article HTTP/1.1" 302 575 "-" "Mozilla/5.0 (compatible; SemrushBot/7~bl; +http://www.semrush.com/bot.html)"
185.191.171.20 - - [09/Mar/2023:01:32:23 +0100] "GET /?Itemid=0&catid=7&fontstyle=f-smaller&id=58&lang=fr&option=com_content&view=article HTTP/1.1" 302 575 "-" "Mozilla/5.0 (compatible; SemrushBot/7~bl; +http://www.semrush.com/bot.html)"
185.191.171.3 - - [09/Mar/2023:01:32:24 +0100] "GET /?Itemid=3&fontstyle=f-smaller&id=319&lang=fr&option=com_content&view=article HTTP/1.1" 302 562 "-" "Mozilla/5.0 (compatible; SemrushBot/7~bl; +http://www.semrush.com/bot.html)"
185.191.171.44 - - [09/Mar/2023:01:32:26 +0100] "GET /?Itemid=11&catid=7&fontstyle=f-larger&id=59&lang=en&option=com_content&view=article HTTP/1.1" 302 576 "-" "Mozilla/5.0 (compatible; SemrushBot/7~bl; +http://www.semrush.com/bot.html)"
212.129.37.175 - - [09/Mar/2023:01:32:49 +0100] "-" 408 1489 "-" "-"
185.191.171.24 - - [09/Mar/2023:01:33:07 +0100] "GET /index.php?Itemid=48&catid=7&id=39&lang=fr&option=com_content&view=article HTTP/1.1" 302 559 "-" "Mozilla/5.0 (compatible; SemrushBot/7~bl; +http://www.semrush.com/bot.html)"
185.191.171.11 - - [09/Mar/2023:01:33:10 +0100] "GET /?Itemid=53&catid=1&fontstyle=f-smaller&id=438&lang=fr&option=com_content&view=article HTTP/1.1" 302 578 "-" "Mozilla/5.0 (compatible; SemrushBot/7~bl; +http://www.semrush.com/bot.html)"
185.191.171.24 - - [09/Mar/2023:01:33:11 +0100] "GET /?Itemid=12&catid=7&fontstyle=f-smaller&id=35&lang=en&option=com_content&view=article HTTP/1.1" 302 576 "-" "Mozilla/5.0 (compatible; SemrushBot/7~bl; +http://www.semrush.com/bot.html)"
185.191.171.7 - - [09/Mar/2023:01:33:34 +0100] "GET /?Itemid=12&catid=7&fontstyle=f-smaller&id=36&lang=en&option=com_content&view=article HTTP/1.1" 302 576 "-" "Mozilla/5.0 (compatible; SemrushBot/7~bl; +http://www.semrush.com/bot.html)"
185.191.171.15 - - [09/Mar/2023:01:33:57 +0100] "GET /?Itemid=53&catid=7&fontstyle=f-larger&id=20&lang=en&option=com_content&view=article HTTP/1.1" 302 576 "-" "Mozilla/5.0 (compatible; SemrushBot/7~bl; +http://www.semrush.com/bot.html)"
185.191.171.3 - - [09/Mar/2023:01:34:20 +0100] "GET /?Itemid=0&catid=1&fontstyle=f-larger&id=1&lang=en&option=com_content&view=article HTTP/1.1" 302 571 "-" "Mozilla/5.0 (compatible; SemrushBot/7~bl; +http://www.semrush.com/bot.html)"
185.191.171.5 - - [09/Mar/2023:01:34:28 +0100] "GET /?Itemid=3&fontstyle=f-larger&id=1&lang=en&layout=blog&limitstart=15&option=com_content&view=category HTTP/1.1" 302 603 "-" "Mozilla/5.0 (compatible; SemrushBot/7~bl; +http://www.semrush.com/bot.html)"
185.191.171.17 - - [09/Mar/2023:01:34:30 +0100] "GET /index.php?Itemid=3&id=372&lang=fr&option=com_content&view=article HTTP/1.1" 302 545 "-" "Mozilla/5.0 (compatible; SemrushBot/7~bl; +http://www.semrush.com/bot.html)"
185.191.171.1 - - [09/Mar/2023:01:34:39 +0100] "GET /index.php?Itemid=53&id=309&lang=fr&option=com_content&view=article HTTP/1.1" 302 548 "-" "Mozilla/5.0 (compatible; SemrushBot/7~bl; +http://www.semrush.com/bot.html)"
178.62.7.211 - - [09/Mar/2023:01:34:42 +0100] "GET / HTTP/1.1" 404 1959 "-" "Mozilla/5.0 (Windows NT 10.0; Win64; x64) AppleWebKit/537.36 (KHTML, like Gecko) Chrome/108.0.0.0 Safari/537.36"
185.191.171.2 - - [09/Mar/2023:01:35:22 +0100] "GET /index.php?Itemid=5&catid=7&id=44&lang=fr&option=com_content&view=article HTTP/1.1" 302 557 "-" "Mozilla/5.0 (compatible; SemrushBot/7~bl; +http://www.semrush.com/bot.html)"
212.129.37.175 - - [09/Mar/2023:01:35:26 +0100] "-" 408 1489 "-" "-"
185.191.171.20 - - [09/Mar/2023:01:35:27 +0100] "GET /?Itemid=0&fontstyle=f-larger&id=347&lang=fr&option=com_content&view=article HTTP/1.1" 302 563 "-" "Mozilla/5.0 (compatible; SemrushBot/7~bl; +http://www.semrush.com/bot.html)"
185.191.171.22 - - [09/Mar/2023:01:35:48 +0100] "GET /?Itemid=0&fontstyle=f-larger&id=200&lang=fr&option=com_content&view=article HTTP/1.1" 302 559 "-" "Mozilla/5.0 (compatible; SemrushBot/7~bl; +http://www.semrush.com/bot.html)"
185.191.171.10 - - [09/Mar/2023:01:36:07 +0100] "GET /?Itemid=0&fontstyle=f-smaller&id=168&lang=en&option=com_content&view=article HTTP/1.1" 302 564 "-" "Mozilla/5.0 (compatible; SemrushBot/7~bl; +http://www.semrush.com/bot.html)"
185.191.171.7 - - [09/Mar/2023:01:36:09 +0100] "GET /index.php?Itemid=0&id=311&lang=en&option=com_content&view=article HTTP/1.1" 302 543 "-" "Mozilla/5.0 (compatible; SemrushBot/7~bl; +http://www.semrush.com/bot.html)"
185.191.171.5 - - [09/Mar/2023:01:36:15 +0100] "GET /index.php?Itemid&id=371&lang=fr&option=com_content&view=article HTTP/1.1" 302 543 "-" "Mozilla/5.0 (compatible; SemrushBot/7~bl; +http://www.semrush.com/bot.html)"
185.191.171.10 - - [09/Mar/2023:01:36:22 +0100] "GET /index.php?Itemid=53&catid=1&id=411%3F%3Dfr&lang=en&option=com_content&view=article HTTP/1.1" 302 575 "-" "Mozilla/5.0 (compatible; SemrushBot/7~bl; +http://www.semrush.com/bot.html)"
185.191.171.16 - - [09/Mar/2023:01:36:32 +0100] "GET /?Itemid=6&fontstyle=f-larger&lang=en&option=com_wrapper&view=wrapper HTTP/1.1" 302 547 "-" "Mozilla/5.0 (compatible; SemrushBot/7~bl; +http://www.semrush.com/bot.html)"
185.191.171.25 - - [09/Mar/2023:01:37:06 +0100] "GET /?Itemid=0&catid=7&fontstyle=f-larger&id=57&lang=fr&option=com_content&view=article HTTP/1.1" 302 573 "-" "Mozilla/5.0 (compatible; SemrushBot/7~bl; +http://www.semrush.com/bot.html)"
185.191.171.18 - - [09/Mar/2023:01:37:19 +0100] "GET /index.php?Itemid=12&catid=7&id=59&lang=en&option=com_content&view=article HTTP/1.1" 302 558 "-" "Mozilla/5.0 (compatible; SemrushBot/7~bl; +http://www.semrush.com/bot.html)"
185.191.171.33 - - [09/Mar/2023:01:37:25 +0100] "GET /?Itemid=3&catid=1&fontstyle=f-smaller&id=486&lang=fr&option=com_content&view=article HTTP/1.1" 302 579 "-" "Mozilla/5.0 (compatible; SemrushBot/7~bl; +http://www.semrush.com/bot.html)"
185.191.171.21 - - [09/Mar/2023:01:37:33 +0100] "GET /index.php?catid=7&id=27&lang=en&option=com_content&view=article HTTP/1.1" 302 541 "-" "Mozilla/5.0 (compatible; SemrushBot/7~bl; +http://www.semrush.com/bot.html)"
212.129.37.175 - - [09/Mar/2023:01:37:42 +0100] "-" 408 1489 "-" "-"
185.191.171.33 - - [09/Mar/2023:01:37:47 +0100] "GET /index.php?Itemid=3&id=235&lang=fr&option=com_content&view=article HTTP/1.1" 302 545 "-" "Mozilla/5.0 (compatible; SemrushBot/7~bl; +http://www.semrush.com/bot.html)"
185.191.171.18 - - [09/Mar/2023:01:37:50 +0100] "GET /?Itemid=45&catid=7&fontstyle=f-smaller&id=64&lang=en&option=com_content&view=article HTTP/1.1" 302 576 "-" "Mozilla/5.0 (compatible; SemrushBot/7~bl; +http://www.semrush.com/bot.html)"
185.191.171.38 - - [09/Mar/2023:01:37:58 +0100] "GET /index.php?Itemid&id=277&lang=fr&option=com_content&view=article HTTP/1.1" 302 543 "-" "Mozilla/5.0 (compatible; SemrushBot/7~bl; +http://www.semrush.com/bot.html)"
185.191.171.23 - - [09/Mar/2023:01:38:06 +0100] "GET /index.php?Itemid=14&catid=7&id=7&lang=fr&option=com_content&view=article HTTP/1.1" 302 555 "-" "Mozilla/5.0 (compatible; SemrushBot/7~bl; +http://www.semrush.com/bot.html)"
185.191.171.18 - - [09/Mar/2023:01:38:34 +0100] "GET /?Itemid=0&fontstyle=f-smaller&id=175&lang=fr&option=com_content&view=article HTTP/1.1" 302 564 "-" "Mozilla/5.0 (compatible; SemrushBot/7~bl; +http://www.semrush.com/bot.html)"
146.70.38.91 - - [09/Mar/2023:01:38:59 +0100] "GET /.env HTTP/1.1" 302 467 "-" "Mozilla/5.0 (Linux; U; Android 4.4.2; en-US; HM NOTE 1W Build/KOT49H) AppleWebKit/534.30 (KHTML, like Gecko) Version/4.0 UCBrowser/11.0.5.850 U3/0.8.0 Mobile Safari/534.30"
146.70.38.91 - - [09/Mar/2023:01:39:00 +0100] "POST / HTTP/1.1" 302 461 "-" "Mozilla/5.0 (Linux; U; Android 4.4.2; en-US; HM NOTE 1W Build/KOT49H) AppleWebKit/534.30 (KHTML, like Gecko) Version/4.0 UCBrowser/11.0.5.850 U3/0.8.0 Mobile Safari/534.30"
146.70.38.91 - - [09/Mar/2023:01:39:01 +0100] "GET /.env HTTP/1.1" 404 2762 "-" "Mozilla/5.0 (Linux; U; Android 4.4.2; en-US; HM NOTE 1W Build/KOT49H) AppleWebKit/534.30 (KHTML, like Gecko) Version/4.0 UCBrowser/11.0.5.850 U3/0.8.0 Mobile Safari/534.30"
146.70.38.91 - - [09/Mar/2023:01:39:03 +0100] "POST / HTTP/1.1" 404 2762 "-" "Mozilla/5.0 (Linux; U; Android 4.4.2; en-US; HM NOTE 1W Build/KOT49H) AppleWebKit/534.30 (KHTML, like Gecko) Version/4.0 UCBrowser/11.0.5.850 U3/0.8.0 Mobile Safari/534.30"
146.70.38.91 - - [09/Mar/2023:01:39:04 +0100] "GET /vendor/phpunit/phpunit/src/Util/PHP/eval-stdin.php HTTP/1.1" 302 543 "-" "python-requests/2.24.0"
185.191.171.40 - - [09/Mar/2023:01:39:42 +0100] "GET /?Itemid=16&catid=7&fontstyle=f-larger&id=26&lang=fr&option=com_content&view=article HTTP/1.1" 302 574 "-" "Mozilla/5.0 (compatible; SemrushBot/7~bl; +http://www.semrush.com/bot.html)"
185.191.171.1 - - [09/Mar/2023:01:39:46 +0100] "GET /index.php?Itemid=53&catid=7&id=18&lang=en&option=com_content&view=article HTTP/1.1" 302 559 "-" "Mozilla/5.0 (compatible; SemrushBot/7~bl; +http://www.semrush.com/bot.html)"
185.191.171.42 - - [09/Mar/2023:01:39:49 +0100] "GET /index.php?Itemid=0&catid=7&id=58&lang=en&option=com_content&view=article HTTP/1.1" 302 556 "-" "Mozilla/5.0 (compatible; SemrushBot/7~bl; +http://www.semrush.com/bot.html)"
212.129.37.175 - - [09/Mar/2023:01:39:53 +0100] "-" 408 1489 "-" "-"
185.191.171.14 - - [09/Mar/2023:01:40:29 +0100] "GET /index.php?Itemid=50&catid=7&id=25&lang=fr&option=com_content&view=article HTTP/1.1" 302 559 "-" "Mozilla/5.0 (compatible; SemrushBot/7~bl; +http://www.semrush.com/bot.html)"
185.191.171.23 - - [09/Mar/2023:01:40:49 +0100] "GET /?Itemid=3&catid=1&fontstyle=f-smaller&id=416%3F%3Dfr&lang=en&option=com_content&view=article HTTP/1.1" 302 593 "-" "Mozilla/5.0 (compatible; SemrushBot/7~bl; +http://www.semrush.com/bot.html)"
185.191.171.20 - - [09/Mar/2023:01:40:58 +0100] "GET /?Itemid=0&catid=7&fontstyle=f-larger&id=55&lang=en&option=com_content&view=article HTTP/1.1" 302 575 "-" "Mozilla/5.0 (compatible; SemrushBot/7~bl; +http://www.semrush.com/bot.html)"
185.191.171.16 - - [09/Mar/2023:01:41:10 +0100] "GET /?Itemid=0&fontstyle=f-larger&id=185&lang=fr&option=com_content&view=article HTTP/1.1" 302 563 "-" "Mozilla/5.0 (compatible; SemrushBot/7~bl; +http://www.semrush.com/bot.html)"
185.191.171.13 - - [09/Mar/2023:01:41:11 +0100] "GET /?catid=7&fontstyle=f-larger&id=66&lang=fr&option=com_content&view=article HTTP/1.1" 302 559 "-" "Mozilla/5.0 (compatible; SemrushBot/7~bl; +http://www.semrush.com/bot.html)"
185.191.171.3 - - [09/Mar/2023:01:41:44 +0100] "GET /?Itemid=3&catid=7&fontstyle=f-smaller&id=26&lang=en&option=com_content&view=article HTTP/1.1" 302 577 "-" "Mozilla/5.0 (compatible; SemrushBot/7~bl; +http://www.semrush.com/bot.html)"
185.191.171.5 - - [09/Mar/2023:01:41:54 +0100] "GET /index.php?Itemid=12&catid=7&id=32&lang=fr&option=com_content&view=article HTTP/1.1" 302 557 "-" "Mozilla/5.0 (compatible; SemrushBot/7~bl; +http://www.semrush.com/bot.html)"
185.191.171.5 - - [09/Mar/2023:01:41:59 +0100] "GET /index.php?Itemid=49&catid=7&id=50&lang=en&option=com_content&view=article HTTP/1.1" 302 558 "-" "Mozilla/5.0 (compatible; SemrushBot/7~bl; +http://www.semrush.com/bot.html)"
185.191.171.10 - - [09/Mar/2023:01:42:08 +0100] "GET /?Itemid=5&catid=7&fontstyle=f-larger&id=21&lang=en&option=com_content&view=article HTTP/1.1" 302 575 "-" "Mozilla/5.0 (compatible; SemrushBot/7~bl; +http://www.semrush.com/bot.html)"
185.191.171.40 - - [09/Mar/2023:01:42:10 +0100] "GET /?Itemid=0&fontstyle=f-smaller&id=371&lang=fr&option=com_content&view=article HTTP/1.1" 302 564 "-" "Mozilla/5.0 (compatible; SemrushBot/7~bl; +http://www.semrush.com/bot.html)"
212.129.37.175 - - [09/Mar/2023:01:42:36 +0100] "-" 408 1489 "-" "-"
185.191.171.22 - - [09/Mar/2023:01:42:39 +0100] "GET /index.php?Itemid=12&catid=7&id=39&lang=fr&option=com_content&view=article HTTP/1.1" 302 559 "-" "Mozilla/5.0 (compatible; SemrushBot/7~bl; +http://www.semrush.com/bot.html)"
185.191.171.44 - - [09/Mar/2023:01:43:24 +0100] "GET /?fontstyle=f-larger&id=350&lang=fr&option=com_content&view=article HTTP/1.1" 302 548 "-" "Mozilla/5.0 (compatible; SemrushBot/7~bl; +http://www.semrush.com/bot.html)"
185.191.171.34 - - [09/Mar/2023:01:43:26 +0100] "GET /?Itemid=0&fontstyle=f-smaller&id=347&lang=en&option=com_content&view=article HTTP/1.1" 302 564 "-" "Mozilla/5.0 (compatible; SemrushBot/7~bl; +http://www.semrush.com/bot.html)"
185.191.171.21 - - [09/Mar/2023:01:43:36 +0100] "GET /index.php?Itemid&catid=7%3Aarticles&fontstyle=f-larger&id=23&lang=en&option=com_xmap&view=article HTTP/1.1" 302 600 "-" "Mozilla/5.0 (compatible; SemrushBot/7~bl; +http://www.semrush.com/bot.html)"
179.43.177.242 - - [09/Mar/2023:01:43:42 +0100] "GET / HTTP/1.1" 302 402 "-" "Hello World"
185.191.171.11 - - [09/Mar/2023:01:43:57 +0100] "GET /index.php?Itemid=46&catid=7&id=22&lang=fr&option=com_content&view=article HTTP/1.1" 302 559 "-" "Mozilla/5.0 (compatible; SemrushBot/7~bl; +http://www.semrush.com/bot.html)"
185.191.171.44 - - [09/Mar/2023:01:44:00 +0100] "GET /?Itemid&catid=7&fontstyle=f-smaller&id=22&lang=fr&option=com_content&view=article HTTP/1.1" 302 571 "-" "Mozilla/5.0 (compatible; SemrushBot/7~bl; +http://www.semrush.com/bot.html)"
185.191.171.13 - - [09/Mar/2023:01:44:12 +0100] "GET /?fontstyle=f-larger&id=261&lang=fr&option=com_content&view=article HTTP/1.1" 302 548 "-" "Mozilla/5.0 (compatible; SemrushBot/7~bl; +http://www.semrush.com/bot.html)"
185.191.171.17 - - [09/Mar/2023:01:44:18 +0100] "GET /?Itemid=3&catid=1&fontstyle=f-larger&id=431%E2%8C%A9%3Dfr&lang=fr&option=com_content&view=article HTTP/1.1" 302 603 "-" "Mozilla/5.0 (compatible; SemrushBot/7~bl; +http://www.semrush.com/bot.html)"
212.129.37.175 - - [09/Mar/2023:01:44:19 +0100] "-" 408 1489 "-" "-"
185.191.171.8 - - [09/Mar/2023:01:44:41 +0100] "GET /?Itemid=0&fontstyle=f-larger&id=366&lang=fr&option=com_content&view=article HTTP/1.1" 302 563 "-" "Mozilla/5.0 (compatible; SemrushBot/7~bl; +http://www.semrush.com/bot.html)"
185.191.171.1 - - [09/Mar/2023:01:44:54 +0100] "GET /?Itemid=0&fontstyle=f-larger&id=366&lang=en&option=com_content&view=article HTTP/1.1" 302 563 "-" "Mozilla/5.0 (compatible; SemrushBot/7~bl; +http://www.semrush.com/bot.html)"
185.191.171.40 - - [09/Mar/2023:01:45:00 +0100] "GET /?Itemid=53&catid=1&fontstyle=f-smaller&id=442&lang=fr&option=com_content&view=article HTTP/1.1" 302 577 "-" "Mozilla/5.0 (compatible; SemrushBot/7~bl; +http://www.semrush.com/bot.html)"
185.191.171.26 - - [09/Mar/2023:01:46:13 +0100] "GET /?Itemid=53&catid=1&fontstyle=f-smaller&id=450%E2%8C%A9%3Dfr&lang=fr&option=com_content&view=article HTTP/1.1" 302 604 "-" "Mozilla/5.0 (compatible; SemrushBot/7~bl; +http://www.semrush.com/bot.html)"
185.191.171.25 - - [09/Mar/2023:01:46:21 +0100] "GET /?Itemid=46&catid=7&fontstyle=f-larger&id=73&lang=en&option=com_content&view=article HTTP/1.1" 302 575 "-" "Mozilla/5.0 (compatible; SemrushBot/7~bl; +http://www.semrush.com/bot.html)"
185.191.171.41 - - [09/Mar/2023:01:46:26 +0100] "GET /index.php?catid=7&id=5&lang=fr&option=com_content&view=article HTTP/1.1" 302 540 "-" "Mozilla/5.0 (compatible; SemrushBot/7~bl; +http://www.semrush.com/bot.html)"
185.191.171.16 - - [09/Mar/2023:01:47:06 +0100] "GET /index.php?Itemid=3&catid=1&id=436%E2%8C%A9%3Dfr&lang=fr&option=com_content&view=article HTTP/1.1" 302 585 "-" "Mozilla/5.0 (compatible; SemrushBot/7~bl; +http://www.semrush.com/bot.html)"
185.191.171.42 - - [09/Mar/2023:01:47:28 +0100] "GET /?Itemid=53&fontstyle=f-smaller&id=363&lang=en&option=com_content&view=article HTTP/1.1" 302 565 "-" "Mozilla/5.0 (compatible; SemrushBot/7~bl; +http://www.semrush.com/bot.html)"
212.129.37.175 - - [09/Mar/2023:01:47:29 +0100] "-" 408 1489 "-" "-"
185.191.171.10 - - [09/Mar/2023:01:47:32 +0100] "GET /?Itemid=47&catid=7&fontstyle=f-larger&id=27&lang=fr&option=com_content&view=article HTTP/1.1" 302 573 "-" "Mozilla/5.0 (compatible; SemrushBot/7~bl; +http://www.semrush.com/bot.html)"
185.191.171.24 - - [09/Mar/2023:01:47:34 +0100] "GET /index.php?Itemid&id=331&lang=fr&option=com_content&view=article HTTP/1.1" 302 542 "-" "Mozilla/5.0 (compatible; SemrushBot/7~bl; +http://www.semrush.com/bot.html)"
185.191.171.26 - - [09/Mar/2023:01:47:39 +0100] "GET /?Itemid&fontstyle=f-smaller&id=284&lang=fr&option=com_content&view=article HTTP/1.1" 302 561 "-" "Mozilla/5.0 (compatible; SemrushBot/7~bl; +http://www.semrush.com/bot.html)"
185.191.171.45 - - [09/Mar/2023:01:47:52 +0100] "GET /index.php?Itemid=12&catid=7&id=59&lang=en&option=com_content&view=article HTTP/1.1" 302 558 "-" "Mozilla/5.0 (compatible; SemrushBot/7~bl; +http://www.semrush.com/bot.html)"
185.191.171.24 - - [09/Mar/2023:01:48:03 +0100] "GET /?Itemid=49&catid=7&fontstyle=f-smaller&id=18&lang=fr&option=com_content&view=article HTTP/1.1" 302 576 "-" "Mozilla/5.0 (compatible; SemrushBot/7~bl; +http://www.semrush.com/bot.html)"
185.191.171.20 - - [09/Mar/2023:01:48:33 +0100] "GET /?Itemid&catid=7&fontstyle=f-larger&id=45&lang=en&option=com_content&view=article HTTP/1.1" 302 571 "-" "Mozilla/5.0 (compatible; SemrushBot/7~bl; +http://www.semrush.com/bot.html)"
185.191.171.7 - - [09/Mar/2023:01:48:37 +0100] "GET /index.php?catid=7&id=56&lang=fr&option=com_content&view=article HTTP/1.1" 302 542 "-" "Mozilla/5.0 (compatible; SemrushBot/7~bl; +http://www.semrush.com/bot.html)"
212.129.37.175 - - [09/Mar/2023:01:48:46 +0100] "-" 408 1489 "-" "-"
185.191.171.40 - - [09/Mar/2023:01:48:46 +0100] "GET /index.php?Itemid=45&catid=7&id=38&lang=en&option=com_content&view=article HTTP/1.1" 302 559 "-" "Mozilla/5.0 (compatible; SemrushBot/7~bl; +http://www.semrush.com/bot.html)"
204.11.59.91 - - [09/Mar/2023:01:48:58 +0100] "-" 408 0 "-" "-"
185.191.171.11 - - [09/Mar/2023:01:49:03 +0100] "GET /?Itemid=16&catid=7&fontstyle=f-smaller&id=5&lang=fr&option=com_content&view=article HTTP/1.1" 302 575 "-" "Mozilla/5.0 (compatible; SemrushBot/7~bl; +http://www.semrush.com/bot.html)"
185.191.171.40 - - [09/Mar/2023:01:49:29 +0100] "GET /?Itemid=53&catid=1&fontstyle=f-larger&id=452&lang=en&option=com_content&view=article HTTP/1.1" 302 578 "-" "Mozilla/5.0 (compatible; SemrushBot/7~bl; +http://www.semrush.com/bot.html)"
185.191.171.45 - - [09/Mar/2023:01:51:11 +0100] "GET /?Itemid=47&catid=7&fontstyle=f-larger&id=25&lang=en&option=com_content&view=article HTTP/1.1" 302 575 "-" "Mozilla/5.0 (compatible; SemrushBot/7~bl; +http://www.semrush.com/bot.html)"
185.191.171.11 - - [09/Mar/2023:01:51:44 +0100] "GET /index.php?Itemid&catid=7&id=20&lang=en&option=com_content&view=article HTTP/1.1" 302 553 "-" "Mozilla/5.0 (compatible; SemrushBot/7~bl; +http://www.semrush.com/bot.html)"
185.191.171.19 - - [09/Mar/2023:01:51:46 +0100] "GET /index.php?Itemid=14&catid=7&id=58&lang=fr&option=com_content&view=article HTTP/1.1" 302 559 "-" "Mozilla/5.0 (compatible; SemrushBot/7~bl; +http://www.semrush.com/bot.html)"
185.191.171.24 - - [09/Mar/2023:01:52:20 +0100] "GET /?Itemid=47&catid=7&fontstyle=f-larger&id=19&lang=fr&option=com_content&view=article HTTP/1.1" 302 575 "-" "Mozilla/5.0 (compatible; SemrushBot/7~bl; +http://www.semrush.com/bot.html)"
185.191.171.40 - - [09/Mar/2023:01:52:22 +0100] "GET /?Itemid=11&catid=7&fontstyle=f-larger&id=19&lang=fr&option=com_content&view=article HTTP/1.1" 302 574 "-" "Mozilla/5.0 (compatible; SemrushBot/7~bl; +http://www.semrush.com/bot.html)"
212.129.37.175 - - [09/Mar/2023:01:52:23 +0100] "-" 408 1489 "-" "-"
185.191.171.4 - - [09/Mar/2023:01:52:24 +0100] "GET /?Itemid=46&catid=7&fontstyle=f-larger&id=28&lang=fr&option=com_content&view=article HTTP/1.1" 302 576 "-" "Mozilla/5.0 (compatible; SemrushBot/7~bl; +http://www.semrush.com/bot.html)"
85.54.122.7 - - [09/Mar/2023:01:52:38 +0100] "GET /backup_11032022.zip HTTP/1.1" 404 2162 "-" "Firefox"
185.191.171.19 - - [09/Mar/2023:01:52:45 +0100] "GET /?Itemid=3&fontstyle=f-larger&id=307&lang=fr&option=com_content&view=article HTTP/1.1" 302 562 "-" "Mozilla/5.0 (compatible; SemrushBot/7~bl; +http://www.semrush.com/bot.html)"
185.191.171.35 - - [09/Mar/2023:01:52:51 +0100] "GET /?Itemid=53&catid=7&fontstyle=f-larger&id=45&lang=en&option=com_content&view=article HTTP/1.1" 302 576 "-" "Mozilla/5.0 (compatible; SemrushBot/7~bl; +http://www.semrush.com/bot.html)"
185.191.171.19 - - [09/Mar/2023:01:52:55 +0100] "GET /index.php?Itemid=14&catid=7&id=55&lang=en&option=com_content&view=article HTTP/1.1" 302 559 "-" "Mozilla/5.0 (compatible; SemrushBot/7~bl; +http://www.semrush.com/bot.html)"
66.175.44.25 - - [09/Mar/2023:01:52:58 +0100] "-" 408 0 "-" "-"
185.191.171.22 - - [09/Mar/2023:01:53:05 +0100] "GET /?Itemid&fontstyle=f-larger&id=322&lang=en&option=com_content&view=article HTTP/1.1" 302 558 "-" "Mozilla/5.0 (compatible; SemrushBot/7~bl; +http://www.semrush.com/bot.html)"
185.191.171.34 - - [09/Mar/2023:01:53:08 +0100] "GET /?catid=7&fontstyle=f-smaller&id=49&lang=fr&option=com_content&view=article HTTP/1.1" 302 560 "-" "Mozilla/5.0 (compatible; SemrushBot/7~bl; +http://www.semrush.com/bot.html)"
212.129.37.175 - - [09/Mar/2023:01:53:12 +0100] "-" 408 1489 "-" "-"
185.191.171.42 - - [09/Mar/2023:01:53:29 +0100] "GET /index.php?Itemid=53&catid=7&id=11&lang=en&option=com_content&view=article HTTP/1.1" 302 558 "-" "Mozilla/5.0 (compatible; SemrushBot/7~bl; +http://www.semrush.com/bot.html)"
185.191.171.4 - - [09/Mar/2023:01:53:36 +0100] "GET /?Itemid=48&catid=7&fontstyle=f-larger&id=31&lang=fr&option=com_content&view=article HTTP/1.1" 302 576 "-" "Mozilla/5.0 (compatible; SemrushBot/7~bl; +http://www.semrush.com/bot.html)"
185.191.171.35 - - [09/Mar/2023:01:53:46 +0100] "GET /index.php?Itemid=53&catid=7&id=7&lang=en&option=com_content&view=article HTTP/1.1" 302 554 "-" "Mozilla/5.0 (compatible; SemrushBot/7~bl; +http://www.semrush.com/bot.html)"
185.191.171.19 - - [09/Mar/2023:01:54:17 +0100] "GET /index.php?Itemid=48&catid=7&id=37&lang=fr&option=com_content&view=article HTTP/1.1" 302 559 "-" "Mozilla/5.0 (compatible; SemrushBot/7~bl; +http://www.semrush.com/bot.html)"
185.191.171.34 - - [09/Mar/2023:01:54:45 +0100] "GET /?Itemid=3&catid=7&fontstyle=f-smaller&id=24&lang=fr&option=com_content&view=article HTTP/1.1" 302 575 "-" "Mozilla/5.0 (compatible; SemrushBot/7~bl; +http://www.semrush.com/bot.html)"
185.191.171.15 - - [09/Mar/2023:01:56:04 +0100] "GET /?Itemid=3&catid=7&fontstyle=f-larger&id=57&lang=en&option=com_content&view=article HTTP/1.1" 302 573 "-" "Mozilla/5.0 (compatible; SemrushBot/7~bl; +http://www.semrush.com/bot.html)"
185.191.171.35 - - [09/Mar/2023:01:56:13 +0100] "GET /?Itemid=11&catid=7&fontstyle=f-smaller&id=33&lang=en&option=com_content&view=article HTTP/1.1" 302 575 "-" "Mozilla/5.0 (compatible; SemrushBot/7~bl; +http://www.semrush.com/bot.html)"
185.191.171.8 - - [09/Mar/2023:01:56:16 +0100] "GET /?Itemid=5&catid=7&fontstyle=f-larger&id=43&lang=en&option=com_content&view=article HTTP/1.1" 302 575 "-" "Mozilla/5.0 (compatible; SemrushBot/7~bl; +http://www.semrush.com/bot.html)"
185.191.171.26 - - [09/Mar/2023:01:56:17 +0100] "GET /index.php?id=312&lang=fr&option=com_content&view=article HTTP/1.1" 302 529 "-" "Mozilla/5.0 (compatible; SemrushBot/7~bl; +http://www.semrush.com/bot.html)"
185.191.171.33 - - [09/Mar/2023:01:56:19 +0100] "GET /index.php?Itemid=47&id=60&lang=fr&option=com_content&view=article HTTP/1.1" 302 546 "-" "Mozilla/5.0 (compatible; SemrushBot/7~bl; +http://www.semrush.com/bot.html)"
185.191.171.34 - - [09/Mar/2023:01:56:21 +0100] "GET /index.php?Itemid&catid=7%3Aarticles&fontstyle=f-smaller&id=23&lang=fr&option=com_xmap&view=article HTTP/1.1" 302 601 "-" "Mozilla/5.0 (compatible; SemrushBot/7~bl; +http://www.semrush.com/bot.html)"
185.191.171.43 - - [09/Mar/2023:01:56:28 +0100] "GET /robots.txt HTTP/1.1" 302 441 "-" "Mozilla/5.0 (compatible; SemrushBot/7~bl; +http://www.semrush.com/bot.html)"
185.191.171.43 - - [09/Mar/2023:01:56:28 +0100] "GET /?Itemid=49&catid=7&fontstyle=f-larger&id=52&lang=fr&option=com_content&view=article HTTP/1.1" 302 576 "-" "Mozilla/5.0 (compatible; SemrushBot/7~bl; +http://www.semrush.com/bot.html)"
185.191.171.26 - - [09/Mar/2023:01:56:34 +0100] "GET /?Itemid=53&catid=1&fontstyle=f-larger&id=490&lang=fr&option=com_content&view=article HTTP/1.1" 302 579 "-" "Mozilla/5.0 (compatible; SemrushBot/7~bl; +http://www.semrush.com/bot.html)"
185.191.171.33 - - [09/Mar/2023:01:57:02 +0100] "GET /?Itemid=46&catid=7&fontstyle=f-larger&id=21&lang=en&option=com_content&view=article HTTP/1.1" 302 576 "-" "Mozilla/5.0 (compatible; SemrushBot/7~bl; +http://www.semrush.com/bot.html)"
185.191.171.15 - - [09/Mar/2023:01:57:04 +0100] "GET /index.php?Itemid=5&catid=7&id=22&lang=fr&option=com_content&view=article HTTP/1.1" 302 557 "-" "Mozilla/5.0 (compatible; SemrushBot/7~bl; +http://www.semrush.com/bot.html)"
212.129.37.175 - - [09/Mar/2023:01:57:16 +0100] "-" 408 1489 "-" "-"
185.191.171.16 - - [09/Mar/2023:01:57:26 +0100] "GET /?Itemid=14&catid=7&fontstyle=f-smaller&id=61&lang=fr&option=com_content&view=article HTTP/1.1" 302 576 "-" "Mozilla/5.0 (compatible; SemrushBot/7~bl; +http://www.semrush.com/bot.html)"
185.191.171.11 - - [09/Mar/2023:01:57:36 +0100] "GET /?catid=7&fontstyle=f-larger&id=16&lang=fr&option=com_content&view=article HTTP/1.1" 302 559 "-" "Mozilla/5.0 (compatible; SemrushBot/7~bl; +http://www.semrush.com/bot.html)"
185.191.171.45 - - [09/Mar/2023:01:57:37 +0100] "GET /?Itemid=3&fontstyle=f-larger&id=315&lang=en&option=com_content&view=article HTTP/1.1" 302 562 "-" "Mozilla/5.0 (compatible; SemrushBot/7~bl; +http://www.semrush.com/bot.html)"
212.129.37.175 - - [09/Mar/2023:01:57:39 +0100] "-" 408 1489 "-" "-"
185.191.171.10 - - [09/Mar/2023:01:57:41 +0100] "GET /?Itemid=49&catid=7&fontstyle=f-larger&id=18&lang=fr&option=com_content&view=article HTTP/1.1" 302 576 "-" "Mozilla/5.0 (compatible; SemrushBot/7~bl; +http://www.semrush.com/bot.html)"
5.255.231.116 - - [09/Mar/2023:01:57:56 +0100] "GET /robots.txt HTTP/1.1" 404 2740 "-" "Mozilla/5.0 (compatible; YandexBot/3.0; +http://yandex.com/bots)"
5.255.231.116 - - [09/Mar/2023:01:57:59 +0100] "GET /index.php?option=com_content&Itemid=&catid=7&id=73&lang=en&view=article HTTP/1.1" 404 548 "-" "Mozilla/5.0 (compatible; YandexBot/3.0; +http://yandex.com/bots)"
185.191.171.6 - - [09/Mar/2023:01:58:15 +0100] "GET /?Itemid=53&catid=7&fontstyle=f-larger&id=28&lang=fr&option=com_content&view=article HTTP/1.1" 302 576 "-" "Mozilla/5.0 (compatible; SemrushBot/7~bl; +http://www.semrush.com/bot.html)"
185.191.171.6 - - [09/Mar/2023:01:58:15 +0100] "GET /?Itemid=0&catid=7&fontstyle=f-smaller&id=11&lang=en&option=com_content&view=article HTTP/1.1" 302 576 "-" "Mozilla/5.0 (compatible; SemrushBot/7~bl; +http://www.semrush.com/bot.html)"
185.191.171.7 - - [09/Mar/2023:01:59:00 +0100] "GET /index.php?Itemid=46&catid=7&id=26&lang=fr&option=com_content&view=article HTTP/1.1" 302 557 "-" "Mozilla/5.0 (compatible; SemrushBot/7~bl; +http://www.semrush.com/bot.html)"
185.191.171.38 - - [09/Mar/2023:01:59:11 +0100] "GET /index.php?Itemid=53&catid=1&id=444%E2%8C%A9%3Dfr&lang=en&option=com_content&view=article HTTP/1.1" 302 587 "-" "Mozilla/5.0 (compatible; SemrushBot/7~bl; +http://www.semrush.com/bot.html)"
185.191.171.2 - - [09/Mar/2023:01:59:24 +0100] "GET /index.php?Itemid=0&id=164&lang=fr&option=com_content&view=article HTTP/1.1" 302 545 "-" "Mozilla/5.0 (compatible; SemrushBot/7~bl; +http://www.semrush.com/bot.html)"
185.191.171.11 - - [09/Mar/2023:01:59:41 +0100] "GET /index.php?Itemid=3&catid=1&id=434%E2%8C%A9%3Dfr&lang=en&option=com_content&view=article HTTP/1.1" 302 585 "-" "Mozilla/5.0 (compatible; SemrushBot/7~bl; +http://www.semrush.com/bot.html)"
185.191.171.23 - - [09/Mar/2023:01:59:55 +0100] "GET /index.php?Itemid&catid=7%3Aarticles&fontstyle=f-larger&id=23&lang=en&option=com_xmap&view=article HTTP/1.1" 302 600 "-" "Mozilla/5.0 (compatible; SemrushBot/7~bl; +http://www.semrush.com/bot.html)"
185.191.171.3 - - [09/Mar/2023:02:00:04 +0100] "GET /index.php?Itemid=5&catid=7&id=51&lang=fr&option=com_content&view=article HTTP/1.1" 302 557 "-" "Mozilla/5.0 (compatible; SemrushBot/7~bl; +http://www.semrush.com/bot.html)"
185.191.171.19 - - [09/Mar/2023:02:00:05 +0100] "GET /index.php?Itemid=3&catid=7&id=45&lang=en&option=com_content&view=article HTTP/1.1" 302 557 "-" "Mozilla/5.0 (compatible; SemrushBot/7~bl; +http://www.semrush.com/bot.html)"
185.191.171.25 - - [09/Mar/2023:02:00:14 +0100] "GET /index.php?Itemid=0&catid=7&id=141&lang=en&option=com_content&view=article HTTP/1.1" 302 558 "-" "Mozilla/5.0 (compatible; SemrushBot/7~bl; +http://www.semrush.com/bot.html)"
185.191.171.45 - - [09/Mar/2023:02:00:49 +0100] "GET /index.php?Itemid=0&id=124&lang=en&option=com_content&view=article HTTP/1.1" 302 544 "-" "Mozilla/5.0 (compatible; SemrushBot/7~bl; +http://www.semrush.com/bot.html)"
185.191.171.45 - - [09/Mar/2023:02:01:02 +0100] "GET /?Itemid=48&catid=7&fontstyle=f-smaller&id=58&lang=fr&option=com_content&view=article HTTP/1.1" 302 575 "-" "Mozilla/5.0 (compatible; SemrushBot/7~bl; +http://www.semrush.com/bot.html)"
185.191.171.41 - - [09/Mar/2023:02:01:03 +0100] "GET /index.php?Itemid=5&catid=7&id=22&lang=fr&option=com_content&view=article HTTP/1.1" 302 557 "-" "Mozilla/5.0 (compatible; SemrushBot/7~bl; +http://www.semrush.com/bot.html)"
185.191.171.2 - - [09/Mar/2023:02:01:14 +0100] "GET /?Itemid=0&fontstyle=f-smaller&id=204&lang=fr&option=com_content&view=article HTTP/1.1" 302 562 "-" "Mozilla/5.0 (compatible; SemrushBot/7~bl; +http://www.semrush.com/bot.html)"
185.191.171.9 - - [09/Mar/2023:02:01:35 +0100] "GET /index.php?Itemid=53&catid=1&id=488&lang=en&option=com_content&view=article HTTP/1.1" 302 560 "-" "Mozilla/5.0 (compatible; SemrushBot/7~bl; +http://www.semrush.com/bot.html)"
212.129.37.175 - - [09/Mar/2023:02:02:05 +0100] "-" 408 1489 "-" "-"
212.129.37.175 - - [09/Mar/2023:02:02:09 +0100] "-" 408 1489 "-" "-"
185.191.171.5 - - [09/Mar/2023:02:02:11 +0100] "GET /index.php?Itemid=11&catid=7&id=34&lang=fr&option=com_content&view=article HTTP/1.1" 302 559 "-" "Mozilla/5.0 (compatible; SemrushBot/7~bl; +http://www.semrush.com/bot.html)"
185.191.171.15 - - [09/Mar/2023:02:02:27 +0100] "GET /?Itemid=45&catid=7&fontstyle=f-smaller&id=43&lang=fr&option=com_content&view=article HTTP/1.1" 302 575 "-" "Mozilla/5.0 (compatible; SemrushBot/7~bl; +http://www.semrush.com/bot.html)"
185.191.171.14 - - [09/Mar/2023:02:03:26 +0100] "GET /index.php?Itemid=53&id=280&lang=fr&option=com_content&view=article HTTP/1.1" 302 548 "-" "Mozilla/5.0 (compatible; SemrushBot/7~bl; +http://www.semrush.com/bot.html)"
