185.191.171.12 - - [08/Mar/2023:15:02:26 +0100] "GET /?Itemid&fontstyle=f-smaller&id=361&lang=en&option=com_content&view=article HTTP/1.1" 302 561 "-" "Mozilla/5.0 (compatible; SemrushBot/7~bl; +http://www.semrush.com/bot.html)"
185.191.171.22 - - [08/Mar/2023:15:02:30 +0100] "GET /?Itemid=14&catid=7&fontstyle=f-larger&id=51&lang=fr&option=com_content&view=article HTTP/1.1" 302 576 "-" "Mozilla/5.0 (compatible; SemrushBot/7~bl; +http://www.semrush.com/bot.html)"
185.191.171.4 - - [08/Mar/2023:15:02:37 +0100] "GET /?Itemid=53&catid=1&fontstyle=f-smaller&id=436%E2%8C%A9%3Dfr&lang=en&option=com_content&view=article HTTP/1.1" 302 605 "-" "Mozilla/5.0 (compatible; SemrushBot/7~bl; +http://www.semrush.com/bot.html)"
185.191.171.7 - - [08/Mar/2023:15:03:02 +0100] "GET /?Itemid&fontstyle=f-larger&id=278&lang=fr&option=com_content&view=article HTTP/1.1" 302 560 "-" "Mozilla/5.0 (compatible; SemrushBot/7~bl; +http://www.semrush.com/bot.html)"
185.191.171.9 - - [08/Mar/2023:15:03:25 +0100] "GET /index.php?Itemid=53&catid=7&id=29%3D7%E3%80%88%3Dfr&lang=en&option=com_content&view=article HTTP/1.1" 302 593 "-" "Mozilla/5.0 (compatible; SemrushBot/7~bl; +http://www.semrush.com/bot.html)"
212.129.37.175 - - [08/Mar/2023:15:03:43 +0100] "-" 408 1489 "-" "-"
170.187.202.51 - - [08/Mar/2023:15:04:03 +0100] "GET / HTTP/1.0" 302 421 "-" "-"
170.187.202.51 - - [08/Mar/2023:15:04:05 +0100] "Gh0st\xad" 302 205 "-" "-"
170.187.202.51 - - [08/Mar/2023:15:04:09 +0100] "HELP" 302 205 "-" "-"
170.187.202.51 - - [08/Mar/2023:15:04:09 +0100] "\x1b\x84\xd5\xb0]\xf4\xc4\x93\xc50\xc2X\x8c\xda\xb1\xd7\xac\xafn\x1d\xe1\x1e\x1a3*\x85\xb7\x1d'\xb1\xc9k\xbf\xf0\xbc" 302 205 "-" "-"
170.187.202.51 - - [08/Mar/2023:15:04:11 +0100] "\x16\x03\x01" 302 205 "-" "-"
170.187.202.51 - - [08/Mar/2023:15:04:12 +0100] "\xbd\xff\x9e\xffE\xff\x9e\xff\xbd\xff\x9e\xff\xa4\xff\x86\xff\xc4\xff\xbe\xff\xc7\xff\xdb\xff\xee\xffx\\d9\xff\xed\xff\xa4\xff\x9d\xff\xcf\xff\xd8\xff\xe5\xff\x04\xff\x12\xff0\xff\xb1\xff\xbd\xff\xe7\xff\xe2\xff\xdd\xff\xdc\xff\xde\xff\xc8\xff\xcc\xff\xbe\xff\xf8\xff&\xff\x01\xff\x0f\xff\xf5\xff\x06\xff\xff\xff\xf7\xff!\xff\xde\xff\x02\xff&\xff\x0c\xff\x01\xff\xf5\xff" 400 226 "-" "-"
167.71.185.199 - - [08/Mar/2023:15:04:20 +0100] "GET / HTTP/1.0" 302 421 "-" "-"
185.191.171.15 - - [08/Mar/2023:15:04:30 +0100] "GET /index.php?Itemid=53&catid=1&id=411%3F%3Dfr&lang=fr&option=com_content&view=article HTTP/1.1" 302 574 "-" "Mozilla/5.0 (compatible; SemrushBot/7~bl; +http://www.semrush.com/bot.html)"
185.191.171.11 - - [08/Mar/2023:15:04:34 +0100] "GET /?Itemid=0&fontstyle=f-larger&id=303&lang=fr&option=com_content&view=article HTTP/1.1" 302 561 "-" "Mozilla/5.0 (compatible; SemrushBot/7~bl; +http://www.semrush.com/bot.html)"
185.191.171.39 - - [08/Mar/2023:15:04:39 +0100] "GET /?Itemid=50&catid=7&fontstyle=f-smaller&id=58&lang=en&option=com_content&view=article HTTP/1.1" 302 575 "-" "Mozilla/5.0 (compatible; SemrushBot/7~bl; +http://www.semrush.com/bot.html)"
185.191.171.26 - - [08/Mar/2023:15:05:02 +0100] "GET /?Itemid=0&fontstyle=f-smaller&id=171&lang=fr&option=com_content&view=article HTTP/1.1" 302 563 "-" "Mozilla/5.0 (compatible; SemrushBot/7~bl; +http://www.semrush.com/bot.html)"
185.191.171.44 - - [08/Mar/2023:15:05:20 +0100] "GET /?Itemid=45&catid=7&fontstyle=f-larger&id=30&lang=fr&option=com_content&view=article HTTP/1.1" 302 576 "-" "Mozilla/5.0 (compatible; SemrushBot/7~bl; +http://www.semrush.com/bot.html)"
185.191.171.22 - - [08/Mar/2023:15:05:44 +0100] "GET /index.php?Itemid&fontstyle=f-larger&lang=en&option=com_acymailing HTTP/1.1" 302 543 "-" "Mozilla/5.0 (compatible; SemrushBot/7~bl; +http://www.semrush.com/bot.html)"
192.142.227.20 - - [08/Mar/2023:15:05:48 +0100] "GET /.env HTTP/1.1" 302 467 "-" "Mozilla/5.0 (Linux; U; Android 4.4.2; en-US; HM NOTE 1W Build/KOT49H) AppleWebKit/534.30 (KHTML, like Gecko) Version/4.0 UCBrowser/11.0.5.850 U3/0.8.0 Mobile Safari/534.30"
192.142.227.20 - - [08/Mar/2023:15:05:48 +0100] "POST / HTTP/1.1" 302 461 "-" "Mozilla/5.0 (Linux; U; Android 4.4.2; en-US; HM NOTE 1W Build/KOT49H) AppleWebKit/534.30 (KHTML, like Gecko) Version/4.0 UCBrowser/11.0.5.850 U3/0.8.0 Mobile Safari/534.30"
212.129.37.175 - - [08/Mar/2023:15:05:59 +0100] "-" 408 1489 "-" "-"
212.129.37.175 - - [08/Mar/2023:15:06:02 +0100] "-" 408 1489 "-" "-"
185.191.171.20 - - [08/Mar/2023:15:06:08 +0100] "GET /?Itemid=53&catid=1&fontstyle=f-larger&id=435&lang=en&option=com_content&view=article HTTP/1.1" 302 578 "-" "Mozilla/5.0 (compatible; SemrushBot/7~bl; +http://www.semrush.com/bot.html)"
185.191.171.25 - - [08/Mar/2023:15:06:40 +0100] "GET /index.php?Itemid=47&catid=7&id=30&lang=en&option=com_content&view=article HTTP/1.1" 302 558 "-" "Mozilla/5.0 (compatible; SemrushBot/7~bl; +http://www.semrush.com/bot.html)"
172.104.210.105 - - [08/Mar/2023:15:07:04 +0100] "-" 408 0 "-" "-"
172.104.210.105 - - [08/Mar/2023:15:07:05 +0100] "GET /" 400 458 "-" "-"
185.191.171.14 - - [08/Mar/2023:15:07:11 +0100] "GET /index.php?Itemid=3&id=269&lang=fr&option=com_content&view=article HTTP/1.1" 302 546 "-" "Mozilla/5.0 (compatible; SemrushBot/7~bl; +http://www.semrush.com/bot.html)"
185.191.171.1 - - [08/Mar/2023:15:07:13 +0100] "GET /index.php?Itemid=16&catid=7&id=23&lang=fr&option=com_content&view=article HTTP/1.1" 302 559 "-" "Mozilla/5.0 (compatible; SemrushBot/7~bl; +http://www.semrush.com/bot.html)"
185.191.171.19 - - [08/Mar/2023:15:07:29 +0100] "GET /?Itemid=5&catid=7&fontstyle=f-smaller&id=50&lang=fr&option=com_content&view=article HTTP/1.1" 302 574 "-" "Mozilla/5.0 (compatible; SemrushBot/7~bl; +http://www.semrush.com/bot.html)"
185.191.171.26 - - [08/Mar/2023:15:07:32 +0100] "GET /?Itemid=0&fontstyle=f-smaller&id=365&lang=en&option=com_content&view=article HTTP/1.1" 302 564 "-" "Mozilla/5.0 (compatible; SemrushBot/7~bl; +http://www.semrush.com/bot.html)"
185.191.171.42 - - [08/Mar/2023:15:07:43 +0100] "GET /index.php?Itemid=06&catid=7&id=23&lang=en&option=com_content&view=article HTTP/1.1" 302 558 "-" "Mozilla/5.0 (compatible; SemrushBot/7~bl; +http://www.semrush.com/bot.html)"
212.129.37.175 - - [08/Mar/2023:15:08:37 +0100] "-" 408 1489 "-" "-"
185.191.171.7 - - [08/Mar/2023:15:08:41 +0100] "GET /?Itemid=3&fontstyle=f-larger&id=1&lang=fr&layout=blog&limitstart=20&option=com_content&view=category HTTP/1.1" 302 602 "-" "Mozilla/5.0 (compatible; SemrushBot/7~bl; +http://www.semrush.com/bot.html)"
185.191.171.33 - - [08/Mar/2023:15:08:44 +0100] "GET /index.php?id=323&lang=fr&option=com_content&view=article HTTP/1.1" 302 529 "-" "Mozilla/5.0 (compatible; SemrushBot/7~bl; +http://www.semrush.com/bot.html)"
185.191.171.21 - - [08/Mar/2023:15:09:19 +0100] "GET /?Itemid=50&catid=7&fontstyle=f-larger&id=30&lang=en&option=com_content&view=article HTTP/1.1" 302 575 "-" "Mozilla/5.0 (compatible; SemrushBot/7~bl; +http://www.semrush.com/bot.html)"
185.191.171.43 - - [08/Mar/2023:15:09:27 +0100] "GET /index.php?Itemid=45&catid=7&id=37&lang=fr&option=com_content&view=article HTTP/1.1" 302 559 "-" "Mozilla/5.0 (compatible; SemrushBot/7~bl; +http://www.semrush.com/bot.html)"
185.191.171.34 - - [08/Mar/2023:15:09:27 +0100] "GET /index.php?Itemid=47&catid=7&id=61&lang=en&option=com_content&view=article HTTP/1.1" 302 558 "-" "Mozilla/5.0 (compatible; SemrushBot/7~bl; +http://www.semrush.com/bot.html)"
185.191.171.2 - - [08/Mar/2023:15:09:41 +0100] "GET /index.php?Itemid=46&catid=7&id=62&lang=fr&option=com_content&view=article HTTP/1.1" 302 559 "-" "Mozilla/5.0 (compatible; SemrushBot/7~bl; +http://www.semrush.com/bot.html)"
185.191.171.37 - - [08/Mar/2023:15:10:07 +0100] "GET /?catid=8&fontstyle=f-smaller&id=125&lang=fr&option=com_content&view=article HTTP/1.1" 302 562 "-" "Mozilla/5.0 (compatible; SemrushBot/7~bl; +http://www.semrush.com/bot.html)"
185.191.171.4 - - [08/Mar/2023:15:10:09 +0100] "GET /?Itemid&fontstyle=f-larger&id=346&lang=fr&option=com_content&view=article HTTP/1.1" 302 560 "-" "Mozilla/5.0 (compatible; SemrushBot/7~bl; +http://www.semrush.com/bot.html)"
185.191.171.40 - - [08/Mar/2023:15:10:22 +0100] "GET /?Itemid=53&catid=7&fontstyle=f-larger&id=16&lang=en&option=com_content&view=article HTTP/1.1" 302 575 "-" "Mozilla/5.0 (compatible; SemrushBot/7~bl; +http://www.semrush.com/bot.html)"
212.129.37.175 - - [08/Mar/2023:15:10:28 +0100] "-" 408 1489 "-" "-"
212.129.37.175 - - [08/Mar/2023:15:10:52 +0100] "-" 408 1489 "-" "-"
185.191.171.1 - - [08/Mar/2023:15:10:54 +0100] "GET /?Itemid=46&catid=7&fontstyle=f-smaller&id=26&lang=fr&option=com_content&view=article HTTP/1.1" 302 575 "-" "Mozilla/5.0 (compatible; SemrushBot/7~bl; +http://www.semrush.com/bot.html)"
185.191.171.6 - - [08/Mar/2023:15:11:20 +0100] "GET /?Itemid=53&catid=1&fontstyle=f-smaller&id=432&lang=fr&option=com_content&view=article HTTP/1.1" 302 577 "-" "Mozilla/5.0 (compatible; SemrushBot/7~bl; +http://www.semrush.com/bot.html)"
185.191.171.15 - - [08/Mar/2023:15:11:35 +0100] "GET /?Itemid=0&fontstyle=f-larger&id=307&lang=fr&option=com_content&view=article HTTP/1.1" 302 562 "-" "Mozilla/5.0 (compatible; SemrushBot/7~bl; +http://www.semrush.com/bot.html)"
185.191.171.34 - - [08/Mar/2023:15:11:56 +0100] "GET /index.php?Itemid=48&catid=7&id=63&lang=en&option=com_content&view=article HTTP/1.1" 302 559 "-" "Mozilla/5.0 (compatible; SemrushBot/7~bl; +http://www.semrush.com/bot.html)"
185.191.171.33 - - [08/Mar/2023:15:11:57 +0100] "GET /?Itemid=53&catid=1&fontstyle=f-larger&id=1&lang=fr&option=com_content&view=article HTTP/1.1" 302 572 "-" "Mozilla/5.0 (compatible; SemrushBot/7~bl; +http://www.semrush.com/bot.html)"
185.191.171.20 - - [08/Mar/2023:15:11:59 +0100] "GET /index.php?Itemid=3&catid=1&id=482&lang=fr&option=com_content&view=article HTTP/1.1" 302 559 "-" "Mozilla/5.0 (compatible; SemrushBot/7~bl; +http://www.semrush.com/bot.html)"
185.191.171.22 - - [08/Mar/2023:15:12:46 +0100] "GET /robots.txt HTTP/1.1" 302 441 "-" "Mozilla/5.0 (compatible; SemrushBot/7~bl; +http://www.semrush.com/bot.html)"
185.191.171.37 - - [08/Mar/2023:15:12:46 +0100] "GET /?Itemid=0&fontstyle=f-smaller&id=348&lang=fr&option=com_content&view=article HTTP/1.1" 302 564 "-" "Mozilla/5.0 (compatible; SemrushBot/7~bl; +http://www.semrush.com/bot.html)"
36.138.45.93 - - [08/Mar/2023:15:12:48 +0100] "GET / HTTP/1.1" 302 405 "-" "Mozilla/5.0 (Macintosh; Intel Mac OS X 10_12_2) AppleWebKit/537.36 (KHTML, like Gecko) Chrome/55.0.2883.95 Safari/537.36"
185.191.171.7 - - [08/Mar/2023:15:12:55 +0100] "GET /index.php?Itemid=48&catid=7&id=22&lang=fr&option=com_content&view=article HTTP/1.1" 302 559 "-" "Mozilla/5.0 (compatible; SemrushBot/7~bl; +http://www.semrush.com/bot.html)"
185.191.171.24 - - [08/Mar/2023:15:12:59 +0100] "GET /index.php?Itemid=53&id=300&lang=fr&option=com_content&view=article HTTP/1.1" 302 547 "-" "Mozilla/5.0 (compatible; SemrushBot/7~bl; +http://www.semrush.com/bot.html)"
185.191.171.18 - - [08/Mar/2023:15:13:10 +0100] "GET /index.php?Itemid=46&catid=7&id=33&lang=en&option=com_content&view=article HTTP/1.1" 302 558 "-" "Mozilla/5.0 (compatible; SemrushBot/7~bl; +http://www.semrush.com/bot.html)"
185.191.171.26 - - [08/Mar/2023:15:13:23 +0100] "GET /?Itemid=0&fontstyle=f-larger&id=355&lang=en&option=com_content&view=article HTTP/1.1" 302 562 "-" "Mozilla/5.0 (compatible; SemrushBot/7~bl; +http://www.semrush.com/bot.html)"
212.129.37.175 - - [08/Mar/2023:15:13:30 +0100] "-" 408 1489 "-" "-"
185.191.171.20 - - [08/Mar/2023:15:13:42 +0100] "GET /?catid=7&fontstyle=f-smaller&id=50&lang=fr&option=com_content&view=article HTTP/1.1" 302 560 "-" "Mozilla/5.0 (compatible; SemrushBot/7~bl; +http://www.semrush.com/bot.html)"
185.191.171.26 - - [08/Mar/2023:15:13:47 +0100] "GET /index.php?Itemid=0&id=313&lang=fr&option=com_content&view=article HTTP/1.1" 302 545 "-" "Mozilla/5.0 (compatible; SemrushBot/7~bl; +http://www.semrush.com/bot.html)"
185.191.171.21 - - [08/Mar/2023:15:13:56 +0100] "GET /index.php?Itemid=6&lang=en&option=com_wrapper&view=wrapper HTTP/1.1" 302 531 "-" "Mozilla/5.0 (compatible; SemrushBot/7~bl; +http://www.semrush.com/bot.html)"
185.191.171.25 - - [08/Mar/2023:15:14:02 +0100] "GET /?Itemid&fontstyle=f-larger&id=309&lang=en&option=com_content&view=article HTTP/1.1" 302 559 "-" "Mozilla/5.0 (compatible; SemrushBot/7~bl; +http://www.semrush.com/bot.html)"
185.191.171.23 - - [08/Mar/2023:15:14:15 +0100] "GET /index.php?Itemid&lang=fr&option=com_acymailing HTTP/1.1" 302 511 "-" "Mozilla/5.0 (compatible; SemrushBot/7~bl; +http://www.semrush.com/bot.html)"
185.191.171.23 - - [08/Mar/2023:15:14:18 +0100] "GET /?Itemid&catid=8&fontstyle=f-larger&id=180&lang=en&option=com_content&view=article HTTP/1.1" 302 573 "-" "Mozilla/5.0 (compatible; SemrushBot/7~bl; +http://www.semrush.com/bot.html)"
185.191.171.15 - - [08/Mar/2023:15:14:28 +0100] "GET /?Itemid=06&catid=7&fontstyle=f-smaller&id=23&lang=fr&option=com_content&view=article HTTP/1.1" 302 576 "-" "Mozilla/5.0 (compatible; SemrushBot/7~bl; +http://www.semrush.com/bot.html)"
185.191.171.37 - - [08/Mar/2023:15:14:41 +0100] "GET /index.php?Itemid=50&catid=7&id=31&lang=en&option=com_content&view=article HTTP/1.1" 302 558 "-" "Mozilla/5.0 (compatible; SemrushBot/7~bl; +http://www.semrush.com/bot.html)"
114.119.151.104 - - [08/Mar/2023:15:14:43 +0100] "GET /robots.txt HTTP/1.1" 302 478 "-" "Mozilla/5.0 (compatible;PetalBot;+https://webmaster.petalsearch.com/site/petalbot)"
185.191.171.38 - - [08/Mar/2023:15:14:50 +0100] "GET /index.php?Itemid=53&catid=1&id=417&lang=fr&option=com_content&view=article HTTP/1.1" 302 561 "-" "Mozilla/5.0 (compatible; SemrushBot/7~bl; +http://www.semrush.com/bot.html)"
212.129.37.175 - - [08/Mar/2023:15:14:55 +0100] "-" 408 1489 "-" "-"
185.191.171.19 - - [08/Mar/2023:15:15:11 +0100] "GET /?Itemid=53&catid=1&fontstyle=f-larger&id=473&lang=fr&option=com_content&view=article HTTP/1.1" 302 576 "-" "Mozilla/5.0 (compatible; SemrushBot/7~bl; +http://www.semrush.com/bot.html)"
128.14.133.58 - - [08/Mar/2023:15:15:32 +0100] "GET / HTTP/1.1" 404 1959 "-" "Mozilla/5.0 (Windows NT 10.0; Win64; x64) AppleWebKit/537.36 (KHTML, like Gecko) Chrome/60.0.3112.113 Safari/537.36"
212.129.37.175 - - [08/Mar/2023:15:15:45 +0100] "-" 408 1489 "-" "-"
185.191.171.7 - - [08/Mar/2023:15:16:14 +0100] "GET /?Itemid=3&catid=1&fontstyle=f-larger&id=451&lang=fr&option=com_content&view=article HTTP/1.1" 302 574 "-" "Mozilla/5.0 (compatible; SemrushBot/7~bl; +http://www.semrush.com/bot.html)"
185.191.171.4 - - [08/Mar/2023:15:16:37 +0100] "GET /?Itemid=16&catid=7&fontstyle=f-larger&id=5&lang=fr&option=com_content&view=article HTTP/1.1" 302 574 "-" "Mozilla/5.0 (compatible; SemrushBot/7~bl; +http://www.semrush.com/bot.html)"
185.191.171.13 - - [08/Mar/2023:15:16:51 +0100] "GET /?Itemid=0&fontstyle=f-smaller&id=238&lang=en&option=com_content&view=article HTTP/1.1" 302 563 "-" "Mozilla/5.0 (compatible; SemrushBot/7~bl; +http://www.semrush.com/bot.html)"
185.191.171.43 - - [08/Mar/2023:15:16:58 +0100] "GET /?Itemid=50&catid=7&fontstyle=f-larger&id=22&lang=fr&option=com_content&view=article HTTP/1.1" 302 575 "-" "Mozilla/5.0 (compatible; SemrushBot/7~bl; +http://www.semrush.com/bot.html)"
185.191.171.17 - - [08/Mar/2023:15:17:15 +0100] "GET /?Itemid=99999&catid=7%3Aarticles&fontstyle=f-smaller&id=23&lang=en&option=com_rsform&view=article HTTP/1.1" 302 598 "-" "Mozilla/5.0 (compatible; SemrushBot/7~bl; +http://www.semrush.com/bot.html)"
185.191.171.8 - - [08/Mar/2023:15:17:59 +0100] "GET /index.php?Itemid=5&catid=7&id=59&lang=en&option=com_content&view=article HTTP/1.1" 302 556 "-" "Mozilla/5.0 (compatible; SemrushBot/7~bl; +http://www.semrush.com/bot.html)"
185.191.171.24 - - [08/Mar/2023:15:18:14 +0100] "GET /index.php?Itemid=46&catid=7&id=49&lang=fr&option=com_content&view=article HTTP/1.1" 302 557 "-" "Mozilla/5.0 (compatible; SemrushBot/7~bl; +http://www.semrush.com/bot.html)"
185.191.171.14 - - [08/Mar/2023:15:18:19 +0100] "GET /?Itemid=3&catid=7&fontstyle=f-larger&id=58&lang=fr&option=com_content&view=article HTTP/1.1" 302 575 "-" "Mozilla/5.0 (compatible; SemrushBot/7~bl; +http://www.semrush.com/bot.html)"
185.191.171.12 - - [08/Mar/2023:15:18:20 +0100] "GET /index.php?Itemid=3&catid=7&id=5&lang=fr&option=com_content&view=article HTTP/1.1" 302 555 "-" "Mozilla/5.0 (compatible; SemrushBot/7~bl; +http://www.semrush.com/bot.html)"
212.129.37.175 - - [08/Mar/2023:15:18:24 +0100] "-" 408 1489 "-" "-"
185.191.171.9 - - [08/Mar/2023:15:18:26 +0100] "GET /index.php?id=355&lang=fr&option=com_content&view=article HTTP/1.1" 302 530 "-" "Mozilla/5.0 (compatible; SemrushBot/7~bl; +http://www.semrush.com/bot.html)"
109.237.97.180 - - [08/Mar/2023:15:18:30 +0100] "GET /.env HTTP/1.1" 302 467 "-" "Mozilla/5.0 (X11; Linux x86_64) AppleWebKit/537.36 (KHTML, like Gecko) Chrome/81.0.4044.129 Safari/537.36"
109.237.97.180 - - [08/Mar/2023:15:18:32 +0100] "POST /.env HTTP/1.1" 302 467 "-" "Mozilla/5.0 (X11; Linux x86_64) AppleWebKit/537.36 (KHTML, like Gecko) Chrome/81.0.4044.129 Safari/537.36"
185.191.171.24 - - [08/Mar/2023:15:18:56 +0100] "GET /index.php?Itemid=45&catid=7&id=26&lang=fr&option=com_content&view=article HTTP/1.1" 302 559 "-" "Mozilla/5.0 (compatible; SemrushBot/7~bl; +http://www.semrush.com/bot.html)"
185.191.171.6 - - [08/Mar/2023:15:19:01 +0100] "GET /?Itemid=3&catid=7&fontstyle=f-larger&id=18&lang=en&option=com_content&view=article HTTP/1.1" 302 575 "-" "Mozilla/5.0 (compatible; SemrushBot/7~bl; +http://www.semrush.com/bot.html)"
212.129.37.175 - - [08/Mar/2023:15:19:21 +0100] "-" 408 1489 "-" "-"
185.191.171.4 - - [08/Mar/2023:15:19:24 +0100] "GET /index.php?Itemid=3&id=315&lang=fr&option=com_content&view=article HTTP/1.1" 302 544 "-" "Mozilla/5.0 (compatible; SemrushBot/7~bl; +http://www.semrush.com/bot.html)"
185.191.171.10 - - [08/Mar/2023:15:19:31 +0100] "GET /index.php?Itemid&catid=8&id=115&lang=en&option=com_content&view=article HTTP/1.1" 302 555 "-" "Mozilla/5.0 (compatible; SemrushBot/7~bl; +http://www.semrush.com/bot.html)"
185.191.171.34 - - [08/Mar/2023:15:19:37 +0100] "GET /?fontstyle=f-larger&id=312&lang=fr&option=com_content&view=article HTTP/1.1" 302 547 "-" "Mozilla/5.0 (compatible; SemrushBot/7~bl; +http://www.semrush.com/bot.html)"
185.191.171.24 - - [08/Mar/2023:15:19:55 +0100] "GET /index.php?Itemid&catid=7&id=18&lang=en&option=com_content&view=article HTTP/1.1" 302 554 "-" "Mozilla/5.0 (compatible; SemrushBot/7~bl; +http://www.semrush.com/bot.html)"
185.191.171.36 - - [08/Mar/2023:15:20:00 +0100] "GET /?Itemid&fontstyle=f-larger&id=71&lang=fr&option=com_content&view=article HTTP/1.1" 302 558 "-" "Mozilla/5.0 (compatible; SemrushBot/7~bl; +http://www.semrush.com/bot.html)"
185.191.171.15 - - [08/Mar/2023:15:20:17 +0100] "GET /index.php?Itemid&catid=7&id=34&lang=fr&option=com_content&view=article HTTP/1.1" 302 554 "-" "Mozilla/5.0 (compatible; SemrushBot/7~bl; +http://www.semrush.com/bot.html)"
212.129.37.175 - - [08/Mar/2023:15:20:39 +0100] "-" 408 1489 "-" "-"
185.191.171.34 - - [08/Mar/2023:15:20:39 +0100] "GET /?Itemid=16&catid=7&fontstyle=f-larger&id=33&lang=en&option=com_content&view=article HTTP/1.1" 302 576 "-" "Mozilla/5.0 (compatible; SemrushBot/7~bl; +http://www.semrush.com/bot.html)"
185.191.171.15 - - [08/Mar/2023:15:21:23 +0100] "GET /?Itemid=0&fontstyle=f-smaller&id=172&lang=fr&option=com_content&view=article HTTP/1.1" 302 563 "-" "Mozilla/5.0 (compatible; SemrushBot/7~bl; +http://www.semrush.com/bot.html)"
185.191.171.26 - - [08/Mar/2023:15:21:46 +0100] "GET /?Itemid=45&catid=7&fontstyle=f-larger&id=51&lang=en&option=com_content&view=article HTTP/1.1" 302 576 "-" "Mozilla/5.0 (compatible; SemrushBot/7~bl; +http://www.semrush.com/bot.html)"
185.191.171.13 - - [08/Mar/2023:15:22:17 +0100] "GET /?Itemid=53&fontstyle=f-smaller&id=254&lang=fr&option=com_content&view=article HTTP/1.1" 302 565 "-" "Mozilla/5.0 (compatible; SemrushBot/7~bl; +http://www.semrush.com/bot.html)"
185.191.171.44 - - [08/Mar/2023:15:22:22 +0100] "GET /?Itemid=3&fontstyle=f-smaller&id=366&lang=fr&option=com_content&view=article HTTP/1.1" 302 563 "-" "Mozilla/5.0 (compatible; SemrushBot/7~bl; +http://www.semrush.com/bot.html)"
185.191.171.15 - - [08/Mar/2023:15:23:12 +0100] "GET /?Itemid=48&catid=7&fontstyle=f-smaller&id=43&lang=fr&option=com_content&view=article HTTP/1.1" 302 575 "-" "Mozilla/5.0 (compatible; SemrushBot/7~bl; +http://www.semrush.com/bot.html)"
212.129.37.175 - - [08/Mar/2023:15:23:17 +0100] "-" 408 1489 "-" "-"
185.191.171.24 - - [08/Mar/2023:15:23:43 +0100] "GET /?Itemid=3&fontstyle=f-smaller&id=252&lang=fr&option=com_content&view=article HTTP/1.1" 302 563 "-" "Mozilla/5.0 (compatible; SemrushBot/7~bl; +http://www.semrush.com/bot.html)"
212.129.37.175 - - [08/Mar/2023:15:23:48 +0100] "-" 408 1489 "-" "-"
185.191.171.43 - - [08/Mar/2023:15:23:52 +0100] "GET /?Itemid=0&fontstyle=f-larger&id=358&lang=fr&option=com_content&view=article HTTP/1.1" 302 563 "-" "Mozilla/5.0 (compatible; SemrushBot/7~bl; +http://www.semrush.com/bot.html)"
185.191.171.25 - - [08/Mar/2023:15:23:53 +0100] "GET /index.php?Itemid=46&catid=7&id=5&lang=en&option=com_content&view=article HTTP/1.1" 302 557 "-" "Mozilla/5.0 (compatible; SemrushBot/7~bl; +http://www.semrush.com/bot.html)"
185.191.171.33 - - [08/Mar/2023:15:24:37 +0100] "GET /index.php?Itemid=3&catid=1&id=480&lang=fr&option=com_content&view=article HTTP/1.1" 302 559 "-" "Mozilla/5.0 (compatible; SemrushBot/7~bl; +http://www.semrush.com/bot.html)"
185.191.171.9 - - [08/Mar/2023:15:24:44 +0100] "GET /?Itemid=53&fontstyle=f-smaller&id=325&lang=en&option=com_content&view=article HTTP/1.1" 302 565 "-" "Mozilla/5.0 (compatible; SemrushBot/7~bl; +http://www.semrush.com/bot.html)"
185.191.171.21 - - [08/Mar/2023:15:24:56 +0100] "GET /index.php?Itemid=3&id=309&lang=en&option=com_content&view=article HTTP/1.1" 302 543 "-" "Mozilla/5.0 (compatible; SemrushBot/7~bl; +http://www.semrush.com/bot.html)"
185.191.171.43 - - [08/Mar/2023:15:25:01 +0100] "GET /index.php?Itemid&catid=7&id=30&lang=en&option=com_content&view=article HTTP/1.1" 302 553 "-" "Mozilla/5.0 (compatible; SemrushBot/7~bl; +http://www.semrush.com/bot.html)"
185.191.171.7 - - [08/Mar/2023:15:25:27 +0100] "GET /?Itemid=7&catid=7&fontstyle=f-smaller&id=29&lang=en&option=com_content&view=article HTTP/1.1" 302 574 "-" "Mozilla/5.0 (compatible; SemrushBot/7~bl; +http://www.semrush.com/bot.html)"
185.191.171.7 - - [08/Mar/2023:15:25:29 +0100] "GET /?Itemid=50&catid=7&fontstyle=f-larger&id=25&lang=fr&option=com_content&view=article HTTP/1.1" 302 575 "-" "Mozilla/5.0 (compatible; SemrushBot/7~bl; +http://www.semrush.com/bot.html)"
212.129.37.175 - - [08/Mar/2023:15:25:32 +0100] "-" 408 1489 "-" "-"
185.191.171.33 - - [08/Mar/2023:15:25:40 +0100] "GET /?Itemid=45&catid=7&fontstyle=f-smaller&id=25&lang=fr&option=com_content&view=article HTTP/1.1" 302 575 "-" "Mozilla/5.0 (compatible; SemrushBot/7~bl; +http://www.semrush.com/bot.html)"
185.191.171.2 - - [08/Mar/2023:15:25:47 +0100] "GET /?Itemid=49&catid=7&fontstyle=f-smaller&id=43&lang=fr&option=com_content&view=article HTTP/1.1" 302 575 "-" "Mozilla/5.0 (compatible; SemrushBot/7~bl; +http://www.semrush.com/bot.html)"
185.191.171.16 - - [08/Mar/2023:15:26:05 +0100] "GET /?Itemid=48&catid=7&fontstyle=f-smaller&id=73&lang=fr&option=com_content&view=article HTTP/1.1" 302 575 "-" "Mozilla/5.0 (compatible; SemrushBot/7~bl; +http://www.semrush.com/bot.html)"
185.191.171.13 - - [08/Mar/2023:15:26:37 +0100] "GET /index.php?Itemid=49&catid=7&id=46&lang=en&option=com_content&view=article HTTP/1.1" 302 556 "-" "Mozilla/5.0 (compatible; SemrushBot/7~bl; +http://www.semrush.com/bot.html)"
185.191.171.4 - - [08/Mar/2023:15:27:00 +0100] "GET /index.php?Itemid=7&catid=7&id=29&lang=en&option=com_content&view=article HTTP/1.1" 302 555 "-" "Mozilla/5.0 (compatible; SemrushBot/7~bl; +http://www.semrush.com/bot.html)"
185.191.171.33 - - [08/Mar/2023:15:27:05 +0100] "GET /index.php?Itemid=53&id=372&lang=fr&option=com_content&view=article HTTP/1.1" 302 548 "-" "Mozilla/5.0 (compatible; SemrushBot/7~bl; +http://www.semrush.com/bot.html)"
185.191.171.33 - - [08/Mar/2023:15:27:40 +0100] "GET /index.php?Itemid=0&id=168&lang=en&option=com_content&view=article HTTP/1.1" 302 545 "-" "Mozilla/5.0 (compatible; SemrushBot/7~bl; +http://www.semrush.com/bot.html)"
185.191.171.3 - - [08/Mar/2023:15:28:02 +0100] "GET /index.php?Itemid=53&catid=1&id=471&lang=en&option=com_content&view=article HTTP/1.1" 302 560 "-" "Mozilla/5.0 (compatible; SemrushBot/7~bl; +http://www.semrush.com/bot.html)"
212.129.37.175 - - [08/Mar/2023:15:28:10 +0100] "-" 408 1489 "-" "-"
212.129.37.175 - - [08/Mar/2023:15:28:14 +0100] "-" 408 1489 "-" "-"
185.191.171.13 - - [08/Mar/2023:15:28:47 +0100] "GET /index.php?Itemid=53&catid=1&id=438&lang=fr&option=com_content&view=article HTTP/1.1" 302 561 "-" "Mozilla/5.0 (compatible; SemrushBot/7~bl; +http://www.semrush.com/bot.html)"
185.191.171.36 - - [08/Mar/2023:15:28:48 +0100] "GET /?Itemid=3&fontstyle=f-smaller&id=318&lang=en&option=com_content&view=article HTTP/1.1" 302 563 "-" "Mozilla/5.0 (compatible; SemrushBot/7~bl; +http://www.semrush.com/bot.html)"
185.191.171.42 - - [08/Mar/2023:15:28:48 +0100] "GET /index.php?Itemid=3&catid=1&id=415&lang=fr&option=com_content&view=article HTTP/1.1" 302 558 "-" "Mozilla/5.0 (compatible; SemrushBot/7~bl; +http://www.semrush.com/bot.html)"
185.191.171.43 - - [08/Mar/2023:15:29:06 +0100] "GET /index.php?Itemid=48&catid=7&id=36&lang=en&option=com_content&view=article HTTP/1.1" 302 559 "-" "Mozilla/5.0 (compatible; SemrushBot/7~bl; +http://www.semrush.com/bot.html)"
185.191.171.4 - - [08/Mar/2023:15:29:12 +0100] "GET /index.php?Itemid=48&catid=7&id=45&lang=en&option=com_content&view=article HTTP/1.1" 302 556 "-" "Mozilla/5.0 (compatible; SemrushBot/7~bl; +http://www.semrush.com/bot.html)"
185.191.171.26 - - [08/Mar/2023:15:29:20 +0100] "GET /?Itemid&catid=7&fontstyle=f-larger&id=24&lang=fr&option=com_content&view=article HTTP/1.1" 302 571 "-" "Mozilla/5.0 (compatible; SemrushBot/7~bl; +http://www.semrush.com/bot.html)"
185.191.171.41 - - [08/Mar/2023:15:29:49 +0100] "GET /?Itemid=5&catid=7&fontstyle=f-larger&id=43&lang=fr&option=com_content&view=article HTTP/1.1" 302 575 "-" "Mozilla/5.0 (compatible; SemrushBot/7~bl; +http://www.semrush.com/bot.html)"
185.191.171.26 - - [08/Mar/2023:15:30:05 +0100] "GET /?Itemid=3&fontstyle=f-smaller&id=355&lang=fr&option=com_content&view=article HTTP/1.1" 302 563 "-" "Mozilla/5.0 (compatible; SemrushBot/7~bl; +http://www.semrush.com/bot.html)"
185.191.171.18 - - [08/Mar/2023:15:30:09 +0100] "GET /?Itemid&fontstyle=f-smaller&id=307&lang=fr&option=com_content&view=article HTTP/1.1" 302 561 "-" "Mozilla/5.0 (compatible; SemrushBot/7~bl; +http://www.semrush.com/bot.html)"
185.191.171.14 - - [08/Mar/2023:15:30:22 +0100] "GET /index.php?Itemid=49&catid=7&id=28&lang=en&option=com_content&view=article HTTP/1.1" 302 558 "-" "Mozilla/5.0 (compatible; SemrushBot/7~bl; +http://www.semrush.com/bot.html)"
212.129.37.175 - - [08/Mar/2023:15:30:26 +0100] "-" 408 1489 "-" "-"
185.191.171.42 - - [08/Mar/2023:15:30:39 +0100] "GET /?Itemid=45&catid=7&fontstyle=f-larger&id=28&lang=en&option=com_content&view=article HTTP/1.1" 302 576 "-" "Mozilla/5.0 (compatible; SemrushBot/7~bl; +http://www.semrush.com/bot.html)"
185.191.171.23 - - [08/Mar/2023:15:30:51 +0100] "GET /index.php?Itemid=3&catid=7&id=58&lang=en&option=com_content&view=article HTTP/1.1" 302 557 "-" "Mozilla/5.0 (compatible; SemrushBot/7~bl; +http://www.semrush.com/bot.html)"
185.191.171.3 - - [08/Mar/2023:15:30:51 +0100] "GET /?Itemid=0&fontstyle=f-smaller&id=300&lang=fr&option=com_content&view=article HTTP/1.1" 302 561 "-" "Mozilla/5.0 (compatible; SemrushBot/7~bl; +http://www.semrush.com/bot.html)"
185.191.171.3 - - [08/Mar/2023:15:31:09 +0100] "GET /index.php?Itemid=0&id=361&lang=en&option=com_content&view=article HTTP/1.1" 302 545 "-" "Mozilla/5.0 (compatible; SemrushBot/7~bl; +http://www.semrush.com/bot.html)"
185.191.171.6 - - [08/Mar/2023:15:31:32 +0100] "GET /index.php?Itemid=53&catid=1&id=461%E2%8C%A9%3Dfr&lang=en&option=com_content&view=article HTTP/1.1" 302 587 "-" "Mozilla/5.0 (compatible; SemrushBot/7~bl; +http://www.semrush.com/bot.html)"
185.191.171.8 - - [08/Mar/2023:15:32:04 +0100] "GET /index.php?Itemid=12&catid=7&id=25&lang=fr&option=com_content&view=article HTTP/1.1" 302 559 "-" "Mozilla/5.0 (compatible; SemrushBot/7~bl; +http://www.semrush.com/bot.html)"
185.191.171.22 - - [08/Mar/2023:15:32:24 +0100] "GET /index.php?catid=7&id=141&lang=fr&option=com_content&view=article HTTP/1.1" 302 544 "-" "Mozilla/5.0 (compatible; SemrushBot/7~bl; +http://www.semrush.com/bot.html)"
212.129.37.175 - - [08/Mar/2023:15:32:41 +0100] "-" 408 1489 "-" "-"
212.129.37.175 - - [08/Mar/2023:15:33:04 +0100] "-" 408 1489 "-" "-"
185.191.171.2 - - [08/Mar/2023:15:33:05 +0100] "GET /?Itemid=11&catid=7&fontstyle=f-larger&id=55&lang=fr&option=com_content&view=article HTTP/1.1" 302 576 "-" "Mozilla/5.0 (compatible; SemrushBot/7~bl; +http://www.semrush.com/bot.html)"
185.191.171.36 - - [08/Mar/2023:15:33:44 +0100] "GET /index.php?Itemid&catid=7&id=67&lang=en&option=com_content&view=article HTTP/1.1" 302 553 "-" "Mozilla/5.0 (compatible; SemrushBot/7~bl; +http://www.semrush.com/bot.html)"
185.191.171.5 - - [08/Mar/2023:15:33:48 +0100] "GET /?Itemid&fontstyle=f-larger&id=309&lang=en&option=com_content&view=article HTTP/1.1" 302 559 "-" "Mozilla/5.0 (compatible; SemrushBot/7~bl; +http://www.semrush.com/bot.html)"
185.191.171.16 - - [08/Mar/2023:15:34:06 +0100] "GET /?Itemid=46&catid=7&fontstyle=f-smaller&id=43&lang=fr&option=com_content&view=article HTTP/1.1" 302 575 "-" "Mozilla/5.0 (compatible; SemrushBot/7~bl; +http://www.semrush.com/bot.html)"
185.191.171.23 - - [08/Mar/2023:15:34:15 +0100] "GET /?Itemid=53&catid=1&fontstyle=f-larger&id=232&lang=en&option=com_content&view=article HTTP/1.1" 302 577 "-" "Mozilla/5.0 (compatible; SemrushBot/7~bl; +http://www.semrush.com/bot.html)"
185.191.171.22 - - [08/Mar/2023:15:34:38 +0100] "GET /index.php?Itemid&fontstyle=f-smaller>ask=archive&lang=fr&listid=1&option=com_acymailing HTTP/1.1" 302 584 "-" "Mozilla/5.0 (compatible; SemrushBot/7~bl; +http://www.semrush.com/bot.html)"
185.191.171.45 - - [08/Mar/2023:15:34:59 +0100] "GET /?Itemid=49&catid=7&fontstyle=f-larger&id=27&lang=fr&option=com_content&view=article HTTP/1.1" 302 574 "-" "Mozilla/5.0 (compatible; SemrushBot/7~bl; +http://www.semrush.com/bot.html)"
185.191.171.23 - - [08/Mar/2023:15:34:59 +0100] "GET /?Itemid=47&catid=7&fontstyle=f-larger&id=58&lang=en&option=com_content&view=article HTTP/1.1" 302 575 "-" "Mozilla/5.0 (compatible; SemrushBot/7~bl; +http://www.semrush.com/bot.html)"
185.191.171.22 - - [08/Mar/2023:15:35:07 +0100] "GET /?Itemid=50&catid=7&fontstyle=f-larger&id=43&lang=fr&option=com_content&view=article HTTP/1.1" 302 576 "-" "Mozilla/5.0 (compatible; SemrushBot/7~bl; +http://www.semrush.com/bot.html)"
185.254.11.138 - - [08/Mar/2023:15:35:10 +0100] "-" 408 1700 "-" "-"
114.119.129.97 - - [08/Mar/2023:15:35:11 +0100] "GET /robots.txt HTTP/1.1" 302 478 "-" "Mozilla/5.0 (compatible;PetalBot;+https://webmaster.petalsearch.com/site/petalbot)"
212.129.37.175 - - [08/Mar/2023:15:35:19 +0100] "-" 408 1489 "-" "-"
185.254.11.138 - - [08/Mar/2023:15:35:31 +0100] "-" 408 1700 "-" "-"
185.191.171.8 - - [08/Mar/2023:15:36:47 +0100] "GET /index.php?Itemid=53&catid=12&id=440%E2%8C%A9%3Dfr&lang=fr&option=com_content&view=article HTTP/1.1" 302 588 "-" "Mozilla/5.0 (compatible; SemrushBot/7~bl; +http://www.semrush.com/bot.html)"
212.129.37.175 - - [08/Mar/2023:15:37:07 +0100] "-" 408 1489 "-" "-"
185.191.171.16 - - [08/Mar/2023:15:37:11 +0100] "GET /?Itemid=11&catid=7&fontstyle=f-smaller&id=44&lang=fr&option=com_content&view=article HTTP/1.1" 302 576 "-" "Mozilla/5.0 (compatible; SemrushBot/7~bl; +http://www.semrush.com/bot.html)"
185.191.171.24 - - [08/Mar/2023:15:37:31 +0100] "GET /?Itemid=16&catid=7&fontstyle=f-larger&id=28&lang=fr&option=com_content&view=article HTTP/1.1" 302 576 "-" "Mozilla/5.0 (compatible; SemrushBot/7~bl; +http://www.semrush.com/bot.html)"
185.191.171.25 - - [08/Mar/2023:15:37:31 +0100] "GET /index.php?Itemid=3&catid=7&id=29&lang=fr&option=com_content&view=article HTTP/1.1" 302 557 "-" "Mozilla/5.0 (compatible; SemrushBot/7~bl; +http://www.semrush.com/bot.html)"
185.191.171.36 - - [08/Mar/2023:15:37:34 +0100] "GET /index.php?Itemid=0&id=172&lang=fr&option=com_content&view=article HTTP/1.1" 302 546 "-" "Mozilla/5.0 (compatible; SemrushBot/7~bl; +http://www.semrush.com/bot.html)"
185.191.171.33 - - [08/Mar/2023:15:37:40 +0100] "GET /index.php?Itemid=11&catid=7&id=22&lang=en&option=com_content&view=article HTTP/1.1" 302 558 "-" "Mozilla/5.0 (compatible; SemrushBot/7~bl; +http://www.semrush.com/bot.html)"
66.249.66.86 - - [08/Mar/2023:15:37:44 +0100] "GET /robots.txt HTTP/1.1" 302 478 "-" "Mozilla/5.0 (compatible; Googlebot/2.1; +http://www.google.com/bot.html)"
66.249.66.32 - - [08/Mar/2023:15:37:44 +0100] "GET /index.php?option=com_content&catid=8&id=205&lang=fr&view=article HTTP/1.1" 302 581 "-" "Mozilla/5.0 (Linux; Android 6.0.1; Nexus 5X Build/MMB29P) AppleWebKit/537.36 (KHTML, like Gecko) Chrome/110.0.5481.177 Mobile Safari/537.36 (compatible; Googlebot/2.1; +http://www.google.com/bot.html)"
185.191.171.18 - - [08/Mar/2023:15:37:50 +0100] "GET /?Itemid=0&fontstyle=f-smaller&id=330&lang=fr&option=com_content&view=article HTTP/1.1" 302 561 "-" "Mozilla/5.0 (compatible; SemrushBot/7~bl; +http://www.semrush.com/bot.html)"
185.191.171.14 - - [08/Mar/2023:15:37:50 +0100] "GET /?Itemid=0&fontstyle=f-larger&id=325&lang=en&option=com_content&view=article HTTP/1.1" 302 562 "-" "Mozilla/5.0 (compatible; SemrushBot/7~bl; +http://www.semrush.com/bot.html)"
212.129.37.175 - - [08/Mar/2023:15:37:57 +0100] "-" 408 1489 "-" "-"
185.191.171.18 - - [08/Mar/2023:15:37:57 +0100] "GET /?Itemid=3&catid=7&fontstyle=f-larger&id=73&lang=fr&option=com_content&view=article HTTP/1.1" 302 572 "-" "Mozilla/5.0 (compatible; SemrushBot/7~bl; +http://www.semrush.com/bot.html)"
185.191.171.45 - - [08/Mar/2023:15:38:23 +0100] "GET /index.php?Itemid=45&catid=7&id=6&lang=fr&option=com_content&view=article HTTP/1.1" 302 557 "-" "Mozilla/5.0 (compatible; SemrushBot/7~bl; +http://www.semrush.com/bot.html)"
185.191.171.42 - - [08/Mar/2023:15:38:26 +0100] "GET /index.php?Itemid=0&id=151&lang=fr&option=com_content&view=article HTTP/1.1" 302 545 "-" "Mozilla/5.0 (compatible; SemrushBot/7~bl; +http://www.semrush.com/bot.html)"
185.191.171.21 - - [08/Mar/2023:15:39:10 +0100] "GET /index.php?Itemid=53&catid=7&id=471&lang=fr&option=com_content&view=article HTTP/1.1" 302 561 "-" "Mozilla/5.0 (compatible; SemrushBot/7~bl; +http://www.semrush.com/bot.html)"
185.191.171.21 - - [08/Mar/2023:15:39:19 +0100] "GET /?Itemid=48&catid=7&fontstyle=f-smaller&id=28&lang=fr&option=com_content&view=article HTTP/1.1" 302 575 "-" "Mozilla/5.0 (compatible; SemrushBot/7~bl; +http://www.semrush.com/bot.html)"
185.191.171.33 - - [08/Mar/2023:15:39:46 +0100] "GET /index.php?id=320&lang=fr&option=com_content&view=article HTTP/1.1" 302 529 "-" "Mozilla/5.0 (compatible; SemrushBot/7~bl; +http://www.semrush.com/bot.html)"
185.191.171.3 - - [08/Mar/2023:15:40:02 +0100] "GET /index.php?Itemid=0&catid=7&id=59&lang=en&option=com_content&view=article HTTP/1.1" 302 556 "-" "Mozilla/5.0 (compatible; SemrushBot/7~bl; +http://www.semrush.com/bot.html)"
212.129.37.175 - - [08/Mar/2023:15:40:12 +0100] "-" 408 1489 "-" "-"
185.191.171.45 - - [08/Mar/2023:15:40:19 +0100] "GET /index.php?Itemid=0&id=315&lang=fr&option=com_content&view=article HTTP/1.1" 302 545 "-" "Mozilla/5.0 (compatible; SemrushBot/7~bl; +http://www.semrush.com/bot.html)"
185.191.171.25 - - [08/Mar/2023:15:40:38 +0100] "GET /?catid=7&fontstyle=f-larger&id=14&lang=fr&option=com_content&view=article HTTP/1.1" 302 559 "-" "Mozilla/5.0 (compatible; SemrushBot/7~bl; +http://www.semrush.com/bot.html)"
185.191.171.34 - - [08/Mar/2023:15:40:41 +0100] "GET /index.php?id=235&lang=fr&option=com_content&view=article HTTP/1.1" 302 530 "-" "Mozilla/5.0 (compatible; SemrushBot/7~bl; +http://www.semrush.com/bot.html)"
185.191.171.37 - - [08/Mar/2023:15:40:55 +0100] "GET /index.php?catid=8&id=129&lang=fr&option=com_content&view=article HTTP/1.1" 302 544 "-" "Mozilla/5.0 (compatible; SemrushBot/7~bl; +http://www.semrush.com/bot.html)"
185.191.171.19 - - [08/Mar/2023:15:41:08 +0100] "GET /index.php?Itemid=3&catid=7&id=8&lang=en&option=com_content&view=article HTTP/1.1" 302 554 "-" "Mozilla/5.0 (compatible; SemrushBot/7~bl; +http://www.semrush.com/bot.html)"
212.129.37.175 - - [08/Mar/2023:15:41:34 +0100] "-" 408 1489 "-" "-"
185.191.171.10 - - [08/Mar/2023:15:41:34 +0100] "GET /?catid=7&fontstyle=f-smaller&id=62&lang=fr&option=com_content&view=article HTTP/1.1" 302 560 "-" "Mozilla/5.0 (compatible; SemrushBot/7~bl; +http://www.semrush.com/bot.html)"
185.191.171.15 - - [08/Mar/2023:15:42:04 +0100] "GET /?Itemid=0&fontstyle=f-smaller&id=207&lang=en&option=com_content&view=article HTTP/1.1" 302 563 "-" "Mozilla/5.0 (compatible; SemrushBot/7~bl; +http://www.semrush.com/bot.html)"
185.191.171.12 - - [08/Mar/2023:15:42:09 +0100] "GET /index.php?Itemid=53&id=370&lang=fr&option=com_content&view=article HTTP/1.1" 302 548 "-" "Mozilla/5.0 (compatible; SemrushBot/7~bl; +http://www.semrush.com/bot.html)"
212.129.37.175 - - [08/Mar/2023:15:42:50 +0100] "-" 408 1489 "-" "-"
185.191.171.21 - - [08/Mar/2023:15:42:57 +0100] "GET /index.php?Itemid=53&id=351&lang=fr&option=com_content&view=article HTTP/1.1" 302 548 "-" "Mozilla/5.0 (compatible; SemrushBot/7~bl; +http://www.semrush.com/bot.html)"
185.191.171.40 - - [08/Mar/2023:15:43:28 +0100] "GET /?fontstyle=f-smaller&id=323&lang=fr&option=com_content&view=article HTTP/1.1" 302 548 "-" "Mozilla/5.0 (compatible; SemrushBot/7~bl; +http://www.semrush.com/bot.html)"
185.191.171.37 - - [08/Mar/2023:15:43:37 +0100] "GET /index.php?Itemid=11&catid=7&id=463&lang=fr&option=com_content&view=article HTTP/1.1" 302 561 "-" "Mozilla/5.0 (compatible; SemrushBot/7~bl; +http://www.semrush.com/bot.html)"
185.191.171.34 - - [08/Mar/2023:15:43:44 +0100] "GET /index.php?Itemid=3&catid=7&id=63&lang=en&option=com_content&view=article HTTP/1.1" 302 556 "-" "Mozilla/5.0 (compatible; SemrushBot/7~bl; +http://www.semrush.com/bot.html)"
185.191.171.9 - - [08/Mar/2023:15:43:53 +0100] "GET /index.php?Itemid=49&catid=7&id=44&lang=en&option=com_content&view=article HTTP/1.1" 302 556 "-" "Mozilla/5.0 (compatible; SemrushBot/7~bl; +http://www.semrush.com/bot.html)"
185.191.171.35 - - [08/Mar/2023:15:44:19 +0100] "GET /?Itemid&fontstyle=f-larger&id=311&lang=en&option=com_content&view=article HTTP/1.1" 302 559 "-" "Mozilla/5.0 (compatible; SemrushBot/7~bl; +http://www.semrush.com/bot.html)"
185.191.171.25 - - [08/Mar/2023:15:44:24 +0100] "GET /?Itemid=5&catid=7&fontstyle=f-smaller&id=59&lang=fr&option=com_content&view=article HTTP/1.1" 302 574 "-" "Mozilla/5.0 (compatible; SemrushBot/7~bl; +http://www.semrush.com/bot.html)"
185.191.171.44 - - [08/Mar/2023:15:44:26 +0100] "GET /?Itemid=48&catid=7&fontstyle=f-larger&id=24&lang=fr&option=com_content&view=article HTTP/1.1" 302 576 "-" "Mozilla/5.0 (compatible; SemrushBot/7~bl; +http://www.semrush.com/bot.html)"
185.191.171.3 - - [08/Mar/2023:15:44:41 +0100] "GET /?Itemid=0&fontstyle=f-smaller&id=301&lang=en&option=com_content&view=article HTTP/1.1" 302 562 "-" "Mozilla/5.0 (compatible; SemrushBot/7~bl; +http://www.semrush.com/bot.html)"
185.191.171.3 - - [08/Mar/2023:15:44:52 +0100] "GET /robots.txt HTTP/1.1" 302 441 "-" "Mozilla/5.0 (compatible; SemrushBot/7~bl; +http://www.semrush.com/bot.html)"
185.191.171.1 - - [08/Mar/2023:15:44:52 +0100] "GET /index.php?Itemid=48&catid=7&id=59&lang=fr&option=com_content&view=article HTTP/1.1" 302 559 "-" "Mozilla/5.0 (compatible; SemrushBot/7~bl; +http://www.semrush.com/bot.html)"
212.129.37.175 - - [08/Mar/2023:15:45:06 +0100] "-" 408 1489 "-" "-"
185.191.171.21 - - [08/Mar/2023:15:45:06 +0100] "GET /?Itemid&catid=8&fontstyle=f-smaller&id=109&lang=en&option=com_content&view=article HTTP/1.1" 302 573 "-" "Mozilla/5.0 (compatible; SemrushBot/7~bl; +http://www.semrush.com/bot.html)"
185.191.171.24 - - [08/Mar/2023:15:45:10 +0100] "GET /?Itemid=99999&catid=7&fontstyle=f-larger&id=23&lang=fr&option=com_content&view=article HTTP/1.1" 302 580 "-" "Mozilla/5.0 (compatible; SemrushBot/7~bl; +http://www.semrush.com/bot.html)"
185.191.171.2 - - [08/Mar/2023:15:45:27 +0100] "GET /index.php?Itemid=11&catid=7&id=25&lang=fr&option=com_content&view=article HTTP/1.1" 302 559 "-" "Mozilla/5.0 (compatible; SemrushBot/7~bl; +http://www.semrush.com/bot.html)"
185.191.171.4 - - [08/Mar/2023:15:45:46 +0100] "GET /?Itemid=48&catid=7&fontstyle=f-smaller&id=50&lang=fr&option=com_content&view=article HTTP/1.1" 302 576 "-" "Mozilla/5.0 (compatible; SemrushBot/7~bl; +http://www.semrush.com/bot.html)"
185.191.171.6 - - [08/Mar/2023:15:45:53 +0100] "GET /index.php?Itemid=53&id=249&lang=fr&option=com_content&view=article HTTP/1.1" 302 548 "-" "Mozilla/5.0 (compatible; SemrushBot/7~bl; +http://www.semrush.com/bot.html)"
212.129.37.175 - - [08/Mar/2023:15:46:00 +0100] "-" 408 1489 "-" "-"
185.191.171.23 - - [08/Mar/2023:15:46:12 +0100] "GET /?Itemid&fontstyle=f-smaller&id=144&lang=fr&option=com_content&view=article HTTP/1.1" 302 560 "-" "Mozilla/5.0 (compatible; SemrushBot/7~bl; +http://www.semrush.com/bot.html)"
185.191.171.42 - - [08/Mar/2023:15:46:28 +0100] "GET /?Itemid=11&catid=7&fontstyle=f-larger&id=28&lang=fr&option=com_content&view=article HTTP/1.1" 302 575 "-" "Mozilla/5.0 (compatible; SemrushBot/7~bl; +http://www.semrush.com/bot.html)"
212.129.37.175 - - [08/Mar/2023:15:47:44 +0100] "-" 408 1489 "-" "-"
185.191.171.34 - - [08/Mar/2023:15:48:56 +0100] "GET /?Itemid=16&catid=7&fontstyle=f-larger&id=64&lang=fr&option=com_content&view=article HTTP/1.1" 302 576 "-" "Mozilla/5.0 (compatible; SemrushBot/7~bl; +http://www.semrush.com/bot.html)"
185.191.171.39 - - [08/Mar/2023:15:49:00 +0100] "GET /index.php?Itemid=0&id=194&lang=en&option=com_content&view=article HTTP/1.1" 302 545 "-" "Mozilla/5.0 (compatible; SemrushBot/7~bl; +http://www.semrush.com/bot.html)"
185.191.171.42 - - [08/Mar/2023:15:49:02 +0100] "GET /index.php?Itemid=49&catid=7&id=5&lang=en&option=com_content&view=article HTTP/1.1" 302 557 "-" "Mozilla/5.0 (compatible; SemrushBot/7~bl; +http://www.semrush.com/bot.html)"
185.191.171.34 - - [08/Mar/2023:15:49:09 +0100] "GET /?fontstyle=f-smaller&id=287&lang=fr&option=com_content&view=article HTTP/1.1" 302 549 "-" "Mozilla/5.0 (compatible; SemrushBot/7~bl; +http://www.semrush.com/bot.html)"
185.191.171.42 - - [08/Mar/2023:15:49:31 +0100] "GET /index.php?Itemid=49&catid=7&id=39&lang=en&option=com_content&view=article HTTP/1.1" 302 556 "-" "Mozilla/5.0 (compatible; SemrushBot/7~bl; +http://www.semrush.com/bot.html)"
185.191.171.41 - - [08/Mar/2023:15:49:51 +0100] "GET /?Itemid=53&catid=7&fontstyle=f-larger&id=36&lang=fr&option=com_content&view=article HTTP/1.1" 302 576 "-" "Mozilla/5.0 (compatible; SemrushBot/7~bl; +http://www.semrush.com/bot.html)"
212.129.37.175 - - [08/Mar/2023:15:49:59 +0100] "-" 408 1489 "-" "-"
212.129.37.175 - - [08/Mar/2023:15:50:27 +0100] "-" 408 1489 "-" "-"
185.191.171.42 - - [08/Mar/2023:15:50:38 +0100] "GET /index.php?Itemid=46&catid=7&id=37&lang=fr&option=com_content&view=article HTTP/1.1" 302 559 "-" "Mozilla/5.0 (compatible; SemrushBot/7~bl; +http://www.semrush.com/bot.html)"
185.191.171.41 - - [08/Mar/2023:15:50:47 +0100] "GET /?Itemid=14&catid=7&fontstyle=f-smaller&id=52&lang=en&option=com_content&view=article HTTP/1.1" 302 576 "-" "Mozilla/5.0 (compatible; SemrushBot/7~bl; +http://www.semrush.com/bot.html)"
185.191.171.40 - - [08/Mar/2023:15:50:58 +0100] "GET /?Itemid=11&catid=7&fontstyle=f-larger&id=51&lang=en&option=com_content&view=article HTTP/1.1" 302 575 "-" "Mozilla/5.0 (compatible; SemrushBot/7~bl; +http://www.semrush.com/bot.html)"
185.191.171.24 - - [08/Mar/2023:15:51:15 +0100] "GET /?Itemid&fontstyle=f-larger&id=124&lang=en&option=com_content&view=article HTTP/1.1" 302 559 "-" "Mozilla/5.0 (compatible; SemrushBot/7~bl; +http://www.semrush.com/bot.html)"
185.191.171.4 - - [08/Mar/2023:15:52:09 +0100] "GET /index.php?Itemid=0&id=254&lang=fr&option=com_content&view=article HTTP/1.1" 302 545 "-" "Mozilla/5.0 (compatible; SemrushBot/7~bl; +http://www.semrush.com/bot.html)"
172.105.128.12 - - [08/Mar/2023:15:52:18 +0100] "\x16\x03\x01" 302 205 "-" "-"
212.129.37.175 - - [08/Mar/2023:15:52:37 +0100] "-" 408 1489 "-" "-"
185.191.171.34 - - [08/Mar/2023:15:52:42 +0100] "GET /?Itemid&fontstyle=f-smaller&lang=en&option=com_acymailing HTTP/1.1" 302 529 "-" "Mozilla/5.0 (compatible; SemrushBot/7~bl; +http://www.semrush.com/bot.html)"
185.191.171.12 - - [08/Mar/2023:15:52:43 +0100] "GET /index.php?Itemid=53&catid=1&id=432&lang=en&option=com_content&view=article HTTP/1.1" 302 560 "-" "Mozilla/5.0 (compatible; SemrushBot/7~bl; +http://www.semrush.com/bot.html)"
185.191.171.7 - - [08/Mar/2023:15:53:03 +0100] "GET /index.php?Itemid&catid=7&id=12&lang=fr&option=com_content&view=article HTTP/1.1" 302 554 "-" "Mozilla/5.0 (compatible; SemrushBot/7~bl; +http://www.semrush.com/bot.html)"
185.191.171.11 - - [08/Mar/2023:15:53:08 +0100] "GET /index.php?Itemid=5&catid=7&id=38&lang=en&option=com_content&view=article HTTP/1.1" 302 557 "-" "Mozilla/5.0 (compatible; SemrushBot/7~bl; +http://www.semrush.com/bot.html)"
185.191.171.36 - - [08/Mar/2023:15:53:21 +0100] "GET /index.php?Itemid=45&catid=7&id=38&lang=en&option=com_content&view=article HTTP/1.1" 302 559 "-" "Mozilla/5.0 (compatible; SemrushBot/7~bl; +http://www.semrush.com/bot.html)"
185.191.171.24 - - [08/Mar/2023:15:53:26 +0100] "GET /?fontstyle=f-larger&id=262&lang=fr&option=com_content&view=article HTTP/1.1" 302 547 "-" "Mozilla/5.0 (compatible; SemrushBot/7~bl; +http://www.semrush.com/bot.html)"
185.191.171.34 - - [08/Mar/2023:15:53:28 +0100] "GET /index.php?Itemid=53&catid=1&id=413%3F%3Dfr&lang=en&option=com_content&view=article HTTP/1.1" 302 575 "-" "Mozilla/5.0 (compatible; SemrushBot/7~bl; +http://www.semrush.com/bot.html)"
185.191.171.1 - - [08/Mar/2023:15:53:48 +0100] "GET /?Itemid=45&catid=7&fontstyle=f-smaller&id=50&lang=fr&option=com_content&view=article HTTP/1.1" 302 576 "-" "Mozilla/5.0 (compatible; SemrushBot/7~bl; +http://www.semrush.com/bot.html)"
185.191.171.1 - - [08/Mar/2023:15:53:54 +0100] "GET /?Itemid=47&catid=7&fontstyle=f-smaller&id=6&lang=en&option=com_content&view=article HTTP/1.1" 302 574 "-" "Mozilla/5.0 (compatible; SemrushBot/7~bl; +http://www.semrush.com/bot.html)"
185.254.11.138 - - [08/Mar/2023:15:54:08 +0100] "-" 408 1700 "-" "-"
185.191.171.34 - - [08/Mar/2023:15:54:12 +0100] "GET /index.php?Itemid=0&catid=7&id=46&lang=fr&option=com_content&view=article HTTP/1.1" 302 557 "-" "Mozilla/5.0 (compatible; SemrushBot/7~bl; +http://www.semrush.com/bot.html)"
185.191.171.13 - - [08/Mar/2023:15:54:15 +0100] "GET /index.php?Itemid=16&catid=7&id=24&lang=en&option=com_content&view=article HTTP/1.1" 302 558 "-" "Mozilla/5.0 (compatible; SemrushBot/7~bl; +http://www.semrush.com/bot.html)"
185.254.11.138 - - [08/Mar/2023:15:54:30 +0100] "-" 408 1700 "-" "-"
212.129.37.175 - - [08/Mar/2023:15:54:52 +0100] "-" 408 1489 "-" "-"
212.129.37.175 - - [08/Mar/2023:15:54:53 +0100] "-" 408 1489 "-" "-"
185.191.171.26 - - [08/Mar/2023:15:55:05 +0100] "GET /?Itemid=48&catid=7&fontstyle=f-larger&id=51&lang=fr&option=com_content&view=article HTTP/1.1" 302 576 "-" "Mozilla/5.0 (compatible; SemrushBot/7~bl; +http://www.semrush.com/bot.html)"
185.191.171.15 - - [08/Mar/2023:15:55:18 +0100] "GET /?Itemid=0&fontstyle=f-smaller&id=309&lang=fr&option=com_content&view=article HTTP/1.1" 302 563 "-" "Mozilla/5.0 (compatible; SemrushBot/7~bl; +http://www.semrush.com/bot.html)"
185.191.171.15 - - [08/Mar/2023:15:55:20 +0100] "GET /index.php?Itemid=0&id=364&lang=en&option=com_content&view=article HTTP/1.1" 302 545 "-" "Mozilla/5.0 (compatible; SemrushBot/7~bl; +http://www.semrush.com/bot.html)"
185.191.171.26 - - [08/Mar/2023:15:55:28 +0100] "GET /?Itemid=46&catid=7&fontstyle=f-larger&id=62&lang=fr&option=com_content&view=article HTTP/1.1" 302 576 "-" "Mozilla/5.0 (compatible; SemrushBot/7~bl; +http://www.semrush.com/bot.html)"
185.191.171.38 - - [08/Mar/2023:15:55:50 +0100] "GET /index.php?Itemid=53&id=256&lang=fr&option=com_content&view=article HTTP/1.1" 302 548 "-" "Mozilla/5.0 (compatible; SemrushBot/7~bl; +http://www.semrush.com/bot.html)"
185.191.171.19 - - [08/Mar/2023:15:56:46 +0100] "GET /?Itemid=11&catid=7&fontstyle=f-smaller&id=59&lang=fr&option=com_content&view=article HTTP/1.1" 302 576 "-" "Mozilla/5.0 (compatible; SemrushBot/7~bl; +http://www.semrush.com/bot.html)"
185.191.171.24 - - [08/Mar/2023:15:56:55 +0100] "GET /?Itemid=46&catid=7&fontstyle=f-larger&id=18&lang=en&option=com_content&view=article HTTP/1.1" 302 576 "-" "Mozilla/5.0 (compatible; SemrushBot/7~bl; +http://www.semrush.com/bot.html)"
185.191.171.19 - - [08/Mar/2023:15:57:02 +0100] "GET /?Itemid=47&catid=7&fontstyle=f-larger&id=35&lang=en&option=com_content&view=article HTTP/1.1" 302 575 "-" "Mozilla/5.0 (compatible; SemrushBot/7~bl; +http://www.semrush.com/bot.html)"
5.152.238.1 - - [08/Mar/2023:15:57:14 +0100] "GET / HTTP/1.1" 302 402 "-" "Mozilla/5.0 (Windows NT 6.1; WOW64) AppleWebKit/537.36 (KHTML, like Gecko) Chrome/51.0.2704.103 Safari/537.36"
212.129.37.175 - - [08/Mar/2023:15:57:30 +0100] "-" 408 1489 "-" "-"
185.191.171.36 - - [08/Mar/2023:15:57:36 +0100] "GET /index.php?Itemid=0&id=148&lang=fr&option=com_content&view=article HTTP/1.1" 302 545 "-" "Mozilla/5.0 (compatible; SemrushBot/7~bl; +http://www.semrush.com/bot.html)"
185.191.171.41 - - [08/Mar/2023:15:58:00 +0100] "GET /?Itemid=0&fontstyle=f-smaller&id=277&lang=en&option=com_content&view=article HTTP/1.1" 302 563 "-" "Mozilla/5.0 (compatible; SemrushBot/7~bl; +http://www.semrush.com/bot.html)"
185.191.171.22 - - [08/Mar/2023:15:58:05 +0100] "GET /index.php?Itemid&catid=7&id=53&lang=fr&option=com_content&view=article HTTP/1.1" 302 554 "-" "Mozilla/5.0 (compatible; SemrushBot/7~bl; +http://www.semrush.com/bot.html)"
