185.191.171.4 - - [09/Mar/2023:03:53:57 +0100] "GET /?Itemid=5&catid=7&fontstyle=f-larger&id=51&lang=en&option=com_content&view=article HTTP/1.1" 302 574 "-" "Mozilla/5.0 (compatible; SemrushBot/7~bl; +http://www.semrush.com/bot.html)"
185.191.171.19 - - [09/Mar/2023:03:54:30 +0100] "GET /?Itemid=5&catid=7&fontstyle=f-smaller&id=27&lang=en&option=com_content&view=article HTTP/1.1" 302 574 "-" "Mozilla/5.0 (compatible; SemrushBot/7~bl; +http://www.semrush.com/bot.html)"
185.191.171.38 - - [09/Mar/2023:03:54:34 +0100] "GET /?Itemid=2&fontstyle=f-larger&lang=fr&option=com_content&view=frontpage HTTP/1.1" 302 551 "-" "Mozilla/5.0 (compatible; SemrushBot/7~bl; +http://www.semrush.com/bot.html)"
185.191.171.22 - - [09/Mar/2023:03:54:36 +0100] "GET /index.php?Itemid=0&catid=7&id=16&lang=fr&option=com_content&view=article HTTP/1.1" 302 557 "-" "Mozilla/5.0 (compatible; SemrushBot/7~bl; +http://www.semrush.com/bot.html)"
212.129.37.175 - - [09/Mar/2023:03:54:37 +0100] "-" 408 1489 "-" "-"
179.43.191.18 - - [09/Mar/2023:03:54:46 +0100] "GET http://proxy.korsangazi.com:80/bc61121a8191137a1f6357ea09cea3d3.html HTTP/1.1" 302 490 "-" "node-fetch/1.0 (+https://github.com/bitinn/node-fetch)"
185.191.171.13 - - [09/Mar/2023:03:54:50 +0100] "GET /?Itemid&catid=7&fontstyle=f-smaller&id=52&lang=en&option=com_content&view=article HTTP/1.1" 302 572 "-" "Mozilla/5.0 (compatible; SemrushBot/7~bl; +http://www.semrush.com/bot.html)"
185.191.171.2 - - [09/Mar/2023:03:54:51 +0100] "GET /index.php?Itemid=0&id=366&lang=fr&option=com_content&view=article HTTP/1.1" 302 545 "-" "Mozilla/5.0 (compatible; SemrushBot/7~bl; +http://www.semrush.com/bot.html)"
185.191.171.23 - - [09/Mar/2023:03:54:51 +0100] "GET /?Itemid=53&catid=1&fontstyle=f-smaller&id=432%E2%8C%A9%3Dfr&lang=fr&option=com_content&view=article HTTP/1.1" 302 604 "-" "Mozilla/5.0 (compatible; SemrushBot/7~bl; +http://www.semrush.com/bot.html)"
185.191.171.4 - - [09/Mar/2023:03:54:57 +0100] "GET /index.php?Itemid=50&catid=7&id=43&lang=en&option=com_content&view=article HTTP/1.1" 302 558 "-" "Mozilla/5.0 (compatible; SemrushBot/7~bl; +http://www.semrush.com/bot.html)"
185.191.171.26 - - [09/Mar/2023:03:55:11 +0100] "GET /?Itemid=53&catid=1&fontstyle=f-larger&id=481&lang=fr&option=com_content&view=article HTTP/1.1" 302 576 "-" "Mozilla/5.0 (compatible; SemrushBot/7~bl; +http://www.semrush.com/bot.html)"
185.191.171.3 - - [09/Mar/2023:03:55:28 +0100] "GET /?Itemid=53&fontstyle=f-larger&id=304&lang=fr&option=com_content&view=article HTTP/1.1" 302 564 "-" "Mozilla/5.0 (compatible; SemrushBot/7~bl; +http://www.semrush.com/bot.html)"
185.191.171.4 - - [09/Mar/2023:03:55:34 +0100] "GET /?catid=7&fontstyle=f-larger&id=12&lang=fr&option=com_content&view=article HTTP/1.1" 302 559 "-" "Mozilla/5.0 (compatible; SemrushBot/7~bl; +http://www.semrush.com/bot.html)"
185.191.171.12 - - [09/Mar/2023:03:55:39 +0100] "GET /?Itemid=47&catid=7&fontstyle=f-larger&id=24&lang=fr&option=com_content&view=article HTTP/1.1" 302 575 "-" "Mozilla/5.0 (compatible; SemrushBot/7~bl; +http://www.semrush.com/bot.html)"
185.191.171.34 - - [09/Mar/2023:03:55:41 +0100] "GET /?Itemid=48&catid=7&fontstyle=f-smaller&id=34&lang=en&option=com_content&view=article HTTP/1.1" 302 576 "-" "Mozilla/5.0 (compatible; SemrushBot/7~bl; +http://www.semrush.com/bot.html)"
185.191.171.34 - - [09/Mar/2023:03:55:41 +0100] "GET /index.php?Itemid=45&catid=7&id=34&lang=en&option=com_content&view=article HTTP/1.1" 302 559 "-" "Mozilla/5.0 (compatible; SemrushBot/7~bl; +http://www.semrush.com/bot.html)"
185.191.171.4 - - [09/Mar/2023:03:56:00 +0100] "GET /?Itemid=12&catid=7&fontstyle=f-smaller&id=57&lang=fr&option=com_content&view=article HTTP/1.1" 302 575 "-" "Mozilla/5.0 (compatible; SemrushBot/7~bl; +http://www.semrush.com/bot.html)"
185.191.171.25 - - [09/Mar/2023:03:56:30 +0100] "GET /?Itemid=0&fontstyle=f-larger&id=252&lang=en&option=com_content&view=article HTTP/1.1" 302 562 "-" "Mozilla/5.0 (compatible; SemrushBot/7~bl; +http://www.semrush.com/bot.html)"
185.191.171.20 - - [09/Mar/2023:03:56:41 +0100] "GET /index.php?Itemid=47&catid=7&id=22&lang=fr&option=com_content&view=article HTTP/1.1" 302 558 "-" "Mozilla/5.0 (compatible; SemrushBot/7~bl; +http://www.semrush.com/bot.html)"
194.110.203.41 - - [09/Mar/2023:03:56:43 +0100] "GET /backup_10032022.zip HTTP/1.1" 404 2162 "-" "Firefox"
185.191.171.17 - - [09/Mar/2023:03:57:26 +0100] "GET /?Itemid=53&catid=7&fontstyle=f-smaller&id=30&lang=fr&option=com_content&view=article HTTP/1.1" 302 576 "-" "Mozilla/5.0 (compatible; SemrushBot/7~bl; +http://www.semrush.com/bot.html)"
212.129.37.175 - - [09/Mar/2023:03:57:35 +0100] "-" 408 1489 "-" "-"
185.191.171.18 - - [09/Mar/2023:03:57:39 +0100] "GET /?Itemid=3&catid=1&fontstyle=f-larger&id=413&lang=en&option=com_content&view=article HTTP/1.1" 302 574 "-" "Mozilla/5.0 (compatible; SemrushBot/7~bl; +http://www.semrush.com/bot.html)"
185.191.171.14 - - [09/Mar/2023:03:57:49 +0100] "GET /index.php?Itemid=11&catid=7&id=19&lang=en&option=com_content&view=article HTTP/1.1" 302 556 "-" "Mozilla/5.0 (compatible; SemrushBot/7~bl; +http://www.semrush.com/bot.html)"
185.191.171.43 - - [09/Mar/2023:03:58:02 +0100] "GET /?Itemid=12&catid=7&fontstyle=f-larger&id=38&lang=en&option=com_content&view=article HTTP/1.1" 302 576 "-" "Mozilla/5.0 (compatible; SemrushBot/7~bl; +http://www.semrush.com/bot.html)"
185.191.171.5 - - [09/Mar/2023:03:58:33 +0100] "GET /?Itemid&catid=7%3Aarticles&fontstyle=f-smaller&id=23&lang=fr&option=com_xmap&view=article HTTP/1.1" 302 586 "-" "Mozilla/5.0 (compatible; SemrushBot/7~bl; +http://www.semrush.com/bot.html)"
185.191.171.8 - - [09/Mar/2023:03:58:50 +0100] "GET /index.php?Itemid=45&catid=7&id=30&lang=en&option=com_content&view=article HTTP/1.1" 302 558 "-" "Mozilla/5.0 (compatible; SemrushBot/7~bl; +http://www.semrush.com/bot.html)"
185.191.171.44 - - [09/Mar/2023:03:59:19 +0100] "GET /?Itemid=53&catid=1&fontstyle=f-larger&id=449&lang=fr&option=com_content&view=article HTTP/1.1" 302 579 "-" "Mozilla/5.0 (compatible; SemrushBot/7~bl; +http://www.semrush.com/bot.html)"
212.129.37.175 - - [09/Mar/2023:03:59:30 +0100] "-" 408 1489 "-" "-"
185.191.171.6 - - [09/Mar/2023:03:59:39 +0100] "GET /index.php?Itemid=14&catid=7&id=5&lang=en&option=com_content&view=article HTTP/1.1" 302 557 "-" "Mozilla/5.0 (compatible; SemrushBot/7~bl; +http://www.semrush.com/bot.html)"
185.191.171.13 - - [09/Mar/2023:03:59:43 +0100] "GET /index.php?Itemid=3&catid=1&id=416&lang=en&option=com_content&view=article HTTP/1.1" 302 558 "-" "Mozilla/5.0 (compatible; SemrushBot/7~bl; +http://www.semrush.com/bot.html)"
185.191.171.13 - - [09/Mar/2023:04:00:00 +0100] "GET /index.php?Itemid=53&id=297&lang=fr&option=com_content&view=article HTTP/1.1" 302 548 "-" "Mozilla/5.0 (compatible; SemrushBot/7~bl; +http://www.semrush.com/bot.html)"
185.191.171.34 - - [09/Mar/2023:04:00:12 +0100] "GET /?Itemid=47&catid=7&fontstyle=f-smaller&id=38&lang=fr&option=com_content&view=article HTTP/1.1" 302 575 "-" "Mozilla/5.0 (compatible; SemrushBot/7~bl; +http://www.semrush.com/bot.html)"
185.191.171.23 - - [09/Mar/2023:04:00:34 +0100] "GET /index.php?Itemid=0&catid=7&id=14&lang=fr&option=com_content&view=article HTTP/1.1" 302 557 "-" "Mozilla/5.0 (compatible; SemrushBot/7~bl; +http://www.semrush.com/bot.html)"
185.191.171.12 - - [09/Mar/2023:04:01:13 +0100] "GET /?Itemid=48&catid=7&fontstyle=f-larger&id=6&lang=fr&option=com_content&view=article HTTP/1.1" 302 574 "-" "Mozilla/5.0 (compatible; SemrushBot/7~bl; +http://www.semrush.com/bot.html)"
185.191.171.33 - - [09/Mar/2023:04:01:35 +0100] "GET /?Itemid=0&fontstyle=f-larger&id=150&lang=fr&option=com_content&view=article HTTP/1.1" 302 561 "-" "Mozilla/5.0 (compatible; SemrushBot/7~bl; +http://www.semrush.com/bot.html)"
185.191.171.23 - - [09/Mar/2023:04:01:43 +0100] "GET /?Itemid&fontstyle=f-smaller&id=254&lang=en&option=com_content&view=article HTTP/1.1" 302 560 "-" "Mozilla/5.0 (compatible; SemrushBot/7~bl; +http://www.semrush.com/bot.html)"
185.191.171.18 - - [09/Mar/2023:04:01:43 +0100] "GET /index.php?Itemid=3&id=316&lang=en&option=com_content&view=article HTTP/1.1" 302 544 "-" "Mozilla/5.0 (compatible; SemrushBot/7~bl; +http://www.semrush.com/bot.html)"
212.129.37.175 - - [09/Mar/2023:04:02:01 +0100] "-" 408 1489 "-" "-"
185.191.171.41 - - [09/Mar/2023:04:02:39 +0100] "GET /?Itemid=3&catid=7&fontstyle=f-larger&id=37&lang=en&option=com_content&view=article HTTP/1.1" 302 572 "-" "Mozilla/5.0 (compatible; SemrushBot/7~bl; +http://www.semrush.com/bot.html)"
185.191.171.20 - - [09/Mar/2023:04:02:40 +0100] "GET /index.php?catid=7&id=11&lang=fr&option=com_content&view=article HTTP/1.1" 302 542 "-" "Mozilla/5.0 (compatible; SemrushBot/7~bl; +http://www.semrush.com/bot.html)"
185.191.171.16 - - [09/Mar/2023:04:03:08 +0100] "GET /index.php?Itemid=3&id=284&lang=fr&option=com_content&view=article HTTP/1.1" 302 545 "-" "Mozilla/5.0 (compatible; SemrushBot/7~bl; +http://www.semrush.com/bot.html)"
185.191.171.11 - - [09/Mar/2023:04:03:46 +0100] "GET /index.php?Itemid=0&catid=7%3Aarticles&id=23&lang=en&option=com_xmap&view=article HTTP/1.1" 302 569 "-" "Mozilla/5.0 (compatible; SemrushBot/7~bl; +http://www.semrush.com/bot.html)"
185.191.171.41 - - [09/Mar/2023:04:04:00 +0100] "GET /?catid=7&fontstyle=f-smaller&id=57&lang=en&option=com_content&view=article HTTP/1.1" 302 560 "-" "Mozilla/5.0 (compatible; SemrushBot/7~bl; +http://www.semrush.com/bot.html)"
212.129.37.175 - - [09/Mar/2023:04:04:23 +0100] "-" 408 1489 "-" "-"
185.191.171.42 - - [09/Mar/2023:04:05:16 +0100] "GET /?Itemid=53&fontstyle=f-smaller&id=287&lang=en&option=com_content&view=article HTTP/1.1" 302 566 "-" "Mozilla/5.0 (compatible; SemrushBot/7~bl; +http://www.semrush.com/bot.html)"
185.191.171.26 - - [09/Mar/2023:04:05:16 +0100] "GET /?Itemid&fontstyle=f-larger&id=356&lang=fr&option=com_content&view=article HTTP/1.1" 302 560 "-" "Mozilla/5.0 (compatible; SemrushBot/7~bl; +http://www.semrush.com/bot.html)"
185.191.171.3 - - [09/Mar/2023:04:05:17 +0100] "GET /index.php?Itemid=3&id=1&lang=en&layout=blog&limitstart=30&option=com_content&view=category HTTP/1.1" 302 587 "-" "Mozilla/5.0 (compatible; SemrushBot/7~bl; +http://www.semrush.com/bot.html)"
185.191.171.1 - - [09/Mar/2023:04:05:19 +0100] "GET /?fontstyle=f-smaller&id=491&lang=fr&option=com_content&view=article HTTP/1.1" 302 549 "-" "Mozilla/5.0 (compatible; SemrushBot/7~bl; +http://www.semrush.com/bot.html)"
185.191.171.25 - - [09/Mar/2023:04:05:50 +0100] "GET /?Itemid=0&fontstyle=f-smaller&id=285&lang=en&option=com_content&view=article HTTP/1.1" 302 564 "-" "Mozilla/5.0 (compatible; SemrushBot/7~bl; +http://www.semrush.com/bot.html)"
185.191.171.20 - - [09/Mar/2023:04:05:55 +0100] "GET /index.php?Itemid=53&id=328&lang=en&option=com_content&view=article HTTP/1.1" 302 547 "-" "Mozilla/5.0 (compatible; SemrushBot/7~bl; +http://www.semrush.com/bot.html)"
212.129.37.175 - - [09/Mar/2023:04:06:28 +0100] "-" 408 1489 "-" "-"
185.191.171.39 - - [09/Mar/2023:04:06:50 +0100] "GET /?Itemid=53&catid=1&fontstyle=f-smaller&id=460&lang=en&option=com_content&view=article HTTP/1.1" 302 578 "-" "Mozilla/5.0 (compatible; SemrushBot/7~bl; +http://www.semrush.com/bot.html)"
185.191.171.5 - - [09/Mar/2023:04:07:05 +0100] "GET /?Itemid=14&catid=7&fontstyle=f-smaller&id=21&lang=en&option=com_content&view=article HTTP/1.1" 302 576 "-" "Mozilla/5.0 (compatible; SemrushBot/7~bl; +http://www.semrush.com/bot.html)"
185.191.171.13 - - [09/Mar/2023:04:07:13 +0100] "GET /index.php?Itemid=12&catid=7&id=27&lang=fr&option=com_content&view=article HTTP/1.1" 302 558 "-" "Mozilla/5.0 (compatible; SemrushBot/7~bl; +http://www.semrush.com/bot.html)"
185.191.171.12 - - [09/Mar/2023:04:07:30 +0100] "GET /index.php?Itemid=46&catid=7&id=14&lang=en&option=com_content&view=article HTTP/1.1" 302 559 "-" "Mozilla/5.0 (compatible; SemrushBot/7~bl; +http://www.semrush.com/bot.html)"
185.191.171.36 - - [09/Mar/2023:04:07:46 +0100] "GET /?Itemid=3&fontstyle=f-smaller&id=1&lang=en&layout=blog&limitstart=35&option=com_content&view=category HTTP/1.1" 302 606 "-" "Mozilla/5.0 (compatible; SemrushBot/7~bl; +http://www.semrush.com/bot.html)"
185.191.171.17 - - [09/Mar/2023:04:08:30 +0100] "GET /index.php?Itemid=12&catid=7&id=34&lang=en&option=com_content&view=article HTTP/1.1" 302 558 "-" "Mozilla/5.0 (compatible; SemrushBot/7~bl; +http://www.semrush.com/bot.html)"
185.191.171.43 - - [09/Mar/2023:04:08:32 +0100] "GET /index.php?Itemid=0&catid=7&id=27&lang=en&option=com_content&view=article HTTP/1.1" 302 555 "-" "Mozilla/5.0 (compatible; SemrushBot/7~bl; +http://www.semrush.com/bot.html)"
185.191.171.11 - - [09/Mar/2023:04:08:36 +0100] "GET /?Itemid=53&catid=1&fontstyle=f-larger&id=419%E2%8C%A9%3Dfr&lang=fr&option=com_content&view=article HTTP/1.1" 302 603 "-" "Mozilla/5.0 (compatible; SemrushBot/7~bl; +http://www.semrush.com/bot.html)"
114.243.134.122 - - [09/Mar/2023:04:08:44 +0100] "GET / HTTP/1.1" 302 405 "-" "Go-http-client/1.1"
114.243.134.122 - - [09/Mar/2023:04:08:47 +0100] "GET / HTTP/1.1" 404 2009 "-" "Go-http-client/1.1"
212.129.37.175 - - [09/Mar/2023:04:09:17 +0100] "-" 408 1489 "-" "-"
185.191.171.42 - - [09/Mar/2023:04:09:38 +0100] "GET /index.php?Itemid=3&id=314&lang=fr&option=com_content&view=article HTTP/1.1" 302 544 "-" "Mozilla/5.0 (compatible; SemrushBot/7~bl; +http://www.semrush.com/bot.html)"
185.191.171.38 - - [09/Mar/2023:04:09:43 +0100] "GET /index.php?Itemid=45&catid=7&id=7&lang=fr&option=com_content&view=article HTTP/1.1" 302 555 "-" "Mozilla/5.0 (compatible; SemrushBot/7~bl; +http://www.semrush.com/bot.html)"
185.191.171.44 - - [09/Mar/2023:04:10:42 +0100] "GET /?catid=7&fontstyle=f-larger&id=12&lang=en&option=com_content&view=article HTTP/1.1" 302 559 "-" "Mozilla/5.0 (compatible; SemrushBot/7~bl; +http://www.semrush.com/bot.html)"
212.129.37.175 - - [09/Mar/2023:04:10:54 +0100] "-" 408 1489 "-" "-"
185.191.171.44 - - [09/Mar/2023:04:11:27 +0100] "GET /index.php?Itemid=47&catid=7&id=30&lang=en&option=com_content&view=article HTTP/1.1" 302 558 "-" "Mozilla/5.0 (compatible; SemrushBot/7~bl; +http://www.semrush.com/bot.html)"
185.191.171.44 - - [09/Mar/2023:04:11:31 +0100] "GET /index.php?Itemid=6&lang=en&option=com_wrapper&view=article HTTP/1.1" 302 532 "-" "Mozilla/5.0 (compatible; SemrushBot/7~bl; +http://www.semrush.com/bot.html)"
185.191.171.45 - - [09/Mar/2023:04:11:38 +0100] "GET /?Itemid=14&catid=7&fontstyle=f-larger&id=24&lang=en&option=com_content&view=article HTTP/1.1" 302 575 "-" "Mozilla/5.0 (compatible; SemrushBot/7~bl; +http://www.semrush.com/bot.html)"
185.191.171.34 - - [09/Mar/2023:04:12:22 +0100] "GET /index.php?Itemid=45&catid=7&id=73&lang=fr&option=com_content&view=article HTTP/1.1" 302 559 "-" "Mozilla/5.0 (compatible; SemrushBot/7~bl; +http://www.semrush.com/bot.html)"
185.191.171.34 - - [09/Mar/2023:04:12:34 +0100] "GET /index.php?Itemid=0&id=124&lang=fr&option=com_content&view=article HTTP/1.1" 302 545 "-" "Mozilla/5.0 (compatible; SemrushBot/7~bl; +http://www.semrush.com/bot.html)"
185.191.171.40 - - [09/Mar/2023:04:12:35 +0100] "GET /index.php?Itemid=14&catid=7&id=38&lang=fr&option=com_content&view=article HTTP/1.1" 302 559 "-" "Mozilla/5.0 (compatible; SemrushBot/7~bl; +http://www.semrush.com/bot.html)"
185.191.171.33 - - [09/Mar/2023:04:12:49 +0100] "GET /?Itemid=0&fontstyle=f-smaller&id=181&lang=en&option=com_content&view=article HTTP/1.1" 302 563 "-" "Mozilla/5.0 (compatible; SemrushBot/7~bl; +http://www.semrush.com/bot.html)"
185.191.171.5 - - [09/Mar/2023:04:12:53 +0100] "GET /?Itemid&fontstyle=f-larger&id=355&lang=fr&option=com_content&view=article HTTP/1.1" 302 559 "-" "Mozilla/5.0 (compatible; SemrushBot/7~bl; +http://www.semrush.com/bot.html)"
185.191.171.19 - - [09/Mar/2023:04:13:57 +0100] "GET /?Itemid=12&catid=7&fontstyle=f-smaller&id=29&lang=en&option=com_content&view=article HTTP/1.1" 302 575 "-" "Mozilla/5.0 (compatible; SemrushBot/7~bl; +http://www.semrush.com/bot.html)"
212.129.37.175 - - [09/Mar/2023:04:14:10 +0100] "-" 408 1489 "-" "-"
185.191.171.7 - - [09/Mar/2023:04:14:31 +0100] "GET /?Itemid&catid=7&fontstyle=f-larger&id=52&lang=en&option=com_content&view=article HTTP/1.1" 302 571 "-" "Mozilla/5.0 (compatible; SemrushBot/7~bl; +http://www.semrush.com/bot.html)"
185.191.171.15 - - [09/Mar/2023:04:14:38 +0100] "GET /index.php?Itemid=50&catid=7&id=33&lang=fr&option=com_content&view=article HTTP/1.1" 302 559 "-" "Mozilla/5.0 (compatible; SemrushBot/7~bl; +http://www.semrush.com/bot.html)"
185.191.171.43 - - [09/Mar/2023:04:15:05 +0100] "GET /index.php?Itemid=0&id=200&lang=fr&option=com_content&view=article HTTP/1.1" 302 543 "-" "Mozilla/5.0 (compatible; SemrushBot/7~bl; +http://www.semrush.com/bot.html)"
185.191.171.5 - - [09/Mar/2023:04:15:19 +0100] "GET /index.php?Itemid&id=324&lang=en&option=com_content&view=article HTTP/1.1" 302 541 "-" "Mozilla/5.0 (compatible; SemrushBot/7~bl; +http://www.semrush.com/bot.html)"
212.129.37.175 - - [09/Mar/2023:04:15:21 +0100] "-" 408 1489 "-" "-"
185.191.171.14 - - [09/Mar/2023:04:15:40 +0100] "GET /index.php?Itemid=0&id=370&lang=en&option=com_content&view=article HTTP/1.1" 302 543 "-" "Mozilla/5.0 (compatible; SemrushBot/7~bl; +http://www.semrush.com/bot.html)"
185.191.171.40 - - [09/Mar/2023:04:15:58 +0100] "GET /?Itemid=3&catid=7&fontstyle=f-smaller&id=50&lang=en&option=com_content&view=article HTTP/1.1" 302 577 "-" "Mozilla/5.0 (compatible; SemrushBot/7~bl; +http://www.semrush.com/bot.html)"
185.191.171.7 - - [09/Mar/2023:04:15:58 +0100] "GET /index.php?Itemid=49&catid=7&id=25&lang=fr&option=com_content&view=article HTTP/1.1" 302 559 "-" "Mozilla/5.0 (compatible; SemrushBot/7~bl; +http://www.semrush.com/bot.html)"
185.191.171.45 - - [09/Mar/2023:04:16:02 +0100] "GET /?Itemid=50&catid=7&fontstyle=f-smaller&id=61&lang=fr&option=com_content&view=article HTTP/1.1" 302 576 "-" "Mozilla/5.0 (compatible; SemrushBot/7~bl; +http://www.semrush.com/bot.html)"
185.191.171.36 - - [09/Mar/2023:04:16:20 +0100] "GET /?Itemid&fontstyle=f-smaller&lang=fr&option=com_acymailing HTTP/1.1" 302 529 "-" "Mozilla/5.0 (compatible; SemrushBot/7~bl; +http://www.semrush.com/bot.html)"
185.191.171.36 - - [09/Mar/2023:04:16:48 +0100] "GET /robots.txt HTTP/1.1" 302 441 "-" "Mozilla/5.0 (compatible; SemrushBot/7~bl; +http://www.semrush.com/bot.html)"
185.191.171.19 - - [09/Mar/2023:04:16:48 +0100] "GET /index.php?Itemid=3&catid=1&id=478&lang=en&option=com_content&view=article HTTP/1.1" 302 558 "-" "Mozilla/5.0 (compatible; SemrushBot/7~bl; +http://www.semrush.com/bot.html)"
185.191.171.13 - - [09/Mar/2023:04:16:50 +0100] "GET /index.php?Itemid=12&catid=7&id=57&lang=fr&option=com_content&view=article HTTP/1.1" 302 559 "-" "Mozilla/5.0 (compatible; SemrushBot/7~bl; +http://www.semrush.com/bot.html)"
185.191.171.7 - - [09/Mar/2023:04:16:53 +0100] "GET /?catid=7&fontstyle=f-larger&id=27&lang=en&option=com_content&view=article HTTP/1.1" 302 558 "-" "Mozilla/5.0 (compatible; SemrushBot/7~bl; +http://www.semrush.com/bot.html)"
185.191.171.33 - - [09/Mar/2023:04:17:08 +0100] "GET /index.php?Itemid=3&id=331&lang=en&option=com_content&view=article HTTP/1.1" 302 543 "-" "Mozilla/5.0 (compatible; SemrushBot/7~bl; +http://www.semrush.com/bot.html)"
185.191.171.38 - - [09/Mar/2023:04:17:15 +0100] "GET /?Itemid=47&catid=7&fontstyle=f-smaller&id=25&lang=fr&option=com_content&view=article HTTP/1.1" 302 575 "-" "Mozilla/5.0 (compatible; SemrushBot/7~bl; +http://www.semrush.com/bot.html)"
185.191.171.1 - - [09/Mar/2023:04:18:07 +0100] "GET /?Itemid=3&catid=1&fontstyle=f-smaller&id=416&lang=en&option=com_content&view=article HTTP/1.1" 302 578 "-" "Mozilla/5.0 (compatible; SemrushBot/7~bl; +http://www.semrush.com/bot.html)"
185.191.171.35 - - [09/Mar/2023:04:18:15 +0100] "GET /?Itemid=53&catid=1&fontstyle=f-smaller&id=462&lang=en&option=com_content&view=article HTTP/1.1" 302 578 "-" "Mozilla/5.0 (compatible; SemrushBot/7~bl; +http://www.semrush.com/bot.html)"
185.191.171.4 - - [09/Mar/2023:04:18:25 +0100] "GET /?catid=7&fontstyle=f-larger&id=5&lang=en&option=com_content&view=article HTTP/1.1" 302 558 "-" "Mozilla/5.0 (compatible; SemrushBot/7~bl; +http://www.semrush.com/bot.html)"
185.191.171.41 - - [09/Mar/2023:04:19:01 +0100] "GET /?Itemid&fontstyle=f-smaller&id=324&lang=fr&option=com_content&view=article HTTP/1.1" 302 560 "-" "Mozilla/5.0 (compatible; SemrushBot/7~bl; +http://www.semrush.com/bot.html)"
212.129.37.175 - - [09/Mar/2023:04:19:03 +0100] "-" 408 1489 "-" "-"
185.191.171.10 - - [09/Mar/2023:04:19:22 +0100] "GET /?Itemid&fontstyle=f-smaller&lang=en&option=com_xmap&sitemap=1 HTTP/1.1" 302 538 "-" "Mozilla/5.0 (compatible; SemrushBot/7~bl; +http://www.semrush.com/bot.html)"
212.129.37.175 - - [09/Mar/2023:04:19:47 +0100] "-" 408 1489 "-" "-"
185.191.171.17 - - [09/Mar/2023:04:20:18 +0100] "GET /index.php?Itemid=12&catid=7&id=36&lang=fr&option=com_content&view=article HTTP/1.1" 302 559 "-" "Mozilla/5.0 (compatible; SemrushBot/7~bl; +http://www.semrush.com/bot.html)"
185.191.171.4 - - [09/Mar/2023:04:20:19 +0100] "GET /index.php?Itemid=53&id=371&lang=en&option=com_content&view=article HTTP/1.1" 302 547 "-" "Mozilla/5.0 (compatible; SemrushBot/7~bl; +http://www.semrush.com/bot.html)"
185.191.171.17 - - [09/Mar/2023:04:20:51 +0100] "GET /?Itemid=49&catid=7&fontstyle=f-larger&id=21&lang=fr&option=com_content&view=article HTTP/1.1" 302 576 "-" "Mozilla/5.0 (compatible; SemrushBot/7~bl; +http://www.semrush.com/bot.html)"
173.254.31.34 - - [09/Mar/2023:04:20:53 +0100] "-" 408 0 "-" "-"
185.191.171.20 - - [09/Mar/2023:04:20:54 +0100] "GET /index.php?Itemid=0&catid=7&id=73&lang=en&option=com_content&view=article HTTP/1.1" 302 555 "-" "Mozilla/5.0 (compatible; SemrushBot/7~bl; +http://www.semrush.com/bot.html)"
185.191.171.25 - - [09/Mar/2023:04:21:19 +0100] "GET /?Itemid=53&catid=1&fontstyle=f-smaller&id=416%3F%3Dfr&lang=en&option=com_content&view=article HTTP/1.1" 302 594 "-" "Mozilla/5.0 (compatible; SemrushBot/7~bl; +http://www.semrush.com/bot.html)"
185.191.171.38 - - [09/Mar/2023:04:21:20 +0100] "GET /index.php?Itemid=53&id=363&lang=fr&option=com_content&view=article HTTP/1.1" 302 547 "-" "Mozilla/5.0 (compatible; SemrushBot/7~bl; +http://www.semrush.com/bot.html)"
185.191.171.22 - - [09/Mar/2023:04:21:27 +0100] "GET /?Itemid=14&catid=7&fontstyle=f-smaller&id=46&lang=fr&option=com_content&view=article HTTP/1.1" 302 576 "-" "Mozilla/5.0 (compatible; SemrushBot/7~bl; +http://www.semrush.com/bot.html)"
65.21.154.223 - - [09/Mar/2023:04:21:55 +0100] "GET /wp-content/themes/wp-update.php HTTP/1.1" 404 2603 "www.google.com" "Mozlila/5.0 (Linux; Android 7.0; SM-G892A Bulid/NRD90M; wv) AppleWebKit/537.36 (KHTML, like Gecko) Version/4.0 Chrome/60.0.3112.107 Moblie Safari/537.36"
185.191.171.24 - - [09/Mar/2023:04:21:56 +0100] "GET /?Itemid=47&catid=7&fontstyle=f-larger&id=36&lang=fr&option=com_content&view=article HTTP/1.1" 302 575 "-" "Mozilla/5.0 (compatible; SemrushBot/7~bl; +http://www.semrush.com/bot.html)"
185.191.171.42 - - [09/Mar/2023:04:21:59 +0100] "GET /?Itemid=0&catid=7&fontstyle=f-smaller&id=21&lang=en&option=com_content&view=article HTTP/1.1" 302 576 "-" "Mozilla/5.0 (compatible; SemrushBot/7~bl; +http://www.semrush.com/bot.html)"
185.191.171.1 - - [09/Mar/2023:04:22:16 +0100] "GET /?catid=1&fontstyle=f-larger&id=1&lang=fr&option=com_content&view=article HTTP/1.1" 302 555 "-" "Mozilla/5.0 (compatible; SemrushBot/7~bl; +http://www.semrush.com/bot.html)"
185.191.171.22 - - [09/Mar/2023:04:22:20 +0100] "GET /?Itemid=3&catid=7&fontstyle=f-smaller&id=28&lang=fr&option=com_content&view=article HTTP/1.1" 302 575 "-" "Mozilla/5.0 (compatible; SemrushBot/7~bl; +http://www.semrush.com/bot.html)"
185.191.171.37 - - [09/Mar/2023:04:22:39 +0100] "GET /?Itemid&catid=7&fontstyle=f-larger&id=33&lang=en&option=com_content&view=article HTTP/1.1" 302 571 "-" "Mozilla/5.0 (compatible; SemrushBot/7~bl; +http://www.semrush.com/bot.html)"
185.191.171.14 - - [09/Mar/2023:04:23:26 +0100] "GET /?Itemid=16&catid=7&fontstyle=f-smaller&id=32&lang=fr&option=com_content&view=article HTTP/1.1" 302 576 "-" "Mozilla/5.0 (compatible; SemrushBot/7~bl; +http://www.semrush.com/bot.html)"
185.191.171.17 - - [09/Mar/2023:04:23:45 +0100] "GET /?Itemid=53&catid=7&fontstyle=f-larger&id=66&lang=fr&option=com_content&view=article HTTP/1.1" 302 576 "-" "Mozilla/5.0 (compatible; SemrushBot/7~bl; +http://www.semrush.com/bot.html)"
185.191.171.40 - - [09/Mar/2023:04:23:55 +0100] "GET /?Itemid=53&catid=1&fontstyle=f-larger&id=461%E2%8C%A9%3Dfr&lang=fr&option=com_content&view=article HTTP/1.1" 302 603 "-" "Mozilla/5.0 (compatible; SemrushBot/7~bl; +http://www.semrush.com/bot.html)"
185.191.171.10 - - [09/Mar/2023:04:23:55 +0100] "GET /?Itemid=14&catid=7&fontstyle=f-smaller&id=24&lang=en&option=com_content&view=article HTTP/1.1" 302 575 "-" "Mozilla/5.0 (compatible; SemrushBot/7~bl; +http://www.semrush.com/bot.html)"
185.191.171.2 - - [09/Mar/2023:04:23:56 +0100] "GET /?Itemid=48&catid=7&fontstyle=f-larger&id=26&lang=en&option=com_content&view=article HTTP/1.1" 302 576 "-" "Mozilla/5.0 (compatible; SemrushBot/7~bl; +http://www.semrush.com/bot.html)"
185.191.171.11 - - [09/Mar/2023:04:23:57 +0100] "GET /?Itemid=3&catid=1&fontstyle=f-smaller&id=411&lang=fr&option=com_content&view=article HTTP/1.1" 302 577 "-" "Mozilla/5.0 (compatible; SemrushBot/7~bl; +http://www.semrush.com/bot.html)"
212.129.37.175 - - [09/Mar/2023:04:23:57 +0100] "-" 408 1489 "-" "-"
212.129.37.175 - - [09/Mar/2023:04:24:14 +0100] "-" 408 1489 "-" "-"
185.191.171.34 - - [09/Mar/2023:04:24:17 +0100] "GET /?Itemid=53&catid=7&fontstyle=f-smaller&id=25&lang=fr&option=com_content&view=article HTTP/1.1" 302 576 "-" "Mozilla/5.0 (compatible; SemrushBot/7~bl; +http://www.semrush.com/bot.html)"
185.191.171.8 - - [09/Mar/2023:04:24:24 +0100] "GET /?Itemid=5&catid=7&fontstyle=f-larger&id=19&lang=en&option=com_content&view=article HTTP/1.1" 302 575 "-" "Mozilla/5.0 (compatible; SemrushBot/7~bl; +http://www.semrush.com/bot.html)"
185.191.171.34 - - [09/Mar/2023:04:24:30 +0100] "GET /?Itemid=3&fontstyle=f-larger&id=261&lang=fr&option=com_content&view=article HTTP/1.1" 302 563 "-" "Mozilla/5.0 (compatible; SemrushBot/7~bl; +http://www.semrush.com/bot.html)"
185.191.171.1 - - [09/Mar/2023:04:24:40 +0100] "GET /index.php?Itemid=3&id=370&lang=fr&option=com_content&view=article HTTP/1.1" 302 545 "-" "Mozilla/5.0 (compatible; SemrushBot/7~bl; +http://www.semrush.com/bot.html)"
185.191.171.45 - - [09/Mar/2023:04:24:58 +0100] "GET /index.php?Itemid&catid=7&id=58&lang=en&option=com_content&view=article HTTP/1.1" 302 554 "-" "Mozilla/5.0 (compatible; SemrushBot/7~bl; +http://www.semrush.com/bot.html)"
185.191.171.36 - - [09/Mar/2023:04:25:13 +0100] "GET /index.php?Itemid&catid=7%3Aarticles&fontstyle=f-smaller&id=23&lang=en&option=com_xmap&view=article HTTP/1.1" 302 601 "-" "Mozilla/5.0 (compatible; SemrushBot/7~bl; +http://www.semrush.com/bot.html)"
185.191.171.34 - - [09/Mar/2023:04:25:34 +0100] "GET /index.php?Itemid=46&catid=7&id=31&lang=en&option=com_content&view=article HTTP/1.1" 302 559 "-" "Mozilla/5.0 (compatible; SemrushBot/7~bl; +http://www.semrush.com/bot.html)"
185.191.171.38 - - [09/Mar/2023:04:25:39 +0100] "GET /?Itemid=49&catid=7&fontstyle=f-larger&id=30&lang=en&option=com_content&view=article HTTP/1.1" 302 576 "-" "Mozilla/5.0 (compatible; SemrushBot/7~bl; +http://www.semrush.com/bot.html)"
185.191.171.9 - - [09/Mar/2023:04:26:24 +0100] "GET /?catid=7&fontstyle=f-larger&id=30&lang=fr&option=com_content&view=article HTTP/1.1" 302 559 "-" "Mozilla/5.0 (compatible; SemrushBot/7~bl; +http://www.semrush.com/bot.html)"
185.191.171.40 - - [09/Mar/2023:04:27:21 +0100] "GET /?Itemid=3&catid=7&fontstyle=f-larger&id=25&lang=en&option=com_content&view=article HTTP/1.1" 302 575 "-" "Mozilla/5.0 (compatible; SemrushBot/7~bl; +http://www.semrush.com/bot.html)"
91.244.13.58 - - [09/Mar/2023:04:27:30 +0100] "GET /wp-sitemap-posts-post-1.xml HTTP/1.1" 404 2750 "-" "Mozilla/5.0 (Windows NT 6.3; Win64; x64) AppleWebKit/537.36 (KHTML, like Gecko) Chrome/91.0.4472.114 Safari/537.36"
91.244.13.58 - - [09/Mar/2023:04:27:30 +0100] "POST /wp-comments-post.php HTTP/1.0" 404 2782 "-" "Mozilla/5.0 (Windows NT 6.3; Win64; x64) AppleWebKit/537.36 (KHTML, like Gecko) Chrome/91.0.4472.114 Safari/537.36"
193.32.162.159 - - [09/Mar/2023:04:27:33 +0100] "GET / HTTP/1.1" 302 461 "-" "Mozilla/5.0 (Windows NT 10.0; Win64; x64) AppleWebKit/537.36 (KHTML, like Gecko) Chrome/90.0.4430.85 Safari/537.36 Edg/90.0.818.46"
185.191.171.23 - - [09/Mar/2023:04:27:37 +0100] "GET /index.php?Itemid=0&catid=7&id=27&lang=fr&option=com_content&view=article HTTP/1.1" 302 556 "-" "Mozilla/5.0 (compatible; SemrushBot/7~bl; +http://www.semrush.com/bot.html)"
185.191.171.43 - - [09/Mar/2023:04:27:44 +0100] "GET /?Itemid&fontstyle=f-smaller&id=310&lang=fr&option=com_content&view=article HTTP/1.1" 302 560 "-" "Mozilla/5.0 (compatible; SemrushBot/7~bl; +http://www.semrush.com/bot.html)"
185.191.171.4 - - [09/Mar/2023:04:28:23 +0100] "GET /index.php?Itemid=3&id=320&lang=fr&option=com_content&view=article HTTP/1.1" 302 543 "-" "Mozilla/5.0 (compatible; SemrushBot/7~bl; +http://www.semrush.com/bot.html)"
212.129.37.175 - - [09/Mar/2023:04:28:40 +0100] "-" 408 1489 "-" "-"
185.191.171.24 - - [09/Mar/2023:04:28:46 +0100] "GET /?Itemid=11&catid=7&fontstyle=f-smaller&id=37&lang=fr&option=com_content&view=article HTTP/1.1" 302 575 "-" "Mozilla/5.0 (compatible; SemrushBot/7~bl; +http://www.semrush.com/bot.html)"
212.129.37.175 - - [09/Mar/2023:04:28:50 +0100] "-" 408 1489 "-" "-"
185.191.171.19 - - [09/Mar/2023:04:29:15 +0100] "GET /index.php?Itemid=0&catid=7%3Aarticles&fontstyle=f-larger&id=23&lang=fr&option=com_xmap&view=article HTTP/1.1" 302 603 "-" "Mozilla/5.0 (compatible; SemrushBot/7~bl; +http://www.semrush.com/bot.html)"
185.191.171.20 - - [09/Mar/2023:04:29:50 +0100] "GET /?Itemid=50&catid=7&fontstyle=f-larger&id=45&lang=en&option=com_content&view=article HTTP/1.1" 302 576 "-" "Mozilla/5.0 (compatible; SemrushBot/7~bl; +http://www.semrush.com/bot.html)"
185.191.171.39 - - [09/Mar/2023:04:30:01 +0100] "GET /?Itemid=49&catid=7&fontstyle=f-larger&id=5&lang=en&option=com_content&view=article HTTP/1.1" 302 574 "-" "Mozilla/5.0 (compatible; SemrushBot/7~bl; +http://www.semrush.com/bot.html)"
185.191.171.6 - - [09/Mar/2023:04:30:09 +0100] "GET /?Itemid=3&fontstyle=f-smaller&id=316&lang=fr&option=com_content&view=article HTTP/1.1" 302 563 "-" "Mozilla/5.0 (compatible; SemrushBot/7~bl; +http://www.semrush.com/bot.html)"
185.191.171.25 - - [09/Mar/2023:04:30:16 +0100] "GET /?Itemid&fontstyle=f-larger&id=144&lang=fr&option=com_content&view=article HTTP/1.1" 302 559 "-" "Mozilla/5.0 (compatible; SemrushBot/7~bl; +http://www.semrush.com/bot.html)"
185.191.171.17 - - [09/Mar/2023:04:30:17 +0100] "GET /?Itemid=0&fontstyle=f-larger&id=320&lang=fr&option=com_content&view=article HTTP/1.1" 302 560 "-" "Mozilla/5.0 (compatible; SemrushBot/7~bl; +http://www.semrush.com/bot.html)"
185.191.171.16 - - [09/Mar/2023:04:30:20 +0100] "GET /?Itemid=0&fontstyle=f-smaller&id=364&lang=fr&option=com_content&view=article HTTP/1.1" 302 564 "-" "Mozilla/5.0 (compatible; SemrushBot/7~bl; +http://www.semrush.com/bot.html)"
185.191.171.15 - - [09/Mar/2023:04:30:31 +0100] "GET /?Itemid=48&catid=7&fontstyle=f-smaller&id=46&lang=fr&option=com_content&view=article HTTP/1.1" 302 575 "-" "Mozilla/5.0 (compatible; SemrushBot/7~bl; +http://www.semrush.com/bot.html)"
185.191.171.15 - - [09/Mar/2023:04:30:46 +0100] "GET /robots.txt HTTP/1.1" 302 441 "-" "Mozilla/5.0 (compatible; SemrushBot/7~bl; +http://www.semrush.com/bot.html)"
185.191.171.16 - - [09/Mar/2023:04:30:46 +0100] "GET /?Itemid=3&catid=1&fontstyle=f-larger&id=432%E2%8C%A9%3Dfr&lang=en&option=com_content&view=article HTTP/1.1" 302 604 "-" "Mozilla/5.0 (compatible; SemrushBot/7~bl; +http://www.semrush.com/bot.html)"
185.191.171.38 - - [09/Mar/2023:04:31:06 +0100] "GET /index.php?catid=8&id=135&lang=en&option=com_content&view=article HTTP/1.1" 302 543 "-" "Mozilla/5.0 (compatible; SemrushBot/7~bl; +http://www.semrush.com/bot.html)"
185.191.171.44 - - [09/Mar/2023:04:31:35 +0100] "GET /index.php?Itemid=3&id=330&lang=fr&option=com_content&view=article HTTP/1.1" 302 543 "-" "Mozilla/5.0 (compatible; SemrushBot/7~bl; +http://www.semrush.com/bot.html)"
185.191.171.4 - - [09/Mar/2023:04:31:39 +0100] "GET /index.php?id=256&lang=fr&option=com_content&view=article HTTP/1.1" 302 530 "-" "Mozilla/5.0 (compatible; SemrushBot/7~bl; +http://www.semrush.com/bot.html)"
185.191.171.3 - - [09/Mar/2023:04:31:40 +0100] "GET /index.php?Itemid=53&catid=7&id=36&lang=en&option=com_content&view=article HTTP/1.1" 302 558 "-" "Mozilla/5.0 (compatible; SemrushBot/7~bl; +http://www.semrush.com/bot.html)"
185.191.171.20 - - [09/Mar/2023:04:32:18 +0100] "GET /?Itemid=0&catid=7&fontstyle=f-larger&id=73&lang=en&option=com_content&view=article HTTP/1.1" 302 574 "-" "Mozilla/5.0 (compatible; SemrushBot/7~bl; +http://www.semrush.com/bot.html)"
185.191.171.1 - - [09/Mar/2023:04:32:28 +0100] "GET /?Itemid=3&fontstyle=f-larger&id=277&lang=fr&option=com_content&view=article HTTP/1.1" 302 563 "-" "Mozilla/5.0 (compatible; SemrushBot/7~bl; +http://www.semrush.com/bot.html)"
185.191.171.10 - - [09/Mar/2023:04:32:45 +0100] "GET /index.php?Itemid=45&catid=7&id=28&lang=fr&option=com_content&view=article HTTP/1.1" 302 559 "-" "Mozilla/5.0 (compatible; SemrushBot/7~bl; +http://www.semrush.com/bot.html)"
185.191.171.37 - - [09/Mar/2023:04:33:00 +0100] "GET /index.php?Itemid=5&catid=7&id=44&lang=en&option=com_content&view=article HTTP/1.1" 302 557 "-" "Mozilla/5.0 (compatible; SemrushBot/7~bl; +http://www.semrush.com/bot.html)"
212.129.37.175 - - [09/Mar/2023:04:33:07 +0100] "-" 408 1489 "-" "-"
185.191.171.21 - - [09/Mar/2023:04:33:42 +0100] "GET /?Itemid&fontstyle=f-larger&id=254&lang=fr&option=com_content&view=article HTTP/1.1" 302 559 "-" "Mozilla/5.0 (compatible; SemrushBot/7~bl; +http://www.semrush.com/bot.html)"
212.129.37.175 - - [09/Mar/2023:04:33:44 +0100] "-" 408 1489 "-" "-"
185.191.171.23 - - [09/Mar/2023:04:33:48 +0100] "GET /index.php?Itemid=0&catid=8&id=109&lang=fr&option=com_content&view=article HTTP/1.1" 302 558 "-" "Mozilla/5.0 (compatible; SemrushBot/7~bl; +http://www.semrush.com/bot.html)"
185.191.171.43 - - [09/Mar/2023:04:33:51 +0100] "GET /?Itemid=16&catid=7&fontstyle=f-smaller&id=18&lang=en&option=com_content&view=article HTTP/1.1" 302 575 "-" "Mozilla/5.0 (compatible; SemrushBot/7~bl; +http://www.semrush.com/bot.html)"
185.191.171.33 - - [09/Mar/2023:04:33:59 +0100] "GET /?Itemid=50&catid=7&fontstyle=f-smaller&id=5&lang=fr&option=com_content&view=article HTTP/1.1" 302 574 "-" "Mozilla/5.0 (compatible; SemrushBot/7~bl; +http://www.semrush.com/bot.html)"
185.191.171.38 - - [09/Mar/2023:04:34:20 +0100] "GET /?Itemid=53&fontstyle=f-smaller&id=280&lang=fr&option=com_content&view=article HTTP/1.1" 302 566 "-" "Mozilla/5.0 (compatible; SemrushBot/7~bl; +http://www.semrush.com/bot.html)"
185.191.171.9 - - [09/Mar/2023:04:34:24 +0100] "GET /?Itemid=46&catid=7&fontstyle=f-smaller&id=32&lang=en&option=com_content&view=article HTTP/1.1" 302 576 "-" "Mozilla/5.0 (compatible; SemrushBot/7~bl; +http://www.semrush.com/bot.html)"
185.191.171.25 - - [09/Mar/2023:04:34:27 +0100] "GET /?Itemid=0&fontstyle=f-smaller&id=206&lang=en&option=com_content&view=article HTTP/1.1" 302 563 "-" "Mozilla/5.0 (compatible; SemrushBot/7~bl; +http://www.semrush.com/bot.html)"
185.191.171.16 - - [09/Mar/2023:04:34:47 +0100] "GET /?Itemid&fontstyle=f-larger&id=349&lang=fr&option=com_content&view=article HTTP/1.1" 302 560 "-" "Mozilla/5.0 (compatible; SemrushBot/7~bl; +http://www.semrush.com/bot.html)"
185.191.171.42 - - [09/Mar/2023:04:34:47 +0100] "GET /index.php?Itemid=50&catid=7&id=39&lang=fr&option=com_content&view=article HTTP/1.1" 302 559 "-" "Mozilla/5.0 (compatible; SemrushBot/7~bl; +http://www.semrush.com/bot.html)"
185.191.171.18 - - [09/Mar/2023:04:36:03 +0100] "GET /?Itemid=0&fontstyle=f-larger&id=305&lang=en&option=com_content&view=article HTTP/1.1" 302 562 "-" "Mozilla/5.0 (compatible; SemrushBot/7~bl; +http://www.semrush.com/bot.html)"
185.191.171.16 - - [09/Mar/2023:04:36:28 +0100] "GET /index.php?Itemid=5&catid=7&id=19&lang=en&option=com_content&view=article HTTP/1.1" 302 557 "-" "Mozilla/5.0 (compatible; SemrushBot/7~bl; +http://www.semrush.com/bot.html)"
185.191.171.21 - - [09/Mar/2023:04:36:44 +0100] "GET /index.php?Itemid=0&id=304&lang=en&option=com_content&view=article HTTP/1.1" 302 544 "-" "Mozilla/5.0 (compatible; SemrushBot/7~bl; +http://www.semrush.com/bot.html)"
185.191.171.3 - - [09/Mar/2023:04:36:45 +0100] "GET /?Itemid=11&catid=7&fontstyle=f-larger&id=31&lang=en&option=com_content&view=article HTTP/1.1" 302 574 "-" "Mozilla/5.0 (compatible; SemrushBot/7~bl; +http://www.semrush.com/bot.html)"
185.191.171.45 - - [09/Mar/2023:04:36:50 +0100] "GET /index.php?Itemid=47&catid=7&id=30&lang=fr&option=com_content&view=article HTTP/1.1" 302 559 "-" "Mozilla/5.0 (compatible; SemrushBot/7~bl; +http://www.semrush.com/bot.html)"
185.191.171.44 - - [09/Mar/2023:04:36:52 +0100] "GET /index.php?Itemid=45&catid=7&id=44&lang=fr&option=com_content&view=article HTTP/1.1" 302 557 "-" "Mozilla/5.0 (compatible; SemrushBot/7~bl; +http://www.semrush.com/bot.html)"
185.191.171.37 - - [09/Mar/2023:04:36:54 +0100] "GET /index.php?Itemid=3&catid=7&id=37&lang=en&option=com_content&view=article HTTP/1.1" 302 555 "-" "Mozilla/5.0 (compatible; SemrushBot/7~bl; +http://www.semrush.com/bot.html)"
185.191.171.38 - - [09/Mar/2023:04:37:33 +0100] "GET /index.php?Itemid=3&catid=1&id=415%3F%3Dfr&lang=fr&option=com_content&view=article HTTP/1.1" 302 572 "-" "Mozilla/5.0 (compatible; SemrushBot/7~bl; +http://www.semrush.com/bot.html)"
212.129.37.175 - - [09/Mar/2023:04:37:33 +0100] "-" 408 1489 "-" "-"
185.191.171.19 - - [09/Mar/2023:04:37:42 +0100] "GET /?Itemid=47&catid=7&fontstyle=f-smaller&id=35&lang=fr&option=com_content&view=article HTTP/1.1" 302 575 "-" "Mozilla/5.0 (compatible; SemrushBot/7~bl; +http://www.semrush.com/bot.html)"
185.191.171.38 - - [09/Mar/2023:04:37:50 +0100] "GET /?Itemid=53&catid=1&fontstyle=f-smaller&id=414&lang=fr&option=com_content&view=article HTTP/1.1" 302 577 "-" "Mozilla/5.0 (compatible; SemrushBot/7~bl; +http://www.semrush.com/bot.html)"
185.191.171.38 - - [09/Mar/2023:04:38:21 +0100] "GET /?Itemid&catid=7&fontstyle=f-larger&id=73&lang=en&option=com_content&view=article HTTP/1.1" 302 570 "-" "Mozilla/5.0 (compatible; SemrushBot/7~bl; +http://www.semrush.com/bot.html)"
185.191.171.23 - - [09/Mar/2023:04:38:25 +0100] "GET /?Itemid=53&catid=1&fontstyle=f-larger&id=431%3F%3Dfr&lang=fr&option=com_content&view=article HTTP/1.1" 302 591 "-" "Mozilla/5.0 (compatible; SemrushBot/7~bl; +http://www.semrush.com/bot.html)"
185.191.171.23 - - [09/Mar/2023:04:38:30 +0100] "GET /index.php?Itemid=53&catid=1&id=472&lang=en&option=com_content&view=article HTTP/1.1" 302 561 "-" "Mozilla/5.0 (compatible; SemrushBot/7~bl; +http://www.semrush.com/bot.html)"
212.129.37.175 - - [09/Mar/2023:04:38:37 +0100] "-" 408 1489 "-" "-"
185.191.171.4 - - [09/Mar/2023:04:38:45 +0100] "GET /?Itemid=7&catid=7&fontstyle=f-smaller&id=23&lang=fr&option=com_content&view=article HTTP/1.1" 302 574 "-" "Mozilla/5.0 (compatible; SemrushBot/7~bl; +http://www.semrush.com/bot.html)"
185.191.171.35 - - [09/Mar/2023:04:38:53 +0100] "GET /?Itemid&fontstyle=f-smaller&id=315&lang=fr&option=com_content&view=article HTTP/1.1" 302 561 "-" "Mozilla/5.0 (compatible; SemrushBot/7~bl; +http://www.semrush.com/bot.html)"
185.191.171.10 - - [09/Mar/2023:04:38:57 +0100] "GET /?Itemid=12&catid=7&fontstyle=f-smaller&id=465&lang=en&option=com_content&view=article HTTP/1.1" 302 578 "-" "Mozilla/5.0 (compatible; SemrushBot/7~bl; +http://www.semrush.com/bot.html)"
185.191.171.25 - - [09/Mar/2023:04:39:10 +0100] "GET /index.php?Itemid&id=355&lang=en&option=com_content&view=article HTTP/1.1" 302 542 "-" "Mozilla/5.0 (compatible; SemrushBot/7~bl; +http://www.semrush.com/bot.html)"
185.191.171.3 - - [09/Mar/2023:04:39:34 +0100] "GET /?Itemid=45&catid=7&fontstyle=f-larger&id=38&lang=fr&option=com_content&view=article HTTP/1.1" 302 576 "-" "Mozilla/5.0 (compatible; SemrushBot/7~bl; +http://www.semrush.com/bot.html)"
185.191.171.9 - - [09/Mar/2023:04:39:38 +0100] "GET /?catid=1&fontstyle=f-smaller&id=1&lang=fr&option=com_content&view=article HTTP/1.1" 302 556 "-" "Mozilla/5.0 (compatible; SemrushBot/7~bl; +http://www.semrush.com/bot.html)"
185.191.171.9 - - [09/Mar/2023:04:40:12 +0100] "GET /?Itemid=53&fontstyle=f-larger&id=347&lang=en&option=com_content&view=article HTTP/1.1" 302 565 "-" "Mozilla/5.0 (compatible; SemrushBot/7~bl; +http://www.semrush.com/bot.html)"
185.191.171.43 - - [09/Mar/2023:04:40:25 +0100] "GET /?Itemid=3&catid=1&fontstyle=f-smaller&id=460%E2%8C%A9%3Dfr&lang=en&option=com_content&view=article HTTP/1.1" 302 605 "-" "Mozilla/5.0 (compatible; SemrushBot/7~bl; +http://www.semrush.com/bot.html)"
185.191.171.23 - - [09/Mar/2023:04:40:51 +0100] "GET /?Itemid=53&catid=7&fontstyle=f-smaller&id=62&lang=fr&option=com_content&view=article HTTP/1.1" 302 576 "-" "Mozilla/5.0 (compatible; SemrushBot/7~bl; +http://www.semrush.com/bot.html)"
185.191.171.5 - - [09/Mar/2023:04:41:17 +0100] "GET /?Itemid=3&catid=7&fontstyle=f-smaller&id=38&lang=en&option=com_content&view=article HTTP/1.1" 302 576 "-" "Mozilla/5.0 (compatible; SemrushBot/7~bl; +http://www.semrush.com/bot.html)"
185.191.171.23 - - [09/Mar/2023:04:41:32 +0100] "GET /?Itemid=3&fontstyle=f-larger&id=1&lang=fr&layout=blog&limitstart=20&option=com_content&view=category HTTP/1.1" 302 602 "-" "Mozilla/5.0 (compatible; SemrushBot/7~bl; +http://www.semrush.com/bot.html)"
185.191.171.13 - - [09/Mar/2023:04:41:50 +0100] "GET /?Itemid=53&fontstyle=f-smaller&id=346&lang=fr&option=com_content&view=article HTTP/1.1" 302 565 "-" "Mozilla/5.0 (compatible; SemrushBot/7~bl; +http://www.semrush.com/bot.html)"
212.129.37.175 - - [09/Mar/2023:04:42:00 +0100] "-" 408 1489 "-" "-"
185.191.171.22 - - [09/Mar/2023:04:42:02 +0100] "GET /?Itemid=45&catid=7&fontstyle=f-smaller&id=62&lang=en&option=com_content&view=article HTTP/1.1" 302 576 "-" "Mozilla/5.0 (compatible; SemrushBot/7~bl; +http://www.semrush.com/bot.html)"
185.191.171.1 - - [09/Mar/2023:04:42:15 +0100] "GET /index.php?Itemid=3&catid=7&id=57&lang=fr&option=com_content&view=article HTTP/1.1" 302 556 "-" "Mozilla/5.0 (compatible; SemrushBot/7~bl; +http://www.semrush.com/bot.html)"
103.173.156.246 - - [09/Mar/2023:04:42:29 +0100] "GET /" 400 458 "-" "-"
185.191.171.38 - - [09/Mar/2023:04:42:35 +0100] "GET /?Itemid&fontstyle=f-smaller>ask=archive&lang=en&listid=1&option=com_acymailing HTTP/1.1" 302 568 "-" "Mozilla/5.0 (compatible; SemrushBot/7~bl; +http://www.semrush.com/bot.html)"
185.191.171.5 - - [09/Mar/2023:04:42:45 +0100] "GET /index.php?Itemid=47&catid=7&id=46&lang=fr&option=com_content&view=article HTTP/1.1" 302 556 "-" "Mozilla/5.0 (compatible; SemrushBot/7~bl; +http://www.semrush.com/bot.html)"
185.191.171.17 - - [09/Mar/2023:04:42:55 +0100] "GET /?Itemid=0&fontstyle=f-smaller&id=354&lang=en&option=com_content&view=article HTTP/1.1" 302 563 "-" "Mozilla/5.0 (compatible; SemrushBot/7~bl; +http://www.semrush.com/bot.html)"
185.191.171.2 - - [09/Mar/2023:04:42:58 +0100] "GET /?Itemid=16&catid=7&fontstyle=f-larger&id=23&lang=en&option=com_content&view=article HTTP/1.1" 302 576 "-" "Mozilla/5.0 (compatible; SemrushBot/7~bl; +http://www.semrush.com/bot.html)"
185.191.171.14 - - [09/Mar/2023:04:43:03 +0100] "GET /index.php?Itemid=48&catid=7&id=43&lang=fr&option=com_content&view=article HTTP/1.1" 302 557 "-" "Mozilla/5.0 (compatible; SemrushBot/7~bl; +http://www.semrush.com/bot.html)"
185.191.171.33 - - [09/Mar/2023:04:43:20 +0100] "GET /?fontstyle=f-smaller&id=358&lang=fr&option=com_content&view=article HTTP/1.1" 302 550 "-" "Mozilla/5.0 (compatible; SemrushBot/7~bl; +http://www.semrush.com/bot.html)"
185.191.171.10 - - [09/Mar/2023:04:43:21 +0100] "GET /?Itemid=3&catid=1&fontstyle=f-smaller&id=416%3F%3Dfr&lang=fr&option=com_content&view=article HTTP/1.1" 302 592 "-" "Mozilla/5.0 (compatible; SemrushBot/7~bl; +http://www.semrush.com/bot.html)"
212.129.37.175 - - [09/Mar/2023:04:43:30 +0100] "-" 408 1489 "-" "-"
185.191.171.11 - - [09/Mar/2023:04:43:55 +0100] "GET /index.php?Itemid&catid=8&id=205&lang=en&option=com_content&view=article HTTP/1.1" 302 555 "-" "Mozilla/5.0 (compatible; SemrushBot/7~bl; +http://www.semrush.com/bot.html)"
185.191.171.5 - - [09/Mar/2023:04:44:55 +0100] "GET /?Itemid=48&catid=7&fontstyle=f-smaller&id=53&lang=fr&option=com_content&view=article HTTP/1.1" 302 576 "-" "Mozilla/5.0 (compatible; SemrushBot/7~bl; +http://www.semrush.com/bot.html)"
185.191.171.5 - - [09/Mar/2023:04:45:15 +0100] "GET /?Itemid&fontstyle=f-smaller&id=307&lang=fr&option=com_content&view=article HTTP/1.1" 302 561 "-" "Mozilla/5.0 (compatible; SemrushBot/7~bl; +http://www.semrush.com/bot.html)"
185.191.171.9 - - [09/Mar/2023:04:45:16 +0100] "GET /index.php?Itemid=5&catid=7&id=35&lang=en&option=com_content&view=article HTTP/1.1" 302 556 "-" "Mozilla/5.0 (compatible; SemrushBot/7~bl; +http://www.semrush.com/bot.html)"
185.191.171.22 - - [09/Mar/2023:04:45:27 +0100] "GET /?Itemid=50&catid=7&fontstyle=f-smaller&id=29&lang=fr&option=com_content&view=article HTTP/1.1" 302 576 "-" "Mozilla/5.0 (compatible; SemrushBot/7~bl; +http://www.semrush.com/bot.html)"
185.191.171.43 - - [09/Mar/2023:04:45:45 +0100] "GET /?Itemid=14&catid=7&fontstyle=f-larger&id=64&lang=fr&option=com_content&view=article HTTP/1.1" 302 575 "-" "Mozilla/5.0 (compatible; SemrushBot/7~bl; +http://www.semrush.com/bot.html)"
185.191.171.10 - - [09/Mar/2023:04:45:55 +0100] "GET /index.php?Itemid=14&catid=7&id=21&lang=en&option=com_content&view=article HTTP/1.1" 302 558 "-" "Mozilla/5.0 (compatible; SemrushBot/7~bl; +http://www.semrush.com/bot.html)"
185.191.171.25 - - [09/Mar/2023:04:46:16 +0100] "GET /index.php?Itemid=5&catid=7&id=61&lang=en&option=com_content&view=article HTTP/1.1" 302 557 "-" "Mozilla/5.0 (compatible; SemrushBot/7~bl; +http://www.semrush.com/bot.html)"
185.191.171.4 - - [09/Mar/2023:04:46:19 +0100] "GET /index.php?Itemid=16&catid=7&id=44&lang=fr&option=com_content&view=article HTTP/1.1" 302 559 "-" "Mozilla/5.0 (compatible; SemrushBot/7~bl; +http://www.semrush.com/bot.html)"
212.129.37.175 - - [09/Mar/2023:04:46:26 +0100] "-" 408 1489 "-" "-"
185.191.171.8 - - [09/Mar/2023:04:46:47 +0100] "GET /index.php?Itemid=0&id=355&lang=en&option=com_content&view=article HTTP/1.1" 302 545 "-" "Mozilla/5.0 (compatible; SemrushBot/7~bl; +http://www.semrush.com/bot.html)"
185.191.171.10 - - [09/Mar/2023:04:47:00 +0100] "GET /?Itemid=0&fontstyle=f-smaller&id=372&lang=fr&option=com_content&view=article HTTP/1.1" 302 563 "-" "Mozilla/5.0 (compatible; SemrushBot/7~bl; +http://www.semrush.com/bot.html)"
185.191.171.18 - - [09/Mar/2023:04:47:09 +0100] "GET /?Itemid=53&catid=1&fontstyle=f-larger&id=460&lang=fr&option=com_content&view=article HTTP/1.1" 302 579 "-" "Mozilla/5.0 (compatible; SemrushBot/7~bl; +http://www.semrush.com/bot.html)"
185.191.171.37 - - [09/Mar/2023:04:47:10 +0100] "GET /?Itemid=3&catid=7&fontstyle=f-smaller&id=16&lang=en&option=com_content&view=article HTTP/1.1" 302 576 "-" "Mozilla/5.0 (compatible; SemrushBot/7~bl; +http://www.semrush.com/bot.html)"
185.191.171.22 - - [09/Mar/2023:04:47:30 +0100] "GET /index.php?Itemid=3&catid=7&id=44&lang=fr&option=com_content&view=article HTTP/1.1" 302 557 "-" "Mozilla/5.0 (compatible; SemrushBot/7~bl; +http://www.semrush.com/bot.html)"
185.191.171.38 - - [09/Mar/2023:04:47:35 +0100] "GET /?Itemid&fontstyle=f-smaller&id=318&lang=en&option=com_content&view=article HTTP/1.1" 302 561 "-" "Mozilla/5.0 (compatible; SemrushBot/7~bl; +http://www.semrush.com/bot.html)"
185.191.171.13 - - [09/Mar/2023:04:47:49 +0100] "GET /?Itemid=53&fontstyle=f-smaller&id=256&lang=fr&option=com_content&view=article HTTP/1.1" 302 565 "-" "Mozilla/5.0 (compatible; SemrushBot/7~bl; +http://www.semrush.com/bot.html)"
185.191.171.8 - - [09/Mar/2023:04:47:57 +0100] "GET /?Itemid=50&catid=7&fontstyle=f-smaller&id=39&lang=en&option=com_content&view=article HTTP/1.1" 302 576 "-" "Mozilla/5.0 (compatible; SemrushBot/7~bl; +http://www.semrush.com/bot.html)"
185.191.171.42 - - [09/Mar/2023:04:48:15 +0100] "GET /?Itemid=47&catid=7&fontstyle=f-smaller&id=23&lang=en&option=com_content&view=article HTTP/1.1" 302 575 "-" "Mozilla/5.0 (compatible; SemrushBot/7~bl; +http://www.semrush.com/bot.html)"
212.129.37.175 - - [09/Mar/2023:04:48:24 +0100] "-" 408 1489 "-" "-"
185.191.171.19 - - [09/Mar/2023:04:48:57 +0100] "GET /?Itemid=3&catid=7&fontstyle=f-larger&id=6&lang=en&option=com_content&view=article HTTP/1.1" 302 573 "-" "Mozilla/5.0 (compatible; SemrushBot/7~bl; +http://www.semrush.com/bot.html)"
52.167.144.69 - - [09/Mar/2023:04:49:08 +0100] "GET / HTTP/1.1" 302 461 "-" "Mozilla/5.0 AppleWebKit/537.36 (KHTML, like Gecko; compatible; bingbot/2.0; +http://www.bing.com/bingbot.htm) Chrome/103.0.5060.134 Safari/537.36"
185.191.171.19 - - [09/Mar/2023:04:49:23 +0100] "GET /index.php?Itemid=0&id=359&lang=fr&option=com_content&view=article HTTP/1.1" 302 545 "-" "Mozilla/5.0 (compatible; SemrushBot/7~bl; +http://www.semrush.com/bot.html)"
185.191.171.15 - - [09/Mar/2023:04:49:26 +0100] "GET /index.php?Itemid=11&catid=7&id=18&lang=en&option=com_content&view=article HTTP/1.1" 302 556 "-" "Mozilla/5.0 (compatible; SemrushBot/7~bl; +http://www.semrush.com/bot.html)"
185.191.171.16 - - [09/Mar/2023:04:50:14 +0100] "GET /index.php?catid=8&id=129&lang=en&option=com_content&view=article HTTP/1.1" 302 543 "-" "Mozilla/5.0 (compatible; SemrushBot/7~bl; +http://www.semrush.com/bot.html)"
185.191.171.8 - - [09/Mar/2023:04:50:49 +0100] "GET /?Itemid=53&catid=7&fontstyle=f-smaller&id=43&lang=en&option=com_content&view=article HTTP/1.1" 302 575 "-" "Mozilla/5.0 (compatible; SemrushBot/7~bl; +http://www.semrush.com/bot.html)"
212.129.37.175 - - [09/Mar/2023:04:50:53 +0100] "-" 408 1489 "-" "-"
194.110.203.38 - - [09/Mar/2023:04:50:59 +0100] "GET /backup_10032022.zip HTTP/1.1" 404 2162 "-" "Firefox"
