185.191.171.7 - - [08/Mar/2023:17:46:21 +0100] "GET /index.php?Itemid=16&catid=7&id=44&lang=fr&option=com_content&view=article HTTP/1.1" 302 559 "-" "Mozilla/5.0 (compatible; SemrushBot/7~bl; +http://www.semrush.com/bot.html)"
185.191.171.24 - - [08/Mar/2023:17:46:43 +0100] "GET /?Itemid=3&catid=1&fontstyle=f-smaller&id=441&lang=fr&option=com_content&view=article HTTP/1.1" 302 576 "-" "Mozilla/5.0 (compatible; SemrushBot/7~bl; +http://www.semrush.com/bot.html)"
185.191.171.9 - - [08/Mar/2023:17:47:19 +0100] "GET /index.php?Itemid=53&id=358&lang=en&option=com_content&view=article HTTP/1.1" 302 547 "-" "Mozilla/5.0 (compatible; SemrushBot/7~bl; +http://www.semrush.com/bot.html)"
212.129.37.175 - - [08/Mar/2023:17:47:20 +0100] "-" 408 1489 "-" "-"
185.191.171.3 - - [08/Mar/2023:17:47:40 +0100] "GET /?Itemid&catid=7&fontstyle=f-smaller&id=9&lang=en&option=com_content&view=article HTTP/1.1" 302 570 "-" "Mozilla/5.0 (compatible; SemrushBot/7~bl; +http://www.semrush.com/bot.html)"
185.191.171.23 - - [08/Mar/2023:17:47:42 +0100] "GET /?Itemid=53&fontstyle=f-larger&id=363&lang=en&option=com_content&view=article HTTP/1.1" 302 564 "-" "Mozilla/5.0 (compatible; SemrushBot/7~bl; +http://www.semrush.com/bot.html)"
185.191.171.6 - - [08/Mar/2023:17:47:49 +0100] "GET /index.php?Itemid=0&id=366&lang=fr&option=com_content&view=article HTTP/1.1" 302 545 "-" "Mozilla/5.0 (compatible; SemrushBot/7~bl; +http://www.semrush.com/bot.html)"
185.191.171.3 - - [08/Mar/2023:17:48:22 +0100] "GET /?Itemid=16&catid=7&fontstyle=f-larger&id=57&lang=fr&option=com_content&view=article HTTP/1.1" 302 575 "-" "Mozilla/5.0 (compatible; SemrushBot/7~bl; +http://www.semrush.com/bot.html)"
185.191.171.24 - - [08/Mar/2023:17:48:24 +0100] "GET /?Itemid=11&catid=7&fontstyle=f-smaller&id=6&lang=en&option=com_content&view=article HTTP/1.1" 302 575 "-" "Mozilla/5.0 (compatible; SemrushBot/7~bl; +http://www.semrush.com/bot.html)"
185.191.171.8 - - [08/Mar/2023:17:48:33 +0100] "GET /?Itemid=5&catid=7&fontstyle=f-larger&id=25&lang=fr&option=com_content&view=article HTTP/1.1" 302 573 "-" "Mozilla/5.0 (compatible; SemrushBot/7~bl; +http://www.semrush.com/bot.html)"
185.191.171.2 - - [08/Mar/2023:17:48:33 +0100] "GET /?Itemid=46&catid=7&fontstyle=f-larger&id=34&lang=en&option=com_content&view=article HTTP/1.1" 302 576 "-" "Mozilla/5.0 (compatible; SemrushBot/7~bl; +http://www.semrush.com/bot.html)"
185.191.171.37 - - [08/Mar/2023:17:48:42 +0100] "GET /?Itemid=11&catid=7&fontstyle=f-larger&id=56&lang=en&option=com_content&view=article HTTP/1.1" 302 576 "-" "Mozilla/5.0 (compatible; SemrushBot/7~bl; +http://www.semrush.com/bot.html)"
185.191.171.44 - - [08/Mar/2023:17:48:59 +0100] "GET /index.php?Itemid=45&catid=7&id=31&lang=en&option=com_content&view=article HTTP/1.1" 302 559 "-" "Mozilla/5.0 (compatible; SemrushBot/7~bl; +http://www.semrush.com/bot.html)"
185.191.171.2 - - [08/Mar/2023:17:49:26 +0100] "GET /index.php?Itemid=53&id=353&lang=fr&option=com_content&view=article HTTP/1.1" 302 545 "-" "Mozilla/5.0 (compatible; SemrushBot/7~bl; +http://www.semrush.com/bot.html)"
185.191.171.34 - - [08/Mar/2023:17:49:35 +0100] "GET /?Itemid=0&fontstyle=f-smaller&id=349&lang=fr&option=com_content&view=article HTTP/1.1" 302 563 "-" "Mozilla/5.0 (compatible; SemrushBot/7~bl; +http://www.semrush.com/bot.html)"
185.191.171.1 - - [08/Mar/2023:17:49:53 +0100] "GET /index.php?Itemid=12&catid=7&id=51&lang=en&option=com_content&view=article HTTP/1.1" 302 558 "-" "Mozilla/5.0 (compatible; SemrushBot/7~bl; +http://www.semrush.com/bot.html)"
212.129.37.175 - - [08/Mar/2023:17:49:58 +0100] "-" 408 1489 "-" "-"
185.154.54.9 - - [08/Mar/2023:17:50:02 +0100] "GET /style.php?sig=rename HTTP/1.1" 302 442 "-" "Mozilla/5.0 (Windows NT 10.0; Win64; x64) AppleWebKit/537.36 (KHTML, like Gecko) Chrome/92.0.4515.159 Safari/537.36"
212.129.37.175 - - [08/Mar/2023:17:50:25 +0100] "-" 408 1489 "-" "-"
185.191.171.17 - - [08/Mar/2023:17:50:32 +0100] "GET /?Itemid=53&catid=1&fontstyle=f-larger&id=449&lang=en&option=com_content&view=article HTTP/1.1" 302 578 "-" "Mozilla/5.0 (compatible; SemrushBot/7~bl; +http://www.semrush.com/bot.html)"
185.191.171.4 - - [08/Mar/2023:17:50:33 +0100] "GET /index.php?Itemid=45&catid=7&id=50&lang=fr&option=com_content&view=article HTTP/1.1" 302 559 "-" "Mozilla/5.0 (compatible; SemrushBot/7~bl; +http://www.semrush.com/bot.html)"
185.191.171.45 - - [08/Mar/2023:17:51:24 +0100] "GET /index.php?Itemid=53&catid=1&id=458&lang=en&option=com_content&view=article HTTP/1.1" 302 560 "-" "Mozilla/5.0 (compatible; SemrushBot/7~bl; +http://www.semrush.com/bot.html)"
185.191.171.36 - - [08/Mar/2023:17:52:00 +0100] "GET /?Itemid=0&fontstyle=f-smaller&id=351&lang=en&option=com_content&view=article HTTP/1.1" 302 563 "-" "Mozilla/5.0 (compatible; SemrushBot/7~bl; +http://www.semrush.com/bot.html)"
185.191.171.9 - - [08/Mar/2023:17:52:02 +0100] "GET /?Itemid=5&catid=7&fontstyle=f-larger&id=52&lang=fr&option=com_content&view=article HTTP/1.1" 302 573 "-" "Mozilla/5.0 (compatible; SemrushBot/7~bl; +http://www.semrush.com/bot.html)"
185.191.171.11 - - [08/Mar/2023:17:52:13 +0100] "GET /index.php?Itemid=3&id=366&lang=en&option=com_content&view=article HTTP/1.1" 302 545 "-" "Mozilla/5.0 (compatible; SemrushBot/7~bl; +http://www.semrush.com/bot.html)"
212.129.37.175 - - [08/Mar/2023:17:52:13 +0100] "-" 408 1489 "-" "-"
185.191.171.5 - - [08/Mar/2023:17:52:29 +0100] "GET /index.php?Itemid&id=352&lang=fr&option=com_content&view=article HTTP/1.1" 302 542 "-" "Mozilla/5.0 (compatible; SemrushBot/7~bl; +http://www.semrush.com/bot.html)"
185.191.171.41 - - [08/Mar/2023:17:52:49 +0100] "GET /?Itemid=47&catid=7&fontstyle=f-smaller&id=27&lang=fr&option=com_content&view=article HTTP/1.1" 302 574 "-" "Mozilla/5.0 (compatible; SemrushBot/7~bl; +http://www.semrush.com/bot.html)"
185.191.171.7 - - [08/Mar/2023:17:53:03 +0100] "GET /index.php?Itemid&id=320&lang=fr&option=com_content&view=article HTTP/1.1" 302 541 "-" "Mozilla/5.0 (compatible; SemrushBot/7~bl; +http://www.semrush.com/bot.html)"
185.191.171.2 - - [08/Mar/2023:17:53:08 +0100] "GET /index.php?Itemid=11&catid=7&id=27&lang=en&option=com_content&view=article HTTP/1.1" 302 557 "-" "Mozilla/5.0 (compatible; SemrushBot/7~bl; +http://www.semrush.com/bot.html)"
185.191.171.26 - - [08/Mar/2023:17:53:40 +0100] "GET /index.php?Itemid=11&catid=7&id=38&lang=fr&option=com_content&view=article HTTP/1.1" 302 559 "-" "Mozilla/5.0 (compatible; SemrushBot/7~bl; +http://www.semrush.com/bot.html)"
185.191.171.34 - - [08/Mar/2023:17:53:43 +0100] "GET /index.php?Itemid=12&catid=7&id=51&lang=fr&option=com_content&view=article HTTP/1.1" 302 559 "-" "Mozilla/5.0 (compatible; SemrushBot/7~bl; +http://www.semrush.com/bot.html)"
185.191.171.20 - - [08/Mar/2023:17:53:59 +0100] "GET /index.php?Itemid=3&catid=7&id=477&lang=en&option=com_content&view=article HTTP/1.1" 302 558 "-" "Mozilla/5.0 (compatible; SemrushBot/7~bl; +http://www.semrush.com/bot.html)"
185.191.171.33 - - [08/Mar/2023:17:54:42 +0100] "GET /?Itemid=49&catid=7&fontstyle=f-larger&id=33&lang=fr&option=com_content&view=article HTTP/1.1" 302 576 "-" "Mozilla/5.0 (compatible; SemrushBot/7~bl; +http://www.semrush.com/bot.html)"
212.129.37.175 - - [08/Mar/2023:17:54:51 +0100] "-" 408 1489 "-" "-"
212.129.37.175 - - [08/Mar/2023:17:54:51 +0100] "-" 408 1489 "-" "-"
185.191.171.25 - - [08/Mar/2023:17:55:02 +0100] "GET /index.php?Itemid=53&catid=7&id=32&lang=fr&option=com_content&view=article HTTP/1.1" 302 559 "-" "Mozilla/5.0 (compatible; SemrushBot/7~bl; +http://www.semrush.com/bot.html)"
185.191.171.38 - - [08/Mar/2023:17:55:09 +0100] "GET /?Itemid&fontstyle=f-larger&id=352&lang=en&option=com_content&view=article HTTP/1.1" 302 559 "-" "Mozilla/5.0 (compatible; SemrushBot/7~bl; +http://www.semrush.com/bot.html)"
185.191.171.43 - - [08/Mar/2023:17:55:13 +0100] "GET /?Itemid=14&catid=7&fontstyle=f-larger&id=27&lang=en&option=com_content&view=article HTTP/1.1" 302 575 "-" "Mozilla/5.0 (compatible; SemrushBot/7~bl; +http://www.semrush.com/bot.html)"
185.191.171.39 - - [08/Mar/2023:17:55:36 +0100] "GET /?fontstyle=f-larger&id=133&lang=fr&option=com_content&view=article HTTP/1.1" 302 547 "-" "Mozilla/5.0 (compatible; SemrushBot/7~bl; +http://www.semrush.com/bot.html)"
185.191.171.10 - - [08/Mar/2023:17:55:55 +0100] "GET /?Itemid=53&catid=7&fontstyle=f-smaller&id=52&lang=en&option=com_content&view=article HTTP/1.1" 302 575 "-" "Mozilla/5.0 (compatible; SemrushBot/7~bl; +http://www.semrush.com/bot.html)"
185.191.171.15 - - [08/Mar/2023:17:56:02 +0100] "GET /index.php?Itemid=0&catid=1&id=229&lang=en&option=com_content&view=article HTTP/1.1" 302 557 "-" "Mozilla/5.0 (compatible; SemrushBot/7~bl; +http://www.semrush.com/bot.html)"
185.191.171.16 - - [08/Mar/2023:17:56:03 +0100] "GET /index.php?Itemid=47&catid=7&id=22&lang=en&option=com_content&view=article HTTP/1.1" 302 557 "-" "Mozilla/5.0 (compatible; SemrushBot/7~bl; +http://www.semrush.com/bot.html)"
185.191.171.15 - - [08/Mar/2023:17:56:04 +0100] "GET /index.php?Itemid=11&catid=7&id=46&lang=fr&option=com_content&view=article HTTP/1.1" 302 559 "-" "Mozilla/5.0 (compatible; SemrushBot/7~bl; +http://www.semrush.com/bot.html)"
185.191.171.16 - - [08/Mar/2023:17:56:47 +0100] "GET /index.php?Itemid=3&catid=1&id=433%E2%8C%A9%3Dfr&lang=en&option=com_content&view=article HTTP/1.1" 302 585 "-" "Mozilla/5.0 (compatible; SemrushBot/7~bl; +http://www.semrush.com/bot.html)"
185.191.171.21 - - [08/Mar/2023:17:56:49 +0100] "GET /index.php?Itemid=3&id=1&lang=fr&layout=blog&limitstart=10&option=com_content&view=category HTTP/1.1" 302 587 "-" "Mozilla/5.0 (compatible; SemrushBot/7~bl; +http://www.semrush.com/bot.html)"
185.191.171.3 - - [08/Mar/2023:17:56:55 +0100] "GET /?Itemid=47&catid=7&fontstyle=f-smaller&id=19&lang=en&option=com_content&view=article HTTP/1.1" 302 575 "-" "Mozilla/5.0 (compatible; SemrushBot/7~bl; +http://www.semrush.com/bot.html)"
212.129.37.175 - - [08/Mar/2023:17:57:06 +0100] "-" 408 1489 "-" "-"
185.191.171.1 - - [08/Mar/2023:17:57:16 +0100] "GET /index.php?Itemid=0&catid=7&id=11&lang=fr&option=com_content&view=article HTTP/1.1" 302 557 "-" "Mozilla/5.0 (compatible; SemrushBot/7~bl; +http://www.semrush.com/bot.html)"
185.191.171.34 - - [08/Mar/2023:17:57:30 +0100] "GET /?Itemid=53&catid=1&fontstyle=f-smaller&id=1&lang=fr&option=com_content&view=article HTTP/1.1" 302 573 "-" "Mozilla/5.0 (compatible; SemrushBot/7~bl; +http://www.semrush.com/bot.html)"
185.191.171.24 - - [08/Mar/2023:17:57:45 +0100] "GET /?Itemid=53&catid=1&fontstyle=f-smaller&id=435%3F%3Dfr&lang=en&option=com_content&view=article HTTP/1.1" 302 594 "-" "Mozilla/5.0 (compatible; SemrushBot/7~bl; +http://www.semrush.com/bot.html)"
185.191.171.15 - - [08/Mar/2023:17:57:47 +0100] "GET /index.php?Itemid=3&id=1&lang=fr&layout=blog&limitstart=5&option=com_content&view=category HTTP/1.1" 302 587 "-" "Mozilla/5.0 (compatible; SemrushBot/7~bl; +http://www.semrush.com/bot.html)"
185.191.171.13 - - [08/Mar/2023:17:58:40 +0100] "GET /?Itemid=50&catid=7&fontstyle=f-smaller&id=56&lang=fr&option=com_content&view=article HTTP/1.1" 302 575 "-" "Mozilla/5.0 (compatible; SemrushBot/7~bl; +http://www.semrush.com/bot.html)"
212.129.37.175 - - [08/Mar/2023:17:59:18 +0100] "-" 408 1489 "-" "-"
185.191.171.7 - - [08/Mar/2023:17:59:30 +0100] "GET /?Itemid=0&fontstyle=f-smaller&id=319&lang=fr&option=com_content&view=article HTTP/1.1" 302 563 "-" "Mozilla/5.0 (compatible; SemrushBot/7~bl; +http://www.semrush.com/bot.html)"
212.129.37.175 - - [08/Mar/2023:17:59:45 +0100] "-" 408 1489 "-" "-"
185.191.171.4 - - [08/Mar/2023:17:59:55 +0100] "GET /?Itemid=3&fontstyle=f-smaller&id=1&lang=en&layout=blog&limitstart=50&option=com_content&view=category HTTP/1.1" 302 606 "-" "Mozilla/5.0 (compatible; SemrushBot/7~bl; +http://www.semrush.com/bot.html)"
185.191.171.8 - - [08/Mar/2023:17:59:57 +0100] "GET /?Itemid=3&fontstyle=f-larger&id=315&lang=fr&option=com_content&view=article HTTP/1.1" 302 562 "-" "Mozilla/5.0 (compatible; SemrushBot/7~bl; +http://www.semrush.com/bot.html)"
185.191.171.7 - - [08/Mar/2023:17:59:58 +0100] "GET /?Itemid=0&catid=8&fontstyle=f-larger&id=129&lang=en&option=com_content&view=article HTTP/1.1" 302 577 "-" "Mozilla/5.0 (compatible; SemrushBot/7~bl; +http://www.semrush.com/bot.html)"
185.191.171.35 - - [08/Mar/2023:18:00:02 +0100] "GET /index.php?Itemid=49&catid=7&id=18&lang=en&option=com_content&view=article HTTP/1.1" 302 559 "-" "Mozilla/5.0 (compatible; SemrushBot/7~bl; +http://www.semrush.com/bot.html)"
185.191.171.37 - - [08/Mar/2023:18:00:08 +0100] "GET /index.php?Itemid=47&catid=7&id=22&lang=fr&option=com_content&view=article HTTP/1.1" 302 558 "-" "Mozilla/5.0 (compatible; SemrushBot/7~bl; +http://www.semrush.com/bot.html)"
185.191.171.22 - - [08/Mar/2023:18:00:59 +0100] "GET /index.php?Itemid=53&catid=1&id=417&lang=en&option=com_content&view=article HTTP/1.1" 302 561 "-" "Mozilla/5.0 (compatible; SemrushBot/7~bl; +http://www.semrush.com/bot.html)"
185.191.171.38 - - [08/Mar/2023:18:01:19 +0100] "GET /index.php?Itemid=0&id=361&lang=en&option=com_content&view=article HTTP/1.1" 302 545 "-" "Mozilla/5.0 (compatible; SemrushBot/7~bl; +http://www.semrush.com/bot.html)"
185.191.171.23 - - [08/Mar/2023:18:01:28 +0100] "GET /?Itemid=48&catid=7&fontstyle=f-larger&id=11&lang=fr&option=com_content&view=article HTTP/1.1" 302 576 "-" "Mozilla/5.0 (compatible; SemrushBot/7~bl; +http://www.semrush.com/bot.html)"
185.191.171.15 - - [08/Mar/2023:18:01:55 +0100] "GET /?Itemid&catid=8&fontstyle=f-larger&id=121&lang=en&option=com_content&view=article HTTP/1.1" 302 573 "-" "Mozilla/5.0 (compatible; SemrushBot/7~bl; +http://www.semrush.com/bot.html)"
212.129.37.175 - - [08/Mar/2023:18:02:00 +0100] "-" 408 1489 "-" "-"
185.191.171.3 - - [08/Mar/2023:18:02:21 +0100] "GET /?fontstyle=f-smaller&id=349&lang=fr&option=com_content&view=article HTTP/1.1" 302 549 "-" "Mozilla/5.0 (compatible; SemrushBot/7~bl; +http://www.semrush.com/bot.html)"
52.30.228.233 - - [08/Mar/2023:18:03:00 +0100] "GET / HTTP/1.1" 302 424 "-" "Mozilla/5.0 (Macintosh; Intel Mac OS X 10.15; rv:81.0) Gecko/20100101 Firefox/81.0"
212.129.37.175 - - [08/Mar/2023:18:03:44 +0100] "-" 408 1489 "-" "-"
185.191.171.11 - - [08/Mar/2023:18:03:52 +0100] "GET /index.php?Itemid&id=299&lang=en&option=com_content&view=article HTTP/1.1" 302 541 "-" "Mozilla/5.0 (compatible; SemrushBot/7~bl; +http://www.semrush.com/bot.html)"
185.191.171.38 - - [08/Mar/2023:18:03:53 +0100] "GET /?Itemid=53&fontstyle=f-larger&id=354&lang=fr&option=com_content&view=article HTTP/1.1" 302 564 "-" "Mozilla/5.0 (compatible; SemrushBot/7~bl; +http://www.semrush.com/bot.html)"
185.191.171.7 - - [08/Mar/2023:18:04:07 +0100] "GET /index.php?Itemid=14&catid=7&id=25&lang=en&option=com_content&view=article HTTP/1.1" 302 558 "-" "Mozilla/5.0 (compatible; SemrushBot/7~bl; +http://www.semrush.com/bot.html)"
185.191.171.14 - - [08/Mar/2023:18:04:24 +0100] "GET /?catid=7&fontstyle=f-smaller&id=57&lang=en&option=com_content&view=article HTTP/1.1" 302 560 "-" "Mozilla/5.0 (compatible; SemrushBot/7~bl; +http://www.semrush.com/bot.html)"
212.129.37.175 - - [08/Mar/2023:18:04:38 +0100] "-" 408 1489 "-" "-"
185.191.171.35 - - [08/Mar/2023:18:04:49 +0100] "GET /index.php?Itemid=0&id=181&lang=en&option=com_content&view=article HTTP/1.1" 302 544 "-" "Mozilla/5.0 (compatible; SemrushBot/7~bl; +http://www.semrush.com/bot.html)"
185.191.171.35 - - [08/Mar/2023:18:04:49 +0100] "GET /index.php?Itemid=3&catid=7&id=57&lang=en&option=com_content&view=article HTTP/1.1" 302 556 "-" "Mozilla/5.0 (compatible; SemrushBot/7~bl; +http://www.semrush.com/bot.html)"
185.191.171.9 - - [08/Mar/2023:18:05:51 +0100] "GET /index.php?Itemid=16&catid=7&id=43&lang=fr&option=com_content&view=article HTTP/1.1" 302 559 "-" "Mozilla/5.0 (compatible; SemrushBot/7~bl; +http://www.semrush.com/bot.html)"
185.191.171.14 - - [08/Mar/2023:18:05:53 +0100] "GET /index.php?Itemid=53&catid=1&id=462&lang=en&option=com_content&view=article HTTP/1.1" 302 560 "-" "Mozilla/5.0 (compatible; SemrushBot/7~bl; +http://www.semrush.com/bot.html)"
185.191.171.22 - - [08/Mar/2023:18:06:22 +0100] "GET /?Itemid=11&catid=7&fontstyle=f-smaller&id=51&lang=fr&option=com_content&view=article HTTP/1.1" 302 575 "-" "Mozilla/5.0 (compatible; SemrushBot/7~bl; +http://www.semrush.com/bot.html)"
185.191.171.36 - - [08/Mar/2023:18:06:33 +0100] "GET /?Itemid=3&fontstyle=f-larger&id=346&lang=fr&option=com_content&view=article HTTP/1.1" 302 562 "-" "Mozilla/5.0 (compatible; SemrushBot/7~bl; +http://www.semrush.com/bot.html)"
212.129.37.175 - - [08/Mar/2023:18:06:53 +0100] "-" 408 1489 "-" "-"
185.191.171.24 - - [08/Mar/2023:18:07:09 +0100] "GET /index.php?Itemid=0&id=147&lang=fr&option=com_content&view=article HTTP/1.1" 302 546 "-" "Mozilla/5.0 (compatible; SemrushBot/7~bl; +http://www.semrush.com/bot.html)"
185.191.171.23 - - [08/Mar/2023:18:07:32 +0100] "GET /?Itemid=53&catid=1&fontstyle=f-smaller&id=482&lang=fr&option=com_content&view=article HTTP/1.1" 302 578 "-" "Mozilla/5.0 (compatible; SemrushBot/7~bl; +http://www.semrush.com/bot.html)"
185.191.171.2 - - [08/Mar/2023:18:07:34 +0100] "GET /?Itemid=53&fontstyle=f-larger&id=316&lang=en&option=com_content&view=article HTTP/1.1" 302 564 "-" "Mozilla/5.0 (compatible; SemrushBot/7~bl; +http://www.semrush.com/bot.html)"
185.191.171.33 - - [08/Mar/2023:18:07:35 +0100] "GET /index.php?Itemid=45&catid=7&id=56&lang=en&option=com_content&view=article HTTP/1.1" 302 559 "-" "Mozilla/5.0 (compatible; SemrushBot/7~bl; +http://www.semrush.com/bot.html)"
212.129.37.175 - - [08/Mar/2023:18:08:11 +0100] "-" 408 1489 "-" "-"
185.191.171.23 - - [08/Mar/2023:18:08:26 +0100] "GET /?Itemid=53&catid=1&fontstyle=f-smaller&id=436%E2%8C%A9%3Dfr&lang=fr&option=com_content&view=article HTTP/1.1" 302 605 "-" "Mozilla/5.0 (compatible; SemrushBot/7~bl; +http://www.semrush.com/bot.html)"
185.191.171.33 - - [08/Mar/2023:18:08:36 +0100] "GET /?Itemid=3&catid=1&fontstyle=f-smaller&id=415%3F%3Dfr&lang=fr&option=com_content&view=article HTTP/1.1" 302 592 "-" "Mozilla/5.0 (compatible; SemrushBot/7~bl; +http://www.semrush.com/bot.html)"
185.191.171.37 - - [08/Mar/2023:18:08:59 +0100] "GET /?Itemid=53&fontstyle=f-larger&id=322&lang=fr&option=com_content&view=article HTTP/1.1" 302 564 "-" "Mozilla/5.0 (compatible; SemrushBot/7~bl; +http://www.semrush.com/bot.html)"
5.255.231.116 - - [08/Mar/2023:18:09:05 +0100] "GET /robots.txt HTTP/1.1" 404 2740 "-" "Mozilla/5.0 (compatible; YandexBot/3.0; +http://yandex.com/bots)"
5.255.231.116 - - [08/Mar/2023:18:09:08 +0100] "GET /documentation/Order%20Form.pdf HTTP/1.1" 404 564 "-" "Mozilla/5.0 (compatible; YandexBot/3.0; +http://yandex.com/bots)"
212.129.37.175 - - [08/Mar/2023:18:09:31 +0100] "-" 408 1489 "-" "-"
185.191.171.17 - - [08/Mar/2023:18:10:11 +0100] "GET /index.php?Itemid=0&catid=7&id=35&lang=fr&option=com_content&view=article HTTP/1.1" 302 557 "-" "Mozilla/5.0 (compatible; SemrushBot/7~bl; +http://www.semrush.com/bot.html)"
185.191.171.37 - - [08/Mar/2023:18:10:17 +0100] "GET /index.php?Itemid&id=269&lang=en&option=com_content&view=article HTTP/1.1" 302 542 "-" "Mozilla/5.0 (compatible; SemrushBot/7~bl; +http://www.semrush.com/bot.html)"
185.191.171.37 - - [08/Mar/2023:18:10:25 +0100] "GET /?Itemid=46&catid=7&fontstyle=f-smaller&id=33&lang=en&option=com_content&view=article HTTP/1.1" 302 576 "-" "Mozilla/5.0 (compatible; SemrushBot/7~bl; +http://www.semrush.com/bot.html)"
185.191.171.14 - - [08/Mar/2023:18:10:35 +0100] "GET /?Itemid=46&catid=7&fontstyle=f-smaller&id=31&lang=fr&option=com_content&view=article HTTP/1.1" 302 576 "-" "Mozilla/5.0 (compatible; SemrushBot/7~bl; +http://www.semrush.com/bot.html)"
185.191.171.13 - - [08/Mar/2023:18:11:03 +0100] "GET /index.php?Itemid=48&catid=7&id=53&lang=fr&option=com_content&view=article HTTP/1.1" 302 559 "-" "Mozilla/5.0 (compatible; SemrushBot/7~bl; +http://www.semrush.com/bot.html)"
185.191.171.9 - - [08/Mar/2023:18:11:15 +0100] "GET /?Itemid=53&catid=1&fontstyle=f-smaller&id=419&lang=fr&option=com_content&view=article HTTP/1.1" 302 578 "-" "Mozilla/5.0 (compatible; SemrushBot/7~bl; +http://www.semrush.com/bot.html)"
212.129.37.175 - - [08/Mar/2023:18:11:47 +0100] "-" 408 1489 "-" "-"
185.191.171.13 - - [08/Mar/2023:18:11:55 +0100] "GET /index.php?Itemid=53&catid=1&id=437&lang=fr&option=com_content&view=article HTTP/1.1" 302 561 "-" "Mozilla/5.0 (compatible; SemrushBot/7~bl; +http://www.semrush.com/bot.html)"
185.191.171.14 - - [08/Mar/2023:18:11:59 +0100] "GET /?Itemid&fontstyle=f-larger&id=316&lang=en&option=com_content&view=article HTTP/1.1" 302 560 "-" "Mozilla/5.0 (compatible; SemrushBot/7~bl; +http://www.semrush.com/bot.html)"
185.191.171.24 - - [08/Mar/2023:18:12:27 +0100] "GET /?Itemid=49&catid=7&fontstyle=f-larger&id=27&lang=en&option=com_content&view=article HTTP/1.1" 302 575 "-" "Mozilla/5.0 (compatible; SemrushBot/7~bl; +http://www.semrush.com/bot.html)"
212.129.37.175 - - [08/Mar/2023:18:12:37 +0100] "-" 408 1489 "-" "-"
185.191.171.20 - - [08/Mar/2023:18:12:52 +0100] "GET /robots.txt HTTP/1.1" 302 441 "-" "Mozilla/5.0 (compatible; SemrushBot/7~bl; +http://www.semrush.com/bot.html)"
185.191.171.34 - - [08/Mar/2023:18:12:53 +0100] "GET /index.php?Itemid=46&catid=7&id=64&lang=en&option=com_content&view=article HTTP/1.1" 302 559 "-" "Mozilla/5.0 (compatible; SemrushBot/7~bl; +http://www.semrush.com/bot.html)"
185.191.171.24 - - [08/Mar/2023:18:12:54 +0100] "GET /index.php?Itemid=0&id=189&lang=fr&option=com_content&view=article HTTP/1.1" 302 545 "-" "Mozilla/5.0 (compatible; SemrushBot/7~bl; +http://www.semrush.com/bot.html)"
185.191.171.14 - - [08/Mar/2023:18:12:58 +0100] "GET /index.php?Itemid=53&id=304&lang=en&option=com_content&view=article HTTP/1.1" 302 547 "-" "Mozilla/5.0 (compatible; SemrushBot/7~bl; +http://www.semrush.com/bot.html)"
185.191.171.18 - - [08/Mar/2023:18:13:03 +0100] "GET /?Itemid&fontstyle=f-larger&id=309&lang=fr&option=com_content&view=article HTTP/1.1" 302 559 "-" "Mozilla/5.0 (compatible; SemrushBot/7~bl; +http://www.semrush.com/bot.html)"
185.191.171.25 - - [08/Mar/2023:18:13:07 +0100] "GET /?Itemid=45&catid=7&fontstyle=f-larger&id=73&lang=fr&option=com_content&view=article HTTP/1.1" 302 575 "-" "Mozilla/5.0 (compatible; SemrushBot/7~bl; +http://www.semrush.com/bot.html)"
185.191.171.23 - - [08/Mar/2023:18:14:07 +0100] "GET /?Itemid=53&fontstyle=f-larger&id=249&lang=fr&option=com_content&view=article HTTP/1.1" 302 564 "-" "Mozilla/5.0 (compatible; SemrushBot/7~bl; +http://www.semrush.com/bot.html)"
185.191.171.20 - - [08/Mar/2023:18:14:17 +0100] "GET /?Itemid=3&fontstyle=f-larger&id=363&lang=fr&option=com_content&view=article HTTP/1.1" 302 561 "-" "Mozilla/5.0 (compatible; SemrushBot/7~bl; +http://www.semrush.com/bot.html)"
212.129.37.175 - - [08/Mar/2023:18:14:25 +0100] "-" 408 1489 "-" "-"
185.191.171.25 - - [08/Mar/2023:18:14:35 +0100] "GET /?Itemid=5&catid=7&fontstyle=f-larger&id=45&lang=en&option=com_content&view=article HTTP/1.1" 302 573 "-" "Mozilla/5.0 (compatible; SemrushBot/7~bl; +http://www.semrush.com/bot.html)"
185.191.171.16 - - [08/Mar/2023:18:15:29 +0100] "GET /index.php?Itemid=0&id=348&lang=fr&option=com_content&view=article HTTP/1.1" 302 545 "-" "Mozilla/5.0 (compatible; SemrushBot/7~bl; +http://www.semrush.com/bot.html)"
185.191.171.9 - - [08/Mar/2023:18:16:02 +0100] "GET /?Itemid=3&fontstyle=f-larger&id=1&lang=en&layout=blog&limitstart=40&option=com_content&view=category HTTP/1.1" 302 602 "-" "Mozilla/5.0 (compatible; SemrushBot/7~bl; +http://www.semrush.com/bot.html)"
185.191.171.15 - - [08/Mar/2023:18:16:15 +0100] "GET /index.php?Itemid=4&catid=7&id=73&lang=fr&option=com_content&view=article HTTP/1.1" 302 556 "-" "Mozilla/5.0 (compatible; SemrushBot/7~bl; +http://www.semrush.com/bot.html)"
185.191.171.34 - - [08/Mar/2023:18:16:16 +0100] "GET /index.php?Itemid=53&catid=7&id=18&lang=fr&option=com_content&view=article HTTP/1.1" 302 559 "-" "Mozilla/5.0 (compatible; SemrushBot/7~bl; +http://www.semrush.com/bot.html)"
185.191.171.38 - - [08/Mar/2023:18:16:37 +0100] "GET /?Itemid=0&fontstyle=f-smaller&id=262&lang=fr&option=com_content&view=article HTTP/1.1" 302 563 "-" "Mozilla/5.0 (compatible; SemrushBot/7~bl; +http://www.semrush.com/bot.html)"
212.129.37.175 - - [08/Mar/2023:18:16:40 +0100] "-" 408 1489 "-" "-"
212.129.37.175 - - [08/Mar/2023:18:17:04 +0100] "-" 408 1489 "-" "-"
185.191.171.43 - - [08/Mar/2023:18:17:34 +0100] "GET /index.php?Itemid=14&catid=7&id=33&lang=fr&option=com_content&view=article HTTP/1.1" 302 559 "-" "Mozilla/5.0 (compatible; SemrushBot/7~bl; +http://www.semrush.com/bot.html)"
185.191.171.10 - - [08/Mar/2023:18:17:39 +0100] "GET /index.php?catid=7&id=50&lang=fr&option=com_content&view=article HTTP/1.1" 302 542 "-" "Mozilla/5.0 (compatible; SemrushBot/7~bl; +http://www.semrush.com/bot.html)"
185.191.171.5 - - [08/Mar/2023:18:17:41 +0100] "GET /index.php?Itemid=0&id=328&lang=fr&option=com_content&view=article HTTP/1.1" 302 545 "-" "Mozilla/5.0 (compatible; SemrushBot/7~bl; +http://www.semrush.com/bot.html)"
185.191.171.10 - - [08/Mar/2023:18:17:51 +0100] "GET /?Itemid=53&catid=7&fontstyle=f-smaller&id=24&lang=fr&option=com_content&view=article HTTP/1.1" 302 576 "-" "Mozilla/5.0 (compatible; SemrushBot/7~bl; +http://www.semrush.com/bot.html)"
185.191.171.8 - - [08/Mar/2023:18:18:12 +0100] "GET /?Itemid=53&catid=1&fontstyle=f-larger&id=442&lang=en&option=com_content&view=article HTTP/1.1" 302 578 "-" "Mozilla/5.0 (compatible; SemrushBot/7~bl; +http://www.semrush.com/bot.html)"
185.191.171.35 - - [08/Mar/2023:18:18:20 +0100] "GET /?Itemid&fontstyle=f-larger&id=330&lang=en&option=com_content&view=article HTTP/1.1" 302 558 "-" "Mozilla/5.0 (compatible; SemrushBot/7~bl; +http://www.semrush.com/bot.html)"
185.191.171.11 - - [08/Mar/2023:18:18:22 +0100] "GET /?Itemid=48&catid=7&fontstyle=f-smaller&id=12&lang=en&option=com_content&view=article HTTP/1.1" 302 576 "-" "Mozilla/5.0 (compatible; SemrushBot/7~bl; +http://www.semrush.com/bot.html)"
185.191.171.23 - - [08/Mar/2023:18:19:11 +0100] "GET /index.php?Itemid=53&catid=1&id=431%3F%3Dfr&lang=en&option=com_content&view=article HTTP/1.1" 302 575 "-" "Mozilla/5.0 (compatible; SemrushBot/7~bl; +http://www.semrush.com/bot.html)"
185.191.171.15 - - [08/Mar/2023:18:19:15 +0100] "GET /index.php?Itemid&catid=7&id=38&lang=en&option=com_content&view=article HTTP/1.1" 302 554 "-" "Mozilla/5.0 (compatible; SemrushBot/7~bl; +http://www.semrush.com/bot.html)"
212.129.37.175 - - [08/Mar/2023:18:19:18 +0100] "-" 408 1489 "-" "-"
185.191.171.19 - - [08/Mar/2023:18:19:45 +0100] "GET /index.php?Itemid=3&catid=1&id=433%E2%8C%A9%3Dfr&lang=en&option=com_content&view=article HTTP/1.1" 302 585 "-" "Mozilla/5.0 (compatible; SemrushBot/7~bl; +http://www.semrush.com/bot.html)"
185.191.171.17 - - [08/Mar/2023:18:19:51 +0100] "GET /index.php?Itemid&fontstyle=f-smaller&lang=fr&option=com_acymailing HTTP/1.1" 302 544 "-" "Mozilla/5.0 (compatible; SemrushBot/7~bl; +http://www.semrush.com/bot.html)"
185.191.171.35 - - [08/Mar/2023:18:20:01 +0100] "GET /?Itemid=0&fontstyle=f-larger&id=196&lang=en&option=com_content&view=article HTTP/1.1" 302 563 "-" "Mozilla/5.0 (compatible; SemrushBot/7~bl; +http://www.semrush.com/bot.html)"
185.191.171.15 - - [08/Mar/2023:18:20:07 +0100] "GET /?Itemid=16&catid=7&fontstyle=f-smaller&id=73&lang=en&option=com_content&view=article HTTP/1.1" 302 575 "-" "Mozilla/5.0 (compatible; SemrushBot/7~bl; +http://www.semrush.com/bot.html)"
185.191.171.11 - - [08/Mar/2023:18:20:33 +0100] "GET /?Itemid&fontstyle=f-larger&id=238&lang=fr&option=com_content&view=article HTTP/1.1" 302 559 "-" "Mozilla/5.0 (compatible; SemrushBot/7~bl; +http://www.semrush.com/bot.html)"
185.191.171.40 - - [08/Mar/2023:18:20:36 +0100] "GET /index.php?Itemid=3&id=370&lang=fr&option=com_content&view=article HTTP/1.1" 302 545 "-" "Mozilla/5.0 (compatible; SemrushBot/7~bl; +http://www.semrush.com/bot.html)"
185.191.171.40 - - [08/Mar/2023:18:20:37 +0100] "GET /index.php?Itemid=47&catid=7&id=23&lang=fr&option=com_content&view=article HTTP/1.1" 302 559 "-" "Mozilla/5.0 (compatible; SemrushBot/7~bl; +http://www.semrush.com/bot.html)"
185.191.171.14 - - [08/Mar/2023:18:20:50 +0100] "GET /?Itemid=4&catid=7&fontstyle=f-smaller&id=23&lang=en&option=com_content&view=article HTTP/1.1" 302 577 "-" "Mozilla/5.0 (compatible; SemrushBot/7~bl; +http://www.semrush.com/bot.html)"
185.191.171.10 - - [08/Mar/2023:18:20:59 +0100] "GET /index.php?Itemid&catid=8&id=121&lang=en&option=com_content&view=article HTTP/1.1" 302 554 "-" "Mozilla/5.0 (compatible; SemrushBot/7~bl; +http://www.semrush.com/bot.html)"
185.191.171.44 - - [08/Mar/2023:18:21:10 +0100] "GET /index.php?Itemid=12&catid=7&id=56&lang=fr&option=com_content&view=article HTTP/1.1" 302 559 "-" "Mozilla/5.0 (compatible; SemrushBot/7~bl; +http://www.semrush.com/bot.html)"
185.191.171.35 - - [08/Mar/2023:18:21:17 +0100] "GET /index.php?Itemid=53&catid=1&id=462&lang=en&option=com_content&view=article HTTP/1.1" 302 560 "-" "Mozilla/5.0 (compatible; SemrushBot/7~bl; +http://www.semrush.com/bot.html)"
212.129.37.175 - - [08/Mar/2023:18:21:30 +0100] "-" 408 1489 "-" "-"
212.129.37.175 - - [08/Mar/2023:18:21:33 +0100] "-" 408 1489 "-" "-"
185.191.171.8 - - [08/Mar/2023:18:21:40 +0100] "GET /?catid=7&fontstyle=f-larger&id=33&lang=fr&option=com_content&view=article HTTP/1.1" 302 559 "-" "Mozilla/5.0 (compatible; SemrushBot/7~bl; +http://www.semrush.com/bot.html)"
185.191.171.23 - - [08/Mar/2023:18:21:41 +0100] "GET /?Itemid=49&catid=7&fontstyle=f-larger&id=36&lang=en&option=com_content&view=article HTTP/1.1" 302 576 "-" "Mozilla/5.0 (compatible; SemrushBot/7~bl; +http://www.semrush.com/bot.html)"
185.191.171.2 - - [08/Mar/2023:18:21:59 +0100] "GET /?Itemid=12&catid=7&fontstyle=f-smaller&id=46&lang=en&option=com_content&view=article HTTP/1.1" 302 576 "-" "Mozilla/5.0 (compatible; SemrushBot/7~bl; +http://www.semrush.com/bot.html)"
185.191.171.1 - - [08/Mar/2023:18:22:31 +0100] "GET /index.php?Itemid=46&catid=7&id=25&lang=en&option=com_content&view=article HTTP/1.1" 302 558 "-" "Mozilla/5.0 (compatible; SemrushBot/7~bl; +http://www.semrush.com/bot.html)"
185.191.171.21 - - [08/Mar/2023:18:22:33 +0100] "GET /index.php?Itemid=50&catid=7&id=52&lang=en&option=com_content&view=article HTTP/1.1" 302 556 "-" "Mozilla/5.0 (compatible; SemrushBot/7~bl; +http://www.semrush.com/bot.html)"
185.191.171.22 - - [08/Mar/2023:18:22:47 +0100] "GET /?Itemid=53&catid=1&fontstyle=f-larger&id=458&lang=fr&option=com_content&view=article HTTP/1.1" 302 579 "-" "Mozilla/5.0 (compatible; SemrushBot/7~bl; +http://www.semrush.com/bot.html)"
185.191.171.43 - - [08/Mar/2023:18:23:11 +0100] "GET /?Itemid&fontstyle=f-smaller&id=326&lang=fr&option=com_content&view=article HTTP/1.1" 302 561 "-" "Mozilla/5.0 (compatible; SemrushBot/7~bl; +http://www.semrush.com/bot.html)"
185.191.171.24 - - [08/Mar/2023:18:23:45 +0100] "GET /index.php?Itemid=11&catid=7&id=73&lang=en&option=com_content&view=article HTTP/1.1" 302 557 "-" "Mozilla/5.0 (compatible; SemrushBot/7~bl; +http://www.semrush.com/bot.html)"
212.129.37.175 - - [08/Mar/2023:18:24:11 +0100] "-" 408 1489 "-" "-"
185.191.171.44 - - [08/Mar/2023:18:24:28 +0100] "GET /index.php?Itemid=99999&catid=7%3Aarticles&id=23&lang=en&option=com_rsform&view=article HTTP/1.1" 302 577 "-" "Mozilla/5.0 (compatible; SemrushBot/7~bl; +http://www.semrush.com/bot.html)"
45.61.188.225 - - [08/Mar/2023:18:24:32 +0100] "GET / HTTP/1.0" 302 461 "-" "Mozilla/5.0 (X11; Ubuntu; Linux x86_64; rv:71.0) Gecko/20100101 Firefox/71.0"
185.191.171.6 - - [08/Mar/2023:18:24:36 +0100] "GET /?Itemid=0&catid=7&fontstyle=f-larger&id=14&lang=en&option=com_content&view=article HTTP/1.1" 302 575 "-" "Mozilla/5.0 (compatible; SemrushBot/7~bl; +http://www.semrush.com/bot.html)"
185.191.171.17 - - [08/Mar/2023:18:24:47 +0100] "GET /index.php?Itemid=16&catid=7&id=39&lang=en&option=com_content&view=article HTTP/1.1" 302 559 "-" "Mozilla/5.0 (compatible; SemrushBot/7~bl; +http://www.semrush.com/bot.html)"
185.191.171.14 - - [08/Mar/2023:18:25:20 +0100] "GET /?Itemid=49&catid=7&fontstyle=f-larger&id=52&lang=en&option=com_content&view=article HTTP/1.1" 302 576 "-" "Mozilla/5.0 (compatible; SemrushBot/7~bl; +http://www.semrush.com/bot.html)"
185.191.171.17 - - [08/Mar/2023:18:25:32 +0100] "GET /index.php?Itemid=53&id=367&lang=en&option=com_content&view=article HTTP/1.1" 302 547 "-" "Mozilla/5.0 (compatible; SemrushBot/7~bl; +http://www.semrush.com/bot.html)"
185.191.171.5 - - [08/Mar/2023:18:25:48 +0100] "GET /?Itemid=14&catid=7&fontstyle=f-larger&id=56&lang=en&option=com_content&view=article HTTP/1.1" 302 576 "-" "Mozilla/5.0 (compatible; SemrushBot/7~bl; +http://www.semrush.com/bot.html)"
185.191.171.1 - - [08/Mar/2023:18:25:49 +0100] "GET /?Itemid=3&fontstyle=f-larger&id=350&lang=fr&option=com_content&view=article HTTP/1.1" 302 561 "-" "Mozilla/5.0 (compatible; SemrushBot/7~bl; +http://www.semrush.com/bot.html)"
212.129.37.175 - - [08/Mar/2023:18:25:57 +0100] "-" 408 1489 "-" "-"
185.191.171.37 - - [08/Mar/2023:18:25:59 +0100] "GET /index.php?Itemid&catid=7&id=46&lang=fr&option=com_content&view=article HTTP/1.1" 302 554 "-" "Mozilla/5.0 (compatible; SemrushBot/7~bl; +http://www.semrush.com/bot.html)"
185.191.171.24 - - [08/Mar/2023:18:26:02 +0100] "GET /index.php?Itemid=49&catid=7&id=39&lang=en&option=com_content&view=article HTTP/1.1" 302 556 "-" "Mozilla/5.0 (compatible; SemrushBot/7~bl; +http://www.semrush.com/bot.html)"
185.191.171.2 - - [08/Mar/2023:18:26:18 +0100] "GET /robots.txt HTTP/1.1" 302 441 "-" "Mozilla/5.0 (compatible; SemrushBot/7~bl; +http://www.semrush.com/bot.html)"
185.191.171.15 - - [08/Mar/2023:18:26:19 +0100] "GET /?Itemid=53&catid=1&fontstyle=f-larger&id=443%E2%8C%A9%3Dfr&lang=fr&option=com_content&view=article HTTP/1.1" 302 603 "-" "Mozilla/5.0 (compatible; SemrushBot/7~bl; +http://www.semrush.com/bot.html)"
185.191.171.16 - - [08/Mar/2023:18:26:20 +0100] "GET /?Itemid=0&fontstyle=f-smaller&id=182&lang=fr&option=com_content&view=article HTTP/1.1" 302 562 "-" "Mozilla/5.0 (compatible; SemrushBot/7~bl; +http://www.semrush.com/bot.html)"
212.129.37.175 - - [08/Mar/2023:18:26:27 +0100] "-" 408 1489 "-" "-"
185.191.171.12 - - [08/Mar/2023:18:26:30 +0100] "GET /index.php?catid=7&id=58&lang=fr&option=com_content&view=article HTTP/1.1" 302 542 "-" "Mozilla/5.0 (compatible; SemrushBot/7~bl; +http://www.semrush.com/bot.html)"
185.191.171.6 - - [08/Mar/2023:18:26:35 +0100] "GET /?Itemid&catid=7&fontstyle=f-smaller&id=30&lang=en&option=com_content&view=article HTTP/1.1" 302 571 "-" "Mozilla/5.0 (compatible; SemrushBot/7~bl; +http://www.semrush.com/bot.html)"
185.191.171.19 - - [08/Mar/2023:18:26:59 +0100] "GET /index.php?Itemid=53&catid=1&id=434%3F%3Dfr&lang=en&option=com_content&view=article HTTP/1.1" 302 575 "-" "Mozilla/5.0 (compatible; SemrushBot/7~bl; +http://www.semrush.com/bot.html)"
185.191.171.23 - - [08/Mar/2023:18:27:01 +0100] "GET /index.php?Itemid=53&catid=7&id=73&lang=en&option=com_content&view=article HTTP/1.1" 302 555 "-" "Mozilla/5.0 (compatible; SemrushBot/7~bl; +http://www.semrush.com/bot.html)"
185.191.171.20 - - [08/Mar/2023:18:27:27 +0100] "GET /index.php?Itemid=16&catid=7&id=58&lang=en&option=com_content&view=article HTTP/1.1" 302 559 "-" "Mozilla/5.0 (compatible; SemrushBot/7~bl; +http://www.semrush.com/bot.html)"
185.191.171.40 - - [08/Mar/2023:18:27:32 +0100] "GET /?Itemid=48&catid=7&fontstyle=f-smaller&id=27&lang=fr&option=com_content&view=article HTTP/1.1" 302 575 "-" "Mozilla/5.0 (compatible; SemrushBot/7~bl; +http://www.semrush.com/bot.html)"
185.191.171.35 - - [08/Mar/2023:18:28:12 +0100] "GET /?catid=7&fontstyle=f-larger&id=6&lang=en&option=com_content&view=article HTTP/1.1" 302 558 "-" "Mozilla/5.0 (compatible; SemrushBot/7~bl; +http://www.semrush.com/bot.html)"
185.191.171.8 - - [08/Mar/2023:18:28:15 +0100] "GET /index.php?Itemid&catid=7&id=11&lang=en&option=com_content&view=article HTTP/1.1" 302 553 "-" "Mozilla/5.0 (compatible; SemrushBot/7~bl; +http://www.semrush.com/bot.html)"
185.191.171.35 - - [08/Mar/2023:18:28:23 +0100] "GET /?fontstyle=f-larger&id=323&lang=fr&option=com_content&view=article HTTP/1.1" 302 546 "-" "Mozilla/5.0 (compatible; SemrushBot/7~bl; +http://www.semrush.com/bot.html)"
185.191.171.13 - - [08/Mar/2023:18:28:48 +0100] "GET /?Itemid=0&fontstyle=f-smaller&id=347&lang=fr&option=com_content&view=article HTTP/1.1" 302 564 "-" "Mozilla/5.0 (compatible; SemrushBot/7~bl; +http://www.semrush.com/bot.html)"
185.191.171.34 - - [08/Mar/2023:18:29:00 +0100] "GET /index.php?Itemid=49&catid=7&id=32&lang=en&option=com_content&view=article HTTP/1.1" 302 558 "-" "Mozilla/5.0 (compatible; SemrushBot/7~bl; +http://www.semrush.com/bot.html)"
212.129.37.175 - - [08/Mar/2023:18:29:05 +0100] "-" 408 1489 "-" "-"
185.191.171.44 - - [08/Mar/2023:18:29:41 +0100] "GET /?Itemid=0&fontstyle=f-smaller&id=165&lang=en&option=com_content&view=article HTTP/1.1" 302 564 "-" "Mozilla/5.0 (compatible; SemrushBot/7~bl; +http://www.semrush.com/bot.html)"
185.191.171.5 - - [08/Mar/2023:18:29:43 +0100] "GET /index.php?Itemid=06&id=176&lang=en&option=com_content&view=article HTTP/1.1" 302 547 "-" "Mozilla/5.0 (compatible; SemrushBot/7~bl; +http://www.semrush.com/bot.html)"
185.191.171.16 - - [08/Mar/2023:18:29:52 +0100] "GET /?Itemid=14&catid=7&fontstyle=f-smaller&id=64&lang=en&option=com_content&view=article HTTP/1.1" 302 575 "-" "Mozilla/5.0 (compatible; SemrushBot/7~bl; +http://www.semrush.com/bot.html)"
185.191.171.42 - - [08/Mar/2023:18:30:02 +0100] "GET /?Itemid=53&catid=1&fontstyle=f-smaller&id=415%3F%3Dfr&lang=fr&option=com_content&view=article HTTP/1.1" 302 592 "-" "Mozilla/5.0 (compatible; SemrushBot/7~bl; +http://www.semrush.com/bot.html)"
212.129.37.175 - - [08/Mar/2023:18:30:23 +0100] "-" 408 1489 "-" "-"
185.191.171.5 - - [08/Mar/2023:18:30:24 +0100] "GET /index.php?Itemid=16&catid=7&id=64&lang=fr&option=com_content&view=article HTTP/1.1" 302 559 "-" "Mozilla/5.0 (compatible; SemrushBot/7~bl; +http://www.semrush.com/bot.html)"
185.191.171.45 - - [08/Mar/2023:18:30:47 +0100] "GET /?Itemid=5&fontstyle=f-larger&id=256&lang=fr&option=com_content&view=article HTTP/1.1" 302 563 "-" "Mozilla/5.0 (compatible; SemrushBot/7~bl; +http://www.semrush.com/bot.html)"
185.191.171.34 - - [08/Mar/2023:18:31:00 +0100] "GET /?Itemid=53&fontstyle=f-larger&id=254&lang=en&option=com_content&view=article HTTP/1.1" 302 564 "-" "Mozilla/5.0 (compatible; SemrushBot/7~bl; +http://www.semrush.com/bot.html)"
212.129.37.175 - - [08/Mar/2023:18:31:20 +0100] "-" 408 1489 "-" "-"
185.191.171.16 - - [08/Mar/2023:18:32:02 +0100] "GET /?Itemid=3&catid=1&fontstyle=f-larger&id=478&lang=fr&option=com_content&view=article HTTP/1.1" 302 577 "-" "Mozilla/5.0 (compatible; SemrushBot/7~bl; +http://www.semrush.com/bot.html)"
185.191.171.18 - - [08/Mar/2023:18:32:09 +0100] "GET /?Itemid=11&catid=7&fontstyle=f-smaller&id=43&lang=fr&option=com_content&view=article HTTP/1.1" 302 576 "-" "Mozilla/5.0 (compatible; SemrushBot/7~bl; +http://www.semrush.com/bot.html)"
185.191.171.6 - - [08/Mar/2023:18:32:26 +0100] "GET /?Itemid=3&fontstyle=f-larger&id=354&lang=en&option=com_content&view=article HTTP/1.1" 302 562 "-" "Mozilla/5.0 (compatible; SemrushBot/7~bl; +http://www.semrush.com/bot.html)"
185.191.171.3 - - [08/Mar/2023:18:32:32 +0100] "GET /?Itemid=3&fontstyle=f-larger&id=284&lang=en&option=com_content&view=article HTTP/1.1" 302 563 "-" "Mozilla/5.0 (compatible; SemrushBot/7~bl; +http://www.semrush.com/bot.html)"
185.191.171.3 - - [08/Mar/2023:18:32:34 +0100] "GET /?Itemid&fontstyle=f-larger&id=319&lang=fr&option=com_content&view=article HTTP/1.1" 302 559 "-" "Mozilla/5.0 (compatible; SemrushBot/7~bl; +http://www.semrush.com/bot.html)"
185.191.171.17 - - [08/Mar/2023:18:32:52 +0100] "GET /?Itemid=0&catid=7&fontstyle=f-smaller&id=45&lang=fr&option=com_content&view=article HTTP/1.1" 302 575 "-" "Mozilla/5.0 (compatible; SemrushBot/7~bl; +http://www.semrush.com/bot.html)"
185.191.171.15 - - [08/Mar/2023:18:33:04 +0100] "GET /index.php?Itemid=16&catid=7&id=62&lang=fr&option=com_content&view=article HTTP/1.1" 302 559 "-" "Mozilla/5.0 (compatible; SemrushBot/7~bl; +http://www.semrush.com/bot.html)"
185.191.171.13 - - [08/Mar/2023:18:33:09 +0100] "GET /?Itemid&catid=7&fontstyle=f-larger&id=50&lang=en&option=com_content&view=article HTTP/1.1" 302 571 "-" "Mozilla/5.0 (compatible; SemrushBot/7~bl; +http://www.semrush.com/bot.html)"
185.191.171.9 - - [08/Mar/2023:18:33:11 +0100] "GET /?Itemid=14&catid=7&fontstyle=f-smaller&id=32&lang=fr&option=com_content&view=article HTTP/1.1" 302 576 "-" "Mozilla/5.0 (compatible; SemrushBot/7~bl; +http://www.semrush.com/bot.html)"
185.191.171.38 - - [08/Mar/2023:18:33:35 +0100] "GET /index.php?Itemid=5&catid=7&id=59&lang=fr&option=com_content&view=article HTTP/1.1" 302 557 "-" "Mozilla/5.0 (compatible; SemrushBot/7~bl; +http://www.semrush.com/bot.html)"
185.191.171.43 - - [08/Mar/2023:18:33:35 +0100] "GET /?Itemid=53&fontstyle=f-smaller&id=261&lang=fr&option=com_content&view=article HTTP/1.1" 302 565 "-" "Mozilla/5.0 (compatible; SemrushBot/7~bl; +http://www.semrush.com/bot.html)"
183.136.225.32 - - [08/Mar/2023:18:33:36 +0100] "GET / HTTP/1.1" 302 458 "-" "Mozilla/5.0 (Macintosh; Intel Mac OS X 10.11; rv:47.0) Gecko/20100101 Firefox/47.0"
183.136.225.32 - - [08/Mar/2023:18:33:38 +0100] "GET / HTTP/1.1" 302 424 "-" "Mozilla/5.0 (Windows NT 6.1; WOW64) AppleWebKit/537.36 (KHTML, like Gecko) Chrome/63.0.3239.132 Safari/537.36 QIHU 360SE"
183.136.225.32 - - [08/Mar/2023:18:33:40 +0100] "GET /favicon.ico HTTP/1.1" 302 441 "-" "Mozilla/5.0 (Windows NT 6.1; WOW64) AppleWebKit/537.36 (KHTML, like Gecko) Chrome/63.0.3239.132 Safari/537.36 QIHU 360SE"
183.136.225.32 - - [08/Mar/2023:18:33:41 +0100] "GET /robots.txt HTTP/1.1" 302 441 "-" "Mozilla/5.0 (Windows NT 6.1; WOW64) AppleWebKit/537.36 (KHTML, like Gecko) Chrome/63.0.3239.132 Safari/537.36 QIHU 360SE"
185.191.171.20 - - [08/Mar/2023:18:33:43 +0100] "GET /?Itemid=0&fontstyle=f-smaller&id=148&lang=fr&option=com_content&view=article HTTP/1.1" 302 564 "-" "Mozilla/5.0 (compatible; SemrushBot/7~bl; +http://www.semrush.com/bot.html)"
212.129.37.175 - - [08/Mar/2023:18:33:58 +0100] "-" 408 1489 "-" "-"
185.191.171.1 - - [08/Mar/2023:18:34:09 +0100] "GET /?Itemid=5&catid=7&fontstyle=f-smaller&id=55&lang=fr&option=com_content&view=article HTTP/1.1" 302 573 "-" "Mozilla/5.0 (compatible; SemrushBot/7~bl; +http://www.semrush.com/bot.html)"
185.191.171.17 - - [08/Mar/2023:18:34:35 +0100] "GET /?Itemid=14&catid=7&fontstyle=f-larger&id=44&lang=fr&option=com_content&view=article HTTP/1.1" 302 575 "-" "Mozilla/5.0 (compatible; SemrushBot/7~bl; +http://www.semrush.com/bot.html)"
185.191.171.14 - - [08/Mar/2023:18:34:39 +0100] "GET /index.php?Itemid=16&catid=7&id=34&lang=fr&option=com_content&view=article HTTP/1.1" 302 559 "-" "Mozilla/5.0 (compatible; SemrushBot/7~bl; +http://www.semrush.com/bot.html)"
212.129.37.175 - - [08/Mar/2023:18:34:50 +0100] "-" 408 1489 "-" "-"
185.191.171.7 - - [08/Mar/2023:18:34:57 +0100] "GET /index.php?Itemid=14&catid=7&id=31&lang=fr&option=com_content&view=article HTTP/1.1" 302 559 "-" "Mozilla/5.0 (compatible; SemrushBot/7~bl; +http://www.semrush.com/bot.html)"
185.191.171.14 - - [08/Mar/2023:18:35:14 +0100] "GET /index.php?Itemid=50&catid=7&id=30&lang=fr&option=com_content&view=article HTTP/1.1" 302 557 "-" "Mozilla/5.0 (compatible; SemrushBot/7~bl; +http://www.semrush.com/bot.html)"
194.110.203.41 - - [08/Mar/2023:18:35:37 +0100] "GET /backup_14032022.zip HTTP/1.1" 404 2162 "-" "Firefox"
212.129.37.175 - - [08/Mar/2023:18:36:13 +0100] "-" 408 1489 "-" "-"
185.191.171.10 - - [08/Mar/2023:18:36:29 +0100] "GET /?Itemid=46&catid=7&fontstyle=f-larger&id=34&lang=fr&option=com_content&view=article HTTP/1.1" 302 576 "-" "Mozilla/5.0 (compatible; SemrushBot/7~bl; +http://www.semrush.com/bot.html)"
185.191.171.43 - - [08/Mar/2023:18:36:32 +0100] "GET /index.php?Itemid&catid=8&id=125&lang=en&option=com_content&view=article HTTP/1.1" 302 555 "-" "Mozilla/5.0 (compatible; SemrushBot/7~bl; +http://www.semrush.com/bot.html)"
185.191.171.24 - - [08/Mar/2023:18:36:37 +0100] "GET /?Itemid=53&catid=1&fontstyle=f-smaller&id=435%3F%3Dfr&lang=fr&option=com_content&view=article HTTP/1.1" 302 593 "-" "Mozilla/5.0 (compatible; SemrushBot/7~bl; +http://www.semrush.com/bot.html)"
185.191.171.5 - - [08/Mar/2023:18:37:49 +0100] "GET /?Itemid=53&fontstyle=f-larger&id=370&lang=en&option=com_content&view=article HTTP/1.1" 302 564 "-" "Mozilla/5.0 (compatible; SemrushBot/7~bl; +http://www.semrush.com/bot.html)"
192.82.58.190 - - [08/Mar/2023:18:37:50 +0100] "GET /wp-content/themes/seotheme/db.php?u HTTP/1.1" 404 2603 "www.google.com" "Mozlila/5.0 (Linux; Android 7.0; SM-G892A Bulid/NRD90M; wv) AppleWebKit/537.36 (KHTML, like Gecko) Version/4.0 Chrome/60.0.3112.107 Moblie Safari/537.36"
194.110.203.41 - - [08/Mar/2023:18:37:52 +0100] "GET /backup_14032022.zip HTTP/1.1" 404 2162 "-" "Firefox"
185.191.171.3 - - [08/Mar/2023:18:37:54 +0100] "GET /?Itemid=0&fontstyle=f-smaller&id=167&lang=fr&option=com_content&view=article HTTP/1.1" 302 564 "-" "Mozilla/5.0 (compatible; SemrushBot/7~bl; +http://www.semrush.com/bot.html)"
185.191.171.21 - - [08/Mar/2023:18:37:59 +0100] "GET /index.php?Itemid=53&id=365&lang=en&option=com_content&view=article HTTP/1.1" 302 546 "-" "Mozilla/5.0 (compatible; SemrushBot/7~bl; +http://www.semrush.com/bot.html)"
185.191.171.22 - - [08/Mar/2023:18:38:19 +0100] "GET /?Itemid=53&catid=7&fontstyle=f-smaller&id=25&lang=en&option=com_content&view=article HTTP/1.1" 302 576 "-" "Mozilla/5.0 (compatible; SemrushBot/7~bl; +http://www.semrush.com/bot.html)"
185.191.171.20 - - [08/Mar/2023:18:38:24 +0100] "GET /index.php?Itemid=3&catid=7&id=53&lang=en&option=com_content&view=article HTTP/1.1" 302 556 "-" "Mozilla/5.0 (compatible; SemrushBot/7~bl; +http://www.semrush.com/bot.html)"
185.191.171.17 - - [08/Mar/2023:18:38:49 +0100] "GET /index.php?Itemid=0&id=355&lang=fr&option=com_content&view=article HTTP/1.1" 302 545 "-" "Mozilla/5.0 (compatible; SemrushBot/7~bl; +http://www.semrush.com/bot.html)"
212.129.37.175 - - [08/Mar/2023:18:38:53 +0100] "-" 408 1489 "-" "-"
185.191.171.15 - - [08/Mar/2023:18:38:59 +0100] "GET /index.php?Itemid=0&catid=8&id=135&lang=en&option=com_content&view=article HTTP/1.1" 302 558 "-" "Mozilla/5.0 (compatible; SemrushBot/7~bl; +http://www.semrush.com/bot.html)"
185.191.171.25 - - [08/Mar/2023:18:39:04 +0100] "GET /index.php?Itemid=53&catid=1&id=444%E2%8C%A9%3Dfr&lang=fr&option=com_content&view=article HTTP/1.1" 302 586 "-" "Mozilla/5.0 (compatible; SemrushBot/7~bl; +http://www.semrush.com/bot.html)"
212.129.37.175 - - [08/Mar/2023:18:39:16 +0100] "-" 408 1489 "-" "-"
185.191.171.16 - - [08/Mar/2023:18:39:30 +0100] "GET /index.php?Itemid=3&catid=1&id=488&lang=fr&option=com_content&view=article HTTP/1.1" 302 559 "-" "Mozilla/5.0 (compatible; SemrushBot/7~bl; +http://www.semrush.com/bot.html)"
185.191.171.37 - - [08/Mar/2023:18:39:45 +0100] "GET /index.php?Itemid=16&id=60&lang=en&option=com_content&view=article HTTP/1.1" 302 545 "-" "Mozilla/5.0 (compatible; SemrushBot/7~bl; +http://www.semrush.com/bot.html)"
185.191.171.23 - - [08/Mar/2023:18:39:49 +0100] "GET /index.php?Itemid=53&catid=1&id=471&lang=fr&option=com_content&view=article HTTP/1.1" 302 561 "-" "Mozilla/5.0 (compatible; SemrushBot/7~bl; +http://www.semrush.com/bot.html)"
167.94.138.60 - - [08/Mar/2023:18:40:11 +0100] "GET / HTTP/1.1" 302 402 "-" "-"
167.94.138.60 - - [08/Mar/2023:18:40:11 +0100] "GET / HTTP/1.1" 302 405 "-" "Mozilla/5.0 (compatible; CensysInspect/1.1; +https://about.censys.io/)"
167.94.138.60 - - [08/Mar/2023:18:40:11 +0100] "PRI * HTTP/2.0" 400 415 "-" "-"
185.191.171.10 - - [08/Mar/2023:18:40:25 +0100] "GET /index.php?Itemid=53&id=355&lang=en&option=com_content&view=article HTTP/1.1" 302 547 "-" "Mozilla/5.0 (compatible; SemrushBot/7~bl; +http://www.semrush.com/bot.html)"
185.191.171.19 - - [08/Mar/2023:18:40:32 +0100] "GET /index.php?id=285&lang=fr&option=com_content&view=article HTTP/1.1" 302 531 "-" "Mozilla/5.0 (compatible; SemrushBot/7~bl; +http://www.semrush.com/bot.html)"
212.129.37.175 - - [08/Mar/2023:18:41:07 +0100] "-" 408 1489 "-" "-"
185.191.171.2 - - [08/Mar/2023:18:41:11 +0100] "GET /index.php?Itemid=53&id=319&lang=fr&option=com_content&view=article HTTP/1.1" 302 548 "-" "Mozilla/5.0 (compatible; SemrushBot/7~bl; +http://www.semrush.com/bot.html)"
185.191.171.8 - - [08/Mar/2023:18:41:56 +0100] "GET /index.php?Itemid=47&catid=7&id=23&lang=en&option=com_content&view=article HTTP/1.1" 302 558 "-" "Mozilla/5.0 (compatible; SemrushBot/7~bl; +http://www.semrush.com/bot.html)"
185.191.171.25 - - [08/Mar/2023:18:41:57 +0100] "GET /index.php?Itemid=0&catid=7&id=26&lang=fr&option=com_content&view=article HTTP/1.1" 302 557 "-" "Mozilla/5.0 (compatible; SemrushBot/7~bl; +http://www.semrush.com/bot.html)"
185.191.171.1 - - [08/Mar/2023:18:41:58 +0100] "GET /?Itemid=0&fontstyle=f-larger&id=331&lang=en&option=com_content&view=article HTTP/1.1" 302 562 "-" "Mozilla/5.0 (compatible; SemrushBot/7~bl; +http://www.semrush.com/bot.html)"
185.191.171.25 - - [08/Mar/2023:18:42:10 +0100] "GET /?Itemid=47&catid=7&fontstyle=f-smaller&id=30&lang=en&option=com_content&view=article HTTP/1.1" 302 575 "-" "Mozilla/5.0 (compatible; SemrushBot/7~bl; +http://www.semrush.com/bot.html)"
185.191.171.44 - - [08/Mar/2023:18:42:11 +0100] "GET /index.php?Itemid=16&catid=7&id=33&lang=fr&option=com_content&view=article HTTP/1.1" 302 559 "-" "Mozilla/5.0 (compatible; SemrushBot/7~bl; +http://www.semrush.com/bot.html)"
185.191.171.25 - - [08/Mar/2023:18:42:19 +0100] "GET /index.php?Itemid=16&catid=7&id=37&lang=en&option=com_content&view=article HTTP/1.1" 302 558 "-" "Mozilla/5.0 (compatible; SemrushBot/7~bl; +http://www.semrush.com/bot.html)"
185.191.171.22 - - [08/Mar/2023:18:42:22 +0100] "GET /?Itemid=3&fontstyle=f-smaller&id=280&lang=en&option=com_content&view=article HTTP/1.1" 302 563 "-" "Mozilla/5.0 (compatible; SemrushBot/7~bl; +http://www.semrush.com/bot.html)"
