185.191.171.10 - - [08/Mar/2023:15:58:12 +0100] "GET /?Itemid=3&fontstyle=f-smaller&id=355&lang=en&option=com_content&view=article HTTP/1.1" 302 563 "-" "Mozilla/5.0 (compatible; SemrushBot/7~bl; +http://www.semrush.com/bot.html)"
185.191.171.1 - - [08/Mar/2023:15:59:09 +0100] "GET /?Itemid=0&catid=8&fontstyle=f-smaller&id=129&lang=fr&option=com_content&view=article HTTP/1.1" 302 578 "-" "Mozilla/5.0 (compatible; SemrushBot/7~bl; +http://www.semrush.com/bot.html)"
185.191.171.17 - - [08/Mar/2023:15:59:10 +0100] "GET /index.php?Itemid=48&catid=7&id=57&lang=en&option=com_content&view=article HTTP/1.1" 302 558 "-" "Mozilla/5.0 (compatible; SemrushBot/7~bl; +http://www.semrush.com/bot.html)"
185.191.171.41 - - [08/Mar/2023:15:59:20 +0100] "GET /index.php?Itemid=11&catid=7&id=55&lang=fr&option=com_content&view=article HTTP/1.1" 302 559 "-" "Mozilla/5.0 (compatible; SemrushBot/7~bl; +http://www.semrush.com/bot.html)"
212.129.37.175 - - [08/Mar/2023:15:59:20 +0100] "-" 408 1489 "-" "-"
185.191.171.20 - - [08/Mar/2023:15:59:29 +0100] "GET /?Itemid&catid=7&fontstyle=f-larger&id=73&lang=en&option=com_content&view=article HTTP/1.1" 302 570 "-" "Mozilla/5.0 (compatible; SemrushBot/7~bl; +http://www.semrush.com/bot.html)"
212.129.37.175 - - [08/Mar/2023:15:59:46 +0100] "-" 408 1489 "-" "-"
185.191.171.4 - - [08/Mar/2023:15:59:57 +0100] "GET /?Itemid=50&catid=7&fontstyle=f-smaller&id=59&lang=en&option=com_content&view=article HTTP/1.1" 302 575 "-" "Mozilla/5.0 (compatible; SemrushBot/7~bl; +http://www.semrush.com/bot.html)"
185.191.171.15 - - [08/Mar/2023:16:00:01 +0100] "GET /?Itemid=0&fontstyle=f-smaller&id=200&lang=en&option=com_content&view=article HTTP/1.1" 302 561 "-" "Mozilla/5.0 (compatible; SemrushBot/7~bl; +http://www.semrush.com/bot.html)"
185.191.171.11 - - [08/Mar/2023:16:00:09 +0100] "GET /?Itemid=3&catid=7&fontstyle=f-smaller&id=65%E3%80%88%3Dfr&lang=fr&option=com_content&view=article HTTP/1.1" 302 601 "-" "Mozilla/5.0 (compatible; SemrushBot/7~bl; +http://www.semrush.com/bot.html)"
185.191.171.7 - - [08/Mar/2023:16:00:22 +0100] "GET /index.php?catid=7&id=11&lang=en&option=com_content&view=article HTTP/1.1" 302 541 "-" "Mozilla/5.0 (compatible; SemrushBot/7~bl; +http://www.semrush.com/bot.html)"
185.191.171.24 - - [08/Mar/2023:16:00:56 +0100] "GET /index.php?Itemid=3&id=144&lang=fr&option=com_content&view=article HTTP/1.1" 302 545 "-" "Mozilla/5.0 (compatible; SemrushBot/7~bl; +http://www.semrush.com/bot.html)"
185.191.171.24 - - [08/Mar/2023:16:01:27 +0100] "GET /?Itemid=14&catid=14&fontstyle=f-larger&id=14&lang=en&option=com_content&view=article HTTP/1.1" 302 571 "-" "Mozilla/5.0 (compatible; SemrushBot/7~bl; +http://www.semrush.com/bot.html)"
185.191.171.13 - - [08/Mar/2023:16:01:29 +0100] "GET /?Itemid=45&catid=7&fontstyle=f-smaller&id=38&lang=en&option=com_content&view=article HTTP/1.1" 302 576 "-" "Mozilla/5.0 (compatible; SemrushBot/7~bl; +http://www.semrush.com/bot.html)"
185.191.171.37 - - [08/Mar/2023:16:01:41 +0100] "GET /?Itemid&fontstyle=f-larger&id=308&lang=fr&option=com_content&view=article HTTP/1.1" 302 559 "-" "Mozilla/5.0 (compatible; SemrushBot/7~bl; +http://www.semrush.com/bot.html)"
185.191.171.21 - - [08/Mar/2023:16:01:46 +0100] "GET /index.php?Itemid=0&id=150&lang=en&option=com_content&view=article HTTP/1.1" 302 543 "-" "Mozilla/5.0 (compatible; SemrushBot/7~bl; +http://www.semrush.com/bot.html)"
185.191.171.5 - - [08/Mar/2023:16:01:49 +0100] "GET /index.php?id=357&lang=fr&option=com_content&view=article HTTP/1.1" 302 531 "-" "Mozilla/5.0 (compatible; SemrushBot/7~bl; +http://www.semrush.com/bot.html)"
185.191.171.45 - - [08/Mar/2023:16:02:08 +0100] "GET /index.php?Itemid=0&catid=7&id=57&lang=en&option=com_content&view=article HTTP/1.1" 302 555 "-" "Mozilla/5.0 (compatible; SemrushBot/7~bl; +http://www.semrush.com/bot.html)"
212.129.37.175 - - [08/Mar/2023:16:02:24 +0100] "-" 408 1489 "-" "-"
185.191.171.1 - - [08/Mar/2023:16:02:36 +0100] "GET /?Itemid=45&catid=7&fontstyle=f-smaller&id=34&lang=en&option=com_content&view=article HTTP/1.1" 302 576 "-" "Mozilla/5.0 (compatible; SemrushBot/7~bl; +http://www.semrush.com/bot.html)"
185.191.171.15 - - [08/Mar/2023:16:03:08 +0100] "GET /?Itemid=53&catid=1&fontstyle=f-larger&id=437&lang=fr&option=com_content&view=article HTTP/1.1" 302 579 "-" "Mozilla/5.0 (compatible; SemrushBot/7~bl; +http://www.semrush.com/bot.html)"
92.118.39.82 - - [08/Mar/2023:16:03:18 +0100] "GET / HTTP/1.1" 302 402 "-" "-"
185.191.171.9 - - [08/Mar/2023:16:03:21 +0100] "GET /index.php?Itemid=50&catid=7&id=59&lang=en&option=com_content&view=article HTTP/1.1" 302 556 "-" "Mozilla/5.0 (compatible; SemrushBot/7~bl; +http://www.semrush.com/bot.html)"
212.129.37.175 - - [08/Mar/2023:16:03:46 +0100] "-" 408 1489 "-" "-"
185.191.171.38 - - [08/Mar/2023:16:03:55 +0100] "GET /?Itemid=0&fontstyle=f-smaller&id=168&lang=fr&option=com_content&view=article HTTP/1.1" 302 564 "-" "Mozilla/5.0 (compatible; SemrushBot/7~bl; +http://www.semrush.com/bot.html)"
185.191.171.39 - - [08/Mar/2023:16:04:00 +0100] "GET /index.php?Itemid=53&catid=1&id=476&lang=en&option=com_content&view=article HTTP/1.1" 302 560 "-" "Mozilla/5.0 (compatible; SemrushBot/7~bl; +http://www.semrush.com/bot.html)"
185.191.171.42 - - [08/Mar/2023:16:04:14 +0100] "GET /?Itemid=0&catid=8&fontstyle=f-larger&id=180&lang=fr&option=com_content&view=article HTTP/1.1" 302 574 "-" "Mozilla/5.0 (compatible; SemrushBot/7~bl; +http://www.semrush.com/bot.html)"
185.191.171.41 - - [08/Mar/2023:16:04:19 +0100] "GET /?Itemid=49&catid=7&fontstyle=f-smaller&id=49&lang=fr&option=com_content&view=article HTTP/1.1" 302 574 "-" "Mozilla/5.0 (compatible; SemrushBot/7~bl; +http://www.semrush.com/bot.html)"
185.191.171.20 - - [08/Mar/2023:16:04:23 +0100] "GET /?Itemid=3&fontstyle=f-smaller&id=359&lang=en&option=com_content&view=article HTTP/1.1" 302 563 "-" "Mozilla/5.0 (compatible; SemrushBot/7~bl; +http://www.semrush.com/bot.html)"
185.191.171.5 - - [08/Mar/2023:16:04:37 +0100] "GET /?Itemid&fontstyle=f-larger&id=368&lang=fr&option=com_content&view=article HTTP/1.1" 302 560 "-" "Mozilla/5.0 (compatible; SemrushBot/7~bl; +http://www.semrush.com/bot.html)"
212.129.37.175 - - [08/Mar/2023:16:04:39 +0100] "-" 408 1489 "-" "-"
185.191.171.24 - - [08/Mar/2023:16:04:55 +0100] "GET /index.php?Itemid=16&catid=7&id=38&lang=en&option=com_content&view=article HTTP/1.1" 302 559 "-" "Mozilla/5.0 (compatible; SemrushBot/7~bl; +http://www.semrush.com/bot.html)"
185.191.171.23 - - [08/Mar/2023:16:05:43 +0100] "GET /index.php?Itemid&catid=8&id=109&lang=fr&option=com_content&view=article HTTP/1.1" 302 555 "-" "Mozilla/5.0 (compatible; SemrushBot/7~bl; +http://www.semrush.com/bot.html)"
185.191.171.45 - - [08/Mar/2023:16:05:50 +0100] "GET /index.php?Itemid=16&catid=7&id=18&lang=fr&option=com_content&view=article HTTP/1.1" 302 557 "-" "Mozilla/5.0 (compatible; SemrushBot/7~bl; +http://www.semrush.com/bot.html)"
185.191.171.3 - - [08/Mar/2023:16:06:36 +0100] "GET /?Itemid=3&catid=1&fontstyle=f-larger&id=473&lang=fr&option=com_content&view=article HTTP/1.1" 302 575 "-" "Mozilla/5.0 (compatible; SemrushBot/7~bl; +http://www.semrush.com/bot.html)"
185.191.171.26 - - [08/Mar/2023:16:06:58 +0100] "GET /index.php?Itemid&id=350&lang=fr&option=com_content&view=article HTTP/1.1" 302 542 "-" "Mozilla/5.0 (compatible; SemrushBot/7~bl; +http://www.semrush.com/bot.html)"
212.129.37.175 - - [08/Mar/2023:16:07:17 +0100] "-" 408 1489 "-" "-"
185.191.171.35 - - [08/Mar/2023:16:07:32 +0100] "GET /index.php?Itemid=53&catid=1&id=441%E2%8C%A9%3Dfr&lang=en&option=com_content&view=article HTTP/1.1" 302 587 "-" "Mozilla/5.0 (compatible; SemrushBot/7~bl; +http://www.semrush.com/bot.html)"
185.191.171.26 - - [08/Mar/2023:16:07:40 +0100] "GET /?Itemid=5&catid=7&fontstyle=f-smaller&id=39&lang=fr&option=com_content&view=article HTTP/1.1" 302 575 "-" "Mozilla/5.0 (compatible; SemrushBot/7~bl; +http://www.semrush.com/bot.html)"
185.191.171.1 - - [08/Mar/2023:16:07:41 +0100] "GET /?Itemid=0&catid=7&fontstyle=f-smaller&id=49&lang=en&option=com_content&view=article HTTP/1.1" 302 577 "-" "Mozilla/5.0 (compatible; SemrushBot/7~bl; +http://www.semrush.com/bot.html)"
185.191.171.35 - - [08/Mar/2023:16:07:59 +0100] "GET /?Itemid=45&catid=7&fontstyle=f-larger&id=39&lang=en&option=com_content&view=article HTTP/1.1" 302 576 "-" "Mozilla/5.0 (compatible; SemrushBot/7~bl; +http://www.semrush.com/bot.html)"
185.191.171.36 - - [08/Mar/2023:16:08:01 +0100] "GET /?Itemid=5&catid=7&fontstyle=f-smaller&id=64&lang=en&option=com_content&view=article HTTP/1.1" 302 577 "-" "Mozilla/5.0 (compatible; SemrushBot/7~bl; +http://www.semrush.com/bot.html)"
212.129.37.175 - - [08/Mar/2023:16:08:13 +0100] "-" 408 1489 "-" "-"
185.191.171.21 - - [08/Mar/2023:16:08:33 +0100] "GET /?Itemid=11&catid=7&fontstyle=f-smaller&id=39&lang=fr&option=com_content&view=article HTTP/1.1" 302 575 "-" "Mozilla/5.0 (compatible; SemrushBot/7~bl; +http://www.semrush.com/bot.html)"
185.191.171.43 - - [08/Mar/2023:16:08:37 +0100] "GET /index.php?Itemid=3&catid=7&id=22&lang=en&option=com_content&view=article HTTP/1.1" 302 556 "-" "Mozilla/5.0 (compatible; SemrushBot/7~bl; +http://www.semrush.com/bot.html)"
185.191.171.13 - - [08/Mar/2023:16:08:51 +0100] "GET /?catid=7&fontstyle=f-larger&id=57&lang=fr&option=com_content&view=article HTTP/1.1" 302 558 "-" "Mozilla/5.0 (compatible; SemrushBot/7~bl; +http://www.semrush.com/bot.html)"
185.191.171.39 - - [08/Mar/2023:16:09:19 +0100] "GET /index.php?Itemid=49&catid=7&id=39&lang=fr&option=com_content&view=article HTTP/1.1" 302 557 "-" "Mozilla/5.0 (compatible; SemrushBot/7~bl; +http://www.semrush.com/bot.html)"
212.129.37.175 - - [08/Mar/2023:16:09:32 +0100] "-" 408 1489 "-" "-"
185.191.171.39 - - [08/Mar/2023:16:10:00 +0100] "GET /index.php?Itemid=12&catid=7&id=7&lang=fr&option=com_content&view=article HTTP/1.1" 302 554 "-" "Mozilla/5.0 (compatible; SemrushBot/7~bl; +http://www.semrush.com/bot.html)"
185.191.171.11 - - [08/Mar/2023:16:10:07 +0100] "GET /?Itemid=12&catid=7&fontstyle=f-larger&id=51&lang=fr&option=com_content&view=article HTTP/1.1" 302 575 "-" "Mozilla/5.0 (compatible; SemrushBot/7~bl; +http://www.semrush.com/bot.html)"
185.191.171.23 - - [08/Mar/2023:16:10:09 +0100] "GET /?fontstyle=f-smaller&id=285&lang=fr&option=com_content&view=article HTTP/1.1" 302 549 "-" "Mozilla/5.0 (compatible; SemrushBot/7~bl; +http://www.semrush.com/bot.html)"
185.191.171.19 - - [08/Mar/2023:16:10:13 +0100] "GET /index.php?Itemid=12&catid=7&id=36&lang=en&option=com_content&view=article HTTP/1.1" 302 558 "-" "Mozilla/5.0 (compatible; SemrushBot/7~bl; +http://www.semrush.com/bot.html)"
185.191.171.45 - - [08/Mar/2023:16:10:24 +0100] "GET /index.php?Itemid=0&id=353&lang=en&option=com_content&view=article HTTP/1.1" 302 544 "-" "Mozilla/5.0 (compatible; SemrushBot/7~bl; +http://www.semrush.com/bot.html)"
142.93.244.222 - - [08/Mar/2023:16:10:27 +0100] "\x16\x03\x01" 302 205 "-" "-"
185.191.171.35 - - [08/Mar/2023:16:10:38 +0100] "GET /?Itemid=53&catid=1&fontstyle=f-larger&id=438%E2%8C%A9%3Dfr&lang=en&option=com_content&view=article HTTP/1.1" 302 604 "-" "Mozilla/5.0 (compatible; SemrushBot/7~bl; +http://www.semrush.com/bot.html)"
185.191.171.38 - - [08/Mar/2023:16:10:44 +0100] "GET /index.php?Itemid=53&id=297&lang=en&option=com_content&view=article HTTP/1.1" 302 547 "-" "Mozilla/5.0 (compatible; SemrushBot/7~bl; +http://www.semrush.com/bot.html)"
185.191.171.42 - - [08/Mar/2023:16:11:08 +0100] "GET /?Itemid=14&fontstyle=f-smaller&id=103&lang=en&option=com_content&view=article HTTP/1.1" 302 564 "-" "Mozilla/5.0 (compatible; SemrushBot/7~bl; +http://www.semrush.com/bot.html)"
185.191.171.26 - - [08/Mar/2023:16:11:16 +0100] "GET /?Itemid=53&fontstyle=f-smaller&id=307&lang=en&option=com_content&view=article HTTP/1.1" 302 566 "-" "Mozilla/5.0 (compatible; SemrushBot/7~bl; +http://www.semrush.com/bot.html)"
185.191.171.4 - - [08/Mar/2023:16:11:45 +0100] "GET /?Itemid=47&catid=7&fontstyle=f-smaller&id=36&lang=en&option=com_content&view=article HTTP/1.1" 302 575 "-" "Mozilla/5.0 (compatible; SemrushBot/7~bl; +http://www.semrush.com/bot.html)"
212.129.37.175 - - [08/Mar/2023:16:12:11 +0100] "-" 408 1489 "-" "-"
185.191.171.22 - - [08/Mar/2023:16:12:26 +0100] "GET /?Itemid=53&catid=1&fontstyle=f-larger&id=442&lang=en&option=com_content&view=article HTTP/1.1" 302 578 "-" "Mozilla/5.0 (compatible; SemrushBot/7~bl; +http://www.semrush.com/bot.html)"
212.129.37.175 - - [08/Mar/2023:16:12:39 +0100] "-" 408 1489 "-" "-"
185.191.171.36 - - [08/Mar/2023:16:12:56 +0100] "GET /?Itemid=50&catid=7&fontstyle=f-smaller&id=38&lang=en&option=com_content&view=article HTTP/1.1" 302 576 "-" "Mozilla/5.0 (compatible; SemrushBot/7~bl; +http://www.semrush.com/bot.html)"
185.191.171.16 - - [08/Mar/2023:16:13:01 +0100] "GET /?Itemid=0&fontstyle=f-smaller&id=189&lang=en&option=com_content&view=article HTTP/1.1" 302 563 "-" "Mozilla/5.0 (compatible; SemrushBot/7~bl; +http://www.semrush.com/bot.html)"
185.191.171.16 - - [08/Mar/2023:16:13:12 +0100] "GET /robots.txt HTTP/1.1" 302 441 "-" "Mozilla/5.0 (compatible; SemrushBot/7~bl; +http://www.semrush.com/bot.html)"
185.191.171.45 - - [08/Mar/2023:16:13:12 +0100] "GET /index.php?catid=8&id=115&lang=fr&option=com_content&view=article HTTP/1.1" 302 544 "-" "Mozilla/5.0 (compatible; SemrushBot/7~bl; +http://www.semrush.com/bot.html)"
185.191.171.19 - - [08/Mar/2023:16:13:23 +0100] "GET /?Itemid=0&fontstyle=f-smaller&id=133&lang=en&option=com_content&view=article HTTP/1.1" 302 562 "-" "Mozilla/5.0 (compatible; SemrushBot/7~bl; +http://www.semrush.com/bot.html)"
185.191.171.34 - - [08/Mar/2023:16:13:50 +0100] "GET /?Itemid=0&fontstyle=f-larger&id=124&lang=fr&option=com_content&view=article HTTP/1.1" 302 562 "-" "Mozilla/5.0 (compatible; SemrushBot/7~bl; +http://www.semrush.com/bot.html)"
185.191.171.36 - - [08/Mar/2023:16:13:56 +0100] "GET /?Itemid=12&catid=7&fontstyle=f-smaller&id=56&lang=fr&option=com_content&view=article HTTP/1.1" 302 576 "-" "Mozilla/5.0 (compatible; SemrushBot/7~bl; +http://www.semrush.com/bot.html)"
185.191.171.7 - - [08/Mar/2023:16:13:58 +0100] "GET /index.php?Itemid=3&catid=7&id=49&lang=en&option=com_content&view=article HTTP/1.1" 302 557 "-" "Mozilla/5.0 (compatible; SemrushBot/7~bl; +http://www.semrush.com/bot.html)"
185.191.171.37 - - [08/Mar/2023:16:14:05 +0100] "GET /?Itemid&catid=7&fontstyle=f-smaller&id=63&lang=fr&option=com_content&view=article HTTP/1.1" 302 572 "-" "Mozilla/5.0 (compatible; SemrushBot/7~bl; +http://www.semrush.com/bot.html)"
185.191.171.33 - - [08/Mar/2023:16:14:23 +0100] "GET /index.php?Itemid=11&catid=7&id=58&lang=fr&option=com_content&view=article HTTP/1.1" 302 559 "-" "Mozilla/5.0 (compatible; SemrushBot/7~bl; +http://www.semrush.com/bot.html)"
185.191.171.9 - - [08/Mar/2023:16:14:24 +0100] "GET /?Itemid=49&catid=7&fontstyle=f-larger&id=39&lang=fr&option=com_content&view=article HTTP/1.1" 302 575 "-" "Mozilla/5.0 (compatible; SemrushBot/7~bl; +http://www.semrush.com/bot.html)"
185.191.171.15 - - [08/Mar/2023:16:14:26 +0100] "GET /?Itemid=53&catid=1&fontstyle=f-smaller&id=420&lang=fr&option=com_content&view=article HTTP/1.1" 302 577 "-" "Mozilla/5.0 (compatible; SemrushBot/7~bl; +http://www.semrush.com/bot.html)"
212.129.37.175 - - [08/Mar/2023:16:14:26 +0100] "-" 408 1489 "-" "-"
185.191.171.12 - - [08/Mar/2023:16:14:38 +0100] "GET /index.php?Itemid=49&catid=7&id=31&lang=en&option=com_content&view=article HTTP/1.1" 302 559 "-" "Mozilla/5.0 (compatible; SemrushBot/7~bl; +http://www.semrush.com/bot.html)"
185.191.171.45 - - [08/Mar/2023:16:14:40 +0100] "GET /index.php?Itemid&catid=7&id=37&lang=en&option=com_content&view=article HTTP/1.1" 302 553 "-" "Mozilla/5.0 (compatible; SemrushBot/7~bl; +http://www.semrush.com/bot.html)"
185.191.171.19 - - [08/Mar/2023:16:15:00 +0100] "GET /index.php?Itemid=3&catid=7&id=46&lang=en&option=com_content&view=article HTTP/1.1" 302 557 "-" "Mozilla/5.0 (compatible; SemrushBot/7~bl; +http://www.semrush.com/bot.html)"
185.191.171.43 - - [08/Mar/2023:16:15:02 +0100] "GET /index.php?Itemid=53&id=347&lang=fr&option=com_content&view=article HTTP/1.1" 302 548 "-" "Mozilla/5.0 (compatible; SemrushBot/7~bl; +http://www.semrush.com/bot.html)"
185.191.171.9 - - [08/Mar/2023:16:15:25 +0100] "GET /?Itemid=11&catid=7&fontstyle=f-smaller&id=50&lang=fr&option=com_content&view=article HTTP/1.1" 302 576 "-" "Mozilla/5.0 (compatible; SemrushBot/7~bl; +http://www.semrush.com/bot.html)"
185.191.171.45 - - [08/Mar/2023:16:15:40 +0100] "GET /?Itemid=0&catid=8&fontstyle=f-larger&id=205&lang=fr&option=com_content&view=article HTTP/1.1" 302 577 "-" "Mozilla/5.0 (compatible; SemrushBot/7~bl; +http://www.semrush.com/bot.html)"
185.191.171.26 - - [08/Mar/2023:16:16:44 +0100] "GET /index.php?Itemid=0&id=75&lang=en&option=com_content&view=article HTTP/1.1" 302 543 "-" "Mozilla/5.0 (compatible; SemrushBot/7~bl; +http://www.semrush.com/bot.html)"
185.191.171.44 - - [08/Mar/2023:16:16:53 +0100] "GET /index.php?Itemid=0&id=314&lang=en&option=com_content&view=article HTTP/1.1" 302 544 "-" "Mozilla/5.0 (compatible; SemrushBot/7~bl; +http://www.semrush.com/bot.html)"
185.191.171.19 - - [08/Mar/2023:16:16:54 +0100] "GET /index.php?Itemid=48&catid=7&id=12&lang=en&option=com_content&view=article HTTP/1.1" 302 558 "-" "Mozilla/5.0 (compatible; SemrushBot/7~bl; +http://www.semrush.com/bot.html)"
185.191.171.19 - - [08/Mar/2023:16:16:55 +0100] "GET /index.php?Itemid=3&catid=1&id=441&lang=en&option=com_content&view=article HTTP/1.1" 302 556 "-" "Mozilla/5.0 (compatible; SemrushBot/7~bl; +http://www.semrush.com/bot.html)"
185.191.171.33 - - [08/Mar/2023:16:17:01 +0100] "GET /index.php?Itemid=53&catid=1&id=475&lang=fr&option=com_content&view=article HTTP/1.1" 302 561 "-" "Mozilla/5.0 (compatible; SemrushBot/7~bl; +http://www.semrush.com/bot.html)"
212.129.37.175 - - [08/Mar/2023:16:17:04 +0100] "-" 408 1489 "-" "-"
212.129.37.175 - - [08/Mar/2023:16:17:06 +0100] "-" 408 1489 "-" "-"
114.243.134.122 - - [08/Mar/2023:16:17:55 +0100] "GET / HTTP/1.1" 404 2009 "-" "Go-http-client/1.1"
185.191.171.33 - - [08/Mar/2023:16:17:59 +0100] "GET /index.php?Itemid=46&id=47&lang=en&option=com_content&view=article HTTP/1.1" 302 544 "-" "Mozilla/5.0 (compatible; SemrushBot/7~bl; +http://www.semrush.com/bot.html)"
185.191.171.45 - - [08/Mar/2023:16:18:06 +0100] "GET /?Itemid=16&catid=7&fontstyle=f-smaller&id=35&lang=en&option=com_content&view=article HTTP/1.1" 302 576 "-" "Mozilla/5.0 (compatible; SemrushBot/7~bl; +http://www.semrush.com/bot.html)"
185.191.171.43 - - [08/Mar/2023:16:18:28 +0100] "GET /?Itemid=06&catid=7&fontstyle=f-smaller&id=23&lang=fr&option=com_content&view=article HTTP/1.1" 302 576 "-" "Mozilla/5.0 (compatible; SemrushBot/7~bl; +http://www.semrush.com/bot.html)"
185.191.171.41 - - [08/Mar/2023:16:18:38 +0100] "GET /index.php?Itemid=46&catid=7&id=49&lang=en&option=com_content&view=article HTTP/1.1" 302 556 "-" "Mozilla/5.0 (compatible; SemrushBot/7~bl; +http://www.semrush.com/bot.html)"
185.191.171.39 - - [08/Mar/2023:16:18:40 +0100] "GET /index.php?Itemid=12&catid=7&id=46&lang=en&option=com_content&view=article HTTP/1.1" 302 558 "-" "Mozilla/5.0 (compatible; SemrushBot/7~bl; +http://www.semrush.com/bot.html)"
185.191.171.19 - - [08/Mar/2023:16:18:45 +0100] "GET /index.php?Itemid=0&id=371&lang=fr&option=com_content&view=article HTTP/1.1" 302 545 "-" "Mozilla/5.0 (compatible; SemrushBot/7~bl; +http://www.semrush.com/bot.html)"
185.191.171.44 - - [08/Mar/2023:16:18:50 +0100] "GET /?Itemid=3&fontstyle=f-smaller&id=249&lang=en&option=com_content&view=article HTTP/1.1" 302 563 "-" "Mozilla/5.0 (compatible; SemrushBot/7~bl; +http://www.semrush.com/bot.html)"
185.191.171.23 - - [08/Mar/2023:16:18:54 +0100] "GET /?Itemid=53&fontstyle=f-larger&id=346&lang=en&option=com_content&view=article HTTP/1.1" 302 564 "-" "Mozilla/5.0 (compatible; SemrushBot/7~bl; +http://www.semrush.com/bot.html)"
185.191.171.3 - - [08/Mar/2023:16:19:09 +0100] "GET /?Itemid=5&catid=7&fontstyle=f-larger&id=21&lang=fr&option=com_content&view=article HTTP/1.1" 302 575 "-" "Mozilla/5.0 (compatible; SemrushBot/7~bl; +http://www.semrush.com/bot.html)"
185.191.171.34 - - [08/Mar/2023:16:19:15 +0100] "GET /index.php?Itemid=3&catid=7&id=22&lang=en&option=com_content&view=article HTTP/1.1" 302 556 "-" "Mozilla/5.0 (compatible; SemrushBot/7~bl; +http://www.semrush.com/bot.html)"
185.191.171.44 - - [08/Mar/2023:16:19:16 +0100] "GET /?Itemid=3&fontstyle=f-smaller&id=310&lang=fr&option=com_content&view=article HTTP/1.1" 302 561 "-" "Mozilla/5.0 (compatible; SemrushBot/7~bl; +http://www.semrush.com/bot.html)"
212.129.37.175 - - [08/Mar/2023:16:19:19 +0100] "-" 408 1489 "-" "-"
50.87.233.27 - - [08/Mar/2023:16:19:43 +0100] "-" 408 0 "-" "-"
185.191.171.7 - - [08/Mar/2023:16:19:46 +0100] "GET /?Itemid=3&catid=7&fontstyle=f-larger&id=39&lang=en&option=com_content&view=article HTTP/1.1" 302 574 "-" "Mozilla/5.0 (compatible; SemrushBot/7~bl; +http://www.semrush.com/bot.html)"
193.32.162.159 - - [08/Mar/2023:16:20:02 +0100] "GET / HTTP/1.1" 302 461 "-" "Mozilla/5.0 (Windows NT 10.0; Win64; x64) AppleWebKit/537.36 (KHTML, like Gecko) Chrome/90.0.4430.85 Safari/537.36 Edg/90.0.818.46"
185.191.171.38 - - [08/Mar/2023:16:20:09 +0100] "GET /index.php?Itemid=3&id=1&lang=en&layout=blog&limitstart=45&option=com_content&view=category HTTP/1.1" 302 588 "-" "Mozilla/5.0 (compatible; SemrushBot/7~bl; +http://www.semrush.com/bot.html)"
185.191.171.15 - - [08/Mar/2023:16:20:11 +0100] "GET /index.php?Itemid=46&catid=7&id=18&lang=fr&option=com_content&view=article HTTP/1.1" 302 559 "-" "Mozilla/5.0 (compatible; SemrushBot/7~bl; +http://www.semrush.com/bot.html)"
185.191.171.17 - - [08/Mar/2023:16:21:03 +0100] "GET /?Itemid=0&catid=7&fontstyle=f-smaller&id=64&lang=en&option=com_content&view=article HTTP/1.1" 302 577 "-" "Mozilla/5.0 (compatible; SemrushBot/7~bl; +http://www.semrush.com/bot.html)"
185.191.171.6 - - [08/Mar/2023:16:21:08 +0100] "GET /?Itemid=49&catid=7&fontstyle=f-smaller&id=21&lang=fr&option=com_content&view=article HTTP/1.1" 302 576 "-" "Mozilla/5.0 (compatible; SemrushBot/7~bl; +http://www.semrush.com/bot.html)"
212.129.37.175 - - [08/Mar/2023:16:21:32 +0100] "-" 408 1489 "-" "-"
212.129.37.175 - - [08/Mar/2023:16:21:57 +0100] "-" 408 1489 "-" "-"
87.88.191.118 - - [08/Mar/2023:16:22:09 +0100] "-" 408 0 "-" "-"
185.191.171.19 - - [08/Mar/2023:16:22:09 +0100] "GET /?Itemid&catid=7&fontstyle=f-larger&id=28&lang=en&option=com_content&view=article HTTP/1.1" 302 571 "-" "Mozilla/5.0 (compatible; SemrushBot/7~bl; +http://www.semrush.com/bot.html)"
185.191.171.17 - - [08/Mar/2023:16:22:13 +0100] "GET /index.php?Itemid=49&catid=7&id=38&lang=fr&option=com_content&view=article HTTP/1.1" 302 559 "-" "Mozilla/5.0 (compatible; SemrushBot/7~bl; +http://www.semrush.com/bot.html)"
185.191.171.14 - - [08/Mar/2023:16:22:41 +0100] "GET /?Itemid=53&catid=7&fontstyle=f-smaller&id=62&lang=en&option=com_content&view=article HTTP/1.1" 302 576 "-" "Mozilla/5.0 (compatible; SemrushBot/7~bl; +http://www.semrush.com/bot.html)"
185.191.171.23 - - [08/Mar/2023:16:22:43 +0100] "GET /?Itemid=16&catid=7&fontstyle=f-larger&id=24&lang=en&option=com_content&view=article HTTP/1.1" 302 576 "-" "Mozilla/5.0 (compatible; SemrushBot/7~bl; +http://www.semrush.com/bot.html)"
185.191.171.35 - - [08/Mar/2023:16:23:01 +0100] "GET /?Itemid=3&fontstyle=f-smaller&id=360&lang=en&option=com_content&view=article HTTP/1.1" 302 563 "-" "Mozilla/5.0 (compatible; SemrushBot/7~bl; +http://www.semrush.com/bot.html)"
185.191.171.8 - - [08/Mar/2023:16:23:04 +0100] "GET /?Itemid&fontstyle=f-smaller&id=308&lang=en&option=com_content&view=article HTTP/1.1" 302 560 "-" "Mozilla/5.0 (compatible; SemrushBot/7~bl; +http://www.semrush.com/bot.html)"
185.191.171.4 - - [08/Mar/2023:16:23:24 +0100] "GET /index.php?Itemid=53&catid=1&id=435%E2%8C%A9%3Dfr&lang=fr&option=com_content&view=article HTTP/1.1" 302 586 "-" "Mozilla/5.0 (compatible; SemrushBot/7~bl; +http://www.semrush.com/bot.html)"
185.191.171.14 - - [08/Mar/2023:16:23:30 +0100] "GET /?Itemid=53&fontstyle=f-smaller&id=304&lang=fr&option=com_content&view=article HTTP/1.1" 302 565 "-" "Mozilla/5.0 (compatible; SemrushBot/7~bl; +http://www.semrush.com/bot.html)"
185.191.171.11 - - [08/Mar/2023:16:23:36 +0100] "GET /index.php?Itemid=53&catid=7&id=65%E3%80%88%3Dfr&lang=fr&option=com_content&view=article HTTP/1.1" 302 585 "-" "Mozilla/5.0 (compatible; SemrushBot/7~bl; +http://www.semrush.com/bot.html)"
185.191.171.41 - - [08/Mar/2023:16:23:59 +0100] "GET /index.php?Itemid=0&id=326&lang=en&option=com_content&view=article HTTP/1.1" 302 545 "-" "Mozilla/5.0 (compatible; SemrushBot/7~bl; +http://www.semrush.com/bot.html)"
212.129.37.175 - - [08/Mar/2023:16:24:13 +0100] "-" 408 1489 "-" "-"
185.191.171.45 - - [08/Mar/2023:16:24:16 +0100] "GET /?Itemid=48&catid=7&fontstyle=f-larger&id=27&lang=fr&option=com_content&view=article HTTP/1.1" 302 574 "-" "Mozilla/5.0 (compatible; SemrushBot/7~bl; +http://www.semrush.com/bot.html)"
185.191.171.23 - - [08/Mar/2023:16:24:20 +0100] "GET /?Itemid=46&catid=7&fontstyle=f-smaller&id=59&lang=fr&option=com_content&view=article HTTP/1.1" 302 576 "-" "Mozilla/5.0 (compatible; SemrushBot/7~bl; +http://www.semrush.com/bot.html)"
185.191.171.43 - - [08/Mar/2023:16:24:37 +0100] "GET /?Itemid=5&catid=7&fontstyle=f-larger&id=51&lang=fr&option=com_content&view=article HTTP/1.1" 302 573 "-" "Mozilla/5.0 (compatible; SemrushBot/7~bl; +http://www.semrush.com/bot.html)"
185.191.171.14 - - [08/Mar/2023:16:24:40 +0100] "GET /index.php?Itemid=0&catid=7&id=62&lang=en&option=com_content&view=article HTTP/1.1" 302 556 "-" "Mozilla/5.0 (compatible; SemrushBot/7~bl; +http://www.semrush.com/bot.html)"
185.191.171.10 - - [08/Mar/2023:16:25:16 +0100] "GET /index.php?Itemid=53&catid=7&id=57&lang=en&option=com_content&view=article HTTP/1.1" 302 555 "-" "Mozilla/5.0 (compatible; SemrushBot/7~bl; +http://www.semrush.com/bot.html)"
185.191.171.33 - - [08/Mar/2023:16:25:28 +0100] "GET /?Itemid=53&catid=7&fontstyle=f-smaller&id=53&lang=en&option=com_content&view=article HTTP/1.1" 302 574 "-" "Mozilla/5.0 (compatible; SemrushBot/7~bl; +http://www.semrush.com/bot.html)"
212.129.37.175 - - [08/Mar/2023:16:25:59 +0100] "-" 408 1489 "-" "-"
185.191.171.1 - - [08/Mar/2023:16:26:01 +0100] "GET /index.php?Itemid&catid=8&id=115&lang=en&option=com_content&view=article HTTP/1.1" 302 555 "-" "Mozilla/5.0 (compatible; SemrushBot/7~bl; +http://www.semrush.com/bot.html)"
185.191.171.9 - - [08/Mar/2023:16:26:09 +0100] "GET /index.php?Itemid=0&catid=7&id=14&lang=en&option=com_content&view=article HTTP/1.1" 302 556 "-" "Mozilla/5.0 (compatible; SemrushBot/7~bl; +http://www.semrush.com/bot.html)"
185.191.171.34 - - [08/Mar/2023:16:26:27 +0100] "GET /?Itemid=0&fontstyle=f-larger&id=133&lang=fr&option=com_content&view=article HTTP/1.1" 302 561 "-" "Mozilla/5.0 (compatible; SemrushBot/7~bl; +http://www.semrush.com/bot.html)"
185.191.171.1 - - [08/Mar/2023:16:26:29 +0100] "GET /?catid=7&fontstyle=f-smaller&id=56&lang=fr&option=com_content&view=article HTTP/1.1" 302 560 "-" "Mozilla/5.0 (compatible; SemrushBot/7~bl; +http://www.semrush.com/bot.html)"
212.129.37.175 - - [08/Mar/2023:16:26:51 +0100] "-" 408 1489 "-" "-"
185.191.171.11 - - [08/Mar/2023:16:26:59 +0100] "GET /index.php?Itemid=47&catid=7&id=35&lang=fr&option=com_content&view=article HTTP/1.1" 302 559 "-" "Mozilla/5.0 (compatible; SemrushBot/7~bl; +http://www.semrush.com/bot.html)"
185.191.171.23 - - [08/Mar/2023:16:27:15 +0100] "GET /?Itemid=0&fontstyle=f-larger&id=170&lang=en&option=com_content&view=article HTTP/1.1" 302 562 "-" "Mozilla/5.0 (compatible; SemrushBot/7~bl; +http://www.semrush.com/bot.html)"
185.191.171.7 - - [08/Mar/2023:16:27:23 +0100] "GET /index.php?Itemid=3&id=254&lang=en&option=com_content&view=article HTTP/1.1" 302 545 "-" "Mozilla/5.0 (compatible; SemrushBot/7~bl; +http://www.semrush.com/bot.html)"
185.191.171.7 - - [08/Mar/2023:16:27:48 +0100] "GET /index.php?Itemid=3&catid=7&id=39&lang=en&option=com_content&view=article HTTP/1.1" 302 556 "-" "Mozilla/5.0 (compatible; SemrushBot/7~bl; +http://www.semrush.com/bot.html)"
185.191.171.5 - - [08/Mar/2023:16:28:01 +0100] "GET /?Itemid=0&catid=7&fontstyle=f-larger&id=50&lang=fr&option=com_content&view=article HTTP/1.1" 302 573 "-" "Mozilla/5.0 (compatible; SemrushBot/7~bl; +http://www.semrush.com/bot.html)"
185.191.171.39 - - [08/Mar/2023:16:28:16 +0100] "GET /?Itemid&catid=8&fontstyle=f-larger&id=115&lang=en&option=com_content&view=article HTTP/1.1" 302 574 "-" "Mozilla/5.0 (compatible; SemrushBot/7~bl; +http://www.semrush.com/bot.html)"
185.191.171.11 - - [08/Mar/2023:16:28:27 +0100] "GET /?Itemid=0&catid=7&fontstyle=f-smaller&id=26&lang=fr&option=com_content&view=article HTTP/1.1" 302 574 "-" "Mozilla/5.0 (compatible; SemrushBot/7~bl; +http://www.semrush.com/bot.html)"
185.191.171.24 - - [08/Mar/2023:16:28:51 +0100] "GET /?Itemid=0&fontstyle=f-larger&id=182&lang=en&option=com_content&view=article HTTP/1.1" 302 562 "-" "Mozilla/5.0 (compatible; SemrushBot/7~bl; +http://www.semrush.com/bot.html)"
185.191.171.37 - - [08/Mar/2023:16:28:57 +0100] "GET /index.php?Itemid=53&id=357&lang=en&option=com_content&view=article HTTP/1.1" 302 547 "-" "Mozilla/5.0 (compatible; SemrushBot/7~bl; +http://www.semrush.com/bot.html)"
185.191.171.41 - - [08/Mar/2023:16:29:05 +0100] "GET /index.php?Itemid=46&catid=7&id=37&lang=en&option=com_content&view=article HTTP/1.1" 302 558 "-" "Mozilla/5.0 (compatible; SemrushBot/7~bl; +http://www.semrush.com/bot.html)"
212.129.37.175 - - [08/Mar/2023:16:29:06 +0100] "-" 408 1489 "-" "-"
185.191.171.9 - - [08/Mar/2023:16:29:28 +0100] "GET /?Itemid=53&catid=1&fontstyle=f-smaller&id=435%E2%8C%A9%3Dfr&lang=fr&option=com_content&view=article HTTP/1.1" 302 605 "-" "Mozilla/5.0 (compatible; SemrushBot/7~bl; +http://www.semrush.com/bot.html)"
188.166.87.67 - - [08/Mar/2023:16:29:59 +0100] "GET /" 400 458 "-" "-"
188.166.87.67 - - [08/Mar/2023:16:29:59 +0100] "GET / HTTP/1.1" 404 1959 "-" "Mozilla/5.0 (Macintosh; Intel Mac OS X 10.13; rv:61.0) Gecko/20100101 Firefox/72.0"
185.191.171.5 - - [08/Mar/2023:16:30:08 +0100] "GET /?Itemid&fontstyle=f-smaller&id=353&lang=fr&option=com_content&view=article HTTP/1.1" 302 561 "-" "Mozilla/5.0 (compatible; SemrushBot/7~bl; +http://www.semrush.com/bot.html)"
185.191.171.1 - - [08/Mar/2023:16:30:17 +0100] "GET /?Itemid=0&fontstyle=f-smaller&id=177&lang=fr&option=com_content&view=article HTTP/1.1" 302 564 "-" "Mozilla/5.0 (compatible; SemrushBot/7~bl; +http://www.semrush.com/bot.html)"
212.129.37.175 - - [08/Mar/2023:16:30:25 +0100] "-" 408 1489 "-" "-"
185.191.171.5 - - [08/Mar/2023:16:30:45 +0100] "GET /index.php?id=318&lang=fr&option=com_content&view=article HTTP/1.1" 302 530 "-" "Mozilla/5.0 (compatible; SemrushBot/7~bl; +http://www.semrush.com/bot.html)"
185.191.171.33 - - [08/Mar/2023:16:30:52 +0100] "GET /?Itemid=47&catid=7&fontstyle=f-larger&id=32&lang=fr&option=com_content&view=article HTTP/1.1" 302 575 "-" "Mozilla/5.0 (compatible; SemrushBot/7~bl; +http://www.semrush.com/bot.html)"
162.243.132.21 - - [08/Mar/2023:16:30:53 +0100] "GET /actuator/health HTTP/1.1" 404 1969 "-" "Mozilla/5.0 zgrab/0.x"
185.191.171.5 - - [08/Mar/2023:16:31:31 +0100] "GET /?Itemid=3&fontstyle=f-larger&id=313&lang=en&option=com_content&view=article HTTP/1.1" 302 560 "-" "Mozilla/5.0 (compatible; SemrushBot/7~bl; +http://www.semrush.com/bot.html)"
212.129.37.175 - - [08/Mar/2023:16:31:44 +0100] "-" 408 1489 "-" "-"
185.191.171.2 - - [08/Mar/2023:16:31:54 +0100] "GET /?Itemid=50&catid=7&fontstyle=f-smaller&id=33&lang=fr&option=com_content&view=article HTTP/1.1" 302 576 "-" "Mozilla/5.0 (compatible; SemrushBot/7~bl; +http://www.semrush.com/bot.html)"
185.191.171.19 - - [08/Mar/2023:16:31:55 +0100] "GET /?Itemid=47&catid=7&fontstyle=f-larger&id=46&lang=fr&option=com_content&view=article HTTP/1.1" 302 574 "-" "Mozilla/5.0 (compatible; SemrushBot/7~bl; +http://www.semrush.com/bot.html)"
185.191.171.8 - - [08/Mar/2023:16:32:13 +0100] "GET /index.php?Itemid=46&catid=7&id=30&lang=fr&option=com_content&view=article HTTP/1.1" 302 559 "-" "Mozilla/5.0 (compatible; SemrushBot/7~bl; +http://www.semrush.com/bot.html)"
185.191.171.40 - - [08/Mar/2023:16:32:50 +0100] "GET /?Itemid=11&catid=7&fontstyle=f-smaller&id=57&lang=en&option=com_content&view=article HTTP/1.1" 302 575 "-" "Mozilla/5.0 (compatible; SemrushBot/7~bl; +http://www.semrush.com/bot.html)"
185.191.171.20 - - [08/Mar/2023:16:32:58 +0100] "GET /index.php?Itemid=53&catid=1&id=460&lang=fr&option=com_content&view=article HTTP/1.1" 302 561 "-" "Mozilla/5.0 (compatible; SemrushBot/7~bl; +http://www.semrush.com/bot.html)"
185.191.171.19 - - [08/Mar/2023:16:33:08 +0100] "GET /index.php?Itemid=48&catid=7&id=38&lang=fr&option=com_content&view=article HTTP/1.1" 302 557 "-" "Mozilla/5.0 (compatible; SemrushBot/7~bl; +http://www.semrush.com/bot.html)"
185.191.171.9 - - [08/Mar/2023:16:33:13 +0100] "GET /?Itemid&fontstyle=f-smaller&id=284&lang=fr&option=com_content&view=article HTTP/1.1" 302 561 "-" "Mozilla/5.0 (compatible; SemrushBot/7~bl; +http://www.semrush.com/bot.html)"
185.191.171.16 - - [08/Mar/2023:16:33:37 +0100] "GET /index.php?Itemid=0&catid=7&id=28&lang=en&option=com_content&view=article HTTP/1.1" 302 556 "-" "Mozilla/5.0 (compatible; SemrushBot/7~bl; +http://www.semrush.com/bot.html)"
185.191.171.43 - - [08/Mar/2023:16:33:43 +0100] "GET /?catid=7&fontstyle=f-smaller&id=27&lang=fr&option=com_content&view=article HTTP/1.1" 302 559 "-" "Mozilla/5.0 (compatible; SemrushBot/7~bl; +http://www.semrush.com/bot.html)"
212.129.37.175 - - [08/Mar/2023:16:33:59 +0100] "-" 408 1489 "-" "-"
185.191.171.33 - - [08/Mar/2023:16:34:39 +0100] "GET /?Itemid=7&catid=7&fontstyle=f-larger&id=29&lang=fr&option=com_content&view=article HTTP/1.1" 302 573 "-" "Mozilla/5.0 (compatible; SemrushBot/7~bl; +http://www.semrush.com/bot.html)"
185.191.171.37 - - [08/Mar/2023:16:34:43 +0100] "GET /?Itemid=3&catid=1&fontstyle=f-smaller&id=434%E2%8C%A9%3Dfr&lang=en&option=com_content&view=article HTTP/1.1" 302 604 "-" "Mozilla/5.0 (compatible; SemrushBot/7~bl; +http://www.semrush.com/bot.html)"
185.191.171.40 - - [08/Mar/2023:16:34:44 +0100] "GET /index.php?Itemid=0&id=318&lang=en&option=com_content&view=article HTTP/1.1" 302 545 "-" "Mozilla/5.0 (compatible; SemrushBot/7~bl; +http://www.semrush.com/bot.html)"
185.191.171.9 - - [08/Mar/2023:16:34:45 +0100] "GET /?Itemid=46&catid=7&fontstyle=f-smaller&id=18&lang=fr&option=com_content&view=article HTTP/1.1" 302 576 "-" "Mozilla/5.0 (compatible; SemrushBot/7~bl; +http://www.semrush.com/bot.html)"
212.129.37.175 - - [08/Mar/2023:16:34:52 +0100] "-" 408 1489 "-" "-"
185.191.171.34 - - [08/Mar/2023:16:35:06 +0100] "GET /?Itemid=12&catid=7&fontstyle=f-smaller&id=39&lang=en&option=com_content&view=article HTTP/1.1" 302 575 "-" "Mozilla/5.0 (compatible; SemrushBot/7~bl; +http://www.semrush.com/bot.html)"
185.191.171.41 - - [08/Mar/2023:16:35:19 +0100] "GET /?Itemid=0&fontstyle=f-smaller&id=136&lang=en&option=com_content&view=article HTTP/1.1" 302 564 "-" "Mozilla/5.0 (compatible; SemrushBot/7~bl; +http://www.semrush.com/bot.html)"
185.191.171.40 - - [08/Mar/2023:16:35:43 +0100] "GET /?Itemid=53&catid=1&fontstyle=f-larger&id=432%3F%3Dfr&lang=fr&option=com_content&view=article HTTP/1.1" 302 591 "-" "Mozilla/5.0 (compatible; SemrushBot/7~bl; +http://www.semrush.com/bot.html)"
212.129.37.175 - - [08/Mar/2023:16:36:37 +0100] "-" 408 1489 "-" "-"
185.191.171.20 - - [08/Mar/2023:16:36:38 +0100] "GET /robots.txt HTTP/1.1" 302 441 "-" "Mozilla/5.0 (compatible; SemrushBot/7~bl; +http://www.semrush.com/bot.html)"
185.191.171.3 - - [08/Mar/2023:16:36:38 +0100] "GET /?Itemid=53&catid=1&fontstyle=f-larger&id=420&lang=fr&option=com_content&view=article HTTP/1.1" 302 578 "-" "Mozilla/5.0 (compatible; SemrushBot/7~bl; +http://www.semrush.com/bot.html)"
185.191.171.25 - - [08/Mar/2023:16:36:40 +0100] "GET /?Itemid=99999&fontstyle=f-smaller&formId=5&lang=en&option=com_rsform HTTP/1.1" 302 546 "-" "Mozilla/5.0 (compatible; SemrushBot/7~bl; +http://www.semrush.com/bot.html)"
185.191.171.24 - - [08/Mar/2023:16:36:41 +0100] "GET /index.php?Itemid=3&catid=1&id=434%E2%8C%A9%3Dfr&lang=en&option=com_content&view=article HTTP/1.1" 302 585 "-" "Mozilla/5.0 (compatible; SemrushBot/7~bl; +http://www.semrush.com/bot.html)"
185.191.171.37 - - [08/Mar/2023:16:37:04 +0100] "GET /index.php?Itemid=0&id=278&lang=en&option=com_content&view=article HTTP/1.1" 302 544 "-" "Mozilla/5.0 (compatible; SemrushBot/7~bl; +http://www.semrush.com/bot.html)"
185.191.171.10 - - [08/Mar/2023:16:37:25 +0100] "GET /?Itemid=3&catid=7&fontstyle=f-larger&id=53&lang=fr&option=com_content&view=article HTTP/1.1" 302 573 "-" "Mozilla/5.0 (compatible; SemrushBot/7~bl; +http://www.semrush.com/bot.html)"
185.191.171.11 - - [08/Mar/2023:16:37:27 +0100] "GET /?Itemid=06&catid=7&fontstyle=f-larger&id=23&lang=en&option=com_content&view=article HTTP/1.1" 302 576 "-" "Mozilla/5.0 (compatible; SemrushBot/7~bl; +http://www.semrush.com/bot.html)"
185.191.171.13 - - [08/Mar/2023:16:37:29 +0100] "GET /index.php?Itemid=47&catid=7&id=52&lang=en&option=com_content&view=article HTTP/1.1" 302 558 "-" "Mozilla/5.0 (compatible; SemrushBot/7~bl; +http://www.semrush.com/bot.html)"
185.191.171.37 - - [08/Mar/2023:16:37:45 +0100] "GET /index.php?Itemid=50&id=47&lang=fr&option=com_content&view=article HTTP/1.1" 302 546 "-" "Mozilla/5.0 (compatible; SemrushBot/7~bl; +http://www.semrush.com/bot.html)"
185.191.171.2 - - [08/Mar/2023:16:37:49 +0100] "GET /?Itemid=0&fontstyle=f-larger&id=178&lang=en&option=com_content&view=article HTTP/1.1" 302 563 "-" "Mozilla/5.0 (compatible; SemrushBot/7~bl; +http://www.semrush.com/bot.html)"
185.191.171.3 - - [08/Mar/2023:16:38:01 +0100] "GET /index.php?Itemid=16&catid=7&id=7&lang=en&option=com_content&view=article HTTP/1.1" 302 554 "-" "Mozilla/5.0 (compatible; SemrushBot/7~bl; +http://www.semrush.com/bot.html)"
185.191.171.10 - - [08/Mar/2023:16:38:13 +0100] "GET /?fontstyle=f-smaller&id=347&lang=fr&option=com_content&view=article HTTP/1.1" 302 550 "-" "Mozilla/5.0 (compatible; SemrushBot/7~bl; +http://www.semrush.com/bot.html)"
185.191.171.39 - - [08/Mar/2023:16:38:33 +0100] "GET /index.php?Itemid=46&catid=7&id=30&lang=en&option=com_content&view=article HTTP/1.1" 302 558 "-" "Mozilla/5.0 (compatible; SemrushBot/7~bl; +http://www.semrush.com/bot.html)"
185.191.171.5 - - [08/Mar/2023:16:38:48 +0100] "GET /index.php?Itemid=3&lang=fr&option=com_content&view=article%2B HTTP/1.1" 302 538 "-" "Mozilla/5.0 (compatible; SemrushBot/7~bl; +http://www.semrush.com/bot.html)"
185.191.171.38 - - [08/Mar/2023:16:38:50 +0100] "GET /index.php?Itemid=5&catid=7&id=55&lang=en&option=com_content&view=article HTTP/1.1" 302 555 "-" "Mozilla/5.0 (compatible; SemrushBot/7~bl; +http://www.semrush.com/bot.html)"
212.129.37.175 - - [08/Mar/2023:16:38:53 +0100] "-" 408 1489 "-" "-"
185.191.171.1 - - [08/Mar/2023:16:39:09 +0100] "GET /?Itemid&fontstyle=f-smaller&id=347&lang=fr&option=com_content&view=article HTTP/1.1" 302 562 "-" "Mozilla/5.0 (compatible; SemrushBot/7~bl; +http://www.semrush.com/bot.html)"
212.129.37.175 - - [08/Mar/2023:16:39:18 +0100] "-" 408 1489 "-" "-"
185.191.171.39 - - [08/Mar/2023:16:40:26 +0100] "GET /?Itemid=53&catid=1&fontstyle=f-larger&id=461&lang=fr&option=com_content&view=article HTTP/1.1" 302 575 "-" "Mozilla/5.0 (compatible; SemrushBot/7~bl; +http://www.semrush.com/bot.html)"
185.246.220.98 - - [08/Mar/2023:16:40:48 +0100] "POST /boaform/admin/formLogin HTTP/1.1" 302 498 "http://212.83.157.39:80/admin/login.asp" "Mozilla/5.0 (X11; Ubuntu; Linux x86_64; rv:71.0) Gecko/20100101 Firefox/71.0"
185.191.171.5 - - [08/Mar/2023:16:41:03 +0100] "GET /index.php?Itemid=53&id=365&lang=en&option=com_content&view=article HTTP/1.1" 302 546 "-" "Mozilla/5.0 (compatible; SemrushBot/7~bl; +http://www.semrush.com/bot.html)"
212.129.37.175 - - [08/Mar/2023:16:41:31 +0100] "-" 408 1489 "-" "-"
185.191.171.4 - - [08/Mar/2023:16:41:32 +0100] "GET /index.php?Itemid=48&catid=7&id=63&lang=en&option=com_content&view=article HTTP/1.1" 302 559 "-" "Mozilla/5.0 (compatible; SemrushBot/7~bl; +http://www.semrush.com/bot.html)"
185.191.171.12 - - [08/Mar/2023:16:41:38 +0100] "GET /index.php?Itemid=49&catid=7&id=36&lang=en&option=com_content&view=article HTTP/1.1" 302 559 "-" "Mozilla/5.0 (compatible; SemrushBot/7~bl; +http://www.semrush.com/bot.html)"
185.191.171.10 - - [08/Mar/2023:16:42:14 +0100] "GET /index.php?Itemid=0&id=316&lang=fr&option=com_content&view=article HTTP/1.1" 302 545 "-" "Mozilla/5.0 (compatible; SemrushBot/7~bl; +http://www.semrush.com/bot.html)"
185.191.171.6 - - [08/Mar/2023:16:42:34 +0100] "GET /index.php?Itemid=3&id=1&lang=fr&layout=blog&limitstart=30&option=com_content&view=category HTTP/1.1" 302 587 "-" "Mozilla/5.0 (compatible; SemrushBot/7~bl; +http://www.semrush.com/bot.html)"
185.191.171.20 - - [08/Mar/2023:16:42:44 +0100] "GET /?Itemid=49&catid=7&fontstyle=f-larger&id=56&lang=en&option=com_content&view=article HTTP/1.1" 302 576 "-" "Mozilla/5.0 (compatible; SemrushBot/7~bl; +http://www.semrush.com/bot.html)"
185.191.171.1 - - [08/Mar/2023:16:42:59 +0100] "GET /index.php?Itemid=3&catid=7&id=28&lang=fr&option=com_content&view=article HTTP/1.1" 302 557 "-" "Mozilla/5.0 (compatible; SemrushBot/7~bl; +http://www.semrush.com/bot.html)"
185.191.171.7 - - [08/Mar/2023:16:43:03 +0100] "GET /index.php?Itemid=0&id=157&lang=fr&option=com_content&view=article HTTP/1.1" 302 546 "-" "Mozilla/5.0 (compatible; SemrushBot/7~bl; +http://www.semrush.com/bot.html)"
185.191.171.16 - - [08/Mar/2023:16:43:29 +0100] "GET /index.php?Itemid=45&catid=7&id=23&lang=en&option=com_content&view=article HTTP/1.1" 302 558 "-" "Mozilla/5.0 (compatible; SemrushBot/7~bl; +http://www.semrush.com/bot.html)"
185.191.171.23 - - [08/Mar/2023:16:43:40 +0100] "GET /index.php?Itemid=53&id=371&lang=fr&option=com_content&view=article HTTP/1.1" 302 548 "-" "Mozilla/5.0 (compatible; SemrushBot/7~bl; +http://www.semrush.com/bot.html)"
212.129.37.175 - - [08/Mar/2023:16:43:45 +0100] "-" 408 1489 "-" "-"
212.129.37.175 - - [08/Mar/2023:16:43:46 +0100] "-" 408 1489 "-" "-"
185.191.171.7 - - [08/Mar/2023:16:43:49 +0100] "GET /?Itemid=12&catid=7&fontstyle=f-larger&id=44&lang=en&option=com_content&view=article HTTP/1.1" 302 576 "-" "Mozilla/5.0 (compatible; SemrushBot/7~bl; +http://www.semrush.com/bot.html)"
185.191.171.22 - - [08/Mar/2023:16:44:03 +0100] "GET /?Itemid=47&catid=7&fontstyle=f-larger&id=25&lang=fr&option=com_content&view=article HTTP/1.1" 302 574 "-" "Mozilla/5.0 (compatible; SemrushBot/7~bl; +http://www.semrush.com/bot.html)"
185.191.171.19 - - [08/Mar/2023:16:44:23 +0100] "GET /?Itemid=16&catid=7&fontstyle=f-larger&id=23&lang=fr&option=com_content&view=article HTTP/1.1" 302 576 "-" "Mozilla/5.0 (compatible; SemrushBot/7~bl; +http://www.semrush.com/bot.html)"
185.191.171.2 - - [08/Mar/2023:16:44:39 +0100] "GET /?Itemid=3&catid=7&fontstyle=f-smaller&id=36&lang=en&option=com_content&view=article HTTP/1.1" 302 576 "-" "Mozilla/5.0 (compatible; SemrushBot/7~bl; +http://www.semrush.com/bot.html)"
185.191.171.8 - - [08/Mar/2023:16:44:58 +0100] "GET /?Itemid=46&catid=7&fontstyle=f-smaller&id=32&lang=fr&option=com_content&view=article HTTP/1.1" 302 576 "-" "Mozilla/5.0 (compatible; SemrushBot/7~bl; +http://www.semrush.com/bot.html)"
185.191.171.33 - - [08/Mar/2023:16:45:12 +0100] "GET /index.php?Itemid=48&catid=7&id=7&lang=fr&option=com_content&view=article HTTP/1.1" 302 555 "-" "Mozilla/5.0 (compatible; SemrushBot/7~bl; +http://www.semrush.com/bot.html)"
185.191.171.19 - - [08/Mar/2023:16:45:52 +0100] "GET /index.php?Itemid=53&id=277&lang=fr&option=com_content&view=article HTTP/1.1" 302 548 "-" "Mozilla/5.0 (compatible; SemrushBot/7~bl; +http://www.semrush.com/bot.html)"
185.191.171.44 - - [08/Mar/2023:16:46:02 +0100] "GET /?fontstyle=f-smaller&id=351&lang=fr&option=com_content&view=article HTTP/1.1" 302 549 "-" "Mozilla/5.0 (compatible; SemrushBot/7~bl; +http://www.semrush.com/bot.html)"
185.191.171.38 - - [08/Mar/2023:16:46:03 +0100] "GET /index.php?Itemid=47&catid=7&id=19&lang=en&option=com_content&view=article HTTP/1.1" 302 558 "-" "Mozilla/5.0 (compatible; SemrushBot/7~bl; +http://www.semrush.com/bot.html)"
212.129.37.175 - - [08/Mar/2023:16:46:24 +0100] "-" 408 1489 "-" "-"
185.191.171.44 - - [08/Mar/2023:16:46:45 +0100] "GET /?Itemid=3&catid=7&fontstyle=f-larger&id=46&lang=en&option=com_content&view=article HTTP/1.1" 302 575 "-" "Mozilla/5.0 (compatible; SemrushBot/7~bl; +http://www.semrush.com/bot.html)"
185.191.171.17 - - [08/Mar/2023:16:46:48 +0100] "GET /index.php?Itemid=0&id=195&lang=en&option=com_content&view=article HTTP/1.1" 302 545 "-" "Mozilla/5.0 (compatible; SemrushBot/7~bl; +http://www.semrush.com/bot.html)"
185.191.171.13 - - [08/Mar/2023:16:47:20 +0100] "GET /?Itemid=3&catid=1&fontstyle=f-larger&id=432%E2%8C%A9%3Dfr&lang=fr&option=com_content&view=article HTTP/1.1" 302 603 "-" "Mozilla/5.0 (compatible; SemrushBot/7~bl; +http://www.semrush.com/bot.html)"
185.191.171.45 - - [08/Mar/2023:16:47:37 +0100] "GET /index.php?Itemid=14&catid=7&id=50&lang=fr&option=com_content&view=article HTTP/1.1" 302 559 "-" "Mozilla/5.0 (compatible; SemrushBot/7~bl; +http://www.semrush.com/bot.html)"
185.191.171.17 - - [08/Mar/2023:16:47:45 +0100] "GET /?Itemid=0&fontstyle=f-larger&id=144&lang=en&option=com_content&view=article HTTP/1.1" 302 562 "-" "Mozilla/5.0 (compatible; SemrushBot/7~bl; +http://www.semrush.com/bot.html)"
185.191.171.39 - - [08/Mar/2023:16:48:08 +0100] "GET /?Itemid=11&catid=7&fontstyle=f-smaller&id=21&lang=fr&option=com_content&view=article HTTP/1.1" 302 574 "-" "Mozilla/5.0 (compatible; SemrushBot/7~bl; +http://www.semrush.com/bot.html)"
212.129.37.175 - - [08/Mar/2023:16:48:13 +0100] "-" 408 1489 "-" "-"
185.191.171.41 - - [08/Mar/2023:16:48:34 +0100] "GET /index.php?Itemid=50&catid=7&id=37&lang=fr&option=com_content&view=article HTTP/1.1" 302 559 "-" "Mozilla/5.0 (compatible; SemrushBot/7~bl; +http://www.semrush.com/bot.html)"
212.129.37.175 - - [08/Mar/2023:16:48:39 +0100] "-" 408 1489 "-" "-"
185.191.171.14 - - [08/Mar/2023:16:48:53 +0100] "GET /index.php?Itemid=0&id=208&lang=en&option=com_content&view=article HTTP/1.1" 302 544 "-" "Mozilla/5.0 (compatible; SemrushBot/7~bl; +http://www.semrush.com/bot.html)"
185.191.171.43 - - [08/Mar/2023:16:48:55 +0100] "GET /?Itemid=3&catid=1&fontstyle=f-larger&id=462%E2%8C%A9%3Dfr&lang=fr&option=com_content&view=article HTTP/1.1" 302 603 "-" "Mozilla/5.0 (compatible; SemrushBot/7~bl; +http://www.semrush.com/bot.html)"
185.191.171.4 - - [08/Mar/2023:16:49:05 +0100] "GET /?Itemid=47&catid=7&fontstyle=f-smaller&id=49&lang=fr&option=com_content&view=article HTTP/1.1" 302 574 "-" "Mozilla/5.0 (compatible; SemrushBot/7~bl; +http://www.semrush.com/bot.html)"
185.191.171.18 - - [08/Mar/2023:16:49:15 +0100] "GET /index.php?Itemid=53&catid=1&id=431&lang=fr&option=com_content&view=article HTTP/1.1" 302 560 "-" "Mozilla/5.0 (compatible; SemrushBot/7~bl; +http://www.semrush.com/bot.html)"
185.191.171.37 - - [08/Mar/2023:16:49:37 +0100] "GET /index.php?Itemid=3&id=324&lang=fr&option=com_content&view=article HTTP/1.1" 302 544 "-" "Mozilla/5.0 (compatible; SemrushBot/7~bl; +http://www.semrush.com/bot.html)"
185.191.171.43 - - [08/Mar/2023:16:49:42 +0100] "GET /?Itemid=53&catid=7&fontstyle=f-smaller&id=32&lang=en&option=com_content&view=article HTTP/1.1" 302 576 "-" "Mozilla/5.0 (compatible; SemrushBot/7~bl; +http://www.semrush.com/bot.html)"
185.191.171.5 - - [08/Mar/2023:16:49:42 +0100] "GET /?Itemid=12&catid=7&fontstyle=f-larger&id=45&lang=fr&option=com_content&view=article HTTP/1.1" 302 576 "-" "Mozilla/5.0 (compatible; SemrushBot/7~bl; +http://www.semrush.com/bot.html)"
184.105.139.68 - - [08/Mar/2023:16:49:47 +0100] "GET / HTTP/1.1" 404 1959 "-" "Mozilla/5.0 (Windows NT 10.0; Win64; x64; rv:109.0) Gecko/20100101 Firefox/110.0"
185.191.171.26 - - [08/Mar/2023:16:49:47 +0100] "GET /?Itemid=5&catid=7&fontstyle=f-larger&id=44&lang=en&option=com_content&view=article HTTP/1.1" 302 575 "-" "Mozilla/5.0 (compatible; SemrushBot/7~bl; +http://www.semrush.com/bot.html)"
185.191.171.24 - - [08/Mar/2023:16:50:00 +0100] "GET /?Itemid=53&catid=1&fontstyle=f-larger&id=432%3F%3Dfr&lang=en&option=com_content&view=article HTTP/1.1" 302 592 "-" "Mozilla/5.0 (compatible; SemrushBot/7~bl; +http://www.semrush.com/bot.html)"
194.110.203.45 - - [08/Mar/2023:16:50:03 +0100] "GET /backup_15032022.zip HTTP/1.1" 404 2162 "-" "Firefox"
185.191.171.5 - - [08/Mar/2023:16:50:16 +0100] "GET /?Itemid=49&catid=7&fontstyle=f-larger&id=34&lang=en&option=com_content&view=article HTTP/1.1" 302 576 "-" "Mozilla/5.0 (compatible; SemrushBot/7~bl; +http://www.semrush.com/bot.html)"
185.191.171.7 - - [08/Mar/2023:16:50:20 +0100] "GET /index.php?Itemid=53&id=334&lang=en&option=com_content&view=article HTTP/1.1" 302 546 "-" "Mozilla/5.0 (compatible; SemrushBot/7~bl; +http://www.semrush.com/bot.html)"
185.191.171.36 - - [08/Mar/2023:16:50:33 +0100] "GET /index.php?Itemid=0&id=298&lang=en&option=com_content&view=article HTTP/1.1" 302 544 "-" "Mozilla/5.0 (compatible; SemrushBot/7~bl; +http://www.semrush.com/bot.html)"
185.191.171.23 - - [08/Mar/2023:16:51:03 +0100] "GET /?Itemid=53&catid=7&fontstyle=f-larger&id=57&lang=en&option=com_content&view=article HTTP/1.1" 302 574 "-" "Mozilla/5.0 (compatible; SemrushBot/7~bl; +http://www.semrush.com/bot.html)"
185.191.171.18 - - [08/Mar/2023:16:51:06 +0100] "GET /index.php?Itemid=0&catid=8&id=135&lang=fr&option=com_content&view=article HTTP/1.1" 302 559 "-" "Mozilla/5.0 (compatible; SemrushBot/7~bl; +http://www.semrush.com/bot.html)"
212.129.37.175 - - [08/Mar/2023:16:51:17 +0100] "-" 408 1489 "-" "-"
185.191.171.5 - - [08/Mar/2023:16:52:21 +0100] "GET /?Itemid&fontstyle=f-larger&id=252&lang=en&option=com_content&view=article HTTP/1.1" 302 559 "-" "Mozilla/5.0 (compatible; SemrushBot/7~bl; +http://www.semrush.com/bot.html)"
185.191.171.36 - - [08/Mar/2023:16:52:29 +0100] "GET /index.php?Itemid&id=326&lang=en&option=com_content&view=article HTTP/1.1" 302 542 "-" "Mozilla/5.0 (compatible; SemrushBot/7~bl; +http://www.semrush.com/bot.html)"
212.129.37.175 - - [08/Mar/2023:16:52:39 +0100] "-" 408 1489 "-" "-"
