69.16.157.12 - - [06/Mar/2023:20:49:41 +0100] "GET /index.php?option=com_content&Itemid=3&id=1&lang=fr&layout=blog&limitstart=5%27&view=category HTTP/1.1" 302 629 "-" "Mozilla/5.0 (Windows NT 10.0; Win64; x64) AppleWebKit/537.36 (KHTML, like Gecko) Chrome/80.0.3987.163 Safari/537.36"
69.16.157.12 - - [06/Mar/2023:20:49:42 +0100] "GET /index.php?option=com_content&Itemid=3&id=1&lang=fr&layout=blog&limitstart=5&view=category%27 HTTP/1.1" 302 629 "-" "Mozilla/5.0 (Windows NT 10.0; Win64; x64) AppleWebKit/537.36 (KHTML, like Gecko) Chrome/80.0.3987.163 Safari/537.36"
217.113.194.51 - - [06/Mar/2023:20:50:03 +0100] "GET /index.php?option=com_content&catid=8&id=180&lang=fr&view=article HTTP/1.1" 404 2587 "-" "Mozilla/5.0 (compatible; Barkrowler/0.9; +https://babbar.tech/crawler)"
212.129.37.175 - - [06/Mar/2023:20:50:27 +0100] "-" 408 1489 "-" "-"
217.113.194.42 - - [06/Mar/2023:20:50:28 +0100] "GET /index.php?option=com_content&format=pdf&id=301&lang=fr&view=article HTTP/1.1" 404 2587 "-" "Mozilla/5.0 (compatible; Barkrowler/0.9; +https://babbar.tech/crawler)"
217.113.194.7 - - [06/Mar/2023:20:50:52 +0100] "GET /index.php?option=com_content&Itemid=53&id=238&lang=fr&view=article HTTP/1.1" 404 2587 "-" "Mozilla/5.0 (compatible; Barkrowler/0.9; +https://babbar.tech/crawler)"
217.113.194.51 - - [06/Mar/2023:20:51:17 +0100] "GET /index.php?option=com_content&Itemid=0&id=182&lang=fr&view=article HTTP/1.1" 404 2587 "-" "Mozilla/5.0 (compatible; Barkrowler/0.9; +https://babbar.tech/crawler)"
217.113.194.34 - - [06/Mar/2023:20:51:41 +0100] "GET /index.php?option=com_content&Itemid=0&id=193&lang=fr&view=article HTTP/1.1" 404 2587 "-" "Mozilla/5.0 (compatible; Barkrowler/0.9; +https://babbar.tech/crawler)"
217.113.194.7 - - [06/Mar/2023:20:52:06 +0100] "GET /index.php?option=com_content&Itemid=0&id=172&lang=fr&view=article HTTP/1.1" 404 2587 "-" "Mozilla/5.0 (compatible; Barkrowler/0.9; +https://babbar.tech/crawler)"
212.129.37.175 - - [06/Mar/2023:20:52:27 +0100] "-" 408 1489 "-" "-"
217.113.194.19 - - [06/Mar/2023:20:52:30 +0100] "GET /index.php?option=com_content&Itemid=0&id=175&lang=fr&view=article HTTP/1.1" 404 2587 "-" "Mozilla/5.0 (compatible; Barkrowler/0.9; +https://babbar.tech/crawler)"
217.113.194.41 - - [06/Mar/2023:20:52:54 +0100] "GET /index.php?option=com_content&Itemid=5&catid=7&id=18&lang=fr&view=article HTTP/1.1" 404 2587 "-" "Mozilla/5.0 (compatible; Barkrowler/0.9; +https://babbar.tech/crawler)"
217.113.194.59 - - [06/Mar/2023:20:53:19 +0100] "GET /index.php?option=com_content&Itemid=5&catid=7&id=19&lang=fr&view=article HTTP/1.1" 404 2587 "-" "Mozilla/5.0 (compatible; Barkrowler/0.9; +https://babbar.tech/crawler)"
217.113.194.11 - - [06/Mar/2023:20:53:43 +0100] "GET /index.php?option=com_content&Itemid=&catid=7&id=18&lang=en&view=article HTTP/1.1" 404 2587 "-" "Mozilla/5.0 (compatible; Barkrowler/0.9; +https://babbar.tech/crawler)"
217.113.194.55 - - [06/Mar/2023:20:54:07 +0100] "GET /index.php?option=com_content&Itemid=&catid=7&id=11&lang=en&view=article HTTP/1.1" 404 2587 "-" "Mozilla/5.0 (compatible; Barkrowler/0.9; +https://babbar.tech/crawler)"
212.129.37.175 - - [06/Mar/2023:20:54:27 +0100] "-" 408 1489 "-" "-"
217.113.194.24 - - [06/Mar/2023:20:54:32 +0100] "GET /index.php?option=com_content&Itemid=0&id=72&lang=fr&view=article HTTP/1.1" 404 2587 "-" "Mozilla/5.0 (compatible; Barkrowler/0.9; +https://babbar.tech/crawler)"
217.113.194.45 - - [06/Mar/2023:20:54:56 +0100] "GET /index.php?option=com_content&Itemid=14&id=103&lang=en&view=article HTTP/1.1" 404 2587 "-" "Mozilla/5.0 (compatible; Barkrowler/0.9; +https://babbar.tech/crawler)"
212.129.37.175 - - [06/Mar/2023:20:55:21 +0100] "-" 408 1489 "-" "-"
217.113.194.14 - - [06/Mar/2023:20:55:21 +0100] "GET /index.php?option=com_content&Itemid=14&id=103&lang=fr&view=article HTTP/1.1" 404 2587 "-" "Mozilla/5.0 (compatible; Barkrowler/0.9; +https://babbar.tech/crawler)"
217.113.194.5 - - [06/Mar/2023:20:55:45 +0100] "GET /index.php?option=com_content&catid=7&id=73&lang=fr&view=article HTTP/1.1" 404 2587 "-" "Mozilla/5.0 (compatible; Barkrowler/0.9; +https://babbar.tech/crawler)"
217.113.194.31 - - [06/Mar/2023:20:56:10 +0100] "GET /index.php?option=com_content&format=pdf&id=301&lang=en&view=article HTTP/1.1" 404 2587 "-" "Mozilla/5.0 (compatible; Barkrowler/0.9; +https://babbar.tech/crawler)"
217.113.194.48 - - [06/Mar/2023:20:56:34 +0100] "GET /index.php?option=com_content&format=pdf&id=155&lang=en&view=article HTTP/1.1" 404 2587 "-" "Mozilla/5.0 (compatible; Barkrowler/0.9; +https://babbar.tech/crawler)"
212.129.37.175 - - [06/Mar/2023:20:56:53 +0100] "-" 408 1489 "-" "-"
217.113.194.51 - - [06/Mar/2023:20:56:58 +0100] "GET /index.php?option=com_content&format=pdf&id=155&lang=fr&view=article HTTP/1.1" 404 2587 "-" "Mozilla/5.0 (compatible; Barkrowler/0.9; +https://babbar.tech/crawler)"
217.113.194.48 - - [06/Mar/2023:20:57:23 +0100] "GET /index.php?option=com_content&Itemid=0&catid=7&id=18&lang=fr&view=article HTTP/1.1" 404 2587 "-" "Mozilla/5.0 (compatible; Barkrowler/0.9; +https://babbar.tech/crawler)"
217.113.194.3 - - [06/Mar/2023:20:57:47 +0100] "GET /index.php?option=com_content&Itemid=0&catid=7&id=11&lang=fr&view=article HTTP/1.1" 404 2587 "-" "Mozilla/5.0 (compatible; Barkrowler/0.9; +https://babbar.tech/crawler)"
217.113.194.40 - - [06/Mar/2023:20:58:12 +0100] "GET /index.php?option=com_content&Itemid=53&catid=1&id=1&lang=fr&view=article HTTP/1.1" 404 2587 "-" "Mozilla/5.0 (compatible; Barkrowler/0.9; +https://babbar.tech/crawler)"
217.113.194.57 - - [06/Mar/2023:20:58:36 +0100] "GET /index.php?option=com_content&Itemid=5&catid=7&id=62&lang=fr&view=article HTTP/1.1" 404 2587 "-" "Mozilla/5.0 (compatible; Barkrowler/0.9; +https://babbar.tech/crawler)"
217.113.194.44 - - [06/Mar/2023:20:59:00 +0100] "GET /index.php?option=com_content&Itemid=&catid=7&id=23&lang=fr&view=article HTTP/1.1" 404 2587 "-" "Mozilla/5.0 (compatible; Barkrowler/0.9; +https://babbar.tech/crawler)"
212.129.37.175 - - [06/Mar/2023:20:59:20 +0100] "-" 408 1489 "-" "-"
217.113.194.58 - - [06/Mar/2023:20:59:25 +0100] "GET /index.php?option=com_content&Itemid=&catid=7&id=23&lang=en&view=article HTTP/1.1" 404 2587 "-" "Mozilla/5.0 (compatible; Barkrowler/0.9; +https://babbar.tech/crawler)"
217.113.194.63 - - [06/Mar/2023:20:59:49 +0100] "GET /index.php?option=com_content&Itemid=&catid=7&id=29&lang=en&view=article HTTP/1.1" 404 2587 "-" "Mozilla/5.0 (compatible; Barkrowler/0.9; +https://babbar.tech/crawler)"
60.161.138.28 - - [06/Mar/2023:20:59:53 +0100] "GET /" 400 458 "-" "-"
218.13.170.26 - - [06/Mar/2023:20:59:56 +0100] "GET /" 400 458 "-" "-"
220.180.170.188 - - [06/Mar/2023:20:59:56 +0100] "GET /" 400 458 "-" "-"
220.180.170.191 - - [06/Mar/2023:20:59:59 +0100] "GET /" 400 458 "-" "-"
217.113.194.36 - - [06/Mar/2023:21:00:13 +0100] "GET /index.php?option=com_content&Itemid=&catid=7&id=22&lang=fr&view=article HTTP/1.1" 404 2587 "-" "Mozilla/5.0 (compatible; Barkrowler/0.9; +https://babbar.tech/crawler)"
212.129.37.175 - - [06/Mar/2023:21:00:14 +0100] "-" 408 1489 "-" "-"
217.113.194.17 - - [06/Mar/2023:21:00:38 +0100] "GET /index.php?option=com_content&Itemid=&catid=7&id=22&lang=en&view=article HTTP/1.1" 404 2587 "-" "Mozilla/5.0 (compatible; Barkrowler/0.9; +https://babbar.tech/crawler)"
217.113.194.16 - - [06/Mar/2023:21:01:02 +0100] "GET /index.php?option=com_content&Itemid=&catid=7&id=63&lang=fr&view=article HTTP/1.1" 404 2587 "-" "Mozilla/5.0 (compatible; Barkrowler/0.9; +https://babbar.tech/crawler)"
212.129.37.175 - - [06/Mar/2023:21:01:20 +0100] "-" 408 1489 "-" "-"
217.113.194.17 - - [06/Mar/2023:21:01:27 +0100] "GET /index.php?option=com_content&Itemid=&catid=7&id=63&lang=en&view=article HTTP/1.1" 404 2587 "-" "Mozilla/5.0 (compatible; Barkrowler/0.9; +https://babbar.tech/crawler)"
217.113.194.22 - - [06/Mar/2023:21:01:51 +0100] "GET /index.php?option=com_content&Itemid=&catid=7&id=26&lang=fr&view=article HTTP/1.1" 404 2587 "-" "Mozilla/5.0 (compatible; Barkrowler/0.9; +https://babbar.tech/crawler)"
217.113.194.55 - - [06/Mar/2023:21:02:15 +0100] "GET /index.php?option=com_content&Itemid=&catid=7&id=26&lang=en&view=article HTTP/1.1" 404 2587 "-" "Mozilla/5.0 (compatible; Barkrowler/0.9; +https://babbar.tech/crawler)"
217.113.194.46 - - [06/Mar/2023:21:02:40 +0100] "GET /index.php?option=com_content&Itemid=&catid=7&id=62&lang=fr&view=article HTTP/1.1" 404 2587 "-" "Mozilla/5.0 (compatible; Barkrowler/0.9; +https://babbar.tech/crawler)"
217.113.194.47 - - [06/Mar/2023:21:03:04 +0100] "GET /index.php?option=com_content&Itemid=&catid=7&id=62&lang=en&view=article HTTP/1.1" 404 2587 "-" "Mozilla/5.0 (compatible; Barkrowler/0.9; +https://babbar.tech/crawler)"
198.199.111.75 - - [06/Mar/2023:21:03:27 +0100] "GET /owa/auth/x.js HTTP/1.1" 404 1969 "-" "Mozilla/5.0 zgrab/0.x"
217.113.194.43 - - [06/Mar/2023:21:03:28 +0100] "GET /index.php?option=com_content&Itemid=&catid=7&id=21&lang=fr&view=article HTTP/1.1" 404 2587 "-" "Mozilla/5.0 (compatible; Barkrowler/0.9; +https://babbar.tech/crawler)"
51.254.59.114 - - [06/Mar/2023:21:03:41 +0100] "GET / HTTP/1.1" 404 2127 "-" "Mozilla/5.0 (Windows NT 6.1) AppleWebKit/537.36 (KHTML, like Gecko) Chrome/41.0.2228.0 Safari/537.36"
217.113.194.34 - - [06/Mar/2023:21:03:53 +0100] "GET /index.php?option=com_content&Itemid=&catid=7&id=21&lang=en&view=article HTTP/1.1" 404 2587 "-" "Mozilla/5.0 (compatible; Barkrowler/0.9; +https://babbar.tech/crawler)"
212.129.37.175 - - [06/Mar/2023:21:04:14 +0100] "-" 408 1489 "-" "-"
217.113.194.63 - - [06/Mar/2023:21:04:17 +0100] "GET /index.php?option=com_content&Itemid=&catid=7&id=25&lang=fr&view=article HTTP/1.1" 404 2587 "-" "Mozilla/5.0 (compatible; Barkrowler/0.9; +https://babbar.tech/crawler)"
217.113.194.15 - - [06/Mar/2023:21:04:42 +0100] "GET /index.php?option=com_content&Itemid=&catid=7&id=25&lang=en&view=article HTTP/1.1" 404 2587 "-" "Mozilla/5.0 (compatible; Barkrowler/0.9; +https://babbar.tech/crawler)"
217.113.194.12 - - [06/Mar/2023:21:05:06 +0100] "GET /index.php?option=com_content&Itemid=&catid=7&id=19&lang=en&view=article HTTP/1.1" 404 2587 "-" "Mozilla/5.0 (compatible; Barkrowler/0.9; +https://babbar.tech/crawler)"
212.129.37.175 - - [06/Mar/2023:21:05:07 +0100] "-" 408 1489 "-" "-"
217.113.194.13 - - [06/Mar/2023:21:05:31 +0100] "GET /index.php?option=com_content&Itemid=7&catid=7&id=5&lang=fr&view=article HTTP/1.1" 404 2587 "-" "Mozilla/5.0 (compatible; Barkrowler/0.9; +https://babbar.tech/crawler)"
212.129.37.175 - - [06/Mar/2023:21:05:46 +0100] "-" 408 1489 "-" "-"
217.113.194.24 - - [06/Mar/2023:21:05:55 +0100] "GET /index.php?option=com_content&catid=7&format=pdf&id=26&lang=fr&view=article HTTP/1.1" 404 2587 "-" "Mozilla/5.0 (compatible; Barkrowler/0.9; +https://babbar.tech/crawler)"
66.249.66.85 - - [06/Mar/2023:21:06:09 +0100] "GET /robots.txt HTTP/1.1" 302 478 "-" "Mozilla/5.0 (compatible; Googlebot/2.1; +http://www.google.com/bot.html)"
66.249.66.84 - - [06/Mar/2023:21:06:09 +0100] "GET /index.php?option=com_content&Itemid=14&id=103&lang=en&view=article HTTP/1.1" 302 582 "-" "Mozilla/5.0 (Linux; Android 6.0.1; Nexus 5X Build/MMB29P) AppleWebKit/537.36 (KHTML, like Gecko) Chrome/110.0.5481.177 Mobile Safari/537.36 (compatible; Googlebot/2.1; +http://www.google.com/bot.html)"
217.113.194.7 - - [06/Mar/2023:21:06:19 +0100] "GET /index.php?option=com_content&catid=7&format=pdf&id=25&lang=fr&view=article HTTP/1.1" 404 2587 "-" "Mozilla/5.0 (compatible; Barkrowler/0.9; +https://babbar.tech/crawler)"
217.113.194.15 - - [06/Mar/2023:21:06:44 +0100] "GET /index.php?option=com_content&catid=7&format=pdf&id=18&lang=fr&view=article HTTP/1.1" 404 2587 "-" "Mozilla/5.0 (compatible; Barkrowler/0.9; +https://babbar.tech/crawler)"
217.113.194.60 - - [06/Mar/2023:21:07:08 +0100] "GET /index.php?option=com_content&catid=7&format=pdf&id=19&lang=fr&view=article HTTP/1.1" 404 2587 "-" "Mozilla/5.0 (compatible; Barkrowler/0.9; +https://babbar.tech/crawler)"
217.113.194.34 - - [06/Mar/2023:21:07:32 +0100] "GET /index.php?option=com_content&catid=7&format=pdf&id=62&lang=fr&view=article HTTP/1.1" 404 2587 "-" "Mozilla/5.0 (compatible; Barkrowler/0.9; +https://babbar.tech/crawler)"
217.113.194.43 - - [06/Mar/2023:21:07:57 +0100] "GET /index.php?option=com_content&catid=7&format=pdf&id=23&lang=fr&view=article HTTP/1.1" 404 2587 "-" "Mozilla/5.0 (compatible; Barkrowler/0.9; +https://babbar.tech/crawler)"
217.113.194.32 - - [06/Mar/2023:21:08:21 +0100] "GET /index.php?option=com_content&catid=7&format=pdf&id=21&lang=fr&view=article HTTP/1.1" 404 2587 "-" "Mozilla/5.0 (compatible; Barkrowler/0.9; +https://babbar.tech/crawler)"
167.94.138.61 - - [06/Mar/2023:21:08:40 +0100] "GET / HTTP/1.1" 302 402 "-" "-"
167.94.138.61 - - [06/Mar/2023:21:08:40 +0100] "GET / HTTP/1.1" 302 405 "-" "Mozilla/5.0 (compatible; CensysInspect/1.1; +https://about.censys.io/)"
167.94.138.61 - - [06/Mar/2023:21:08:40 +0100] "PRI * HTTP/2.0" 400 415 "-" "-"
217.113.194.1 - - [06/Mar/2023:21:08:46 +0100] "GET /index.php?option=com_content&Itemid=49&catid=7&id=5&lang=fr&view=article HTTP/1.1" 404 2587 "-" "Mozilla/5.0 (compatible; Barkrowler/0.9; +https://babbar.tech/crawler)"
212.129.37.175 - - [06/Mar/2023:21:09:08 +0100] "-" 408 1489 "-" "-"
217.113.194.20 - - [06/Mar/2023:21:09:10 +0100] "GET /index.php?option=com_content&Itemid=49&catid=7&id=18&lang=fr&view=article HTTP/1.1" 404 2587 "-" "Mozilla/5.0 (compatible; Barkrowler/0.9; +https://babbar.tech/crawler)"
35.233.62.116 - - [06/Mar/2023:21:09:12 +0100] "GET / HTTP/1.1" 302 461 "-" "python-requests/2.28.2"
217.113.194.25 - - [06/Mar/2023:21:09:34 +0100] "GET /index.php?option=com_content&Itemid=49&catid=7&id=19&lang=fr&view=article HTTP/1.1" 404 2587 "-" "Mozilla/5.0 (compatible; Barkrowler/0.9; +https://babbar.tech/crawler)"
217.113.194.44 - - [06/Mar/2023:21:09:59 +0100] "GET /index.php?option=com_content&Itemid=14&catid=7&id=18&lang=fr&view=article HTTP/1.1" 404 2587 "-" "Mozilla/5.0 (compatible; Barkrowler/0.9; +https://babbar.tech/crawler)"
212.129.37.175 - - [06/Mar/2023:21:10:01 +0100] "-" 408 1489 "-" "-"
212.129.37.175 - - [06/Mar/2023:21:10:13 +0100] "-" 408 1489 "-" "-"
217.113.194.3 - - [06/Mar/2023:21:10:23 +0100] "GET /index.php?option=com_content&Itemid=14&catid=7&id=19&lang=fr&view=article HTTP/1.1" 404 2587 "-" "Mozilla/5.0 (compatible; Barkrowler/0.9; +https://babbar.tech/crawler)"
217.113.194.25 - - [06/Mar/2023:21:10:48 +0100] "GET /index.php?option=com_content&Itemid=50&catid=7&id=18&lang=fr&view=article HTTP/1.1" 404 2587 "-" "Mozilla/5.0 (compatible; Barkrowler/0.9; +https://babbar.tech/crawler)"
217.113.194.35 - - [06/Mar/2023:21:11:12 +0100] "GET /index.php?option=com_content&Itemid=50&catid=7&id=19&lang=fr&view=article HTTP/1.1" 404 2587 "-" "Mozilla/5.0 (compatible; Barkrowler/0.9; +https://babbar.tech/crawler)"
216.131.109.162 - - [06/Mar/2023:21:11:17 +0100] "GET /index.php?option=com_content%27&catid=7&id=29&lang=en&view=article HTTP/1.1" 302 583 "-" "Mozilla/5.0 (Windows NT 10.0; Win64; x64) AppleWebKit/537.36 (KHTML, like Gecko) Chrome/80.0.3987.163 Safari/537.36"
216.131.109.162 - - [06/Mar/2023:21:11:17 +0100] "GET /index.php?option=com_content&catid=7%27&id=29&lang=en&view=article HTTP/1.1" 302 584 "-" "Mozilla/5.0 (Windows NT 10.0; Win64; x64) AppleWebKit/537.36 (KHTML, like Gecko) Chrome/80.0.3987.163 Safari/537.36"
216.131.109.162 - - [06/Mar/2023:21:11:17 +0100] "GET /index.php?option=com_content&catid=7&id=29%27&lang=en&view=article HTTP/1.1" 302 583 "-" "Mozilla/5.0 (Windows NT 10.0; Win64; x64) AppleWebKit/537.36 (KHTML, like Gecko) Chrome/80.0.3987.163 Safari/537.36"
216.131.109.162 - - [06/Mar/2023:21:11:18 +0100] "GET /index.php?option=com_content&catid=7&id=29&lang=en%27&view=article HTTP/1.1" 302 583 "-" "Mozilla/5.0 (Windows NT 10.0; Win64; x64) AppleWebKit/537.36 (KHTML, like Gecko) Chrome/80.0.3987.163 Safari/537.36"
216.131.109.162 - - [06/Mar/2023:21:11:18 +0100] "GET /index.php?option=com_content&catid=7&id=29&lang=en&view=article%27 HTTP/1.1" 302 584 "-" "Mozilla/5.0 (Windows NT 10.0; Win64; x64) AppleWebKit/537.36 (KHTML, like Gecko) Chrome/80.0.3987.163 Safari/537.36"
217.113.194.24 - - [06/Mar/2023:21:11:36 +0100] "GET /index.php?option=com_content&Itemid=53&catid=1&id=472&lang=fr&view=article HTTP/1.1" 404 2587 "-" "Mozilla/5.0 (compatible; Barkrowler/0.9; +https://babbar.tech/crawler)"
217.113.194.43 - - [06/Mar/2023:21:12:01 +0100] "GET /index.php?option=com_content&Itemid=53&catid=1&id=471&lang=fr&view=article HTTP/1.1" 404 2587 "-" "Mozilla/5.0 (compatible; Barkrowler/0.9; +https://babbar.tech/crawler)"
217.113.194.34 - - [06/Mar/2023:21:12:25 +0100] "GET /index.php?option=com_content&Itemid=53&catid=1&id=478&lang=fr&view=article HTTP/1.1" 404 2587 "-" "Mozilla/5.0 (compatible; Barkrowler/0.9; +https://babbar.tech/crawler)"
162.243.147.28 - - [06/Mar/2023:21:12:29 +0100] "GET /ecp/Current/exporttool/microsoft.exchange.ediscovery.exporttool.application HTTP/1.1" 404 2010 "-" "Mozilla/5.0 zgrab/0.x"
217.113.194.22 - - [06/Mar/2023:21:12:49 +0100] "GET /index.php?option=com_content&Itemid=53&catid=1&id=475&lang=fr&view=article HTTP/1.1" 404 2587 "-" "Mozilla/5.0 (compatible; Barkrowler/0.9; +https://babbar.tech/crawler)"
217.113.194.16 - - [06/Mar/2023:21:13:14 +0100] "GET /index.php?option=com_content&Itemid=53&catid=1&id=477&lang=fr&view=article HTTP/1.1" 404 2587 "-" "Mozilla/5.0 (compatible; Barkrowler/0.9; +https://babbar.tech/crawler)"
217.113.194.54 - - [06/Mar/2023:21:13:38 +0100] "GET /index.php?option=com_content&Itemid=53&catid=1&id=476&lang=fr&view=article HTTP/1.1" 404 2587 "-" "Mozilla/5.0 (compatible; Barkrowler/0.9; +https://babbar.tech/crawler)"
212.129.37.175 - - [06/Mar/2023:21:14:01 +0100] "-" 408 1489 "-" "-"
217.113.194.33 - - [06/Mar/2023:21:14:03 +0100] "GET /index.php?option=com_content&Itemid=53&catid=1&id=473&lang=fr&view=article HTTP/1.1" 404 2587 "-" "Mozilla/5.0 (compatible; Barkrowler/0.9; +https://babbar.tech/crawler)"
217.113.194.48 - - [06/Mar/2023:21:14:27 +0100] "GET /index.php?option=com_content&Itemid=53&catid=1&id=479&lang=fr&view=article HTTP/1.1" 404 2587 "-" "Mozilla/5.0 (compatible; Barkrowler/0.9; +https://babbar.tech/crawler)"
212.129.37.175 - - [06/Mar/2023:21:14:39 +0100] "-" 408 1489 "-" "-"
216.131.110.168 - - [06/Mar/2023:21:14:42 +0100] "GET /index.php?option=com_content%27&Itemid=&id=360&lang=fr&view=article HTTP/1.1" 302 587 "-" "Mozilla/5.0 (Windows NT 10.0; Win64; x64) AppleWebKit/537.36 (KHTML, like Gecko) Chrome/80.0.3987.163 Safari/537.36"
216.131.110.168 - - [06/Mar/2023:21:14:42 +0100] "GET /index.php?option=com_content&Itemid=%27&id=360&lang=fr&view=article HTTP/1.1" 302 587 "-" "Mozilla/5.0 (Windows NT 10.0; Win64; x64) AppleWebKit/537.36 (KHTML, like Gecko) Chrome/80.0.3987.163 Safari/537.36"
216.131.110.168 - - [06/Mar/2023:21:14:44 +0100] "GET /index.php?option=com_content&Itemid=&id=360%27&lang=fr&view=article HTTP/1.1" 302 586 "-" "Mozilla/5.0 (Windows NT 10.0; Win64; x64) AppleWebKit/537.36 (KHTML, like Gecko) Chrome/80.0.3987.163 Safari/537.36"
216.131.110.168 - - [06/Mar/2023:21:14:44 +0100] "GET /index.php?option=com_content&Itemid=&id=360&lang=fr%27&view=article HTTP/1.1" 302 586 "-" "Mozilla/5.0 (Windows NT 10.0; Win64; x64) AppleWebKit/537.36 (KHTML, like Gecko) Chrome/80.0.3987.163 Safari/537.36"
216.131.110.168 - - [06/Mar/2023:21:14:46 +0100] "GET /index.php?option=com_content&Itemid=&id=360&lang=fr&view=article%27 HTTP/1.1" 302 587 "-" "Mozilla/5.0 (Windows NT 10.0; Win64; x64) AppleWebKit/537.36 (KHTML, like Gecko) Chrome/80.0.3987.163 Safari/537.36"
217.113.194.57 - - [06/Mar/2023:21:14:52 +0100] "GET /index.php?option=com_content&Itemid=53&catid=1&id=474&lang=fr&view=article HTTP/1.1" 404 2587 "-" "Mozilla/5.0 (compatible; Barkrowler/0.9; +https://babbar.tech/crawler)"
212.129.37.175 - - [06/Mar/2023:21:14:54 +0100] "-" 408 1489 "-" "-"
217.113.194.57 - - [06/Mar/2023:21:15:16 +0100] "GET /index.php?option=com_content&Itemid=53&catid=1&id=462&lang=fr&view=article HTTP/1.1" 404 2587 "-" "Mozilla/5.0 (compatible; Barkrowler/0.9; +https://babbar.tech/crawler)"
66.240.236.109 - - [06/Mar/2023:21:15:20 +0100] "GET / HTTP/1.1" 302 405 "-" "Mozilla/5.0 zgrab/0.x"
162.142.125.210 - - [06/Mar/2023:21:15:25 +0100] "GET / HTTP/1.1" 302 402 "-" "-"
162.142.125.210 - - [06/Mar/2023:21:15:25 +0100] "GET / HTTP/1.1" 302 405 "-" "Mozilla/5.0 (compatible; CensysInspect/1.1; +https://about.censys.io/)"
162.142.125.210 - - [06/Mar/2023:21:15:25 +0100] "PRI * HTTP/2.0" 400 415 "-" "-"
217.113.194.58 - - [06/Mar/2023:21:15:40 +0100] "GET /index.php?option=com_content&Itemid=53&catid=1&id=461&lang=fr&view=article HTTP/1.1" 404 2587 "-" "Mozilla/5.0 (compatible; Barkrowler/0.9; +https://babbar.tech/crawler)"
217.113.194.50 - - [06/Mar/2023:21:16:05 +0100] "GET /index.php?option=com_content&Itemid=53&catid=1&id=460&lang=fr&view=article HTTP/1.1" 404 2587 "-" "Mozilla/5.0 (compatible; Barkrowler/0.9; +https://babbar.tech/crawler)"
217.113.194.44 - - [06/Mar/2023:21:16:29 +0100] "GET /index.php?option=com_content&Itemid=53&catid=1&id=482&lang=fr&view=article HTTP/1.1" 404 2587 "-" "Mozilla/5.0 (compatible; Barkrowler/0.9; +https://babbar.tech/crawler)"
217.113.194.48 - - [06/Mar/2023:21:16:53 +0100] "GET /index.php?option=com_content&Itemid=53&catid=1&id=481&lang=fr&view=article HTTP/1.1" 404 2587 "-" "Mozilla/5.0 (compatible; Barkrowler/0.9; +https://babbar.tech/crawler)"
217.113.194.1 - - [06/Mar/2023:21:17:18 +0100] "GET /index.php?option=com_content&Itemid=53&catid=1&id=488&lang=fr&view=article HTTP/1.1" 404 2587 "-" "Mozilla/5.0 (compatible; Barkrowler/0.9; +https://babbar.tech/crawler)"
186.127.214.85 - - [06/Mar/2023:21:17:37 +0100] "GET / HTTP/1.0" 404 2656 "-" "-"
217.113.194.51 - - [06/Mar/2023:21:17:42 +0100] "GET /index.php?option=com_content&Itemid=53&catid=1&id=487&lang=fr&view=article HTTP/1.1" 404 2587 "-" "Mozilla/5.0 (compatible; Barkrowler/0.9; +https://babbar.tech/crawler)"
217.113.194.38 - - [06/Mar/2023:21:18:07 +0100] "GET /index.php?option=com_content&Itemid=53&catid=1&id=486&lang=fr&view=article HTTP/1.1" 404 2587 "-" "Mozilla/5.0 (compatible; Barkrowler/0.9; +https://babbar.tech/crawler)"
217.113.194.12 - - [06/Mar/2023:21:18:31 +0100] "GET /index.php?option=com_content&Itemid=53&catid=1&id=483&lang=fr&view=article HTTP/1.1" 404 2587 "-" "Mozilla/5.0 (compatible; Barkrowler/0.9; +https://babbar.tech/crawler)"
212.129.37.175 - - [06/Mar/2023:21:18:55 +0100] "-" 408 1489 "-" "-"
217.113.194.36 - - [06/Mar/2023:21:18:55 +0100] "GET /index.php?option=com_content&Itemid=53&catid=1&id=480&lang=fr&view=article HTTP/1.1" 404 2587 "-" "Mozilla/5.0 (compatible; Barkrowler/0.9; +https://babbar.tech/crawler)"
212.129.37.175 - - [06/Mar/2023:21:19:05 +0100] "-" 408 1489 "-" "-"
192.99.36.61 - - [06/Mar/2023:21:19:16 +0100] "GET /robots.txt HTTP/1.1" 302 478 "-" "Mozilla/5.0 (compatible; MJ12bot/v1.4.8; http://mj12bot.com/)"
192.99.36.61 - - [06/Mar/2023:21:19:19 +0100] "GET /?option=com_content&id=124&lang=fr&view=article&fontstyle=f-larger HTTP/1.1" 302 528 "-" "Mozilla/5.0 (compatible; MJ12bot/v1.4.8; http://mj12bot.com/)"
217.113.194.10 - - [06/Mar/2023:21:19:20 +0100] "GET /index.php?option=com_content&Itemid=53&catid=1&id=489&lang=fr&view=article HTTP/1.1" 404 2587 "-" "Mozilla/5.0 (compatible; Barkrowler/0.9; +https://babbar.tech/crawler)"
192.99.36.61 - - [06/Mar/2023:21:19:41 +0100] "GET /?option=com_content&id=124&lang=fr&view=article&fontstyle=f-smaller HTTP/1.1" 302 529 "-" "Mozilla/5.0 (compatible; MJ12bot/v1.4.8; http://mj12bot.com/)"
217.113.194.56 - - [06/Mar/2023:21:19:44 +0100] "GET /index.php?option=com_content&Itemid=53&catid=1&id=237&lang=fr&view=article HTTP/1.1" 404 2587 "-" "Mozilla/5.0 (compatible; Barkrowler/0.9; +https://babbar.tech/crawler)"
192.99.36.61 - - [06/Mar/2023:21:19:50 +0100] "GET /?option=com_content&id=158&lang=fr&view=article&fontstyle=f-larger HTTP/1.1" 302 529 "-" "Mozilla/5.0 (compatible; MJ12bot/v1.4.8; http://mj12bot.com/)"
212.129.37.175 - - [06/Mar/2023:21:19:54 +0100] "-" 408 1489 "-" "-"
192.99.36.61 - - [06/Mar/2023:21:20:01 +0100] "GET /?option=com_content&id=328&lang=fr&view=article&fontstyle=f-larger HTTP/1.1" 302 528 "-" "Mozilla/5.0 (compatible; MJ12bot/v1.4.8; http://mj12bot.com/)"
217.113.194.13 - - [06/Mar/2023:21:20:08 +0100] "GET /index.php?option=com_content&Itemid=53&catid=1&id=233&lang=fr&view=article HTTP/1.1" 404 2587 "-" "Mozilla/5.0 (compatible; Barkrowler/0.9; +https://babbar.tech/crawler)"
192.99.36.61 - - [06/Mar/2023:21:20:10 +0100] "GET /?option=com_content&id=328&lang=fr&view=article&fontstyle=f-smaller HTTP/1.1" 302 530 "-" "Mozilla/5.0 (compatible; MJ12bot/v1.4.8; http://mj12bot.com/)"
192.99.36.61 - - [06/Mar/2023:21:20:19 +0100] "GET /?option=com_content&id=334&lang=fr&view=article&fontstyle=f-larger HTTP/1.1" 302 528 "-" "Mozilla/5.0 (compatible; MJ12bot/v1.4.8; http://mj12bot.com/)"
192.99.36.61 - - [06/Mar/2023:21:20:32 +0100] "GET /?option=com_content&id=334&lang=fr&view=article&fontstyle=f-smaller HTTP/1.1" 302 529 "-" "Mozilla/5.0 (compatible; MJ12bot/v1.4.8; http://mj12bot.com/)"
217.113.194.44 - - [06/Mar/2023:21:20:33 +0100] "GET /index.php?option=com_content&Itemid=53&catid=1&id=232&lang=fr&view=article HTTP/1.1" 404 2587 "-" "Mozilla/5.0 (compatible; Barkrowler/0.9; +https://babbar.tech/crawler)"
192.99.36.61 - - [06/Mar/2023:21:20:39 +0100] "GET /?option=com_content&id=346&lang=fr&view=article&fontstyle=f-larger HTTP/1.1" 302 529 "-" "Mozilla/5.0 (compatible; MJ12bot/v1.4.8; http://mj12bot.com/)"
192.99.36.61 - - [06/Mar/2023:21:20:51 +0100] "GET /?option=com_content&id=346&lang=fr&view=article&fontstyle=f-smaller HTTP/1.1" 302 530 "-" "Mozilla/5.0 (compatible; MJ12bot/v1.4.8; http://mj12bot.com/)"
192.99.36.61 - - [06/Mar/2023:21:20:56 +0100] "GET /?option=com_content&id=349&lang=fr&view=article&fontstyle=f-larger HTTP/1.1" 302 528 "-" "Mozilla/5.0 (compatible; MJ12bot/v1.4.8; http://mj12bot.com/)"
217.113.194.61 - - [06/Mar/2023:21:20:57 +0100] "GET /index.php?option=com_content&Itemid=53&catid=1&id=231&lang=fr&view=article HTTP/1.1" 404 2587 "-" "Mozilla/5.0 (compatible; Barkrowler/0.9; +https://babbar.tech/crawler)"
192.99.36.61 - - [06/Mar/2023:21:21:05 +0100] "GET /?option=com_content&id=352&lang=fr&view=article&fontstyle=f-larger HTTP/1.1" 302 528 "-" "Mozilla/5.0 (compatible; MJ12bot/v1.4.8; http://mj12bot.com/)"
192.99.36.61 - - [06/Mar/2023:21:21:17 +0100] "GET /?option=com_content&id=352&lang=fr&view=article&fontstyle=f-smaller HTTP/1.1" 302 530 "-" "Mozilla/5.0 (compatible; MJ12bot/v1.4.8; http://mj12bot.com/)"
217.113.194.40 - - [06/Mar/2023:21:21:21 +0100] "GET /index.php?option=com_content&Itemid=53&catid=1&id=409&lang=fr&view=article HTTP/1.1" 404 2587 "-" "Mozilla/5.0 (compatible; Barkrowler/0.9; +https://babbar.tech/crawler)"
192.99.36.61 - - [06/Mar/2023:21:21:30 +0100] "GET /?option=com_content&id=353&lang=fr&view=article&fontstyle=f-larger HTTP/1.1" 302 528 "-" "Mozilla/5.0 (compatible; MJ12bot/v1.4.8; http://mj12bot.com/)"
69.16.157.83 - - [06/Mar/2023:21:21:39 +0100] "GET /index.php?option=com_content%27&Itemid=3&catid=7&id=8&lang=fr&view=article HTTP/1.1" 302 597 "-" "Mozilla/5.0 (Windows NT 10.0; Win64; x64) AppleWebKit/537.36 (KHTML, like Gecko) Chrome/80.0.3987.163 Safari/537.36"
69.16.157.83 - - [06/Mar/2023:21:21:39 +0100] "GET /index.php?option=com_content&Itemid=3%27&catid=7&id=8&lang=fr&view=article HTTP/1.1" 302 597 "-" "Mozilla/5.0 (Windows NT 10.0; Win64; x64) AppleWebKit/537.36 (KHTML, like Gecko) Chrome/80.0.3987.163 Safari/537.36"
69.16.157.83 - - [06/Mar/2023:21:21:39 +0100] "GET /index.php?option=com_content&Itemid=3&catid=7%27&id=8&lang=fr&view=article HTTP/1.1" 302 598 "-" "Mozilla/5.0 (Windows NT 10.0; Win64; x64) AppleWebKit/537.36 (KHTML, like Gecko) Chrome/80.0.3987.163 Safari/537.36"
69.16.157.83 - - [06/Mar/2023:21:21:40 +0100] "GET /index.php?option=com_content&Itemid=3&catid=7&id=8%27&lang=fr&view=article HTTP/1.1" 302 597 "-" "Mozilla/5.0 (Windows NT 10.0; Win64; x64) AppleWebKit/537.36 (KHTML, like Gecko) Chrome/80.0.3987.163 Safari/537.36"
69.16.157.83 - - [06/Mar/2023:21:21:40 +0100] "GET /index.php?option=com_content&Itemid=3&catid=7&id=8&lang=fr%27&view=article HTTP/1.1" 302 597 "-" "Mozilla/5.0 (Windows NT 10.0; Win64; x64) AppleWebKit/537.36 (KHTML, like Gecko) Chrome/80.0.3987.163 Safari/537.36"
69.16.157.83 - - [06/Mar/2023:21:21:40 +0100] "GET /index.php?option=com_content&Itemid=3&catid=7&id=8&lang=fr&view=article%27 HTTP/1.1" 302 598 "-" "Mozilla/5.0 (Windows NT 10.0; Win64; x64) AppleWebKit/537.36 (KHTML, like Gecko) Chrome/80.0.3987.163 Safari/537.36"
192.99.36.61 - - [06/Mar/2023:21:21:41 +0100] "GET /?option=com_content&id=353&lang=fr&view=article&fontstyle=f-smaller HTTP/1.1" 302 530 "-" "Mozilla/5.0 (compatible; MJ12bot/v1.4.8; http://mj12bot.com/)"
217.113.194.43 - - [06/Mar/2023:21:21:46 +0100] "GET /index.php?option=com_content&Itemid=53&catid=1&id=420&lang=fr&view=article HTTP/1.1" 404 2587 "-" "Mozilla/5.0 (compatible; Barkrowler/0.9; +https://babbar.tech/crawler)"
192.99.36.61 - - [06/Mar/2023:21:21:49 +0100] "GET /?option=com_content&id=354&lang=fr&view=article&fontstyle=f-larger HTTP/1.1" 302 528 "-" "Mozilla/5.0 (compatible; MJ12bot/v1.4.8; http://mj12bot.com/)"
192.99.36.61 - - [06/Mar/2023:21:21:58 +0100] "GET /?option=com_content&id=354&lang=fr&view=article&fontstyle=f-smaller HTTP/1.1" 302 530 "-" "Mozilla/5.0 (compatible; MJ12bot/v1.4.8; http://mj12bot.com/)"
217.113.194.16 - - [06/Mar/2023:21:22:10 +0100] "GET /index.php?option=com_content&Itemid=53&catid=1&id=432&lang=fr&view=article HTTP/1.1" 404 2587 "-" "Mozilla/5.0 (compatible; Barkrowler/0.9; +https://babbar.tech/crawler)"
192.99.36.61 - - [06/Mar/2023:21:22:13 +0100] "GET /?option=com_content&id=355&lang=fr&view=article&fontstyle=f-larger HTTP/1.1" 302 528 "-" "Mozilla/5.0 (compatible; MJ12bot/v1.4.8; http://mj12bot.com/)"
192.99.36.61 - - [06/Mar/2023:21:22:25 +0100] "GET /?option=com_content&id=355&lang=fr&view=article&fontstyle=f-smaller HTTP/1.1" 302 530 "-" "Mozilla/5.0 (compatible; MJ12bot/v1.4.8; http://mj12bot.com/)"
217.113.194.52 - - [06/Mar/2023:21:22:35 +0100] "GET /index.php?option=com_content&Itemid=53&catid=1&id=431&lang=fr&view=article HTTP/1.1" 404 2587 "-" "Mozilla/5.0 (compatible; Barkrowler/0.9; +https://babbar.tech/crawler)"
192.99.36.61 - - [06/Mar/2023:21:22:35 +0100] "GET /?option=com_content&id=356&lang=fr&view=article&fontstyle=f-larger HTTP/1.1" 302 529 "-" "Mozilla/5.0 (compatible; MJ12bot/v1.4.8; http://mj12bot.com/)"
192.99.36.61 - - [06/Mar/2023:21:22:46 +0100] "GET /?option=com_content&id=356&lang=fr&view=article&fontstyle=f-smaller HTTP/1.1" 302 530 "-" "Mozilla/5.0 (compatible; MJ12bot/v1.4.8; http://mj12bot.com/)"
192.99.36.61 - - [06/Mar/2023:21:22:50 +0100] "GET /?option=com_content&id=357&lang=fr&view=article&fontstyle=f-larger HTTP/1.1" 302 529 "-" "Mozilla/5.0 (compatible; MJ12bot/v1.4.8; http://mj12bot.com/)"
192.99.36.61 - - [06/Mar/2023:21:22:53 +0100] "GET /?option=com_content&id=357&lang=fr&view=article&fontstyle=f-smaller HTTP/1.1" 302 531 "-" "Mozilla/5.0 (compatible; MJ12bot/v1.4.8; http://mj12bot.com/)"
192.99.36.61 - - [06/Mar/2023:21:22:58 +0100] "GET /?option=com_content&id=359&lang=fr&view=article&fontstyle=f-larger HTTP/1.1" 302 529 "-" "Mozilla/5.0 (compatible; MJ12bot/v1.4.8; http://mj12bot.com/)"
217.113.194.37 - - [06/Mar/2023:21:22:59 +0100] "GET /index.php?option=com_content&Itemid=53&catid=1&id=438&lang=fr&view=article HTTP/1.1" 404 2587 "-" "Mozilla/5.0 (compatible; Barkrowler/0.9; +https://babbar.tech/crawler)"
192.99.36.61 - - [06/Mar/2023:21:23:02 +0100] "GET /?option=com_content&id=359&lang=fr&view=article&fontstyle=f-smaller HTTP/1.1" 302 530 "-" "Mozilla/5.0 (compatible; MJ12bot/v1.4.8; http://mj12bot.com/)"
217.113.194.32 - - [06/Mar/2023:21:23:23 +0100] "GET /index.php?option=com_content&Itemid=53&catid=1&id=435&lang=fr&view=article HTTP/1.1" 404 2587 "-" "Mozilla/5.0 (compatible; Barkrowler/0.9; +https://babbar.tech/crawler)"
212.129.37.175 - - [06/Mar/2023:21:23:32 +0100] "-" 408 1489 "-" "-"
217.113.194.19 - - [06/Mar/2023:21:23:48 +0100] "GET /index.php?option=com_content&Itemid=53&catid=1&id=437&lang=fr&view=article HTTP/1.1" 404 2587 "-" "Mozilla/5.0 (compatible; Barkrowler/0.9; +https://babbar.tech/crawler)"
212.129.37.175 - - [06/Mar/2023:21:23:49 +0100] "-" 408 1489 "-" "-"
217.113.194.25 - - [06/Mar/2023:21:24:12 +0100] "GET /index.php?option=com_content&Itemid=53&catid=1&id=436&lang=fr&view=article HTTP/1.1" 404 2587 "-" "Mozilla/5.0 (compatible; Barkrowler/0.9; +https://babbar.tech/crawler)"
217.113.194.10 - - [06/Mar/2023:21:24:36 +0100] "GET /index.php?option=com_content&Itemid=53&catid=1&id=433&lang=fr&view=article HTTP/1.1" 404 2587 "-" "Mozilla/5.0 (compatible; Barkrowler/0.9; +https://babbar.tech/crawler)"
212.129.37.175 - - [06/Mar/2023:21:24:47 +0100] "-" 408 1489 "-" "-"
217.113.194.33 - - [06/Mar/2023:21:25:01 +0100] "GET /index.php?option=com_content&Itemid=53&catid=1&id=430&lang=fr&view=article HTTP/1.1" 404 2587 "-" "Mozilla/5.0 (compatible; Barkrowler/0.9; +https://babbar.tech/crawler)"
217.113.194.61 - - [06/Mar/2023:21:25:25 +0100] "GET /index.php?option=com_content&Itemid=53&catid=1&id=434&lang=fr&view=article HTTP/1.1" 404 2587 "-" "Mozilla/5.0 (compatible; Barkrowler/0.9; +https://babbar.tech/crawler)"
217.113.194.54 - - [06/Mar/2023:21:25:50 +0100] "GET /index.php?option=com_content&Itemid=53&catid=1&id=490&lang=fr&view=article HTTP/1.1" 404 2587 "-" "Mozilla/5.0 (compatible; Barkrowler/0.9; +https://babbar.tech/crawler)"
217.113.194.14 - - [06/Mar/2023:21:26:14 +0100] "GET /index.php?option=com_content&Itemid=53&catid=1&id=412&lang=fr&view=article HTTP/1.1" 404 2587 "-" "Mozilla/5.0 (compatible; Barkrowler/0.9; +https://babbar.tech/crawler)"
107.170.192.15 - - [06/Mar/2023:21:26:21 +0100] "GET /owa/auth/logon.aspx HTTP/1.1" 404 1973 "-" "Mozilla/5.0 zgrab/0.x"
217.113.194.42 - - [06/Mar/2023:21:26:38 +0100] "GET /index.php?option=com_content&Itemid=53&catid=1&id=411&lang=fr&view=article HTTP/1.1" 404 2587 "-" "Mozilla/5.0 (compatible; Barkrowler/0.9; +https://babbar.tech/crawler)"
217.113.194.48 - - [06/Mar/2023:21:27:03 +0100] "GET /index.php?option=com_content&Itemid=53&catid=1&id=415&lang=fr&view=article HTTP/1.1" 404 2586 "-" "Mozilla/5.0 (compatible; Barkrowler/0.9; +https://babbar.tech/crawler)"
217.113.194.21 - - [06/Mar/2023:21:27:27 +0100] "GET /index.php?option=com_content&Itemid=53&catid=1&id=417&lang=fr&view=article HTTP/1.1" 404 2587 "-" "Mozilla/5.0 (compatible; Barkrowler/0.9; +https://babbar.tech/crawler)"
217.113.194.23 - - [06/Mar/2023:21:27:52 +0100] "GET /index.php?option=com_content&Itemid=53&catid=1&id=416&lang=fr&view=article HTTP/1.1" 404 2587 "-" "Mozilla/5.0 (compatible; Barkrowler/0.9; +https://babbar.tech/crawler)"
212.129.37.175 - - [06/Mar/2023:21:27:58 +0100] "-" 408 1489 "-" "-"
217.113.194.10 - - [06/Mar/2023:21:28:16 +0100] "GET /index.php?option=com_content&Itemid=53&catid=1&id=413&lang=fr&view=article HTTP/1.1" 404 2587 "-" "Mozilla/5.0 (compatible; Barkrowler/0.9; +https://babbar.tech/crawler)"
217.113.194.24 - - [06/Mar/2023:21:28:40 +0100] "GET /index.php?option=com_content&Itemid=53&catid=1&id=419&lang=fr&view=article HTTP/1.1" 404 2587 "-" "Mozilla/5.0 (compatible; Barkrowler/0.9; +https://babbar.tech/crawler)"
212.129.37.175 - - [06/Mar/2023:21:28:42 +0100] "-" 408 1489 "-" "-"
217.113.194.33 - - [06/Mar/2023:21:29:05 +0100] "GET /index.php?option=com_content&Itemid=53&catid=1&id=414&lang=fr&view=article HTTP/1.1" 404 2587 "-" "Mozilla/5.0 (compatible; Barkrowler/0.9; +https://babbar.tech/crawler)"
217.113.194.36 - - [06/Mar/2023:21:29:29 +0100] "GET /index.php?option=com_content&Itemid=53&catid=1&id=229&lang=fr&view=article HTTP/1.1" 404 2587 "-" "Mozilla/5.0 (compatible; Barkrowler/0.9; +https://babbar.tech/crawler)"
212.129.37.175 - - [06/Mar/2023:21:29:41 +0100] "-" 408 1489 "-" "-"
217.113.194.24 - - [06/Mar/2023:21:29:54 +0100] "GET /index.php?option=com_content&Itemid=53&catid=1&id=452&lang=fr&view=article HTTP/1.1" 404 2587 "-" "Mozilla/5.0 (compatible; Barkrowler/0.9; +https://babbar.tech/crawler)"
217.113.194.18 - - [06/Mar/2023:21:30:18 +0100] "GET /index.php?option=com_content&Itemid=53&catid=1&id=451&lang=fr&view=article HTTP/1.1" 404 2587 "-" "Mozilla/5.0 (compatible; Barkrowler/0.9; +https://babbar.tech/crawler)"
217.113.194.31 - - [06/Mar/2023:21:30:42 +0100] "GET /index.php?option=com_content&Itemid=53&catid=1&id=458&lang=fr&view=article HTTP/1.1" 404 2587 "-" "Mozilla/5.0 (compatible; Barkrowler/0.9; +https://babbar.tech/crawler)"
217.113.194.63 - - [06/Mar/2023:21:31:07 +0100] "GET /index.php?option=com_content&Itemid=53&catid=1&id=450&lang=fr&view=article HTTP/1.1" 404 2587 "-" "Mozilla/5.0 (compatible; Barkrowler/0.9; +https://babbar.tech/crawler)"
217.113.194.21 - - [06/Mar/2023:21:31:31 +0100] "GET /index.php?option=com_content&Itemid=53&catid=1&id=459&lang=fr&view=article HTTP/1.1" 404 2587 "-" "Mozilla/5.0 (compatible; Barkrowler/0.9; +https://babbar.tech/crawler)"
217.113.194.1 - - [06/Mar/2023:21:31:55 +0100] "GET /index.php?option=com_content&Itemid=53&catid=1&id=442&lang=fr&view=article HTTP/1.1" 404 2587 "-" "Mozilla/5.0 (compatible; Barkrowler/0.9; +https://babbar.tech/crawler)"
217.113.194.56 - - [06/Mar/2023:21:32:20 +0100] "GET /index.php?option=com_content&Itemid=53&catid=1&id=441&lang=fr&view=article HTTP/1.1" 404 2587 "-" "Mozilla/5.0 (compatible; Barkrowler/0.9; +https://babbar.tech/crawler)"
212.129.37.175 - - [06/Mar/2023:21:32:25 +0100] "-" 408 1489 "-" "-"
217.113.194.19 - - [06/Mar/2023:21:32:44 +0100] "GET /index.php?option=com_content&Itemid=53&catid=1&id=443&lang=fr&view=article HTTP/1.1" 404 2587 "-" "Mozilla/5.0 (compatible; Barkrowler/0.9; +https://babbar.tech/crawler)"
217.113.194.21 - - [06/Mar/2023:21:33:09 +0100] "GET /index.php?option=com_content&Itemid=53&catid=1&id=449&lang=fr&view=article HTTP/1.1" 404 2587 "-" "Mozilla/5.0 (compatible; Barkrowler/0.9; +https://babbar.tech/crawler)"
217.113.194.31 - - [06/Mar/2023:21:33:33 +0100] "GET /index.php?option=com_content&Itemid=53&catid=1&id=444&lang=fr&view=article HTTP/1.1" 404 2587 "-" "Mozilla/5.0 (compatible; Barkrowler/0.9; +https://babbar.tech/crawler)"
212.129.37.175 - - [06/Mar/2023:21:33:35 +0100] "-" 408 1489 "-" "-"
217.113.194.30 - - [06/Mar/2023:21:33:57 +0100] "GET /index.php?option=com_content&Itemid=53&catid=7&id=5&lang=fr&view=article HTTP/1.1" 404 2587 "-" "Mozilla/5.0 (compatible; Barkrowler/0.9; +https://babbar.tech/crawler)"
217.113.194.25 - - [06/Mar/2023:21:34:22 +0100] "GET /index.php?option=com_content&Itemid=53&catid=7&id=18&lang=fr&view=article HTTP/1.1" 404 2587 "-" "Mozilla/5.0 (compatible; Barkrowler/0.9; +https://babbar.tech/crawler)"
212.129.37.175 - - [06/Mar/2023:21:34:34 +0100] "-" 408 1489 "-" "-"
217.113.194.16 - - [06/Mar/2023:21:34:46 +0100] "GET /index.php?option=com_content&Itemid=53&catid=7&id=19&lang=fr&view=article HTTP/1.1" 404 2587 "-" "Mozilla/5.0 (compatible; Barkrowler/0.9; +https://babbar.tech/crawler)"
217.113.194.2 - - [06/Mar/2023:21:35:10 +0100] "GET /index.php?option=com_content&Itemid=3&catid=1&id=327&lang=fr&view=article HTTP/1.1" 404 2587 "-" "Mozilla/5.0 (compatible; Barkrowler/0.9; +https://babbar.tech/crawler)"
217.113.194.32 - - [06/Mar/2023:21:35:35 +0100] "GET /index.php?option=com_content&Itemid=3&catid=7&id=63&lang=en&view=article HTTP/1.1" 404 2587 "-" "Mozilla/5.0 (compatible; Barkrowler/0.9; +https://babbar.tech/crawler)"
217.113.194.35 - - [06/Mar/2023:21:35:59 +0100] "GET /index.php?option=com_content&Itemid=3&catid=1&id=474&lang=fr&view=article HTTP/1.1" 404 2587 "-" "Mozilla/5.0 (compatible; Barkrowler/0.9; +https://babbar.tech/crawler)"
217.113.194.47 - - [06/Mar/2023:21:36:24 +0100] "GET /index.php?option=com_content&Itemid=3&catid=1&id=416&lang=fr&view=article HTTP/1.1" 404 2587 "-" "Mozilla/5.0 (compatible; Barkrowler/0.9; +https://babbar.tech/crawler)"
217.113.194.53 - - [06/Mar/2023:21:36:48 +0100] "GET /index.php?option=com_content&Itemid=3&catid=1&id=413&lang=fr&view=article HTTP/1.1" 404 2587 "-" "Mozilla/5.0 (compatible; Barkrowler/0.9; +https://babbar.tech/crawler)"
212.129.37.175 - - [06/Mar/2023:21:36:51 +0100] "-" 408 1489 "-" "-"
103.107.198.218 - - [06/Mar/2023:21:36:54 +0100] "GET /index.php?option=com_content'A=0&catid=7&id=21&lang=fr&view=article HTTP/1.1" 302 586 "http://activpush.fr/index.php?option=com_content'A=0&catid=7&id=21&lang=fr&view=article" "Mozilla/5.0 (Windows; U; Windows NT 5.1; pt-PT; rv:1.9.1.2) Gecko/20090729 Firefox/3.5.2 (.NET CLR 3.5.30729)"
103.107.198.218 - - [06/Mar/2023:21:36:56 +0100] "GET /index.php?option=com_content'A=0&catid=7&id=21&lang=fr&view=article HTTP/1.1" 302 530 "http://activpush.fr/index.php?option=com_content'A=0&catid=7&id=21&lang=fr&view=article" "Mozilla/5.0 (Windows; U; Windows NT 5.1; pt-PT; rv:1.9.1.2) Gecko/20090729 Firefox/3.5.2 (.NET CLR 3.5.30729)"
103.107.198.218 - - [06/Mar/2023:21:36:57 +0100] "GET /index.php?option=com_content'A=0&catid=7&id=21&lang=fr&view=article HTTP/1.1" 302 530 "http://activpush.fr/index.php?option=com_content'A=0&catid=7&id=21&lang=fr&view=article" "Mozilla/5.0 (Windows; U; Windows NT 5.1; pt-PT; rv:1.9.1.2) Gecko/20090729 Firefox/3.5.2 (.NET CLR 3.5.30729)"
103.107.198.218 - - [06/Mar/2023:21:36:59 +0100] "GET /index.php?option=com_content'A=0&catid=7&id=21&lang=fr&view=article HTTP/1.1" 302 530 "http://activpush.fr/index.php?option=com_content'A=0&catid=7&id=21&lang=fr&view=article" "Mozilla/5.0 (Windows; U; Windows NT 5.1; pt-PT; rv:1.9.1.2) Gecko/20090729 Firefox/3.5.2 (.NET CLR 3.5.30729)"
103.107.198.218 - - [06/Mar/2023:21:37:01 +0100] "GET /index.php?option=com_content'A=0&catid=7&id=21&lang=fr&view=article HTTP/1.1" 302 530 "http://activpush.fr/index.php?option=com_content'A=0&catid=7&id=21&lang=fr&view=article" "Mozilla/5.0 (Windows; U; Windows NT 5.1; pt-PT; rv:1.9.1.2) Gecko/20090729 Firefox/3.5.2 (.NET CLR 3.5.30729)"
103.107.198.218 - - [06/Mar/2023:21:37:02 +0100] "GET /index.php?option=com_content'A=0&catid=7&id=21&lang=fr&view=article HTTP/1.1" 302 530 "http://activpush.fr/index.php?option=com_content'A=0&catid=7&id=21&lang=fr&view=article" "Mozilla/5.0 (Windows; U; Windows NT 5.1; pt-PT; rv:1.9.1.2) Gecko/20090729 Firefox/3.5.2 (.NET CLR 3.5.30729)"
103.107.198.218 - - [06/Mar/2023:21:37:03 +0100] "GET /index.php?option=com_content&catid=7'A=0&id=21&lang=fr&view=article HTTP/1.1" 302 530 "http://activpush.fr/index.php?option=com_content&catid=7'A=0&id=21&lang=fr&view=article" "Mozilla/5.0 (Windows; U; Windows NT 5.1; pt-PT; rv:1.9.1.2) Gecko/20090729 Firefox/3.5.2 (.NET CLR 3.5.30729)"
103.107.198.218 - - [06/Mar/2023:21:37:05 +0100] "GET /index.php?option=com_content&catid=7&id=21'A=0&lang=fr&view=article HTTP/1.1" 302 531 "http://activpush.fr/index.php?option=com_content&catid=7&id=21'A=0&lang=fr&view=article" "Mozilla/5.0 (Windows; U; Windows NT 5.1; pt-PT; rv:1.9.1.2) Gecko/20090729 Firefox/3.5.2 (.NET CLR 3.5.30729)"
103.107.198.218 - - [06/Mar/2023:21:37:07 +0100] "GET /index.php?option=com_content&catid=7&id=21&lang=fr'A=0&view=article HTTP/1.1" 302 531 "http://activpush.fr/index.php?option=com_content&catid=7&id=21&lang=fr'A=0&view=article" "Mozilla/5.0 (Windows; U; Windows NT 5.1; pt-PT; rv:1.9.1.2) Gecko/20090729 Firefox/3.5.2 (.NET CLR 3.5.30729)"
103.107.198.218 - - [06/Mar/2023:21:37:10 +0100] "GET /index.php?option=com_content&catid=7&id=21&lang=fr&view=article'A=0 HTTP/1.1" 302 530 "http://activpush.fr/index.php?option=com_content&catid=7&id=21&lang=fr&view=article'A=0" "Mozilla/5.0 (Windows; U; Windows NT 5.1; pt-PT; rv:1.9.1.2) Gecko/20090729 Firefox/3.5.2 (.NET CLR 3.5.30729)"
217.113.194.39 - - [06/Mar/2023:21:37:12 +0100] "GET /index.php?option=com_content&Itemid=3&catid=1&id=103&lang=fr&view=article HTTP/1.1" 404 2587 "-" "Mozilla/5.0 (compatible; Barkrowler/0.9; +https://babbar.tech/crawler)"
77.88.5.11 - - [06/Mar/2023:21:37:35 +0100] "GET /robots.txt HTTP/1.1" 404 2740 "-" "Mozilla/5.0 (compatible; YandexBot/3.0; +http://yandex.com/bots)"
217.113.194.33 - - [06/Mar/2023:21:37:37 +0100] "GET /index.php?option=com_content&Itemid=5&catid=7&id=62&lang=en&view=article HTTP/1.1" 404 2587 "-" "Mozilla/5.0 (compatible; Barkrowler/0.9; +https://babbar.tech/crawler)"
77.88.5.11 - - [06/Mar/2023:21:37:38 +0100] "GET /index.php?option=com_content&catid=7&format=pdf&id=73&lang=en&view=article HTTP/1.1" 404 548 "-" "Mozilla/5.0 (compatible; YandexBot/3.0; +http://yandex.com/bots)"
217.113.194.36 - - [06/Mar/2023:21:38:01 +0100] "GET /index.php?option=com_content&Itemid=5&catid=7&id=22&lang=fr&view=article HTTP/1.1" 404 2587 "-" "Mozilla/5.0 (compatible; Barkrowler/0.9; +https://babbar.tech/crawler)"
217.113.194.35 - - [06/Mar/2023:21:38:26 +0100] "GET /index.php?option=com_content&Itemid=5&catid=7&id=63&lang=fr&view=article HTTP/1.1" 404 2587 "-" "Mozilla/5.0 (compatible; Barkrowler/0.9; +https://babbar.tech/crawler)"
212.129.37.175 - - [06/Mar/2023:21:38:29 +0100] "-" 408 1489 "-" "-"
217.113.194.5 - - [06/Mar/2023:21:38:50 +0100] "GET /index.php?option=com_content&Itemid=5&catid=7&id=21&lang=fr&view=article HTTP/1.1" 404 2587 "-" "Mozilla/5.0 (compatible; Barkrowler/0.9; +https://babbar.tech/crawler)"
217.113.194.19 - - [06/Mar/2023:21:39:14 +0100] "GET /index.php?option=com_content&Itemid=5&catid=7&id=23&lang=fr&view=article HTTP/1.1" 404 2587 "-" "Mozilla/5.0 (compatible; Barkrowler/0.9; +https://babbar.tech/crawler)"
212.129.37.175 - - [06/Mar/2023:21:39:27 +0100] "-" 408 1489 "-" "-"
217.113.194.5 - - [06/Mar/2023:21:39:39 +0100] "GET /index.php?option=com_content&Itemid=5&catid=7&id=29&lang=fr&view=article HTTP/1.1" 404 2587 "-" "Mozilla/5.0 (compatible; Barkrowler/0.9; +https://babbar.tech/crawler)"
217.113.194.54 - - [06/Mar/2023:21:40:03 +0100] "GET /index.php?option=com_content&Itemid=5&catid=7&id=26&lang=fr&view=article HTTP/1.1" 404 2587 "-" "Mozilla/5.0 (compatible; Barkrowler/0.9; +https://babbar.tech/crawler)"
217.113.194.62 - - [06/Mar/2023:21:40:28 +0100] "GET /index.php?option=com_content&Itemid=5&catid=7&id=25&lang=fr&view=article HTTP/1.1" 404 2587 "-" "Mozilla/5.0 (compatible; Barkrowler/0.9; +https://babbar.tech/crawler)"
217.113.194.44 - - [06/Mar/2023:21:40:52 +0100] "GET /index.php?option=com_content&Itemid=45&catid=7&id=18&lang=fr&view=article HTTP/1.1" 404 2587 "-" "Mozilla/5.0 (compatible; Barkrowler/0.9; +https://babbar.tech/crawler)"
217.113.194.32 - - [06/Mar/2023:21:41:17 +0100] "GET /index.php?option=com_content&Itemid=48&catid=7&id=18&lang=fr&view=article HTTP/1.1" 404 2587 "-" "Mozilla/5.0 (compatible; Barkrowler/0.9; +https://babbar.tech/crawler)"
212.129.37.175 - - [06/Mar/2023:21:41:18 +0100] "-" 408 1489 "-" "-"
217.113.194.49 - - [06/Mar/2023:21:41:41 +0100] "GET /index.php?option=com_content&Itemid=48&catid=7&id=19&lang=fr&view=article HTTP/1.1" 404 2587 "-" "Mozilla/5.0 (compatible; Barkrowler/0.9; +https://babbar.tech/crawler)"
217.113.194.22 - - [06/Mar/2023:21:42:06 +0100] "GET /index.php?option=com_content&Itemid=48&catid=7&id=12&lang=fr&view=article HTTP/1.1" 404 2587 "-" "Mozilla/5.0 (compatible; Barkrowler/0.9; +https://babbar.tech/crawler)"
194.110.203.45 - - [06/Mar/2023:21:42:26 +0100] "GET /backup_08042022.zip HTTP/1.1" 404 2162 "-" "Firefox"
217.113.194.29 - - [06/Mar/2023:21:42:30 +0100] "GET /index.php?option=com_content&Itemid=48&catid=7&id=11&lang=fr&view=article HTTP/1.1" 404 2587 "-" "Mozilla/5.0 (compatible; Barkrowler/0.9; +https://babbar.tech/crawler)"
217.113.194.9 - - [06/Mar/2023:21:42:55 +0100] "GET /index.php?option=com_content&Itemid=46&catid=7&id=18&lang=fr&view=article HTTP/1.1" 404 2587 "-" "Mozilla/5.0 (compatible; Barkrowler/0.9; +https://babbar.tech/crawler)"
217.113.194.39 - - [06/Mar/2023:21:43:19 +0100] "GET /index.php?option=com_content&Itemid=46&catid=7&id=19&lang=fr&view=article HTTP/1.1" 404 2587 "-" "Mozilla/5.0 (compatible; Barkrowler/0.9; +https://babbar.tech/crawler)"
212.129.37.175 - - [06/Mar/2023:21:43:22 +0100] "-" 408 1489 "-" "-"
217.113.194.46 - - [06/Mar/2023:21:43:44 +0100] "GET /index.php?option=com_content&Itemid=46&catid=7&id=14&lang=fr&view=article HTTP/1.1" 404 2587 "-" "Mozilla/5.0 (compatible; Barkrowler/0.9; +https://babbar.tech/crawler)"
217.113.194.11 - - [06/Mar/2023:21:44:08 +0100] "GET /index.php?option=com_content&Itemid=47&catid=7&id=5&lang=fr&view=article HTTP/1.1" 404 2587 "-" "Mozilla/5.0 (compatible; Barkrowler/0.9; +https://babbar.tech/crawler)"
212.129.37.175 - - [06/Mar/2023:21:44:21 +0100] "-" 408 1489 "-" "-"
217.113.194.52 - - [06/Mar/2023:21:44:33 +0100] "GET /index.php?option=com_content&Itemid=&catid=7&id=73&lang=en&view=article HTTP/1.1" 404 2587 "-" "Mozilla/5.0 (compatible; Barkrowler/0.9; +https://babbar.tech/crawler)"
217.113.194.8 - - [06/Mar/2023:21:44:57 +0100] "GET /index.php?option=com_content&Itemid=&catid=7&id=73&lang=fr&view=article HTTP/1.1" 404 2587 "-" "Mozilla/5.0 (compatible; Barkrowler/0.9; +https://babbar.tech/crawler)"
114.243.134.122 - - [06/Mar/2023:21:45:04 +0100] "GET / HTTP/1.1" 404 2009 "-" "Go-http-client/1.1"
217.113.194.57 - - [06/Mar/2023:21:45:21 +0100] "GET /index.php?option=com_content&Itemid=5&format=pdf&id=256&lang=fr&view=article HTTP/1.1" 404 2587 "-" "Mozilla/5.0 (compatible; Barkrowler/0.9; +https://babbar.tech/crawler)"
212.129.37.175 - - [06/Mar/2023:21:45:44 +0100] "-" 408 1489 "-" "-"
217.113.194.49 - - [06/Mar/2023:21:45:46 +0100] "GET /index.php?option=com_content&Itemid=16&catid=7&id=5&lang=fr&view=article HTTP/1.1" 404 2587 "-" "Mozilla/5.0 (compatible; Barkrowler/0.9; +https://babbar.tech/crawler)"
217.113.194.39 - - [06/Mar/2023:21:46:10 +0100] "GET /index.php?option=com_content&Itemid=16&catid=7&id=18&lang=fr&view=article HTTP/1.1" 404 2587 "-" "Mozilla/5.0 (compatible; Barkrowler/0.9; +https://babbar.tech/crawler)"
217.113.194.32 - - [06/Mar/2023:21:46:35 +0100] "GET /index.php?option=com_content&Itemid=16&catid=7&id=19&lang=fr&view=article HTTP/1.1" 404 2587 "-" "Mozilla/5.0 (compatible; Barkrowler/0.9; +https://babbar.tech/crawler)"
