185.191.171.10 - - [09/Mar/2023:07:24:19 +0100] "GET /?fontstyle=f-smaller&id=300&lang=fr&option=com_content&view=article HTTP/1.1" 302 548 "-" "Mozilla/5.0 (compatible; SemrushBot/7~bl; +http://www.semrush.com/bot.html)"
185.191.171.20 - - [09/Mar/2023:07:24:27 +0100] "GET /index.php?Itemid=53&catid=1&id=420&lang=en&option=com_content&view=article HTTP/1.1" 302 560 "-" "Mozilla/5.0 (compatible; SemrushBot/7~bl; +http://www.semrush.com/bot.html)"
185.191.171.4 - - [09/Mar/2023:07:24:28 +0100] "GET /index.php?Itemid=0&id=151&lang=en&option=com_content&view=article HTTP/1.1" 302 544 "-" "Mozilla/5.0 (compatible; SemrushBot/7~bl; +http://www.semrush.com/bot.html)"
185.191.171.45 - - [09/Mar/2023:07:24:31 +0100] "GET /index.php?catid=7&id=44&lang=en&option=com_content&view=article HTTP/1.1" 302 542 "-" "Mozilla/5.0 (compatible; SemrushBot/7~bl; +http://www.semrush.com/bot.html)"
185.191.171.5 - - [09/Mar/2023:07:24:37 +0100] "GET /?Itemid=0&catid=7&fontstyle=f-smaller&id=23&lang=fr&option=com_content&view=article HTTP/1.1" 302 574 "-" "Mozilla/5.0 (compatible; SemrushBot/7~bl; +http://www.semrush.com/bot.html)"
185.191.171.38 - - [09/Mar/2023:07:24:44 +0100] "GET /?Itemid=0&fontstyle=f-smaller&id=352&lang=fr&option=com_content&view=article HTTP/1.1" 302 562 "-" "Mozilla/5.0 (compatible; SemrushBot/7~bl; +http://www.semrush.com/bot.html)"
212.129.37.175 - - [09/Mar/2023:07:24:55 +0100] "-" 408 1489 "-" "-"
185.191.171.34 - - [09/Mar/2023:07:25:12 +0100] "GET /index.php?Itemid&catid=7&id=63&lang=en&option=com_content&view=article HTTP/1.1" 302 554 "-" "Mozilla/5.0 (compatible; SemrushBot/7~bl; +http://www.semrush.com/bot.html)"
185.191.171.37 - - [09/Mar/2023:07:25:58 +0100] "GET /?Itemid=5&catid=7&fontstyle=f-larger&id=5&lang=en&option=com_content&view=article HTTP/1.1" 302 571 "-" "Mozilla/5.0 (compatible; SemrushBot/7~bl; +http://www.semrush.com/bot.html)"
185.191.171.16 - - [09/Mar/2023:07:26:25 +0100] "GET /?Itemid=0&fontstyle=f-larger&id=371&lang=fr&option=com_content&view=article HTTP/1.1" 302 563 "-" "Mozilla/5.0 (compatible; SemrushBot/7~bl; +http://www.semrush.com/bot.html)"
185.191.171.9 - - [09/Mar/2023:07:26:41 +0100] "GET /index.php?Itemid=49&catid=7&id=18&lang=fr&option=com_content&view=article HTTP/1.1" 302 559 "-" "Mozilla/5.0 (compatible; SemrushBot/7~bl; +http://www.semrush.com/bot.html)"
185.191.171.14 - - [09/Mar/2023:07:27:04 +0100] "GET /?Itemid=50&catid=7&fontstyle=f-larger&id=58&lang=fr&option=com_content&view=article HTTP/1.1" 302 574 "-" "Mozilla/5.0 (compatible; SemrushBot/7~bl; +http://www.semrush.com/bot.html)"
185.191.171.4 - - [09/Mar/2023:07:27:21 +0100] "GET /?Itemid=0&fontstyle=f-smaller&id=284&lang=en&option=com_content&view=article HTTP/1.1" 302 563 "-" "Mozilla/5.0 (compatible; SemrushBot/7~bl; +http://www.semrush.com/bot.html)"
185.191.171.38 - - [09/Mar/2023:07:27:22 +0100] "GET /?Itemid=50&catid=7&fontstyle=f-smaller&id=43&lang=en&option=com_content&view=article HTTP/1.1" 302 576 "-" "Mozilla/5.0 (compatible; SemrushBot/7~bl; +http://www.semrush.com/bot.html)"
185.191.171.35 - - [09/Mar/2023:07:27:36 +0100] "GET /index.php?lang=fr HTTP/1.1" 302 479 "-" "Mozilla/5.0 (compatible; SemrushBot/7~bl; +http://www.semrush.com/bot.html)"
185.191.171.13 - - [09/Mar/2023:07:27:41 +0100] "GET /?Itemid=53&fontstyle=f-larger&id=354&lang=en&option=com_content&view=article HTTP/1.1" 302 564 "-" "Mozilla/5.0 (compatible; SemrushBot/7~bl; +http://www.semrush.com/bot.html)"
174.138.24.155 - - [09/Mar/2023:07:27:43 +0100] "GET /ab2g HTTP/1.1" 404 1963 "-" "Mozilla/5.0 zgrab/0.x"
174.138.24.155 - - [09/Mar/2023:07:27:45 +0100] "GET /ab2h HTTP/1.1" 404 1962 "-" "Mozilla/5.0 zgrab/0.x"
185.191.171.43 - - [09/Mar/2023:07:27:51 +0100] "GET /index.php?Itemid=0&id=368&lang=en&option=com_content&view=article HTTP/1.1" 302 545 "-" "Mozilla/5.0 (compatible; SemrushBot/7~bl; +http://www.semrush.com/bot.html)"
212.129.37.175 - - [09/Mar/2023:07:27:52 +0100] "-" 408 1489 "-" "-"
185.191.171.7 - - [09/Mar/2023:07:28:10 +0100] "GET /index.php?Itemid=0&id=211&lang=fr&option=com_content&view=article HTTP/1.1" 302 544 "-" "Mozilla/5.0 (compatible; SemrushBot/7~bl; +http://www.semrush.com/bot.html)"
185.191.171.14 - - [09/Mar/2023:07:28:34 +0100] "GET /?Itemid&catid=7&fontstyle=f-larger&id=20&lang=en&option=com_content&view=article HTTP/1.1" 302 571 "-" "Mozilla/5.0 (compatible; SemrushBot/7~bl; +http://www.semrush.com/bot.html)"
185.191.171.38 - - [09/Mar/2023:07:28:39 +0100] "GET /index.php?Itemid=53&id=356&lang=en&option=com_content&view=article HTTP/1.1" 302 546 "-" "Mozilla/5.0 (compatible; SemrushBot/7~bl; +http://www.semrush.com/bot.html)"
185.191.171.35 - - [09/Mar/2023:07:28:44 +0100] "GET /?Itemid=3&catid=1&fontstyle=f-larger&id=413%3F%3Dfr&lang=fr&option=com_content&view=article HTTP/1.1" 302 590 "-" "Mozilla/5.0 (compatible; SemrushBot/7~bl; +http://www.semrush.com/bot.html)"
185.191.171.17 - - [09/Mar/2023:07:28:47 +0100] "GET /?Itemid=46&catid=7&fontstyle=f-larger&id=57&lang=en&option=com_content&view=article HTTP/1.1" 302 575 "-" "Mozilla/5.0 (compatible; SemrushBot/7~bl; +http://www.semrush.com/bot.html)"
185.191.171.37 - - [09/Mar/2023:07:28:54 +0100] "GET /?catid=7&fontstyle=f-larger&id=62&lang=en&option=com_content&view=article HTTP/1.1" 302 559 "-" "Mozilla/5.0 (compatible; SemrushBot/7~bl; +http://www.semrush.com/bot.html)"
185.191.171.10 - - [09/Mar/2023:07:29:01 +0100] "GET /index.php?Itemid=47&catid=7&id=28&lang=en&option=com_content&view=article HTTP/1.1" 302 558 "-" "Mozilla/5.0 (compatible; SemrushBot/7~bl; +http://www.semrush.com/bot.html)"
212.129.37.175 - - [09/Mar/2023:07:29:07 +0100] "-" 408 1489 "-" "-"
185.191.171.45 - - [09/Mar/2023:07:29:11 +0100] "GET /?Itemid=47&catid=7&fontstyle=f-larger&id=52&lang=en&option=com_content&view=article HTTP/1.1" 302 575 "-" "Mozilla/5.0 (compatible; SemrushBot/7~bl; +http://www.semrush.com/bot.html)"
212.129.37.175 - - [09/Mar/2023:07:29:21 +0100] "-" 408 1489 "-" "-"
185.191.171.2 - - [09/Mar/2023:07:29:39 +0100] "GET /?Itemid=47&catid=7&fontstyle=f-smaller&id=24&lang=fr&option=com_content&view=article HTTP/1.1" 302 575 "-" "Mozilla/5.0 (compatible; SemrushBot/7~bl; +http://www.semrush.com/bot.html)"
185.191.171.39 - - [09/Mar/2023:07:29:44 +0100] "GET /?Itemid=3&catid=7&fontstyle=f-smaller&id=16&lang=en&option=com_content&view=article HTTP/1.1" 302 576 "-" "Mozilla/5.0 (compatible; SemrushBot/7~bl; +http://www.semrush.com/bot.html)"
185.191.171.45 - - [09/Mar/2023:07:30:26 +0100] "GET /index.php?id=315&lang=fr&option=com_content&view=article HTTP/1.1" 302 530 "-" "Mozilla/5.0 (compatible; SemrushBot/7~bl; +http://www.semrush.com/bot.html)"
185.191.171.6 - - [09/Mar/2023:07:30:43 +0100] "GET /index.php?Itemid&catid=7%3Aarticles&id=23&lang=en&option=com_xmap&view=article HTTP/1.1" 302 566 "-" "Mozilla/5.0 (compatible; SemrushBot/7~bl; +http://www.semrush.com/bot.html)"
185.191.171.15 - - [09/Mar/2023:07:30:45 +0100] "GET /?Itemid=46&catid=7&fontstyle=f-larger&id=28&lang=en&option=com_content&view=article HTTP/1.1" 302 576 "-" "Mozilla/5.0 (compatible; SemrushBot/7~bl; +http://www.semrush.com/bot.html)"
185.191.171.1 - - [09/Mar/2023:07:31:06 +0100] "GET /index.php?Itemid=06&id=176&lang=fr&option=com_content&view=article HTTP/1.1" 302 547 "-" "Mozilla/5.0 (compatible; SemrushBot/7~bl; +http://www.semrush.com/bot.html)"
185.191.171.35 - - [09/Mar/2023:07:31:18 +0100] "GET /index.php?Itemid=0&id=365&lang=en&option=com_content&view=article HTTP/1.1" 302 545 "-" "Mozilla/5.0 (compatible; SemrushBot/7~bl; +http://www.semrush.com/bot.html)"
185.191.171.35 - - [09/Mar/2023:07:31:19 +0100] "GET /?Itemid=49&catid=7&fontstyle=f-smaller&id=28&lang=en&option=com_content&view=article HTTP/1.1" 302 576 "-" "Mozilla/5.0 (compatible; SemrushBot/7~bl; +http://www.semrush.com/bot.html)"
185.191.171.34 - - [09/Mar/2023:07:31:21 +0100] "GET /?Itemid=11&catid=7&fontstyle=f-larger&id=32&lang=fr&option=com_content&view=article HTTP/1.1" 302 575 "-" "Mozilla/5.0 (compatible; SemrushBot/7~bl; +http://www.semrush.com/bot.html)"
185.191.171.42 - - [09/Mar/2023:07:31:22 +0100] "GET /index.php?id=254&lang=fr&option=com_content&view=article HTTP/1.1" 302 530 "-" "Mozilla/5.0 (compatible; SemrushBot/7~bl; +http://www.semrush.com/bot.html)"
185.191.171.38 - - [09/Mar/2023:07:31:48 +0100] "GET /?Itemid=3&catid=7&fontstyle=f-smaller&id=28&lang=en&option=com_content&view=article HTTP/1.1" 302 576 "-" "Mozilla/5.0 (compatible; SemrushBot/7~bl; +http://www.semrush.com/bot.html)"
185.191.171.13 - - [09/Mar/2023:07:32:09 +0100] "GET /?catid=7&fontstyle=f-larger&id=21&lang=fr&option=com_content&view=article HTTP/1.1" 302 559 "-" "Mozilla/5.0 (compatible; SemrushBot/7~bl; +http://www.semrush.com/bot.html)"
212.129.37.175 - - [09/Mar/2023:07:32:45 +0100] "-" 408 1489 "-" "-"
185.191.171.4 - - [09/Mar/2023:07:32:47 +0100] "GET /?Itemid=49&catid=7&fontstyle=f-larger&id=46&lang=fr&option=com_content&view=article HTTP/1.1" 302 575 "-" "Mozilla/5.0 (compatible; SemrushBot/7~bl; +http://www.semrush.com/bot.html)"
185.191.171.41 - - [09/Mar/2023:07:32:59 +0100] "GET /?Itemid=53&fontstyle=f-larger&id=360&lang=fr&option=com_content&view=article HTTP/1.1" 302 564 "-" "Mozilla/5.0 (compatible; SemrushBot/7~bl; +http://www.semrush.com/bot.html)"
185.191.171.6 - - [09/Mar/2023:07:33:03 +0100] "GET /?Itemid=16&catid=7&fontstyle=f-larger&id=63&lang=en&option=com_content&view=article HTTP/1.1" 302 575 "-" "Mozilla/5.0 (compatible; SemrushBot/7~bl; +http://www.semrush.com/bot.html)"
185.191.171.19 - - [09/Mar/2023:07:33:05 +0100] "GET /?Itemid=50&catid=7&fontstyle=f-smaller&id=44&lang=en&option=com_content&view=article HTTP/1.1" 302 576 "-" "Mozilla/5.0 (compatible; SemrushBot/7~bl; +http://www.semrush.com/bot.html)"
152.89.196.211 - - [09/Mar/2023:07:33:12 +0100] "GET /actuator/gateway/routes HTTP/1.1" 302 463 "-" "Mozilla/5.0 (Windows NT 10.0; Win64; x64) AppleWebKit/537.36 (KHTML, like Gecko) Chrome/78.0.3904.108 Safari/537.36"
212.129.37.175 - - [09/Mar/2023:07:33:48 +0100] "-" 408 1489 "-" "-"
185.191.171.17 - - [09/Mar/2023:07:33:59 +0100] "GET /?Itemid=3&fontstyle=f-larger&id=317&lang=fr&option=com_content&view=article HTTP/1.1" 302 562 "-" "Mozilla/5.0 (compatible; SemrushBot/7~bl; +http://www.semrush.com/bot.html)"
212.129.37.175 - - [09/Mar/2023:07:34:01 +0100] "-" 408 1489 "-" "-"
185.191.171.9 - - [09/Mar/2023:07:34:05 +0100] "GET /index.php?Itemid=45&catid=7&id=49&lang=en&option=com_content&view=article HTTP/1.1" 302 556 "-" "Mozilla/5.0 (compatible; SemrushBot/7~bl; +http://www.semrush.com/bot.html)"
185.191.171.36 - - [09/Mar/2023:07:34:26 +0100] "GET /index.php?Itemid=16&catid=7&id=36&lang=fr&option=com_content&view=article HTTP/1.1" 302 557 "-" "Mozilla/5.0 (compatible; SemrushBot/7~bl; +http://www.semrush.com/bot.html)"
82.155.133.170 - - [09/Mar/2023:07:34:35 +0100] "GET /backup_08032022.zip HTTP/1.1" 404 1967 "-" "Firefox"
185.191.171.14 - - [09/Mar/2023:07:34:36 +0100] "GET /?Itemid=53&fontstyle=f-smaller&id=325&lang=fr&option=com_content&view=article HTTP/1.1" 302 565 "-" "Mozilla/5.0 (compatible; SemrushBot/7~bl; +http://www.semrush.com/bot.html)"
185.191.171.36 - - [09/Mar/2023:07:34:43 +0100] "GET /index.php?Itemid=0&id=165&lang=fr&option=com_content&view=article HTTP/1.1" 302 545 "-" "Mozilla/5.0 (compatible; SemrushBot/7~bl; +http://www.semrush.com/bot.html)"
185.191.171.26 - - [09/Mar/2023:07:34:45 +0100] "GET /index.php?Itemid=3&id=238&lang=en&option=com_content&view=article HTTP/1.1" 302 544 "-" "Mozilla/5.0 (compatible; SemrushBot/7~bl; +http://www.semrush.com/bot.html)"
185.191.171.45 - - [09/Mar/2023:07:35:03 +0100] "GET /?Itemid=46&catid=7&fontstyle=f-larger&id=52&lang=en&option=com_content&view=article HTTP/1.1" 302 576 "-" "Mozilla/5.0 (compatible; SemrushBot/7~bl; +http://www.semrush.com/bot.html)"
185.191.171.13 - - [09/Mar/2023:07:35:27 +0100] "GET /?Itemid=0&catid=7&fontstyle=f-larger&id=26&lang=en&option=com_content&view=article HTTP/1.1" 302 575 "-" "Mozilla/5.0 (compatible; SemrushBot/7~bl; +http://www.semrush.com/bot.html)"
185.191.171.19 - - [09/Mar/2023:07:35:35 +0100] "GET /index.php?id=364&lang=fr&option=com_content&view=article HTTP/1.1" 302 530 "-" "Mozilla/5.0 (compatible; SemrushBot/7~bl; +http://www.semrush.com/bot.html)"
185.191.171.36 - - [09/Mar/2023:07:35:45 +0100] "GET /?Itemid=47&catid=7&fontstyle=f-larger&id=18&lang=fr&option=com_content&view=article HTTP/1.1" 302 575 "-" "Mozilla/5.0 (compatible; SemrushBot/7~bl; +http://www.semrush.com/bot.html)"
185.191.171.35 - - [09/Mar/2023:07:36:53 +0100] "GET /?fontstyle=f-larger&id=349&lang=fr&option=com_content&view=article HTTP/1.1" 302 547 "-" "Mozilla/5.0 (compatible; SemrushBot/7~bl; +http://www.semrush.com/bot.html)"
185.191.171.9 - - [09/Mar/2023:07:37:03 +0100] "GET /index.php?Itemid&id=317&lang=en&option=com_content&view=article HTTP/1.1" 302 542 "-" "Mozilla/5.0 (compatible; SemrushBot/7~bl; +http://www.semrush.com/bot.html)"
185.191.171.33 - - [09/Mar/2023:07:37:23 +0100] "GET /index.php?Itemid=53&catid=1&id=471&lang=fr&option=com_content&view=article HTTP/1.1" 302 561 "-" "Mozilla/5.0 (compatible; SemrushBot/7~bl; +http://www.semrush.com/bot.html)"
212.129.37.175 - - [09/Mar/2023:07:37:39 +0100] "-" 408 1489 "-" "-"
185.191.171.9 - - [09/Mar/2023:07:37:49 +0100] "GET /index.php?Itemid=0&id=367&lang=fr&option=com_content&view=article HTTP/1.1" 302 546 "-" "Mozilla/5.0 (compatible; SemrushBot/7~bl; +http://www.semrush.com/bot.html)"
198.98.57.108 - - [09/Mar/2023:07:37:53 +0100] "GET /backoffice.activmessenger.com.7z HTTP/1.1" 404 2041 "-" "Mozilla/5.0 (Windows NT 10.0) AppleWebKit/537.36 (KHTML, like Gecko) Chrome/89.0.4389.114 Safari/537.36"
198.98.57.108 - - [09/Mar/2023:07:37:54 +0100] "GET /activmessenger.com.7z HTTP/1.1" 404 2041 "-" "Mozilla/5.0 (Windows NT 6.1; WOW64) AppleWebKit/537.36 (KHTML, like Gecko) Chrome/41.0.2227.0 Safari/537.36"
198.98.57.108 - - [09/Mar/2023:07:37:55 +0100] "GET /activmessenger.7z HTTP/1.1" 404 2025 "-" "Mozilla/5.0 (Windows NT 6.4; WOW64) AppleWebKit/537.36 (KHTML, like Gecko) Chrome/41.0.2225.0 Safari/537.36"
198.98.57.108 - - [09/Mar/2023:07:37:56 +0100] "GET /backoffice.7z HTTP/1.1" 404 2025 "-" "Mozilla/5.0 (Windows NT 6.2; WOW64) AppleWebKit/537.36 (KHTML like Gecko) Chrome/44.0.2403.155 Safari/537.36"
198.98.57.108 - - [09/Mar/2023:07:37:57 +0100] "GET /backoffice.activmessenger.com.bz2 HTTP/1.1" 404 2041 "-" "Mozilla/5.0 (Windows NT 10.0; Win64; x64) AppleWebKit/537.36 (KHTML, like Gecko) Chrome/70.0.3538.77 Safari/537.36"
198.98.57.108 - - [09/Mar/2023:07:37:58 +0100] "GET /activmessenger.com.bz2 HTTP/1.1" 404 2041 "-" "Mozilla/5.0 (Windows NT 6.3; WOW64) AppleWebKit/537.36 (KHTML, like Gecko) Chrome/41.0.2226.0 Safari/537.36"
185.191.171.15 - - [09/Mar/2023:07:37:58 +0100] "GET /index.php?Itemid=46&catid=7&id=44&lang=fr&option=com_content&view=article HTTP/1.1" 302 557 "-" "Mozilla/5.0 (compatible; SemrushBot/7~bl; +http://www.semrush.com/bot.html)"
198.98.57.108 - - [09/Mar/2023:07:37:59 +0100] "GET /activmessenger.bz2 HTTP/1.1" 404 2025 "-" "Mozilla/5.0 (Windows NT 10.0) AppleWebKit/537.36 (KHTML, like Gecko) Chrome/89.0.4389.114 Safari/537.36"
185.191.171.8 - - [09/Mar/2023:07:37:59 +0100] "GET /?Itemid=16&catid=7&fontstyle=f-smaller&id=31&lang=en&option=com_content&view=article HTTP/1.1" 302 576 "-" "Mozilla/5.0 (compatible; SemrushBot/7~bl; +http://www.semrush.com/bot.html)"
198.98.57.108 - - [09/Mar/2023:07:38:00 +0100] "GET /backoffice.bz2 HTTP/1.1" 404 2025 "-" "Mozilla/5.0 (Windows NT 10.0; Win64; x64) AppleWebKit/537.36 (KHTML, like Gecko) Chrome/70.0.3538.77 Safari/537.36"
198.98.57.108 - - [09/Mar/2023:07:38:01 +0100] "GET /backoffice.activmessenger.com.gz HTTP/1.1" 404 2041 "-" "Mozilla/5.0 (Macintosh; Intel Mac OS X 10_9_2) AppleWebKit/537.36 (KHTML, like Gecko) Chrome/36.0.1944.0 Safari/537.36"
198.98.57.108 - - [09/Mar/2023:07:38:02 +0100] "GET /activmessenger.com.gz HTTP/1.1" 404 2041 "-" "Mozilla/5.0 (Windows NT 5.1) AppleWebKit/537.36 (KHTML, like Gecko) Chrome/35.0.3319.102 Safari/537.36"
198.98.57.108 - - [09/Mar/2023:07:38:03 +0100] "GET /activmessenger.gz HTTP/1.1" 404 2025 "-" "Mozilla/5.0 (Macintosh; Intel Mac OS X 10_9_2) AppleWebKit/537.36 (KHTML, like Gecko) Chrome/36.0.1944.0 Safari/537.36"
198.98.57.108 - - [09/Mar/2023:07:38:04 +0100] "GET /backoffice.gz HTTP/1.1" 404 2025 "-" "Mozilla/5.0 (Macintosh; Intel Mac OS X 10_10_1) AppleWebKit/537.36 (KHTML, like Gecko) Chrome/37.0.2062.124 Safari/537.36"
198.98.57.108 - - [09/Mar/2023:07:38:05 +0100] "GET /backoffice.activmessenger.com.lz HTTP/1.1" 404 2041 "-" "Mozilla/5.0 (Windows NT 6.1; WOW64) AppleWebKit/537.36 (KHTML, like Gecko) Chrome/41.0.2227.0 Safari/537.36"
198.98.57.108 - - [09/Mar/2023:07:38:06 +0100] "GET /activmessenger.com.lz HTTP/1.1" 404 2025 "-" "Mozilla/5.0 (Windows NT 4.0; WOW64) AppleWebKit/537.36 (KHTML, like Gecko) Chrome/37.0.2049.0 Safari/537.36"
198.98.57.108 - - [09/Mar/2023:07:38:07 +0100] "GET /activmessenger.lz HTTP/1.1" 404 2025 "-" "Mozilla/5.0 (Windows NT 10.0; Win64; x64) AppleWebKit/537.36 (KHTML, like Gecko) Chrome/89.0.4389.114 Safari/537.36"
198.98.57.108 - - [09/Mar/2023:07:38:08 +0100] "GET /backoffice.lz HTTP/1.1" 404 2025 "-" "Mozilla/5.0 (Windows NT 10.0; WOW64) AppleWebKit/537.36 (KHTML, like Gecko) Chrome/89.0.4389.114 Safari/537.36"
198.98.57.108 - - [09/Mar/2023:07:38:08 +0100] "GET /backoffice.activmessenger.com.rar HTTP/1.1" 404 2041 "-" "Mozilla/5.0 (Windows NT 6.3; WOW64) AppleWebKit/537.36 (KHTML, like Gecko) Chrome/41.0.2226.0 Safari/537.36"
198.98.57.108 - - [09/Mar/2023:07:38:09 +0100] "GET /activmessenger.com.rar HTTP/1.1" 404 2041 "-" "Mozilla/5.0 (Windows NT 6.3; Win64; x64) AppleWebKit/537.36 (KHTML, like Gecko) Chrome/37.0.2049.0 Safari/537.36"
198.98.57.108 - - [09/Mar/2023:07:38:11 +0100] "GET /activmessenger.rar HTTP/1.1" 404 2025 "-" "Mozilla/5.0 (Windows NT 5.1) AppleWebKit/537.36 (KHTML, like Gecko) Chrome/36.0.1985.67 Safari/537.36"
198.98.57.108 - - [09/Mar/2023:07:38:12 +0100] "GET /backoffice.rar HTTP/1.1" 404 2025 "-" "Mozilla/5.0 (Macintosh; Intel Mac OS X 10_8_4) AppleWebKit/537.36 (KHTML, like Gecko) Chrome/49.0.2656.18 Safari/537.36"
198.98.57.108 - - [09/Mar/2023:07:38:12 +0100] "GET /backoffice.activmessenger.com.tar.gz HTTP/1.1" 404 2041 "-" "Mozilla/5.0 (Windows NT 10.0; Win64; x64) AppleWebKit/537.36 (KHTML, like Gecko) Chrome/70.0.3538.77 Safari/537.36"
198.98.57.108 - - [09/Mar/2023:07:38:13 +0100] "GET /activmessenger.com.tar.gz HTTP/1.1" 404 2041 "-" "Mozilla/5.0 (Windows NT 5.1) AppleWebKit/537.36 (KHTML, like Gecko) Chrome/41.0.2224.3 Safari/537.36"
212.129.37.175 - - [09/Mar/2023:07:38:14 +0100] "-" 408 1489 "-" "-"
198.98.57.108 - - [09/Mar/2023:07:38:14 +0100] "GET /activmessenger.tar.gz HTTP/1.1" 404 2025 "-" "Mozilla/5.0 (X11; Ubuntu; Linux i686 on x86_64) AppleWebKit/537.36 (KHTML, like Gecko) Chrome/53.0.2820.59 Safari/537.36"
185.191.171.7 - - [09/Mar/2023:07:38:15 +0100] "GET /?catid=7&fontstyle=f-larger&id=39&lang=fr&option=com_content&view=article HTTP/1.1" 302 559 "-" "Mozilla/5.0 (compatible; SemrushBot/7~bl; +http://www.semrush.com/bot.html)"
198.98.57.108 - - [09/Mar/2023:07:38:15 +0100] "GET /backoffice.tar.gz HTTP/1.1" 404 2025 "-" "Mozilla/5.0 (Windows NT 6.3; WOW64) AppleWebKit/537.36 (KHTML, like Gecko) Chrome/41.0.2225.0 Safari/537.36"
198.98.57.108 - - [09/Mar/2023:07:38:16 +0100] "GET /backoffice.activmessenger.com.tar.bz2 HTTP/1.1" 404 2041 "-" "Mozilla/5.0 (Windows NT 5.1) AppleWebKit/537.36 (KHTML, like Gecko) Chrome/35.0.2117.157 Safari/537.36"
198.98.57.108 - - [09/Mar/2023:07:38:17 +0100] "GET /activmessenger.com.tar.bz2 HTTP/1.1" 404 2041 "-" "Mozilla/5.0 (X11; OpenBSD i386) AppleWebKit/537.36 (KHTML, like Gecko) Chrome/36.0.1985.125 Safari/537.36"
198.98.57.108 - - [09/Mar/2023:07:38:18 +0100] "GET /activmessenger.tar.bz2 HTTP/1.1" 404 2041 "-" "Mozilla/5.0 (Windows NT 6.4; WOW64) AppleWebKit/537.36 (KHTML, like Gecko) Chrome/41.0.2225.0 Safari/537.36"
198.98.57.108 - - [09/Mar/2023:07:38:19 +0100] "GET /backoffice.tar.bz2 HTTP/1.1" 404 2025 "-" "Mozilla/5.0 (Windows NT 6.3; WOW64) AppleWebKit/537.36 (KHTML, like Gecko) Chrome/41.0.2226.0 Safari/537.36"
198.98.57.108 - - [09/Mar/2023:07:38:20 +0100] "GET /backoffice.activmessenger.com.xz HTTP/1.1" 404 2041 "-" "Mozilla/5.0 (Windows NT 6.1; WOW64) AppleWebKit/537.36 (KHTML, like Gecko) Chrome/41.0.2227.0 Safari/537.36"
185.191.171.7 - - [09/Mar/2023:07:38:21 +0100] "GET /?Itemid=48&catid=7&fontstyle=f-smaller&id=39&lang=fr&option=com_content&view=article HTTP/1.1" 302 576 "-" "Mozilla/5.0 (compatible; SemrushBot/7~bl; +http://www.semrush.com/bot.html)"
198.98.57.108 - - [09/Mar/2023:07:38:21 +0100] "GET /activmessenger.com.xz HTTP/1.1" 404 2041 "-" "Mozilla/5.0 (Windows NT 6.2; WOW64) AppleWebKit/537.36 (KHTML like Gecko) Chrome/44.0.2403.155 Safari/537.36"
198.98.57.108 - - [09/Mar/2023:07:38:22 +0100] "GET /activmessenger.xz HTTP/1.1" 404 2025 "-" "Mozilla/5.0 (Macintosh; Intel Mac OS X 10_10_1) AppleWebKit/537.36 (KHTML, like Gecko) Chrome/37.0.2062.124 Safari/537.36"
198.98.57.108 - - [09/Mar/2023:07:38:24 +0100] "GET /backoffice.xz HTTP/1.1" 404 2025 "-" "Mozilla/5.0 (Windows NT 5.1) AppleWebKit/537.36 (KHTML, like Gecko) Chrome/35.0.3319.102 Safari/537.36"
198.98.57.108 - - [09/Mar/2023:07:38:24 +0100] "GET /backoffice.activmessenger.com.zip HTTP/1.1" 404 2041 "-" "Mozilla/5.0 (Windows NT 10.0; Win64; x64) AppleWebKit/537.36 (KHTML, like Gecko) Chrome/89.0.4389.114 Safari/537.36"
198.98.57.108 - - [09/Mar/2023:07:38:25 +0100] "GET /activmessenger.com.zip HTTP/1.1" 404 2041 "-" "Mozilla/5.0 (Windows NT 10.0; Win64; x64) AppleWebKit/537.36 (KHTML, like Gecko) Chrome/89.0.4389.114 Safari/537.36"
198.98.57.108 - - [09/Mar/2023:07:38:26 +0100] "GET /activmessenger.zip HTTP/1.1" 404 2025 "-" "Mozilla/5.0 (X11; OpenBSD i386) AppleWebKit/537.36 (KHTML, like Gecko) Chrome/36.0.1985.125 Safari/537.36"
198.98.57.108 - - [09/Mar/2023:07:38:27 +0100] "GET /backoffice.zip HTTP/1.1" 404 2025 "-" "Mozilla/5.0 (Windows NT 10.0) AppleWebKit/537.36 (KHTML, like Gecko) Chrome/40.0.2214.93 Safari/537.36"
198.98.57.108 - - [09/Mar/2023:07:38:28 +0100] "GET /backoffice.activmessenger.com.z HTTP/1.1" 404 2041 "-" "Mozilla/5.0 (Windows NT 6.3; WOW64) AppleWebKit/537.36 (KHTML, like Gecko) Chrome/41.0.2225.0 Safari/537.36"
198.98.57.108 - - [09/Mar/2023:07:38:29 +0100] "GET /activmessenger.com.z HTTP/1.1" 404 2025 "-" "Mozilla/5.0 (Windows NT 5.1) AppleWebKit/537.36 (KHTML, like Gecko) Chrome/41.0.2224.3 Safari/537.36"
198.98.57.108 - - [09/Mar/2023:07:38:30 +0100] "GET /activmessenger.z HTTP/1.1" 404 2025 "-" "Mozilla/5.0 (X11; Linux x86_64) AppleWebKit/537.36 (KHTML, like Gecko) Chrome/34.0.1847.137 Safari/4E423F"
198.98.57.108 - - [09/Mar/2023:07:38:31 +0100] "GET /backoffice.z HTTP/1.1" 404 2025 "-" "Mozilla/5.0 (X11; Linux x86_64) AppleWebKit/537.36 (KHTML, like Gecko) Chrome/41.0.2227.0 Safari/537.36"
198.98.57.108 - - [09/Mar/2023:07:38:32 +0100] "GET /backoffice.activmessenger.com.tar.z HTTP/1.1" 404 2041 "-" "Mozilla/5.0 (Windows NT 6.1; WOW64) AppleWebKit/537.36 (KHTML, like Gecko) Chrome/41.0.2227.0 Safari/537.36"
198.98.57.108 - - [09/Mar/2023:07:38:33 +0100] "GET /activmessenger.com.tar.z HTTP/1.1" 404 2041 "-" "Mozilla/5.0 (Windows NT 10.0) AppleWebKit/537.36 (KHTML, like Gecko) Chrome/89.0.4389.114 Safari/537.36"
198.98.57.108 - - [09/Mar/2023:07:38:34 +0100] "GET /activmessenger.tar.z HTTP/1.1" 404 2025 "-" "Mozilla/5.0 (Windows NT 6.3; WOW64) AppleWebKit/537.36 (KHTML, like Gecko) Chrome/41.0.2225.0 Safari/537.36"
198.98.57.108 - - [09/Mar/2023:07:38:35 +0100] "GET /backoffice.tar.z HTTP/1.1" 404 2025 "-" "Mozilla/5.0 (X11; Linux x86_64) AppleWebKit/537.36 (KHTML, like Gecko) Chrome/34.0.1847.137 Safari/4E423F"
198.98.57.108 - - [09/Mar/2023:07:38:36 +0100] "GET /backoffice.activmessenger.com.db HTTP/1.1" 404 2041 "-" "Mozilla/5.0 (Windows NT 6.3; WOW64) AppleWebKit/537.36 (KHTML, like Gecko) Chrome/41.0.2225.0 Safari/537.36"
198.98.57.108 - - [09/Mar/2023:07:38:37 +0100] "GET /activmessenger.com.db HTTP/1.1" 404 2025 "-" "Mozilla/5.0 (Macintosh; Intel Mac OS X 10_10_1) AppleWebKit/537.36 (KHTML, like Gecko) Chrome/41.0.2227.1 Safari/537.36"
198.98.57.108 - - [09/Mar/2023:07:38:38 +0100] "GET /activmessenger.db HTTP/1.1" 404 2025 "-" "Mozilla/5.0 (Windows NT 10.0) AppleWebKit/537.36 (KHTML, like Gecko) Chrome/40.0.2214.93 Safari/537.36"
198.98.57.108 - - [09/Mar/2023:07:38:40 +0100] "GET /backoffice.db HTTP/1.1" 404 2025 "-" "Mozilla/5.0 (Windows NT 5.1) AppleWebKit/537.36 (KHTML, like Gecko) Chrome/35.0.2117.157 Safari/537.36"
198.98.57.108 - - [09/Mar/2023:07:38:40 +0100] "GET /backoffice.activmessenger.com.sqlite HTTP/1.1" 404 2041 "-" "Mozilla/5.0 (Windows NT 5.1) AppleWebKit/537.36 (KHTML, like Gecko) Chrome/36.0.1985.67 Safari/537.36"
198.98.57.108 - - [09/Mar/2023:07:38:41 +0100] "GET /activmessenger.com.sqlite HTTP/1.1" 404 2041 "-" "Mozilla/5.0 (X11; OpenBSD i386) AppleWebKit/537.36 (KHTML, like Gecko) Chrome/36.0.1985.125 Safari/537.36"
198.98.57.108 - - [09/Mar/2023:07:38:42 +0100] "GET /activmessenger.sqlite HTTP/1.1" 404 2025 "-" "Mozilla/5.0 (Macintosh; Intel Mac OS X 10_9_3) AppleWebKit/537.36 (KHTML, like Gecko) Chrome/35.0.1916.47 Safari/537.36"
198.98.57.108 - - [09/Mar/2023:07:38:43 +0100] "GET /backoffice.sqlite HTTP/1.1" 404 2025 "-" "Mozilla/5.0 (Windows NT 10.0; Win64; x64) AppleWebKit/537.36 (KHTML, like Gecko) Chrome/89.0.4389.114 Safari/537.36"
198.98.57.108 - - [09/Mar/2023:07:38:44 +0100] "GET /backoffice.activmessenger.com.sqlitedb HTTP/1.1" 404 2041 "-" "Mozilla/5.0 (Windows NT 6.3; WOW64) AppleWebKit/537.36 (KHTML, like Gecko) Chrome/41.0.2226.0 Safari/537.36"
198.98.57.108 - - [09/Mar/2023:07:38:45 +0100] "GET /activmessenger.com.sqlitedb HTTP/1.1" 404 2041 "-" "Mozilla/5.0 (X11; Ubuntu; Linux x86_64) AppleWebKit/537.36 (KHTML, like Gecko) Chrome/55.0.2919.83 Safari/537.36"
198.98.57.108 - - [09/Mar/2023:07:38:46 +0100] "GET /activmessenger.sqlitedb HTTP/1.1" 404 2025 "-" "Mozilla/5.0 (Macintosh; Intel Mac OS X 10_9_3) AppleWebKit/537.36 (KHTML, like Gecko) Chrome/35.0.1916.47 Safari/537.36"
198.98.57.108 - - [09/Mar/2023:07:38:47 +0100] "GET /backoffice.sqlitedb HTTP/1.1" 404 2025 "-" "Mozilla/5.0 (Windows NT 6.4; WOW64) AppleWebKit/537.36 (KHTML, like Gecko) Chrome/41.0.2225.0 Safari/537.36"
198.98.57.108 - - [09/Mar/2023:07:38:48 +0100] "GET /backoffice.activmessenger.com.sql.7z HTTP/1.1" 404 2041 "-" "Mozilla/5.0 (Windows NT 6.1; WOW64) AppleWebKit/537.36 (KHTML, like Gecko) Chrome/36.0.1985.67 Safari/537.36"
185.191.171.26 - - [09/Mar/2023:07:38:48 +0100] "GET /index.php?Itemid&id=368&lang=fr&option=com_content&view=article HTTP/1.1" 302 543 "-" "Mozilla/5.0 (compatible; SemrushBot/7~bl; +http://www.semrush.com/bot.html)"
198.98.57.108 - - [09/Mar/2023:07:38:49 +0100] "GET /activmessenger.com.sql.7z HTTP/1.1" 404 2041 "-" "Mozilla/5.0 (Windows NT 5.1) AppleWebKit/537.36 (KHTML, like Gecko) Chrome/35.0.2117.157 Safari/537.36"
198.98.57.108 - - [09/Mar/2023:07:38:50 +0100] "GET /activmessenger.sql.7z HTTP/1.1" 404 2041 "-" "Mozilla/5.0 (X11; Linux x86_64) AppleWebKit/537.36 (KHTML, like Gecko) Chrome/34.0.1847.137 Safari/4E423F"
198.98.57.108 - - [09/Mar/2023:07:38:51 +0100] "GET /backoffice.sql.7z HTTP/1.1" 404 2041 "-" "Mozilla/5.0 (X11; Ubuntu; Linux x86_64) AppleWebKit/537.36 (KHTML, like Gecko) Chrome/55.0.2919.83 Safari/537.36"
185.191.171.19 - - [09/Mar/2023:07:38:52 +0100] "GET /?Itemid=46&catid=7&fontstyle=f-larger&id=6&lang=en&option=com_content&view=article HTTP/1.1" 302 573 "-" "Mozilla/5.0 (compatible; SemrushBot/7~bl; +http://www.semrush.com/bot.html)"
198.98.57.108 - - [09/Mar/2023:07:38:52 +0100] "GET /backoffice.activmessenger.com.sql.bz2 HTTP/1.1" 404 2041 "-" "Mozilla/5.0 (Windows NT 5.1) AppleWebKit/537.36 (KHTML, like Gecko) Chrome/35.0.2117.157 Safari/537.36"
198.98.57.108 - - [09/Mar/2023:07:38:53 +0100] "GET /activmessenger.com.sql.bz2 HTTP/1.1" 404 2041 "-" "Mozilla/5.0 (Windows NT 5.1) AppleWebKit/537.36 (KHTML, like Gecko) Chrome/36.0.1985.67 Safari/537.36"
212.129.37.175 - - [09/Mar/2023:07:38:54 +0100] "-" 408 1489 "-" "-"
198.98.57.108 - - [09/Mar/2023:07:38:54 +0100] "GET /activmessenger.sql.bz2 HTTP/1.1" 404 2041 "-" "Mozilla/5.0 (X11; OpenBSD i386) AppleWebKit/537.36 (KHTML, like Gecko) Chrome/36.0.1985.125 Safari/537.36"
198.98.57.108 - - [09/Mar/2023:07:38:55 +0100] "GET /backoffice.sql.bz2 HTTP/1.1" 404 2025 "-" "Mozilla/5.0 (Windows NT 6.3; Win64; x64) AppleWebKit/537.36 (KHTML, like Gecko) Chrome/37.0.2049.0 Safari/537.36"
198.98.57.108 - - [09/Mar/2023:07:38:56 +0100] "GET /backoffice.activmessenger.com.sql.gz HTTP/1.1" 404 2041 "-" "Mozilla/5.0 (Macintosh; Intel Mac OS X 10_8_4) AppleWebKit/537.36 (KHTML, like Gecko) Chrome/49.0.2656.18 Safari/537.36"
198.98.57.108 - - [09/Mar/2023:07:38:57 +0100] "GET /activmessenger.com.sql.gz HTTP/1.1" 404 2041 "-" "Mozilla/5.0 (Macintosh; Intel Mac OS X 10_9_3) AppleWebKit/537.36 (KHTML, like Gecko) Chrome/35.0.1916.47 Safari/537.36"
198.98.57.108 - - [09/Mar/2023:07:38:58 +0100] "GET /activmessenger.sql.gz HTTP/1.1" 404 2025 "-" "Mozilla/5.0 (Windows NT 5.1) AppleWebKit/537.36 (KHTML, like Gecko) Chrome/34.0.1866.237 Safari/537.36"
198.98.57.108 - - [09/Mar/2023:07:38:59 +0100] "GET /backoffice.sql.gz HTTP/1.1" 404 2025 "-" "Mozilla/5.0 (Windows NT 6.1) AppleWebKit/537.36 (KHTML, like Gecko) Chrome/41.0.2228.0 Safari/537.36"
198.98.57.108 - - [09/Mar/2023:07:39:00 +0100] "GET /backoffice.activmessenger.com.sql.lz HTTP/1.1" 404 2041 "-" "Mozilla/5.0 (Windows NT 6.4; WOW64) AppleWebKit/537.36 (KHTML, like Gecko) Chrome/41.0.2225.0 Safari/537.36"
198.98.57.108 - - [09/Mar/2023:07:39:01 +0100] "GET /activmessenger.com.sql.lz HTTP/1.1" 404 2041 "-" "Mozilla/5.0 (Windows NT 6.3; WOW64) AppleWebKit/537.36 (KHTML, like Gecko) Chrome/41.0.2226.0 Safari/537.36"
198.98.57.108 - - [09/Mar/2023:07:39:02 +0100] "GET /activmessenger.sql.lz HTTP/1.1" 404 2025 "-" "Mozilla/5.0 (Macintosh; Intel Mac OS X 10_8_4) AppleWebKit/537.36 (KHTML, like Gecko) Chrome/49.0.2656.18 Safari/537.36"
198.98.57.108 - - [09/Mar/2023:07:39:03 +0100] "GET /backoffice.sql.lz HTTP/1.1" 404 2025 "-" "Mozilla/5.0 (Windows NT 5.1) AppleWebKit/537.36 (KHTML, like Gecko) Chrome/35.0.2309.372 Safari/537.36"
198.98.57.108 - - [09/Mar/2023:07:39:04 +0100] "GET /backoffice.activmessenger.com.sql.rar HTTP/1.1" 404 2041 "-" "Mozilla/5.0 (Windows NT 10.0; Win64; x64) AppleWebKit/537.36 (KHTML, like Gecko) Chrome/70.0.3538.77 Safari/537.36"
198.98.57.108 - - [09/Mar/2023:07:39:05 +0100] "GET /activmessenger.com.sql.rar HTTP/1.1" 404 2041 "-" "Mozilla/5.0 (Macintosh; Intel Mac OS X 10_10_1) AppleWebKit/537.36 (KHTML, like Gecko) Chrome/41.0.2227.1 Safari/537.36"
198.98.57.108 - - [09/Mar/2023:07:39:06 +0100] "GET /activmessenger.sql.rar HTTP/1.1" 404 2025 "-" "Mozilla/5.0 (X11; OpenBSD i386) AppleWebKit/537.36 (KHTML, like Gecko) Chrome/36.0.1985.125 Safari/537.36"
198.98.57.108 - - [09/Mar/2023:07:39:07 +0100] "GET /backoffice.sql.rar HTTP/1.1" 404 2025 "-" "Mozilla/5.0 (Windows NT 6.3; Win64; x64) AppleWebKit/537.36 (KHTML, like Gecko) Chrome/37.0.2049.0 Safari/537.36"
198.98.57.108 - - [09/Mar/2023:07:39:08 +0100] "GET /backoffice.activmessenger.com.sql.tar.gz HTTP/1.1" 404 2041 "-" "Mozilla/5.0 (Windows NT 10.0; Win64; x64) AppleWebKit/537.36 (KHTML, like Gecko) Chrome/89.0.4389.114 Safari/537.36"
198.98.57.108 - - [09/Mar/2023:07:39:09 +0100] "GET /activmessenger.com.sql.tar.gz HTTP/1.1" 404 2041 "-" "Mozilla/5.0 (Macintosh; Intel Mac OS X 10_10_1) AppleWebKit/537.36 (KHTML, like Gecko) Chrome/41.0.2227.1 Safari/537.36"
198.98.57.108 - - [09/Mar/2023:07:39:11 +0100] "GET /activmessenger.sql.tar.gz HTTP/1.1" 404 2041 "-" "Mozilla/5.0 (X11; OpenBSD i386) AppleWebKit/537.36 (KHTML, like Gecko) Chrome/36.0.1985.125 Safari/537.36"
198.98.57.108 - - [09/Mar/2023:07:39:12 +0100] "GET /backoffice.sql.tar.gz HTTP/1.1" 404 2041 "-" "Mozilla/5.0 (X11; Linux x86_64) AppleWebKit/537.36 (KHTML, like Gecko) Chrome/34.0.1847.137 Safari/4E423F"
198.98.57.108 - - [09/Mar/2023:07:39:13 +0100] "GET /backoffice.activmessenger.com.sql.xz HTTP/1.1" 404 2041 "-" "Mozilla/5.0 (Macintosh; Intel Mac OS X 10_10_1) AppleWebKit/537.36 (KHTML, like Gecko) Chrome/37.0.2062.124 Safari/537.36"
198.98.57.108 - - [09/Mar/2023:07:39:14 +0100] "GET /activmessenger.com.sql.xz HTTP/1.1" 404 2041 "-" "Mozilla/5.0 (Windows NT 6.1) AppleWebKit/537.36 (KHTML, like Gecko) Chrome/41.0.2228.0 Safari/537.36"
198.98.57.108 - - [09/Mar/2023:07:39:15 +0100] "GET /activmessenger.sql.xz HTTP/1.1" 404 2025 "-" "Mozilla/5.0 (Windows NT 10.0; WOW64) AppleWebKit/537.36 (KHTML, like Gecko) Chrome/89.0.4389.114 Safari/537.36"
198.98.57.108 - - [09/Mar/2023:07:39:16 +0100] "GET /backoffice.sql.xz HTTP/1.1" 404 2025 "-" "Mozilla/5.0 (Windows NT 10.0; Win64; x64) AppleWebKit/537.36 (KHTML, like Gecko) Chrome/89.0.4389.114 Safari/537.36"
198.98.57.108 - - [09/Mar/2023:07:39:17 +0100] "GET /backoffice.activmessenger.com.sql.zip HTTP/1.1" 404 2041 "-" "Mozilla/5.0 (X11; Linux x86_64) AppleWebKit/537.36 (KHTML, like Gecko) Chrome/34.0.1847.137 Safari/4E423F"
198.98.57.108 - - [09/Mar/2023:07:39:18 +0100] "GET /activmessenger.com.sql.zip HTTP/1.1" 404 2041 "-" "Mozilla/5.0 (Windows NT 6.1; WOW64) AppleWebKit/537.36 (KHTML, like Gecko) Chrome/36.0.1985.67 Safari/537.36"
198.98.57.108 - - [09/Mar/2023:07:39:19 +0100] "GET /activmessenger.sql.zip HTTP/1.1" 404 2041 "-" "Mozilla/5.0 (Windows NT 5.1) AppleWebKit/537.36 (KHTML, like Gecko) Chrome/35.0.3319.102 Safari/537.36"
185.191.171.26 - - [09/Mar/2023:07:39:20 +0100] "GET /?Itemid=0&catid=7&fontstyle=f-larger&id=56&lang=fr&option=com_content&view=article HTTP/1.1" 302 575 "-" "Mozilla/5.0 (compatible; SemrushBot/7~bl; +http://www.semrush.com/bot.html)"
198.98.57.108 - - [09/Mar/2023:07:39:21 +0100] "GET /backoffice.sql.zip HTTP/1.1" 404 2025 "-" "Mozilla/5.0 (Windows NT 10.0; WOW64) AppleWebKit/537.36 (KHTML, like Gecko) Chrome/89.0.4389.114 Safari/537.36"
198.98.57.108 - - [09/Mar/2023:07:39:22 +0100] "GET /backoffice.activmessenger.com.sql.z HTTP/1.1" 404 2041 "-" "Mozilla/5.0 (Macintosh; Intel Mac OS X 10_9_2) AppleWebKit/537.36 (KHTML, like Gecko) Chrome/52.0.2762.73 Safari/537.36"
198.98.57.108 - - [09/Mar/2023:07:39:22 +0100] "GET /activmessenger.com.sql.z HTTP/1.1" 404 2041 "-" "Mozilla/5.0 (Macintosh; Intel Mac OS X 10_9_3) AppleWebKit/537.36 (KHTML, like Gecko) Chrome/35.0.1916.47 Safari/537.36"
198.98.57.108 - - [09/Mar/2023:07:39:24 +0100] "GET /activmessenger.sql.z HTTP/1.1" 404 2025 "-" "Mozilla/5.0 (Windows NT 5.1) AppleWebKit/537.36 (KHTML, like Gecko) Chrome/36.0.1985.67 Safari/537.36"
198.98.57.108 - - [09/Mar/2023:07:39:25 +0100] "GET /backoffice.sql.z HTTP/1.1" 404 2025 "-" "Mozilla/5.0 (Windows NT 6.3; WOW64) AppleWebKit/537.36 (KHTML, like Gecko) Chrome/41.0.2226.0 Safari/537.36"
198.98.57.108 - - [09/Mar/2023:07:39:26 +0100] "GET /backoffice.activmessenger.com.sql.tar.z HTTP/1.1" 404 2041 "-" "Mozilla/5.0 (Windows NT 6.1; WOW64) AppleWebKit/537.36 (KHTML, like Gecko) Chrome/41.0.2227.0 Safari/537.36"
198.98.57.108 - - [09/Mar/2023:07:39:27 +0100] "GET /activmessenger.com.sql.tar.z HTTP/1.1" 404 2041 "-" "Mozilla/5.0 (Macintosh; Intel Mac OS X 10_10_1) AppleWebKit/537.36 (KHTML, like Gecko) Chrome/37.0.2062.124 Safari/537.36"
198.98.57.108 - - [09/Mar/2023:07:39:28 +0100] "GET /activmessenger.sql.tar.z HTTP/1.1" 404 2041 "-" "Mozilla/5.0 (Windows NT 10.0; Win64; x64) AppleWebKit/537.36 (KHTML, like Gecko) Chrome/70.0.3538.77 Safari/537.36"
198.98.57.108 - - [09/Mar/2023:07:39:29 +0100] "GET /backoffice.sql.tar.z HTTP/1.1" 404 2041 "-" "Mozilla/5.0 (Macintosh; Intel Mac OS X 10_8_3) AppleWebKit/537.36 (KHTML, like Gecko) Chrome/54.0.2866.71 Safari/537.36"
185.191.171.6 - - [09/Mar/2023:07:39:33 +0100] "GET /index.php?Itemid=16&catid=7&id=24&lang=fr&option=com_content&view=article HTTP/1.1" 302 559 "-" "Mozilla/5.0 (compatible; SemrushBot/7~bl; +http://www.semrush.com/bot.html)"
152.89.196.211 - - [09/Mar/2023:07:39:41 +0100] "GET /geoserver HTTP/1.1" 302 439 "-" "Mozilla/5.0 (Windows NT 10.0; Win64; x64) AppleWebKit/537.36 (KHTML, like Gecko) Chrome/78.0.3904.108 Safari/537.36"
185.191.171.44 - - [09/Mar/2023:07:39:42 +0100] "GET /?Itemid=53&catid=1&fontstyle=f-smaller&id=475&lang=fr&option=com_content&view=article HTTP/1.1" 302 578 "-" "Mozilla/5.0 (compatible; SemrushBot/7~bl; +http://www.semrush.com/bot.html)"
185.191.171.14 - - [09/Mar/2023:07:39:47 +0100] "GET /?Itemid=45&catid=7&fontstyle=f-larger&id=27&lang=fr&option=com_content&view=article HTTP/1.1" 302 574 "-" "Mozilla/5.0 (compatible; SemrushBot/7~bl; +http://www.semrush.com/bot.html)"
185.191.171.21 - - [09/Mar/2023:07:40:03 +0100] "GET /index.php?Itemid=16&catid=7&id=22&lang=fr&option=com_content&view=article HTTP/1.1" 302 559 "-" "Mozilla/5.0 (compatible; SemrushBot/7~bl; +http://www.semrush.com/bot.html)"
185.191.171.44 - - [09/Mar/2023:07:40:13 +0100] "GET /?Itemid=12&catid=7&fontstyle=f-smaller&id=62&lang=fr&option=com_content&view=article HTTP/1.1" 302 575 "-" "Mozilla/5.0 (compatible; SemrushBot/7~bl; +http://www.semrush.com/bot.html)"
185.191.171.3 - - [09/Mar/2023:07:40:56 +0100] "GET /index.php?Itemid=11&catid=7&id=58&lang=en&option=com_content&view=article HTTP/1.1" 302 558 "-" "Mozilla/5.0 (compatible; SemrushBot/7~bl; +http://www.semrush.com/bot.html)"
185.191.171.4 - - [09/Mar/2023:07:41:11 +0100] "GET /index.php?Itemid=0&catid=7%3Aarticles&fontstyle=f-larger&id=23&lang=fr&option=com_xmap&view=article HTTP/1.1" 302 603 "-" "Mozilla/5.0 (compatible; SemrushBot/7~bl; +http://www.semrush.com/bot.html)"
185.191.171.2 - - [09/Mar/2023:07:41:11 +0100] "GET /?Itemid=16&catid=7&fontstyle=f-larger&id=58&lang=en&option=com_content&view=article HTTP/1.1" 302 576 "-" "Mozilla/5.0 (compatible; SemrushBot/7~bl; +http://www.semrush.com/bot.html)"
185.191.171.2 - - [09/Mar/2023:07:41:12 +0100] "GET /index.php?Itemid=12&catid=7&id=56&lang=fr&option=com_content&view=article HTTP/1.1" 302 559 "-" "Mozilla/5.0 (compatible; SemrushBot/7~bl; +http://www.semrush.com/bot.html)"
185.191.171.37 - - [09/Mar/2023:07:41:15 +0100] "GET /index.php?Itemid=3&catid=7&id=12&lang=fr&option=com_content&view=article HTTP/1.1" 302 557 "-" "Mozilla/5.0 (compatible; SemrushBot/7~bl; +http://www.semrush.com/bot.html)"
185.191.171.15 - - [09/Mar/2023:07:41:31 +0100] "GET /?Itemid&fontstyle=f-larger&id=247&lang=en&option=com_content&view=article HTTP/1.1" 302 560 "-" "Mozilla/5.0 (compatible; SemrushBot/7~bl; +http://www.semrush.com/bot.html)"
185.191.171.14 - - [09/Mar/2023:07:41:36 +0100] "GET /index.php?Itemid=50&id=60&lang=fr&option=com_content&view=article HTTP/1.1" 302 545 "-" "Mozilla/5.0 (compatible; SemrushBot/7~bl; +http://www.semrush.com/bot.html)"
212.129.37.175 - - [09/Mar/2023:07:42:32 +0100] "-" 408 1489 "-" "-"
212.129.37.175 - - [09/Mar/2023:07:42:41 +0100] "-" 408 1489 "-" "-"
185.191.171.44 - - [09/Mar/2023:07:42:43 +0100] "GET /index.php?Itemid=53&catid=7&id=471&lang=fr&option=com_content&view=article HTTP/1.1" 302 561 "-" "Mozilla/5.0 (compatible; SemrushBot/7~bl; +http://www.semrush.com/bot.html)"
185.191.171.23 - - [09/Mar/2023:07:42:45 +0100] "GET /robots.txt HTTP/1.1" 302 441 "-" "Mozilla/5.0 (compatible; SemrushBot/7~bl; +http://www.semrush.com/bot.html)"
185.191.171.2 - - [09/Mar/2023:07:42:46 +0100] "GET /?Itemid&catid=8&fontstyle=f-larger&id=114&lang=en&option=com_content&view=article HTTP/1.1" 302 574 "-" "Mozilla/5.0 (compatible; SemrushBot/7~bl; +http://www.semrush.com/bot.html)"
185.191.171.24 - - [09/Mar/2023:07:42:48 +0100] "GET /?Itemid=16&catid=7&fontstyle=f-larger&id=45&lang=en&option=com_content&view=article HTTP/1.1" 302 576 "-" "Mozilla/5.0 (compatible; SemrushBot/7~bl; +http://www.semrush.com/bot.html)"
185.191.171.13 - - [09/Mar/2023:07:42:52 +0100] "GET /?Itemid=53&catid=7&fontstyle=f-smaller&id=57&lang=fr&option=com_content&view=article HTTP/1.1" 302 574 "-" "Mozilla/5.0 (compatible; SemrushBot/7~bl; +http://www.semrush.com/bot.html)"
185.191.171.10 - - [09/Mar/2023:07:43:12 +0100] "GET /?Itemid=0&catid=7&fontstyle=f-larger&id=26&lang=fr&option=com_content&view=article HTTP/1.1" 302 575 "-" "Mozilla/5.0 (compatible; SemrushBot/7~bl; +http://www.semrush.com/bot.html)"
185.191.171.21 - - [09/Mar/2023:07:43:20 +0100] "GET /?Itemid=50&catid=7&fontstyle=f-smaller&id=22&lang=en&option=com_content&view=article HTTP/1.1" 302 575 "-" "Mozilla/5.0 (compatible; SemrushBot/7~bl; +http://www.semrush.com/bot.html)"
185.191.171.5 - - [09/Mar/2023:07:43:23 +0100] "GET /index.php?Itemid=53&catid=1&id=473&lang=fr&option=com_content&view=article HTTP/1.1" 302 559 "-" "Mozilla/5.0 (compatible; SemrushBot/7~bl; +http://www.semrush.com/bot.html)"
185.191.171.22 - - [09/Mar/2023:07:43:26 +0100] "GET /index.php?catid=7&id=59&lang=fr&option=com_content&view=article HTTP/1.1" 302 542 "-" "Mozilla/5.0 (compatible; SemrushBot/7~bl; +http://www.semrush.com/bot.html)"
185.191.171.12 - - [09/Mar/2023:07:43:27 +0100] "GET /index.php?Itemid=46&catid=7&id=35&lang=fr&option=com_content&view=article HTTP/1.1" 302 559 "-" "Mozilla/5.0 (compatible; SemrushBot/7~bl; +http://www.semrush.com/bot.html)"
185.191.171.43 - - [09/Mar/2023:07:43:37 +0100] "GET /index.php?Itemid=46&catid=7&id=6&lang=en&option=com_content&view=article HTTP/1.1" 302 554 "-" "Mozilla/5.0 (compatible; SemrushBot/7~bl; +http://www.semrush.com/bot.html)"
185.191.171.14 - - [09/Mar/2023:07:43:42 +0100] "GET /index.php?Itemid=53&id=47&lang=en&option=com_content&view=article HTTP/1.1" 302 546 "-" "Mozilla/5.0 (compatible; SemrushBot/7~bl; +http://www.semrush.com/bot.html)"
185.191.171.23 - - [09/Mar/2023:07:43:43 +0100] "GET /?Itemid=11&catid=7&fontstyle=f-larger&id=32&lang=fr&option=com_content&view=article HTTP/1.1" 302 575 "-" "Mozilla/5.0 (compatible; SemrushBot/7~bl; +http://www.semrush.com/bot.html)"
212.129.37.175 - - [09/Mar/2023:07:43:48 +0100] "-" 408 1489 "-" "-"
185.191.171.10 - - [09/Mar/2023:07:44:24 +0100] "GET /index.php?Itemid=0&id=352&lang=en&option=com_content&view=article HTTP/1.1" 302 544 "-" "Mozilla/5.0 (compatible; SemrushBot/7~bl; +http://www.semrush.com/bot.html)"
185.191.171.10 - - [09/Mar/2023:07:44:26 +0100] "GET /?Itemid&catid=7&fontstyle=f-smaller&id=51&lang=fr&option=com_content&view=article HTTP/1.1" 302 572 "-" "Mozilla/5.0 (compatible; SemrushBot/7~bl; +http://www.semrush.com/bot.html)"
185.191.171.21 - - [09/Mar/2023:07:44:44 +0100] "GET /?Itemid=53&fontstyle=f-smaller&id=254&lang=en&option=com_content&view=article HTTP/1.1" 302 565 "-" "Mozilla/5.0 (compatible; SemrushBot/7~bl; +http://www.semrush.com/bot.html)"
185.191.171.12 - - [09/Mar/2023:07:44:47 +0100] "GET /?Itemid=49&catid=7&fontstyle=f-smaller&id=50&lang=en&option=com_content&view=article HTTP/1.1" 302 576 "-" "Mozilla/5.0 (compatible; SemrushBot/7~bl; +http://www.semrush.com/bot.html)"
66.249.66.6 - - [09/Mar/2023:07:45:50 +0100] "GET /index.php?option=com_content&Itemid=53&catid=1&id=482&lang=fr&view=article HTTP/1.1" 404 2252 "-" "Mozilla/5.0 (Linux; Android 6.0.1; Nexus 5X Build/MMB29P) AppleWebKit/537.36 (KHTML, like Gecko) Chrome/110.0.5481.177 Mobile Safari/537.36 (compatible; Googlebot/2.1; +http://www.google.com/bot.html)"
185.191.171.5 - - [09/Mar/2023:07:46:26 +0100] "GET /?Itemid&fontstyle=f-smaller&id=318&lang=fr&option=com_content&view=article HTTP/1.1" 302 561 "-" "Mozilla/5.0 (compatible; SemrushBot/7~bl; +http://www.semrush.com/bot.html)"
185.191.171.36 - - [09/Mar/2023:07:46:32 +0100] "GET /?Itemid=0&catid=7&fontstyle=f-larger&id=11&lang=en&option=com_content&view=article HTTP/1.1" 302 575 "-" "Mozilla/5.0 (compatible; SemrushBot/7~bl; +http://www.semrush.com/bot.html)"
185.191.171.35 - - [09/Mar/2023:07:46:52 +0100] "GET /index.php?Itemid=3&catid=1&id=444%E2%8C%A9%3Dfr&lang=en&option=com_content&view=article HTTP/1.1" 302 586 "-" "Mozilla/5.0 (compatible; SemrushBot/7~bl; +http://www.semrush.com/bot.html)"
212.129.37.175 - - [09/Mar/2023:07:47:07 +0100] "-" 408 1489 "-" "-"
108.167.152.93 - - [09/Mar/2023:07:47:18 +0100] "-" 408 0 "-" "-"
212.129.37.175 - - [09/Mar/2023:07:47:25 +0100] "-" 408 1489 "-" "-"
185.191.171.26 - - [09/Mar/2023:07:47:36 +0100] "GET /index.php?Itemid=53&catid=1&id=1&lang=en&option=com_content&view=article HTTP/1.1" 302 553 "-" "Mozilla/5.0 (compatible; SemrushBot/7~bl; +http://www.semrush.com/bot.html)"
185.191.171.2 - - [09/Mar/2023:07:47:38 +0100] "GET /index.php?Itemid&fontstyle=f-smaller&lang=en&option=com_xmap&sitemap=1 HTTP/1.1" 302 553 "-" "Mozilla/5.0 (compatible; SemrushBot/7~bl; +http://www.semrush.com/bot.html)"
185.191.171.43 - - [09/Mar/2023:07:48:03 +0100] "GET /?catid=7&fontstyle=f-smaller&id=67&lang=fr&option=com_content&view=article HTTP/1.1" 302 560 "-" "Mozilla/5.0 (compatible; SemrushBot/7~bl; +http://www.semrush.com/bot.html)"
185.191.171.7 - - [09/Mar/2023:07:48:31 +0100] "GET /?Itemid=47&catid=7&fontstyle=f-larger&id=52&lang=fr&option=com_content&view=article HTTP/1.1" 302 574 "-" "Mozilla/5.0 (compatible; SemrushBot/7~bl; +http://www.semrush.com/bot.html)"
212.129.37.175 - - [09/Mar/2023:07:48:41 +0100] "-" 408 1489 "-" "-"
185.191.171.3 - - [09/Mar/2023:07:48:43 +0100] "GET /?Itemid&catid=8&fontstyle=f-smaller&id=115&lang=en&option=com_content&view=article HTTP/1.1" 302 574 "-" "Mozilla/5.0 (compatible; SemrushBot/7~bl; +http://www.semrush.com/bot.html)"
185.191.171.6 - - [09/Mar/2023:07:48:44 +0100] "GET /?Itemid=0&fontstyle=f-smaller&id=185&lang=fr&option=com_content&view=article HTTP/1.1" 302 564 "-" "Mozilla/5.0 (compatible; SemrushBot/7~bl; +http://www.semrush.com/bot.html)"
185.191.171.18 - - [09/Mar/2023:07:48:50 +0100] "GET /?Itemid&catid=7&fontstyle=f-smaller&id=50&lang=en&option=com_content&view=article HTTP/1.1" 302 572 "-" "Mozilla/5.0 (compatible; SemrushBot/7~bl; +http://www.semrush.com/bot.html)"
185.191.171.43 - - [09/Mar/2023:07:49:28 +0100] "GET /index.php?Itemid=53&id=320&lang=en&option=com_content&view=article HTTP/1.1" 302 546 "-" "Mozilla/5.0 (compatible; SemrushBot/7~bl; +http://www.semrush.com/bot.html)"
185.191.171.36 - - [09/Mar/2023:07:49:36 +0100] "GET /index.php?Itemid=0&lang=fr&option=com_xmap&sitemap=1 HTTP/1.1" 302 522 "-" "Mozilla/5.0 (compatible; SemrushBot/7~bl; +http://www.semrush.com/bot.html)"
185.191.171.6 - - [09/Mar/2023:07:50:11 +0100] "GET /?Itemid=0&fontstyle=f-larger&id=356&lang=en&option=com_content&view=article HTTP/1.1" 302 563 "-" "Mozilla/5.0 (compatible; SemrushBot/7~bl; +http://www.semrush.com/bot.html)"
185.191.171.1 - - [09/Mar/2023:07:50:21 +0100] "GET /?Itemid=0&fontstyle=f-smaller&id=314&lang=en&option=com_content&view=article HTTP/1.1" 302 563 "-" "Mozilla/5.0 (compatible; SemrushBot/7~bl; +http://www.semrush.com/bot.html)"
185.191.171.44 - - [09/Mar/2023:07:50:24 +0100] "GET /?Itemid=16&catid=7&fontstyle=f-larger&id=36&lang=fr&option=com_content&view=article HTTP/1.1" 302 575 "-" "Mozilla/5.0 (compatible; SemrushBot/7~bl; +http://www.semrush.com/bot.html)"
185.191.171.4 - - [09/Mar/2023:07:50:55 +0100] "GET /index.php?Itemid=0&catid=7&id=141%E2%8C%A9%3Dfr&lang=en&option=com_content&view=article HTTP/1.1" 302 586 "-" "Mozilla/5.0 (compatible; SemrushBot/7~bl; +http://www.semrush.com/bot.html)"
212.129.37.175 - - [09/Mar/2023:07:51:34 +0100] "-" 408 1489 "-" "-"
185.191.171.42 - - [09/Mar/2023:07:51:41 +0100] "GET /?Itemid=3&fontstyle=f-larger&id=144&lang=fr&option=com_content&view=article HTTP/1.1" 302 562 "-" "Mozilla/5.0 (compatible; SemrushBot/7~bl; +http://www.semrush.com/bot.html)"
185.191.171.22 - - [09/Mar/2023:07:51:56 +0100] "GET /?Itemid=53&catid=7&fontstyle=f-larger&id=63&lang=en&option=com_content&view=article HTTP/1.1" 302 575 "-" "Mozilla/5.0 (compatible; SemrushBot/7~bl; +http://www.semrush.com/bot.html)"
185.191.171.33 - - [09/Mar/2023:07:52:04 +0100] "GET /?Itemid=0&catid=7&fontstyle=f-smaller&id=65&lang=fr&option=com_content&view=article HTTP/1.1" 302 575 "-" "Mozilla/5.0 (compatible; SemrushBot/7~bl; +http://www.semrush.com/bot.html)"
212.129.37.175 - - [09/Mar/2023:07:52:19 +0100] "-" 408 1489 "-" "-"
185.191.171.37 - - [09/Mar/2023:07:52:52 +0100] "GET /index.php?Itemid=14&catid=7&id=6&lang=fr&option=com_content&view=article HTTP/1.1" 302 557 "-" "Mozilla/5.0 (compatible; SemrushBot/7~bl; +http://www.semrush.com/bot.html)"
185.191.171.10 - - [09/Mar/2023:07:52:59 +0100] "GET /?Itemid=14&catid=7&fontstyle=f-larger&id=55&lang=fr&option=com_content&view=article HTTP/1.1" 302 576 "-" "Mozilla/5.0 (compatible; SemrushBot/7~bl; +http://www.semrush.com/bot.html)"
185.191.171.34 - - [09/Mar/2023:07:53:02 +0100] "GET /index.php?Itemid=12&catid=7&id=7&lang=en&option=com_content&view=article HTTP/1.1" 302 553 "-" "Mozilla/5.0 (compatible; SemrushBot/7~bl; +http://www.semrush.com/bot.html)"
185.191.171.36 - - [09/Mar/2023:07:53:03 +0100] "GET /index.php?Itemid=3&catid=1&id=460%E2%8C%A9%3Dfr&lang=fr&option=com_content&view=article HTTP/1.1" 302 585 "-" "Mozilla/5.0 (compatible; SemrushBot/7~bl; +http://www.semrush.com/bot.html)"
185.191.171.26 - - [09/Mar/2023:07:53:06 +0100] "GET /index.php?catid=7&id=23&lang=fr&option=com_content&view=article HTTP/1.1" 302 542 "-" "Mozilla/5.0 (compatible; SemrushBot/7~bl; +http://www.semrush.com/bot.html)"
185.191.171.35 - - [09/Mar/2023:07:53:14 +0100] "GET /index.php?Itemid=50&catid=7&id=61&lang=en&option=com_content&view=article HTTP/1.1" 302 558 "-" "Mozilla/5.0 (compatible; SemrushBot/7~bl; +http://www.semrush.com/bot.html)"
212.129.37.175 - - [09/Mar/2023:07:53:34 +0100] "-" 408 1489 "-" "-"
185.191.171.7 - - [09/Mar/2023:07:53:39 +0100] "GET /index.php?Itemid=16&id=47&lang=fr&option=com_content&view=article HTTP/1.1" 302 546 "-" "Mozilla/5.0 (compatible; SemrushBot/7~bl; +http://www.semrush.com/bot.html)"
185.191.171.2 - - [09/Mar/2023:07:53:43 +0100] "GET /?Itemid&fontstyle=f-smaller&id=256&lang=en&option=com_content&view=article HTTP/1.1" 302 561 "-" "Mozilla/5.0 (compatible; SemrushBot/7~bl; +http://www.semrush.com/bot.html)"
185.191.171.4 - - [09/Mar/2023:07:53:45 +0100] "GET /index.php?Itemid=3&id=369&lang=fr&option=com_content&view=article HTTP/1.1" 302 545 "-" "Mozilla/5.0 (compatible; SemrushBot/7~bl; +http://www.semrush.com/bot.html)"
